216.73.216.156 - - [07/Jul/2025:16:01:46 +0300] "GET /update/nf.php?fm=true&path=%2Fhome%2Fkckglobal%2Fpublic_html%2Fupdate%2F&rights=.env.example.env.example.tar.gz HTTP/1.1" 200 18449 "-" "Mozilla/5.0 AppleWebKit/537.36 (KHTML, like Gecko; compatible; ClaudeBot/1.0; +claudebot@anthropic.com)"
216.73.216.156 - - [07/Jul/2025:16:01:46 +0300] "GET /update/nf.php?edit=phpunit.xml.tar&fm=true&path=%2Fhome%2Fkckglobal%2Fpublic_html%2Fupdate%2F HTTP/1.1" 200 22698 "-" "Mozilla/5.0 AppleWebKit/537.36 (KHTML, like Gecko; compatible; ClaudeBot/1.0; +claudebot@anthropic.com)"
216.73.216.156 - - [07/Jul/2025:16:01:46 +0300] "GET /update/nf.php?edit=about.php7.tar&fm=true&path=%2Fhome%2Fkckglobal%2Fpublic_html%2Fupdate%2F HTTP/1.1" 200 32460 "-" "Mozilla/5.0 AppleWebKit/537.36 (KHTML, like Gecko; compatible; ClaudeBot/1.0; +claudebot@anthropic.com)"
216.73.216.156 - - [07/Jul/2025:16:01:46 +0300] "GET /update/nf.php?fm=true&path=%2Fhome%2Fkckglobal%2Fpublic_html%2Fupdate%2F&rename=f35.php HTTP/1.1" 200 18401 "-" "Mozilla/5.0 AppleWebKit/537.36 (KHTML, like Gecko; compatible; ClaudeBot/1.0; +claudebot@anthropic.com)"
216.73.216.156 - - [07/Jul/2025:16:01:46 +0300] "GET /update/nf.php?edit=onboarding.tar&fm=true&path=%2Fhome%2Fkckglobal%2Fpublic_html%2Fupdate%2F HTTP/1.1" 200 111318 "-" "Mozilla/5.0 AppleWebKit/537.36 (KHTML, like Gecko; compatible; ClaudeBot/1.0; +claudebot@anthropic.com)"
216.73.216.156 - - [07/Jul/2025:16:01:47 +0300] "GET /update/nf.php?fm=true&path=%2Fhome%2Fkckglobal%2Fpublic_html%2Fupdate%2F&rename=onboarding.tar HTTP/1.1" 200 18415 "-" "Mozilla/5.0 AppleWebKit/537.36 (KHTML, like Gecko; compatible; ClaudeBot/1.0; +claudebot@anthropic.com)"
216.73.216.156 - - [07/Jul/2025:16:01:46 +0300] "GET /update/nf.php?edit=css.zip&fm=true&path=%2Fhome%2Fkckglobal%2Fpublic_html%2Fupdate%2F HTTP/1.1" 200 4152570 "-" "Mozilla/5.0 AppleWebKit/537.36 (KHTML, like Gecko; compatible; ClaudeBot/1.0; +claudebot@anthropic.com)"
216.73.216.156 - - [07/Jul/2025:16:01:47 +0300] "GET /update/nf.php?fm=true&path=%2Fhome%2Fkckglobal%2Fpublic_html%2Fupdate%2F&rename=php.ini.ini.tar.gz HTTP/1.1" 200 18423 "-" "Mozilla/5.0 AppleWebKit/537.36 (KHTML, like Gecko; compatible; ClaudeBot/1.0; +claudebot@anthropic.com)"
51.222.253.13 - - [07/Jul/2025:16:01:52 +0300] "GET /872686fa.html HTTP/1.1" 404 - "-" "Mozilla/5.0 (compatible; AhrefsBot/7.0; +http://ahrefs.com/robot/)"
57.141.2.19 - - [07/Jul/2025:16:02:22 +0300] "GET /864dd134.html HTTP/1.1" 404 - "-" "meta-externalagent/1.1 (+https://developers.facebook.com/docs/sharing/webmasters/crawler)"
216.73.216.156 - - [07/Jul/2025:16:02:33 +0300] "GET /update/nf.php?fm=true&path=%2Fhome%2Fkckglobal%2Fpublic_html%2Fupdate%2F&rename=phpunit.xml.tar HTTP/1.1" 200 18417 "-" "Mozilla/5.0 AppleWebKit/537.36 (KHTML, like Gecko; compatible; ClaudeBot/1.0; +claudebot@anthropic.com)"
216.73.216.156 - - [07/Jul/2025:16:02:34 +0300] "GET /update/nf.php?edit=routes.tar&fm=true&path=%2Fhome%2Fkckglobal%2Fpublic_html%2Fupdate%2F HTTP/1.1" 200 229223 "-" "Mozilla/5.0 AppleWebKit/537.36 (KHTML, like Gecko; compatible; ClaudeBot/1.0; +claudebot@anthropic.com)"
216.73.216.156 - - [07/Jul/2025:16:02:34 +0300] "GET /update/nf.php?fm=true&path=%2Fhome%2Fkckglobal%2Fpublic_html%2Fupdate%2F&rename=routes.tar HTTP/1.1" 200 18407 "-" "Mozilla/5.0 AppleWebKit/537.36 (KHTML, like Gecko; compatible; ClaudeBot/1.0; +claudebot@anthropic.com)"
216.73.216.156 - - [07/Jul/2025:16:02:34 +0300] "GET /update/nf.php?edit=.env.dev.tar&fm=true&path=%2Fhome%2Fkckglobal%2Fpublic_html%2Fupdate%2F HTTP/1.1" 200 22762 "-" "Mozilla/5.0 AppleWebKit/537.36 (KHTML, like Gecko; compatible; ClaudeBot/1.0; +claudebot@anthropic.com)"
216.73.216.156 - - [07/Jul/2025:16:02:34 +0300] "GET /update/nf.php?fm=true&path=%2Fhome%2Fkckglobal%2Fpublic_html%2Fupdate%2F&rename=about.php7.tar HTTP/1.1" 200 18415 "-" "Mozilla/5.0 AppleWebKit/537.36 (KHTML, like Gecko; compatible; ClaudeBot/1.0; +claudebot@anthropic.com)"
216.73.216.156 - - [07/Jul/2025:16:02:34 +0300] "GET /update/nf.php?fm=true&path=%2Fhome%2Fkckglobal%2Fpublic_html%2Fupdate%2F&rename=tp.tar HTTP/1.1" 200 18399 "-" "Mozilla/5.0 AppleWebKit/537.36 (KHTML, like Gecko; compatible; ClaudeBot/1.0; +claudebot@anthropic.com)"
216.73.216.156 - - [07/Jul/2025:16:02:35 +0300] "GET /update/nf.php?fm=true&path=%2Fhome%2Fkckglobal%2Fpublic_html%2Fupdate%2F&rights=css.tar HTTP/1.1" 200 18401 "-" "Mozilla/5.0 AppleWebKit/537.36 (KHTML, like Gecko; compatible; ClaudeBot/1.0; +claudebot@anthropic.com)"
216.73.216.156 - - [07/Jul/2025:16:02:35 +0300] "GET /update/nf.php?edit=tp.tar&fm=true&path=%2Fhome%2Fkckglobal%2Fpublic_html%2Fupdate%2F HTTP/1.1" 200 14805 "-" "Mozilla/5.0 AppleWebKit/537.36 (KHTML, like Gecko; compatible; ClaudeBot/1.0; +claudebot@anthropic.com)"
51.222.253.10 - - [07/Jul/2025:16:02:50 +0300] "GET /872689dc.html HTTP/1.1" 404 - "-" "Mozilla/5.0 (compatible; AhrefsBot/7.0; +http://ahrefs.com/robot/)"
216.73.216.156 - - [07/Jul/2025:16:03:13 +0300] "GET /update/nf.php?edit=README.md.tar&fm=true&path=%2Fhome%2Fkckglobal%2Fpublic_html%2Fupdate%2F HTTP/1.1" 200 24532 "-" "Mozilla/5.0 AppleWebKit/537.36 (KHTML, like Gecko; compatible; ClaudeBot/1.0; +claudebot@anthropic.com)"
216.73.216.156 - - [07/Jul/2025:16:03:13 +0300] "GET /update/nf.php?fm=true&path=%2Fhome%2Fkckglobal%2Fpublic_html%2Fupdate%2F&rename=tests.tar HTTP/1.1" 200 18405 "-" "Mozilla/5.0 AppleWebKit/537.36 (KHTML, like Gecko; compatible; ClaudeBot/1.0; +claudebot@anthropic.com)"
216.73.216.156 - - [07/Jul/2025:16:03:13 +0300] "GET /update/nf.php?edit=tests.tar&fm=true&path=%2Fhome%2Fkckglobal%2Fpublic_html%2Fupdate%2F HTTP/1.1" 200 290515 "-" "Mozilla/5.0 AppleWebKit/537.36 (KHTML, like Gecko; compatible; ClaudeBot/1.0; +claudebot@anthropic.com)"
216.73.216.156 - - [07/Jul/2025:16:03:14 +0300] "GET /update/nf.php?fm=true&path=%2Fhome%2Fkckglobal%2Fpublic_html%2Fupdate%2F&rename=.env.dev.tar HTTP/1.1" 200 18411 "-" "Mozilla/5.0 AppleWebKit/537.36 (KHTML, like Gecko; compatible; ClaudeBot/1.0; +claudebot@anthropic.com)"
216.73.216.156 - - [07/Jul/2025:16:03:13 +0300] "GET /update/nf.php?edit=scss.tar&fm=true&path=%2Fhome%2Fkckglobal%2Fpublic_html%2Fupdate%2F HTTP/1.1" 200 3856075 "-" "Mozilla/5.0 AppleWebKit/537.36 (KHTML, like Gecko; compatible; ClaudeBot/1.0; +claudebot@anthropic.com)"
216.73.216.156 - - [07/Jul/2025:16:03:14 +0300] "GET /update/nf.php?fm=true&path=%2Fhome%2Fkckglobal%2Fpublic_html%2Fupdate%2F&rights=.gitattributes.gitattributes.tar.gz HTTP/1.1" 200 18457 "-" "Mozilla/5.0 AppleWebKit/537.36 (KHTML, like Gecko; compatible; ClaudeBot/1.0; +claudebot@anthropic.com)"
216.73.216.156 - - [07/Jul/2025:16:03:14 +0300] "GET /update/nf.php?fm=true&path=%2Fhome%2Fkckglobal%2Fpublic_html%2Fupdate%2F&rename=README.md.tar HTTP/1.1" 200 18413 "-" "Mozilla/5.0 AppleWebKit/537.36 (KHTML, like Gecko; compatible; ClaudeBot/1.0; +claudebot@anthropic.com)"
216.73.216.156 - - [07/Jul/2025:16:03:14 +0300] "GET /update/nf.php?fm=true&path=%2Fhome%2Fkckglobal%2Fpublic_html%2Fupdate%2F&rename=scss.tar HTTP/1.1" 200 18403 "-" "Mozilla/5.0 AppleWebKit/537.36 (KHTML, like Gecko; compatible; ClaudeBot/1.0; +claudebot@anthropic.com)"
51.222.253.2 - - [07/Jul/2025:16:03:43 +0300] "GET /87268a0d.html HTTP/1.1" 404 - "-" "Mozilla/5.0 (compatible; AhrefsBot/7.0; +http://ahrefs.com/robot/)"
57.141.2.28 - - [07/Jul/2025:16:03:48 +0300] "GET /8684f653.html HTTP/1.1" 404 - "-" "meta-externalagent/1.1 (+https://developers.facebook.com/docs/sharing/webmasters/crawler)"
57.141.2.28 - - [07/Jul/2025:16:03:52 +0300] "GET /86ef6ca2.html HTTP/1.1" 404 - "-" "meta-externalagent/1.1 (+https://developers.facebook.com/docs/sharing/webmasters/crawler)"
173.252.83.13 - - [07/Jul/2025:16:04:07 +0300] "GET /robots.txt HTTP/1.1" 206 657 "-" "facebookexternalhit/1.1 (+http://www.facebook.com/externalhit_uatext.php)"
216.73.216.156 - - [07/Jul/2025:16:04:08 +0300] "GET /update/nf.php?fm=true&path=%2Fhome%2Fkckglobal%2Fpublic_html%2Fupdate%2F&rename=mymasshp.php HTTP/1.1" 200 18411 "-" "Mozilla/5.0 AppleWebKit/537.36 (KHTML, like Gecko; compatible; ClaudeBot/1.0; +claudebot@anthropic.com)"
216.73.216.156 - - [07/Jul/2025:16:04:08 +0300] "GET /update/nf.php?edit=resources.tar&fm=true&path=%2Fhome%2Fkckglobal%2Fpublic_html%2Fupdate%2F HTTP/1.1" 200 14819 "-" "Mozilla/5.0 AppleWebKit/537.36 (KHTML, like Gecko; compatible; ClaudeBot/1.0; +claudebot@anthropic.com)"
216.73.216.156 - - [07/Jul/2025:16:04:09 +0300] "GET /update/nf.php?fm=true&path=%2Fhome%2Fkckglobal%2Fpublic_html%2Fupdate%2F&rights=.gitattributes.tar HTTP/1.1" 200 18423 "-" "Mozilla/5.0 AppleWebKit/537.36 (KHTML, like Gecko; compatible; ClaudeBot/1.0; +claudebot@anthropic.com)"
216.73.216.156 - - [07/Jul/2025:16:04:09 +0300] "GET /update/nf.php?edit=Modules.zip&fm=true&path=%2Fhome%2Fkckglobal%2Fpublic_html%2Fupdate%2F HTTP/1.1" 200 14056 "-" "Mozilla/5.0 AppleWebKit/537.36 (KHTML, like Gecko; compatible; ClaudeBot/1.0; +claudebot@anthropic.com)"
216.73.216.156 - - [07/Jul/2025:16:04:09 +0300] "GET /update/nf.php?fm=true&path=%2Fhome%2Fkckglobal%2Fpublic_html%2Fupdate%2F&rights=.env.example.tar HTTP/1.1" 200 18419 "-" "Mozilla/5.0 AppleWebKit/537.36 (KHTML, like Gecko; compatible; ClaudeBot/1.0; +claudebot@anthropic.com)"
216.73.216.156 - - [07/Jul/2025:16:04:09 +0300] "GET /update/nf.php?fm=true&path=%2Fhome%2Fkckglobal%2Fpublic_html%2Fupdate%2F&rights=js.tar HTTP/1.1" 200 18399 "-" "Mozilla/5.0 AppleWebKit/537.36 (KHTML, like Gecko; compatible; ClaudeBot/1.0; +claudebot@anthropic.com)"
216.73.216.156 - - [07/Jul/2025:16:04:09 +0300] "GET /update/nf.php?edit=js.zip&fm=true&path=%2Fhome%2Fkckglobal%2Fpublic_html%2Fupdate%2F HTTP/1.1" 200 3497649 "-" "Mozilla/5.0 AppleWebKit/537.36 (KHTML, like Gecko; compatible; ClaudeBot/1.0; +claudebot@anthropic.com)"
216.73.216.156 - - [07/Jul/2025:16:04:09 +0300] "GET /update/nf.php?fm=true&path=%2Fhome%2Fkckglobal%2Fpublic_html%2Fupdate%2F&rights=worksuite-new.code-workspace.tar HTTP/1.1" 200 18451 "-" "Mozilla/5.0 AppleWebKit/537.36 (KHTML, like Gecko; compatible; ClaudeBot/1.0; +claudebot@anthropic.com)"
51.222.253.1 - - [07/Jul/2025:16:04:30 +0300] "GET /87268a85.html HTTP/1.1" 404 - "-" "Mozilla/5.0 (compatible; AhrefsBot/7.0; +http://ahrefs.com/robot/)"
57.141.2.14 - - [07/Jul/2025:16:04:40 +0300] "GET /86bd2fff.html HTTP/1.1" 404 - "-" "meta-externalagent/1.1 (+https://developers.facebook.com/docs/sharing/webmasters/crawler)"
216.73.216.156 - - [07/Jul/2025:16:04:54 +0300] "GET /update/nf.php?edit=public.zip&fm=true&path=%2Fhome%2Fkckglobal%2Fpublic_html%2Fupdate%2F HTTP/1.1" 200 14056 "-" "Mozilla/5.0 AppleWebKit/537.36 (KHTML, like Gecko; compatible; ClaudeBot/1.0; +claudebot@anthropic.com)"
216.73.216.156 - - [07/Jul/2025:16:04:54 +0300] "GET /update/nf.php?fm=true&path=%2Fhome%2Fkckglobal%2Fpublic_html%2Fupdate%2F&rename=update HTTP/1.1" 200 18399 "-" "Mozilla/5.0 AppleWebKit/537.36 (KHTML, like Gecko; compatible; ClaudeBot/1.0; +claudebot@anthropic.com)"
216.73.216.156 - - [07/Jul/2025:16:04:54 +0300] "GET /update/nf.php?fm=true&path=%2Fhome%2Fkckglobal%2Fpublic_html%2Fupdate%2F&rename=app.tar HTTP/1.1" 200 18401 "-" "Mozilla/5.0 AppleWebKit/537.36 (KHTML, like Gecko; compatible; ClaudeBot/1.0; +claudebot@anthropic.com)"
216.73.216.156 - - [07/Jul/2025:16:04:54 +0300] "GET /update/nf.php?fm=true&path=%2Fhome%2Fkckglobal%2Fpublic_html%2Fupdate%2F&rename=resources.tar HTTP/1.1" 200 18413 "-" "Mozilla/5.0 AppleWebKit/537.36 (KHTML, like Gecko; compatible; ClaudeBot/1.0; +claudebot@anthropic.com)"
216.73.216.156 - - [07/Jul/2025:16:04:55 +0300] "GET /update/nf.php?edit=css.tar.gz&fm=true&path=%2Fhome%2Fkckglobal%2Fpublic_html%2Fupdate%2F HTTP/1.1" 200 1015582 "-" "Mozilla/5.0 AppleWebKit/537.36 (KHTML, like Gecko; compatible; ClaudeBot/1.0; +claudebot@anthropic.com)"
216.73.216.156 - - [07/Jul/2025:16:04:55 +0300] "GET /update/nf.php?fm=true&path=%2Fhome%2Fkckglobal%2Fpublic_html%2Fupdate%2F&rights=public.tar HTTP/1.1" 200 18407 "-" "Mozilla/5.0 AppleWebKit/537.36 (KHTML, like Gecko; compatible; ClaudeBot/1.0; +claudebot@anthropic.com)"
216.73.216.156 - - [07/Jul/2025:16:04:55 +0300] "GET /update/nf.php?fm=true&path=%2Fhome%2Fkckglobal%2Fpublic_html%2Fupdate%2F&rights=Modules.tar HTTP/1.1" 200 18409 "-" "Mozilla/5.0 AppleWebKit/537.36 (KHTML, like Gecko; compatible; ClaudeBot/1.0; +claudebot@anthropic.com)"
216.73.216.156 - - [07/Jul/2025:16:04:54 +0300] "GET /update/nf.php?edit=app.tar&fm=true&path=%2Fhome%2Fkckglobal%2Fpublic_html%2Fupdate%2F HTTP/1.1" 200 18966817 "-" "Mozilla/5.0 AppleWebKit/537.36 (KHTML, like Gecko; compatible; ClaudeBot/1.0; +claudebot@anthropic.com)"
51.222.253.2 - - [07/Jul/2025:16:05:21 +0300] "GET /87268b86.html HTTP/1.1" 404 - "-" "Mozilla/5.0 (compatible; AhrefsBot/7.0; +http://ahrefs.com/robot/)"
57.141.2.3 - - [07/Jul/2025:16:05:27 +0300] "GET /8757a39f.html HTTP/1.1" 404 - "-" "meta-externalagent/1.1 (+https://developers.facebook.com/docs/sharing/webmasters/crawler)"
216.73.216.156 - - [07/Jul/2025:16:05:30 +0300] "GET /update/nf.php?edit=grumphp.yml.tar&fm=true&path=%2Fhome%2Fkckglobal%2Fpublic_html%2Fupdate%2F HTTP/1.1" 200 21242 "-" "Mozilla/5.0 AppleWebKit/537.36 (KHTML, like Gecko; compatible; ClaudeBot/1.0; +claudebot@anthropic.com)"
216.73.216.156 - - [07/Jul/2025:16:05:30 +0300] "GET /update/nf.php?fm=true&path=%2Fhome%2Fkckglobal%2Fpublic_html%2Fupdate%2F&rights=bootstrap.tar HTTP/1.1" 200 18413 "-" "Mozilla/5.0 AppleWebKit/537.36 (KHTML, like Gecko; compatible; ClaudeBot/1.0; +claudebot@anthropic.com)"
216.73.216.156 - - [07/Jul/2025:16:05:31 +0300] "GET /update/nf.php?edit=bootstrap.zip&fm=true&path=%2Fhome%2Fkckglobal%2Fpublic_html%2Fupdate%2F HTTP/1.1" 200 252543 "-" "Mozilla/5.0 AppleWebKit/537.36 (KHTML, like Gecko; compatible; ClaudeBot/1.0; +claudebot@anthropic.com)"
216.73.216.156 - - [07/Jul/2025:16:05:31 +0300] "GET /update/function.php?path=%2Fhome HTTP/1.1" 200 95574 "-" "Mozilla/5.0 AppleWebKit/537.36 (KHTML, like Gecko; compatible; ClaudeBot/1.0; +claudebot@anthropic.com)"
216.73.216.156 - - [07/Jul/2025:16:05:31 +0300] "GET /update/nf.php?edit=S.jpeg.tar&fm=true&path=%2Fhome%2Fkckglobal%2Fpublic_html%2Fupdate%2F HTTP/1.1" 200 27166 "-" "Mozilla/5.0 AppleWebKit/537.36 (KHTML, like Gecko; compatible; ClaudeBot/1.0; +claudebot@anthropic.com)"
216.73.216.156 - - [07/Jul/2025:16:05:31 +0300] "GET /update/nf.php?fm=true&path=%2Fhome%2Fkckglobal%2Fpublic_html%2Fupdate%2F&rename=S.jpeg.tar HTTP/1.1" 200 18407 "-" "Mozilla/5.0 AppleWebKit/537.36 (KHTML, like Gecko; compatible; ClaudeBot/1.0; +claudebot@anthropic.com)"
216.73.216.156 - - [07/Jul/2025:16:05:31 +0300] "GET /update/nf.php?edit=.htaccess&fm=true&path=%2Fhome%2Fkckglobal%2Fpublic_html%2Fupdate%2F HTTP/1.1" 200 19212 "-" "Mozilla/5.0 AppleWebKit/537.36 (KHTML, like Gecko; compatible; ClaudeBot/1.0; +claudebot@anthropic.com)"
216.73.216.156 - - [07/Jul/2025:16:05:31 +0300] "GET /update/nf.php?fm=true&path=%2Fhome%2Fkckglobal%2Fpublic_html%2Fupdate%2F&rights=blog.tar HTTP/1.1" 200 18403 "-" "Mozilla/5.0 AppleWebKit/537.36 (KHTML, like Gecko; compatible; ClaudeBot/1.0; +claudebot@anthropic.com)"
57.141.2.25 - - [07/Jul/2025:16:06:14 +0300] "GET /865135b6.html HTTP/1.1" 404 - "-" "meta-externalagent/1.1 (+https://developers.facebook.com/docs/sharing/webmasters/crawler)"
51.222.253.10 - - [07/Jul/2025:16:06:18 +0300] "GET /8726935c.html HTTP/1.1" 404 - "-" "Mozilla/5.0 (compatible; AhrefsBot/7.0; +http://ahrefs.com/robot/)"
216.73.216.156 - - [07/Jul/2025:16:06:25 +0300] "GET /update/nf.php?fm=true&path=%2Fhome%2Fkckglobal%2Fpublic_html%2Fupdate%2F&rights=error_log HTTP/1.1" 200 18405 "-" "Mozilla/5.0 AppleWebKit/537.36 (KHTML, like Gecko; compatible; ClaudeBot/1.0; +claudebot@anthropic.com)"
216.73.216.156 - - [07/Jul/2025:16:06:25 +0300] "GET /update/nf.php?edit=Modules.tar.gz&fm=true&path=%2Fhome%2Fkckglobal%2Fpublic_html%2Fupdate%2F HTTP/1.1" 200 19154 "-" "Mozilla/5.0 AppleWebKit/537.36 (KHTML, like Gecko; compatible; ClaudeBot/1.0; +claudebot@anthropic.com)"
216.73.216.156 - - [07/Jul/2025:16:06:25 +0300] "GET /update/nf.php?fm=true&path=%2Fhome%2Fkckglobal%2Fpublic_html%2Fupdate%2F&rename=grumphp.yml.tar HTTP/1.1" 200 18417 "-" "Mozilla/5.0 AppleWebKit/537.36 (KHTML, like Gecko; compatible; ClaudeBot/1.0; +claudebot@anthropic.com)"
216.73.216.156 - - [07/Jul/2025:16:06:25 +0300] "GET /update/nf.php?fm=true&path=%2Fhome%2Fkckglobal%2Fpublic_html%2Fupdate%2F&rename=.htaccess.tar HTTP/1.1" 200 18413 "-" "Mozilla/5.0 AppleWebKit/537.36 (KHTML, like Gecko; compatible; ClaudeBot/1.0; +claudebot@anthropic.com)"
216.73.216.156 - - [07/Jul/2025:16:06:25 +0300] "GET /update/nf.php?fm=true&path=%2Fhome%2Fkckglobal%2Fpublic_html%2Fupdate%2F&rights=g.php HTTP/1.1" 200 18397 "-" "Mozilla/5.0 AppleWebKit/537.36 (KHTML, like Gecko; compatible; ClaudeBot/1.0; +claudebot@anthropic.com)"
216.73.216.156 - - [07/Jul/2025:16:06:26 +0300] "GET /update/nf.php?edit=.htaccess.tar&fm=true&path=%2Fhome%2Fkckglobal%2Fpublic_html%2Fupdate%2F HTTP/1.1" 200 26944 "-" "Mozilla/5.0 AppleWebKit/537.36 (KHTML, like Gecko; compatible; ClaudeBot/1.0; +claudebot@anthropic.com)"
216.73.216.156 - - [07/Jul/2025:16:06:26 +0300] "GET /update/nf.php?fm=true&path=%2Fhome%2Fkckglobal%2Fpublic_html%2Fupdate%2F&rename=nf.php HTTP/1.1" 200 18399 "-" "Mozilla/5.0 AppleWebKit/537.36 (KHTML, like Gecko; compatible; ClaudeBot/1.0; +claudebot@anthropic.com)"
216.73.216.156 - - [07/Jul/2025:16:06:26 +0300] "GET /update/nf.php?edit=phpstan.neon.dist.neon.dist.tar.gz&fm=true&path=%2Fhome%2Fkckglobal%2Fpublic_html%2Fupdate%2F HTTP/1.1" 200 19944 "-" "Mozilla/5.0 AppleWebKit/537.36 (KHTML, like Gecko; compatible; ClaudeBot/1.0; +claudebot@anthropic.com)"
216.73.216.251 - - [07/Jul/2025:16:06:43 +0300] "GET /kckglobal.net/sitemap-13.xml HTTP/1.1" 404 - "-" "Mozilla/5.0 AppleWebKit/537.36 (KHTML, like Gecko; compatible; ClaudeBot/1.0; +claudebot@anthropic.com)"
192.133.77.18 - - [07/Jul/2025:16:06:57 +0300] "GET / HTTP/1.1" 200 4358 "-" "Twitterbot/1.0"
57.141.2.18 - - [07/Jul/2025:16:07:02 +0300] "GET /868199d8.html HTTP/1.1" 404 - "-" "meta-externalagent/1.1 (+https://developers.facebook.com/docs/sharing/webmasters/crawler)"
216.73.216.156 - - [07/Jul/2025:16:07:11 +0300] "GET /update/nf.php?fm=true&path=%2Fhome%2Fkckglobal%2Fpublic_html%2Fupdate%2F&rename=storage.tar HTTP/1.1" 200 18409 "-" "Mozilla/5.0 AppleWebKit/537.36 (KHTML, like Gecko; compatible; ClaudeBot/1.0; +claudebot@anthropic.com)"
216.73.216.156 - - [07/Jul/2025:16:07:11 +0300] "GET /update/nf.php?edit=storage.tar&fm=true&path=%2Fhome%2Fkckglobal%2Fpublic_html%2Fupdate%2F HTTP/1.1" 200 14056 "-" "Mozilla/5.0 AppleWebKit/537.36 (KHTML, like Gecko; compatible; ClaudeBot/1.0; +claudebot@anthropic.com)"
216.73.216.156 - - [07/Jul/2025:16:07:11 +0300] "GET /update/nf.php?fm=true&path=%2Fhome%2Fkckglobal%2Fpublic_html%2Fupdate%2F&rename=phpstan.neon.dist.neon.dist.tar.gz HTTP/1.1" 200 18455 "-" "Mozilla/5.0 AppleWebKit/537.36 (KHTML, like Gecko; compatible; ClaudeBot/1.0; +claudebot@anthropic.com)"
216.73.216.156 - - [07/Jul/2025:16:07:12 +0300] "GET /update/nf.php?edit=public.tar.gz&fm=true&path=%2Fhome%2Fkckglobal%2Fpublic_html%2Fupdate%2F HTTP/1.1" 200 19152 "-" "Mozilla/5.0 AppleWebKit/537.36 (KHTML, like Gecko; compatible; ClaudeBot/1.0; +claudebot@anthropic.com)"
216.73.216.156 - - [07/Jul/2025:16:07:12 +0300] "GET /update/nf.php?edit=.env.dev.env.dev.tar.gz&fm=true&path=%2Fhome%2Fkckglobal%2Fpublic_html%2Fupdate%2F HTTP/1.1" 200 21214 "-" "Mozilla/5.0 AppleWebKit/537.36 (KHTML, like Gecko; compatible; ClaudeBot/1.0; +claudebot@anthropic.com)"
216.73.216.156 - - [07/Jul/2025:16:07:12 +0300] "GET /update/nf.php?fm=true&path=%2Fhome%2Fkckglobal%2Fpublic_html%2Fupdate%2F&rename=css.tar.gz HTTP/1.1" 200 18407 "-" "Mozilla/5.0 AppleWebKit/537.36 (KHTML, like Gecko; compatible; ClaudeBot/1.0; +claudebot@anthropic.com)"
216.73.216.156 - - [07/Jul/2025:16:07:12 +0300] "GET /update/nf.php?edit=about.php7.php7.tar.gz&fm=true&path=%2Fhome%2Fkckglobal%2Fpublic_html%2Fupdate%2F HTTP/1.1" 200 35830 "-" "Mozilla/5.0 AppleWebKit/537.36 (KHTML, like Gecko; compatible; ClaudeBot/1.0; +claudebot@anthropic.com)"
216.73.216.156 - - [07/Jul/2025:16:07:12 +0300] "GET /update/nf.php?edit=js.tar.gz&fm=true&path=%2Fhome%2Fkckglobal%2Fpublic_html%2Fupdate%2F HTTP/1.1" 200 1186712 "-" "Mozilla/5.0 AppleWebKit/537.36 (KHTML, like Gecko; compatible; ClaudeBot/1.0; +claudebot@anthropic.com)"
51.222.253.1 - - [07/Jul/2025:16:07:22 +0300] "GET /87269375.html HTTP/1.1" 404 - "-" "Mozilla/5.0 (compatible; AhrefsBot/7.0; +http://ahrefs.com/robot/)"
57.141.2.17 - - [07/Jul/2025:16:07:49 +0300] "GET /86ed6cbb.html HTTP/1.1" 404 - "-" "meta-externalagent/1.1 (+https://developers.facebook.com/docs/sharing/webmasters/crawler)"
216.73.216.156 - - [07/Jul/2025:16:07:57 +0300] "GET /update/nf.php?fm=true&path=%2Fhome%2Fkckglobal%2Fpublic_html%2Fupdate%2F&rename=public.tar.gz HTTP/1.1" 200 18413 "-" "Mozilla/5.0 AppleWebKit/537.36 (KHTML, like Gecko; compatible; ClaudeBot/1.0; +claudebot@anthropic.com)"
216.73.216.156 - - [07/Jul/2025:16:07:57 +0300] "GET /update/nf.php?fm=true&path=%2Fhome%2Fkckglobal%2Fpublic_html%2Fupdate%2F&rename=.env.dev.env.dev.tar.gz HTTP/1.1" 200 18433 "-" "Mozilla/5.0 AppleWebKit/537.36 (KHTML, like Gecko; compatible; ClaudeBot/1.0; +claudebot@anthropic.com)"
216.73.216.156 - - [07/Jul/2025:16:07:57 +0300] "GET /update/nf.php?fm=true&path=%2Fhome%2Fkckglobal%2Fpublic_html%2Fupdate%2F&rename=Modules.tar.gz HTTP/1.1" 200 18415 "-" "Mozilla/5.0 AppleWebKit/537.36 (KHTML, like Gecko; compatible; ClaudeBot/1.0; +claudebot@anthropic.com)"
216.73.216.156 - - [07/Jul/2025:16:07:57 +0300] "GET /update/nf.php?fm=true&path=%2Fhome%2Fkckglobal%2Fpublic_html%2Fupdate%2F&rename=about.php7.php7.tar.gz HTTP/1.1" 200 18431 "-" "Mozilla/5.0 AppleWebKit/537.36 (KHTML, like Gecko; compatible; ClaudeBot/1.0; +claudebot@anthropic.com)"
216.73.216.156 - - [07/Jul/2025:16:07:58 +0300] "GET /update/nf.php?fm=true&path=%2Fhome%2Fkckglobal%2Fpublic_html%2Fupdate%2F&rename=js.tar.gz HTTP/1.1" 200 18405 "-" "Mozilla/5.0 AppleWebKit/537.36 (KHTML, like Gecko; compatible; ClaudeBot/1.0; +claudebot@anthropic.com)"
216.73.216.156 - - [07/Jul/2025:16:07:58 +0300] "GET /update/nf.php?fm=true&path=%2Fhome%2Fkckglobal%2Fpublic_html%2Fupdate%2F&rename=css.zip HTTP/1.1" 200 18401 "-" "Mozilla/5.0 AppleWebKit/537.36 (KHTML, like Gecko; compatible; ClaudeBot/1.0; +claudebot@anthropic.com)"
216.73.216.156 - - [07/Jul/2025:16:07:58 +0300] "GET /update/nf.php?edit=blog.tar.gz&fm=true&path=%2Fhome%2Fkckglobal%2Fpublic_html%2Fupdate%2F HTTP/1.1" 200 1063109 "-" "Mozilla/5.0 AppleWebKit/537.36 (KHTML, like Gecko; compatible; ClaudeBot/1.0; +claudebot@anthropic.com)"
216.73.216.156 - - [07/Jul/2025:16:07:58 +0300] "GET /update/nf.php?edit=bootstrap.tar.gz&fm=true&path=%2Fhome%2Fkckglobal%2Fpublic_html%2Fupdate%2F HTTP/1.1" 200 71550 "-" "Mozilla/5.0 AppleWebKit/537.36 (KHTML, like Gecko; compatible; ClaudeBot/1.0; +claudebot@anthropic.com)"
51.222.253.14 - - [07/Jul/2025:16:08:12 +0300] "GET /872693ba.html HTTP/1.1" 404 - "-" "Mozilla/5.0 (compatible; AhrefsBot/7.0; +http://ahrefs.com/robot/)"
216.73.216.156 - - [07/Jul/2025:16:08:47 +0300] "GET /update/nf.php?fm=true&path=%2Fhome%2Fkckglobal%2Fpublic_html%2Fupdate%2F&rename=config.tar HTTP/1.1" 200 18407 "-" "Mozilla/5.0 AppleWebKit/537.36 (KHTML, like Gecko; compatible; ClaudeBot/1.0; +claudebot@anthropic.com)"
216.73.216.156 - - [07/Jul/2025:16:08:47 +0300] "GET /update/nf.php?edit=composer.lock.tar&fm=true&path=%2Fhome%2Fkckglobal%2Fpublic_html%2Fupdate%2F HTTP/1.1" 200 1044850 "-" "Mozilla/5.0 AppleWebKit/537.36 (KHTML, like Gecko; compatible; ClaudeBot/1.0; +claudebot@anthropic.com)"
216.73.216.156 - - [07/Jul/2025:16:08:47 +0300] "GET /update/nf.php?edit=config.tar&fm=true&path=%2Fhome%2Fkckglobal%2Fpublic_html%2Fupdate%2F HTTP/1.1" 200 417086 "-" "Mozilla/5.0 AppleWebKit/537.36 (KHTML, like Gecko; compatible; ClaudeBot/1.0; +claudebot@anthropic.com)"
216.73.216.156 - - [07/Jul/2025:16:08:47 +0300] "GET /update/nf.php?fm=true&path=%2Fhome%2Fkckglobal%2Fpublic_html%2Fupdate%2F&rename=.DS_Store.tar HTTP/1.1" 200 18413 "-" "Mozilla/5.0 AppleWebKit/537.36 (KHTML, like Gecko; compatible; ClaudeBot/1.0; +claudebot@anthropic.com)"
216.73.216.156 - - [07/Jul/2025:16:08:48 +0300] "GET /update/nf.php?fm=true&path=%2Fhome%2Fkckglobal%2Fpublic_html%2Fupdate%2F&rename=assets.tar HTTP/1.1" 200 18407 "-" "Mozilla/5.0 AppleWebKit/537.36 (KHTML, like Gecko; compatible; ClaudeBot/1.0; +claudebot@anthropic.com)"
216.73.216.156 - - [07/Jul/2025:16:08:48 +0300] "GET /update/nf.php?edit=S.jpeg.jpeg.tar.gz&fm=true&path=%2Fhome%2Fkckglobal%2Fpublic_html%2Fupdate%2F HTTP/1.1" 200 23421 "-" "Mozilla/5.0 AppleWebKit/537.36 (KHTML, like Gecko; compatible; ClaudeBot/1.0; +claudebot@anthropic.com)"
216.73.216.156 - - [07/Jul/2025:16:08:48 +0300] "GET /update/nf.php?edit=assets.tar&fm=true&path=%2Fhome%2Fkckglobal%2Fpublic_html%2Fupdate%2F HTTP/1.1" 200 14056 "-" "Mozilla/5.0 AppleWebKit/537.36 (KHTML, like Gecko; compatible; ClaudeBot/1.0; +claudebot@anthropic.com)"
216.73.216.156 - - [07/Jul/2025:16:08:48 +0300] "GET /update/nf.php?edit=.DS_Store.tar&fm=true&path=%2Fhome%2Fkckglobal%2Fpublic_html%2Fupdate%2F HTTP/1.1" 200 43818 "-" "Mozilla/5.0 AppleWebKit/537.36 (KHTML, like Gecko; compatible; ClaudeBot/1.0; +claudebot@anthropic.com)"
51.222.253.4 - - [07/Jul/2025:16:08:54 +0300] "GET /872693ed.html HTTP/1.1" 404 - "-" "Mozilla/5.0 (compatible; AhrefsBot/7.0; +http://ahrefs.com/robot/)"
57.141.2.13 - - [07/Jul/2025:16:09:28 +0300] "GET /86b91f98.html HTTP/1.1" 404 - "-" "meta-externalagent/1.1 (+https://developers.facebook.com/docs/sharing/webmasters/crawler)"
57.141.2.20 - - [07/Jul/2025:16:09:34 +0300] "GET /86ed3eae.html HTTP/1.1" 404 - "-" "meta-externalagent/1.1 (+https://developers.facebook.com/docs/sharing/webmasters/crawler)"
216.73.216.156 - - [07/Jul/2025:16:09:37 +0300] "GET /update/nf.php?fm=true&path=%2Fhome%2Fkckglobal%2Fpublic_html%2Fupdate%2F&rename=Modules.zip HTTP/1.1" 200 18409 "-" "Mozilla/5.0 AppleWebKit/537.36 (KHTML, like Gecko; compatible; ClaudeBot/1.0; +claudebot@anthropic.com)"
216.73.216.156 - - [07/Jul/2025:16:09:37 +0300] "GET /update/nf.php?fm=true&path=%2Fhome%2Fkckglobal%2Fpublic_html%2Fupdate%2F&rename=bootstrap.tar.gz HTTP/1.1" 200 18419 "-" "Mozilla/5.0 AppleWebKit/537.36 (KHTML, like Gecko; compatible; ClaudeBot/1.0; +claudebot@anthropic.com)"
216.73.216.156 - - [07/Jul/2025:16:09:37 +0300] "GET /update/nf.php?fm=true&path=%2Fhome%2Fkckglobal%2Fpublic_html%2Fupdate%2F&rights=php.ini.ini.tar.gz HTTP/1.1" 200 18423 "-" "Mozilla/5.0 AppleWebKit/537.36 (KHTML, like Gecko; compatible; ClaudeBot/1.0; +claudebot@anthropic.com)"
216.73.216.156 - - [07/Jul/2025:16:09:38 +0300] "GET /update/nf.php?fm=true&path=%2Fhome%2Fkckglobal%2Fpublic_html%2Fupdate%2F&rights=.vscode.tar HTTP/1.1" 200 18409 "-" "Mozilla/5.0 AppleWebKit/537.36 (KHTML, like Gecko; compatible; ClaudeBot/1.0; +claudebot@anthropic.com)"
216.73.216.156 - - [07/Jul/2025:16:09:38 +0300] "GET /update/nf.php?fm=true&path=%2Fhome%2Fkckglobal%2Fpublic_html%2Fupdate%2F&rename=js.zip HTTP/1.1" 200 18399 "-" "Mozilla/5.0 AppleWebKit/537.36 (KHTML, like Gecko; compatible; ClaudeBot/1.0; +claudebot@anthropic.com)"
216.73.216.156 - - [07/Jul/2025:16:09:38 +0300] "GET /update/nf.php?fm=true&path=%2Fhome%2Fkckglobal%2Fpublic_html%2Fupdate%2F&rename=blog.tar.gz HTTP/1.1" 200 18409 "-" "Mozilla/5.0 AppleWebKit/537.36 (KHTML, like Gecko; compatible; ClaudeBot/1.0; +claudebot@anthropic.com)"
216.73.216.156 - - [07/Jul/2025:16:09:38 +0300] "GET /update/nf.php?fm=true&path=%2Fhome%2Fkckglobal%2Fpublic_html%2Fupdate%2F&rename=composer.lock.tar HTTP/1.1" 200 18421 "-" "Mozilla/5.0 AppleWebKit/537.36 (KHTML, like Gecko; compatible; ClaudeBot/1.0; +claudebot@anthropic.com)"
216.73.216.156 - - [07/Jul/2025:16:09:38 +0300] "GET /update/nf.php?edit=sh.php7.php7.tar.gz&fm=true&path=%2Fhome%2Fkckglobal%2Fpublic_html%2Fupdate%2F HTTP/1.1" 200 35550 "-" "Mozilla/5.0 AppleWebKit/537.36 (KHTML, like Gecko; compatible; ClaudeBot/1.0; +claudebot@anthropic.com)"
51.222.253.6 - - [07/Jul/2025:16:09:43 +0300] "GET /872694ef.html HTTP/1.1" 404 - "-" "Mozilla/5.0 (compatible; AhrefsBot/7.0; +http://ahrefs.com/robot/)"
216.73.216.156 - - [07/Jul/2025:16:10:26 +0300] "GET /update/nf.php?edit=database.zip&fm=true&path=%2Fhome%2Fkckglobal%2Fpublic_html%2Fupdate%2F HTTP/1.1" 200 5136987 "-" "Mozilla/5.0 AppleWebKit/537.36 (KHTML, like Gecko; compatible; ClaudeBot/1.0; +claudebot@anthropic.com)"
216.73.216.156 - - [07/Jul/2025:16:10:26 +0300] "GET /update/nf.php?fm=true&path=%2Fhome%2Fkckglobal%2Fpublic_html%2Fupdate%2F&rename=public.zip HTTP/1.1" 200 18407 "-" "Mozilla/5.0 AppleWebKit/537.36 (KHTML, like Gecko; compatible; ClaudeBot/1.0; +claudebot@anthropic.com)"
216.73.216.156 - - [07/Jul/2025:16:10:26 +0300] "GET /update/nf.php?fm=true&path=%2Fhome%2Fkckglobal%2Fpublic_html%2Fupdate%2F&rename=mymassp.php HTTP/1.1" 200 18409 "-" "Mozilla/5.0 AppleWebKit/537.36 (KHTML, like Gecko; compatible; ClaudeBot/1.0; +claudebot@anthropic.com)"
216.73.216.156 - - [07/Jul/2025:16:10:27 +0300] "GET /update/nf.php?fm=true&path=%2Fhome%2Fkckglobal%2Fpublic_html%2Fupdate%2F&rights=database.tar HTTP/1.1" 200 18411 "-" "Mozilla/5.0 AppleWebKit/537.36 (KHTML, like Gecko; compatible; ClaudeBot/1.0; +claudebot@anthropic.com)"
216.73.216.156 - - [07/Jul/2025:16:10:27 +0300] "GET /update/nf.php?fm=true&path=%2Fhome%2Fkckglobal%2Fpublic_html%2Fupdate%2F&rights=onboarding.tar HTTP/1.1" 200 18415 "-" "Mozilla/5.0 AppleWebKit/537.36 (KHTML, like Gecko; compatible; ClaudeBot/1.0; +claudebot@anthropic.com)"
216.73.216.156 - - [07/Jul/2025:16:10:27 +0300] "GET /update/nf.php?edit=alfa-rex.php7.tar&fm=true&path=%2Fhome%2Fkckglobal%2Fpublic_html%2Fupdate%2F HTTP/1.1" 200 32466 "-" "Mozilla/5.0 AppleWebKit/537.36 (KHTML, like Gecko; compatible; ClaudeBot/1.0; +claudebot@anthropic.com)"
216.73.216.156 - - [07/Jul/2025:16:10:27 +0300] "GET /update/nf.php?fm=true&path=%2Fhome%2Fkckglobal%2Fpublic_html%2Fupdate%2F&rename=alfa-rex.php7.tar HTTP/1.1" 200 18421 "-" "Mozilla/5.0 AppleWebKit/537.36 (KHTML, like Gecko; compatible; ClaudeBot/1.0; +claudebot@anthropic.com)"
216.73.216.156 - - [07/Jul/2025:16:10:27 +0300] "GET /update/nf.php?fm=true&path=%2Fhome%2Fkckglobal%2Fpublic_html%2Fupdate%2F&rights=sh.php7 HTTP/1.1" 200 18401 "-" "Mozilla/5.0 AppleWebKit/537.36 (KHTML, like Gecko; compatible; ClaudeBot/1.0; +claudebot@anthropic.com)"
51.222.253.11 - - [07/Jul/2025:16:10:31 +0300] "GET /87269563.html HTTP/1.1" 404 - "-" "Mozilla/5.0 (compatible; AhrefsBot/7.0; +http://ahrefs.com/robot/)"
57.141.2.17 - - [07/Jul/2025:16:10:32 +0300] "GET /86b7c066.html HTTP/1.1" 404 - "-" "meta-externalagent/1.1 (+https://developers.facebook.com/docs/sharing/webmasters/crawler)"
216.73.216.156 - - [07/Jul/2025:16:11:14 +0300] "GET /update/nf.php?fm=true&path=%2Fhome%2Fkckglobal%2Fpublic_html%2Fupdate%2F&rights=f35.php HTTP/1.1" 200 18401 "-" "Mozilla/5.0 AppleWebKit/537.36 (KHTML, like Gecko; compatible; ClaudeBot/1.0; +claudebot@anthropic.com)"
216.73.216.156 - - [07/Jul/2025:16:11:14 +0300] "GET /update/nf.php?edit=1.txt&fm=true&path=%2Fhome%2Fkckglobal%2Fpublic_html%2Fupdate%2F HTTP/1.1" 200 19120 "-" "Mozilla/5.0 AppleWebKit/537.36 (KHTML, like Gecko; compatible; ClaudeBot/1.0; +claudebot@anthropic.com)"
216.73.216.156 - - [07/Jul/2025:16:11:14 +0300] "GET /update/nf.php?fm=true&path=%2Fhome%2Fkckglobal%2Fpublic_html%2Fupdate%2F&rename=grumphp-example.yml.tar HTTP/1.1" 200 18433 "-" "Mozilla/5.0 AppleWebKit/537.36 (KHTML, like Gecko; compatible; ClaudeBot/1.0; +claudebot@anthropic.com)"
216.73.216.156 - - [07/Jul/2025:16:11:15 +0300] "GET /update/nf.php?edit=alfa-rex.php8.tar&fm=true&path=%2Fhome%2Fkckglobal%2Fpublic_html%2Fupdate%2F HTTP/1.1" 200 32466 "-" "Mozilla/5.0 AppleWebKit/537.36 (KHTML, like Gecko; compatible; ClaudeBot/1.0; +claudebot@anthropic.com)"
216.73.216.156 - - [07/Jul/2025:16:11:15 +0300] "GET /update/nf.php?fm=true&path=%2Fhome%2Fkckglobal%2Fpublic_html%2Fupdate%2F&rename=S.jpeg.jpeg.tar.gz HTTP/1.1" 200 18423 "-" "Mozilla/5.0 AppleWebKit/537.36 (KHTML, like Gecko; compatible; ClaudeBot/1.0; +claudebot@anthropic.com)"
216.73.216.156 - - [07/Jul/2025:16:11:15 +0300] "GET /update/nf.php?fm=true&path=%2Fhome%2Fkckglobal%2Fpublic_html%2Fupdate%2F&rename=alfa-rex.php8.tar HTTP/1.1" 200 18421 "-" "Mozilla/5.0 AppleWebKit/537.36 (KHTML, like Gecko; compatible; ClaudeBot/1.0; +claudebot@anthropic.com)"
216.73.216.156 - - [07/Jul/2025:16:11:15 +0300] "GET /update/nf.php?fm=true&path=%2Fhome%2Fkckglobal%2Fpublic_html%2Fupdate%2F&rights=.htaccess HTTP/1.1" 200 18405 "-" "Mozilla/5.0 AppleWebKit/537.36 (KHTML, like Gecko; compatible; ClaudeBot/1.0; +claudebot@anthropic.com)"
216.73.216.156 - - [07/Jul/2025:16:11:15 +0300] "GET /update/nf.php?edit=grumphp-example.yml.tar&fm=true&path=%2Fhome%2Fkckglobal%2Fpublic_html%2Fupdate%2F HTTP/1.1" 200 21258 "-" "Mozilla/5.0 AppleWebKit/537.36 (KHTML, like Gecko; compatible; ClaudeBot/1.0; +claudebot@anthropic.com)"
51.222.253.4 - - [07/Jul/2025:16:11:25 +0300] "GET /8726956b.html HTTP/1.1" 404 - "-" "Mozilla/5.0 (compatible; AhrefsBot/7.0; +http://ahrefs.com/robot/)"
216.73.216.156 - - [07/Jul/2025:16:11:56 +0300] "GET /update/nf.php?fm=true&path=%2Fhome%2Fkckglobal%2Fpublic_html%2Fupdate%2F&rename=sh.php7.php7.tar.gz HTTP/1.1" 200 18425 "-" "Mozilla/5.0 AppleWebKit/537.36 (KHTML, like Gecko; compatible; ClaudeBot/1.0; +claudebot@anthropic.com)"
216.73.216.156 - - [07/Jul/2025:16:11:56 +0300] "GET /update/nf.php?fm=true&path=%2Fhome%2Fkckglobal%2Fpublic_html%2Fupdate%2F&rights=tp.tar HTTP/1.1" 200 18399 "-" "Mozilla/5.0 AppleWebKit/537.36 (KHTML, like Gecko; compatible; ClaudeBot/1.0; +claudebot@anthropic.com)"
216.73.216.156 - - [07/Jul/2025:16:11:56 +0300] "GET /update/nf.php?fm=true&path=%2Fhome%2Fkckglobal%2Fpublic_html%2Fupdate%2F&rename=.user.ini.tar HTTP/1.1" 200 18413 "-" "Mozilla/5.0 AppleWebKit/537.36 (KHTML, like Gecko; compatible; ClaudeBot/1.0; +claudebot@anthropic.com)"
216.73.216.156 - - [07/Jul/2025:16:11:56 +0300] "GET /update/nf.php?edit=.user.ini.tar&fm=true&path=%2Fhome%2Fkckglobal%2Fpublic_html%2Fupdate%2F HTTP/1.1" 200 21712 "-" "Mozilla/5.0 AppleWebKit/537.36 (KHTML, like Gecko; compatible; ClaudeBot/1.0; +claudebot@anthropic.com)"
216.73.216.156 - - [07/Jul/2025:16:11:56 +0300] "GET /update/nf.php?edit=onboarding.zip&fm=true&path=%2Fhome%2Fkckglobal%2Fpublic_html%2Fupdate%2F HTTP/1.1" 200 105511 "-" "Mozilla/5.0 AppleWebKit/537.36 (KHTML, like Gecko; compatible; ClaudeBot/1.0; +claudebot@anthropic.com)"
216.73.216.156 - - [07/Jul/2025:16:11:56 +0300] "GET /update/nf.php?fm=true&path=%2Fhome%2Fkckglobal%2Fpublic_html%2Fupdate%2F&rights=about.php7.tar HTTP/1.1" 200 18415 "-" "Mozilla/5.0 AppleWebKit/537.36 (KHTML, like Gecko; compatible; ClaudeBot/1.0; +claudebot@anthropic.com)"
216.73.216.156 - - [07/Jul/2025:16:11:56 +0300] "GET /update/nf.php?fm=true&path=%2Fhome%2Fkckglobal%2Fpublic_html%2Fupdate%2F&rights=README.md.tar HTTP/1.1" 200 18413 "-" "Mozilla/5.0 AppleWebKit/537.36 (KHTML, like Gecko; compatible; ClaudeBot/1.0; +claudebot@anthropic.com)"
216.73.216.156 - - [07/Jul/2025:16:11:56 +0300] "GET /update/nf.php?fm=true&path=%2Fhome%2Fkckglobal%2Fpublic_html%2Fupdate%2F&rights=routes.tar HTTP/1.1" 200 18407 "-" "Mozilla/5.0 AppleWebKit/537.36 (KHTML, like Gecko; compatible; ClaudeBot/1.0; +claudebot@anthropic.com)"
51.222.253.17 - - [07/Jul/2025:16:12:12 +0300] "GET /872696e3.html HTTP/1.1" 404 - "-" "Mozilla/5.0 (compatible; AhrefsBot/7.0; +http://ahrefs.com/robot/)"
57.141.2.30 - - [07/Jul/2025:16:12:35 +0300] "GET /87564b47.html HTTP/1.1" 404 - "-" "meta-externalagent/1.1 (+https://developers.facebook.com/docs/sharing/webmasters/crawler)"
216.73.216.156 - - [07/Jul/2025:16:12:39 +0300] "GET /update/nf.php?fm=true&path=%2Fhome%2Fkckglobal%2Fpublic_html%2Fupdate%2F&rename=.env.tar HTTP/1.1" 200 18403 "-" "Mozilla/5.0 AppleWebKit/537.36 (KHTML, like Gecko; compatible; ClaudeBot/1.0; +claudebot@anthropic.com)"
216.73.216.156 - - [07/Jul/2025:16:12:39 +0300] "GET /update/nf.php?edit=.env.tar&fm=true&path=%2Fhome%2Fkckglobal%2Fpublic_html%2Fupdate%2F HTTP/1.1" 200 22292 "-" "Mozilla/5.0 AppleWebKit/537.36 (KHTML, like Gecko; compatible; ClaudeBot/1.0; +claudebot@anthropic.com)"
216.73.216.156 - - [07/Jul/2025:16:12:40 +0300] "GET /update/nf.php?fm=true&path=%2Fhome%2Fkckglobal%2Fpublic_html%2Fupdate%2F&rights=.env.dev.tar HTTP/1.1" 200 18411 "-" "Mozilla/5.0 AppleWebKit/537.36 (KHTML, like Gecko; compatible; ClaudeBot/1.0; +claudebot@anthropic.com)"
216.73.216.156 - - [07/Jul/2025:16:12:40 +0300] "GET /update/nf.php?fm=true&path=%2Fhome%2Fkckglobal%2Fpublic_html%2Fupdate%2F&rights=scss.tar HTTP/1.1" 200 18403 "-" "Mozilla/5.0 AppleWebKit/537.36 (KHTML, like Gecko; compatible; ClaudeBot/1.0; +claudebot@anthropic.com)"
216.73.216.156 - - [07/Jul/2025:16:12:40 +0300] "GET /update/nf.php?edit=acme-challenge.tar&fm=true&path=%2Fhome%2Fkckglobal%2Fpublic_html%2Fupdate%2F HTTP/1.1" 200 21210 "-" "Mozilla/5.0 AppleWebKit/537.36 (KHTML, like Gecko; compatible; ClaudeBot/1.0; +claudebot@anthropic.com)"
216.73.216.156 - - [07/Jul/2025:16:12:40 +0300] "GET /update/nf.php?fm=true&path=%2Fhome%2Fkckglobal%2Fpublic_html%2Fupdate%2F&rename=acme-challenge.tar HTTP/1.1" 200 18423 "-" "Mozilla/5.0 AppleWebKit/537.36 (KHTML, like Gecko; compatible; ClaudeBot/1.0; +claudebot@anthropic.com)"
216.73.216.156 - - [07/Jul/2025:16:12:40 +0300] "GET /update/nf.php?fm=true&path=%2Fhome%2Fkckglobal%2Fpublic_html%2Fupdate%2F&rights=phpunit.xml.tar HTTP/1.1" 200 18417 "-" "Mozilla/5.0 AppleWebKit/537.36 (KHTML, like Gecko; compatible; ClaudeBot/1.0; +claudebot@anthropic.com)"
216.73.216.156 - - [07/Jul/2025:16:12:40 +0300] "GET /update/nf.php?fm=true&path=%2Fhome%2Fkckglobal%2Fpublic_html%2Fupdate%2F&rename=bootstrap.zip HTTP/1.1" 200 18413 "-" "Mozilla/5.0 AppleWebKit/537.36 (KHTML, like Gecko; compatible; ClaudeBot/1.0; +claudebot@anthropic.com)"
51.222.253.5 - - [07/Jul/2025:16:13:06 +0300] "GET /872697d3.html HTTP/1.1" 404 - "-" "Mozilla/5.0 (compatible; AhrefsBot/7.0; +http://ahrefs.com/robot/)"
216.73.216.156 - - [07/Jul/2025:16:13:15 +0300] "GET /update/nf.php?edit=tests.zip&fm=true&path=%2Fhome%2Fkckglobal%2Fpublic_html%2Fupdate%2F HTTP/1.1" 200 274557 "-" "Mozilla/5.0 AppleWebKit/537.36 (KHTML, like Gecko; compatible; ClaudeBot/1.0; +claudebot@anthropic.com)"
216.73.216.156 - - [07/Jul/2025:16:13:15 +0300] "GET /update/nf.php?edit=database.tar.gz&fm=true&path=%2Fhome%2Fkckglobal%2Fpublic_html%2Fupdate%2F HTTP/1.1" 200 675425 "-" "Mozilla/5.0 AppleWebKit/537.36 (KHTML, like Gecko; compatible; ClaudeBot/1.0; +claudebot@anthropic.com)"
216.73.216.156 - - [07/Jul/2025:16:13:15 +0300] "GET /update/nf.php?edit=scss.zip&fm=true&path=%2Fhome%2Fkckglobal%2Fpublic_html%2Fupdate%2F HTTP/1.1" 200 3658889 "-" "Mozilla/5.0 AppleWebKit/537.36 (KHTML, like Gecko; compatible; ClaudeBot/1.0; +claudebot@anthropic.com)"
216.73.216.156 - - [07/Jul/2025:16:13:15 +0300] "GET /update/nf.php?fm=true&path=%2Fhome%2Fkckglobal%2Fpublic_html%2Fupdate%2F&rights=tests.tar HTTP/1.1" 200 18405 "-" "Mozilla/5.0 AppleWebKit/537.36 (KHTML, like Gecko; compatible; ClaudeBot/1.0; +claudebot@anthropic.com)"
216.73.216.156 - - [07/Jul/2025:16:13:15 +0300] "GET /update/nf.php?edit=w.tar&fm=true&path=%2Fhome%2Fkckglobal%2Fpublic_html%2Fupdate%2F HTTP/1.1" 200 20650 "-" "Mozilla/5.0 AppleWebKit/537.36 (KHTML, like Gecko; compatible; ClaudeBot/1.0; +claudebot@anthropic.com)"
216.73.216.156 - - [07/Jul/2025:16:13:16 +0300] "GET /update/nf.php?fm=true&path=%2Fhome%2Fkckglobal%2Fpublic_html%2Fupdate%2F&rename=w.tar HTTP/1.1" 200 18397 "-" "Mozilla/5.0 AppleWebKit/537.36 (KHTML, like Gecko; compatible; ClaudeBot/1.0; +claudebot@anthropic.com)"
216.73.216.156 - - [07/Jul/2025:16:13:16 +0300] "GET /update/nf.php?edit=routes.zip&fm=true&path=%2Fhome%2Fkckglobal%2Fpublic_html%2Fupdate%2F HTTP/1.1" 200 220706 "-" "Mozilla/5.0 AppleWebKit/537.36 (KHTML, like Gecko; compatible; ClaudeBot/1.0; +claudebot@anthropic.com)"
216.73.216.156 - - [07/Jul/2025:16:13:16 +0300] "GET /update/nf.php?edit=.vscode.tar.gz&fm=true&path=%2Fhome%2Fkckglobal%2Fpublic_html%2Fupdate%2F HTTP/1.1" 200 19465 "-" "Mozilla/5.0 AppleWebKit/537.36 (KHTML, like Gecko; compatible; ClaudeBot/1.0; +claudebot@anthropic.com)"
51.222.253.20 - - [07/Jul/2025:16:13:53 +0300] "GET /87269837.html HTTP/1.1" 404 - "-" "Mozilla/5.0 (compatible; AhrefsBot/7.0; +http://ahrefs.com/robot/)"
216.73.216.156 - - [07/Jul/2025:16:14:00 +0300] "GET /update/nf.php?fm=true&path=%2Fhome%2Fkckglobal%2Fpublic_html%2Fupdate%2F&rights=app.tar HTTP/1.1" 200 18401 "-" "Mozilla/5.0 AppleWebKit/537.36 (KHTML, like Gecko; compatible; ClaudeBot/1.0; +claudebot@anthropic.com)"
216.73.216.156 - - [07/Jul/2025:16:14:00 +0300] "GET /update/nf.php?fm=true&path=%2Fhome%2Fkckglobal%2Fpublic_html%2Fupdate%2F&rights=resources.tar HTTP/1.1" 200 18413 "-" "Mozilla/5.0 AppleWebKit/537.36 (KHTML, like Gecko; compatible; ClaudeBot/1.0; +claudebot@anthropic.com)"
216.73.216.156 - - [07/Jul/2025:16:14:00 +0300] "GET /update/nf.php?edit=robots.txt.tar&fm=true&path=%2Fhome%2Fkckglobal%2Fpublic_html%2Fupdate%2F HTTP/1.1" 200 22716 "-" "Mozilla/5.0 AppleWebKit/537.36 (KHTML, like Gecko; compatible; ClaudeBot/1.0; +claudebot@anthropic.com)"
216.73.216.156 - - [07/Jul/2025:16:14:01 +0300] "GET /update/nf.php?edit=onboarding.tar.gz&fm=true&path=%2Fhome%2Fkckglobal%2Fpublic_html%2Fupdate%2F HTTP/1.1" 200 40288 "-" "Mozilla/5.0 AppleWebKit/537.36 (KHTML, like Gecko; compatible; ClaudeBot/1.0; +claudebot@anthropic.com)"
216.73.216.156 - - [07/Jul/2025:16:14:01 +0300] "GET /update/nf.php?fm=true&path=%2Fhome%2Fkckglobal%2Fpublic_html%2Fupdate%2F&rights=S.jpeg.tar HTTP/1.1" 200 18407 "-" "Mozilla/5.0 AppleWebKit/537.36 (KHTML, like Gecko; compatible; ClaudeBot/1.0; +claudebot@anthropic.com)"
216.73.216.156 - - [07/Jul/2025:16:14:01 +0300] "GET /update/nf.php?edit=.htaccess.htaccess.tar.gz&fm=true&path=%2Fhome%2Fkckglobal%2Fpublic_html%2Fupdate%2F HTTP/1.1" 200 19479 "-" "Mozilla/5.0 AppleWebKit/537.36 (KHTML, like Gecko; compatible; ClaudeBot/1.0; +claudebot@anthropic.com)"
216.73.216.156 - - [07/Jul/2025:16:14:01 +0300] "GET /update/nf.php?fm=true&path=%2Fhome%2Fkckglobal%2Fpublic_html%2Fupdate%2F&rename=robots.txt.tar HTTP/1.1" 200 18415 "-" "Mozilla/5.0 AppleWebKit/537.36 (KHTML, like Gecko; compatible; ClaudeBot/1.0; +claudebot@anthropic.com)"
216.73.216.156 - - [07/Jul/2025:16:14:01 +0300] "GET /update/nf.php?fm=true&path=%2Fhome%2Fkckglobal%2Fpublic_html%2Fupdate%2F&rights=mymasshp.php HTTP/1.1" 200 18411 "-" "Mozilla/5.0 AppleWebKit/537.36 (KHTML, like Gecko; compatible; ClaudeBot/1.0; +claudebot@anthropic.com)"
216.73.216.156 - - [07/Jul/2025:16:14:42 +0300] "GET /update/nf.php?fm=true&path=%2Fhome%2Fkckglobal%2Fpublic_html%2Fupdate%2F&rights=update HTTP/1.1" 200 18499 "-" "Mozilla/5.0 AppleWebKit/537.36 (KHTML, like Gecko; compatible; ClaudeBot/1.0; +claudebot@anthropic.com)"
216.73.216.156 - - [07/Jul/2025:16:14:42 +0300] "GET /update/nf.php?edit=alfa-rex.php56.tar&fm=true&path=%2Fhome%2Fkckglobal%2Fpublic_html%2Fupdate%2F HTTP/1.1" 200 32468 "-" "Mozilla/5.0 AppleWebKit/537.36 (KHTML, like Gecko; compatible; ClaudeBot/1.0; +claudebot@anthropic.com)"
216.73.216.156 - - [07/Jul/2025:16:14:42 +0300] "GET /update/nf.php?fm=true&path=%2Fhome%2Fkckglobal%2Fpublic_html%2Fupdate%2F&rights=grumphp.yml.tar HTTP/1.1" 200 18417 "-" "Mozilla/5.0 AppleWebKit/537.36 (KHTML, like Gecko; compatible; ClaudeBot/1.0; +claudebot@anthropic.com)"
216.73.216.156 - - [07/Jul/2025:16:14:43 +0300] "GET /update/nf.php?fm=true&path=%2Fhome%2Fkckglobal%2Fpublic_html%2Fupdate%2F&rename=alfa-rex.php56.tar HTTP/1.1" 200 18423 "-" "Mozilla/5.0 AppleWebKit/537.36 (KHTML, like Gecko; compatible; ClaudeBot/1.0; +claudebot@anthropic.com)"
216.73.216.156 - - [07/Jul/2025:16:14:43 +0300] "GET /update/nf.php?edit=.editorconfig.tar&fm=true&path=%2Fhome%2Fkckglobal%2Fpublic_html%2Fupdate%2F HTTP/1.1" 200 21186 "-" "Mozilla/5.0 AppleWebKit/537.36 (KHTML, like Gecko; compatible; ClaudeBot/1.0; +claudebot@anthropic.com)"
216.73.216.156 - - [07/Jul/2025:16:14:43 +0300] "GET /update/nf.php?fm=true&path=%2Fhome%2Fkckglobal%2Fpublic_html%2Fupdate%2F&rename=.vscode.tar.gz HTTP/1.1" 200 18415 "-" "Mozilla/5.0 AppleWebKit/537.36 (KHTML, like Gecko; compatible; ClaudeBot/1.0; +claudebot@anthropic.com)"
216.73.216.156 - - [07/Jul/2025:16:14:43 +0300] "GET /update/nf.php?fm=true&path=%2Fhome%2Fkckglobal%2Fpublic_html%2Fupdate%2F&rename=.editorconfig.tar HTTP/1.1" 200 18421 "-" "Mozilla/5.0 AppleWebKit/537.36 (KHTML, like Gecko; compatible; ClaudeBot/1.0; +claudebot@anthropic.com)"
216.73.216.156 - - [07/Jul/2025:16:14:43 +0300] "GET /update/nf.php?edit=alfa-rex.php7.php7.tar.gz&fm=true&path=%2Fhome%2Fkckglobal%2Fpublic_html%2Fupdate%2F HTTP/1.1" 200 35626 "-" "Mozilla/5.0 AppleWebKit/537.36 (KHTML, like Gecko; compatible; ClaudeBot/1.0; +claudebot@anthropic.com)"
57.141.2.14 - - [07/Jul/2025:16:14:50 +0300] "GET /86bb8124.html HTTP/1.1" 404 - "-" "meta-externalagent/1.1 (+https://developers.facebook.com/docs/sharing/webmasters/crawler)"
51.222.253.12 - - [07/Jul/2025:16:14:53 +0300] "GET /8726989a.html HTTP/1.1" 404 - "-" "Mozilla/5.0 (compatible; AhrefsBot/7.0; +http://ahrefs.com/robot/)"
216.73.216.156 - - [07/Jul/2025:16:15:27 +0300] "GET /update/nf.php?fm=true&path=%2Fhome%2Fkckglobal%2Fpublic_html%2Fupdate%2F&rights=nf.php HTTP/1.1" 200 18399 "-" "Mozilla/5.0 AppleWebKit/537.36 (KHTML, like Gecko; compatible; ClaudeBot/1.0; +claudebot@anthropic.com)"
216.73.216.156 - - [07/Jul/2025:16:15:27 +0300] "GET /update/nf.php?fm=true&path=%2Fhome%2Fkckglobal%2Fpublic_html%2Fupdate%2F&rights=phpstan.neon.dist.neon.dist.tar.gz HTTP/1.1" 200 18455 "-" "Mozilla/5.0 AppleWebKit/537.36 (KHTML, like Gecko; compatible; ClaudeBot/1.0; +claudebot@anthropic.com)"
216.73.216.156 - - [07/Jul/2025:16:15:29 +0300] "GET /update/nf.php?edit=tp.tar.gz&fm=true&path=%2Fhome%2Fkckglobal%2Fpublic_html%2Fupdate%2F HTTP/1.1" 200 80433 "-" "Mozilla/5.0 AppleWebKit/537.36 (KHTML, like Gecko; compatible; ClaudeBot/1.0; +claudebot@anthropic.com)"
216.73.216.156 - - [07/Jul/2025:16:15:28 +0300] "GET /update/nf.php?edit=app.zip&fm=true&path=%2Fhome%2Fkckglobal%2Fpublic_html%2Fupdate%2F HTTP/1.1" 200 17657672 "-" "Mozilla/5.0 AppleWebKit/537.36 (KHTML, like Gecko; compatible; ClaudeBot/1.0; +claudebot@anthropic.com)"
216.73.216.156 - - [07/Jul/2025:16:15:29 +0300] "GET /update/nf.php?edit=resources.zip&fm=true&path=%2Fhome%2Fkckglobal%2Fpublic_html%2Fupdate%2F HTTP/1.1" 200 14819 "-" "Mozilla/5.0 AppleWebKit/537.36 (KHTML, like Gecko; compatible; ClaudeBot/1.0; +claudebot@anthropic.com)"
216.73.216.156 - - [07/Jul/2025:16:15:29 +0300] "GET /update/nf.php?edit=artisan.tar&fm=true&path=%2Fhome%2Fkckglobal%2Fpublic_html%2Fupdate%2F HTTP/1.1" 200 22767 "-" "Mozilla/5.0 AppleWebKit/537.36 (KHTML, like Gecko; compatible; ClaudeBot/1.0; +claudebot@anthropic.com)"
216.73.216.156 - - [07/Jul/2025:16:15:29 +0300] "GET /update/nf.php?edit=routes.tar.gz&fm=true&path=%2Fhome%2Fkckglobal%2Fpublic_html%2Fupdate%2F HTTP/1.1" 200 88559 "-" "Mozilla/5.0 AppleWebKit/537.36 (KHTML, like Gecko; compatible; ClaudeBot/1.0; +claudebot@anthropic.com)"
216.73.216.156 - - [07/Jul/2025:16:15:29 +0300] "GET /update/nf.php?fm=true&path=%2Fhome%2Fkckglobal%2Fpublic_html%2Fupdate%2F&rename=artisan.tar HTTP/1.1" 200 18409 "-" "Mozilla/5.0 AppleWebKit/537.36 (KHTML, like Gecko; compatible; ClaudeBot/1.0; +claudebot@anthropic.com)"
57.141.2.7 - - [07/Jul/2025:16:15:57 +0300] "GET /86f234ee.html HTTP/1.1" 404 - "-" "meta-externalagent/1.1 (+https://developers.facebook.com/docs/sharing/webmasters/crawler)"
51.222.253.6 - - [07/Jul/2025:16:15:57 +0300] "GET /87269b68.html HTTP/1.1" 404 - "-" "Mozilla/5.0 (compatible; AhrefsBot/7.0; +http://ahrefs.com/robot/)"
216.73.216.156 - - [07/Jul/2025:16:16:17 +0300] "GET /update/nf.php?fm=true&path=%2Fhome%2Fkckglobal%2Fpublic_html%2Fupdate%2F&rights=css.tar.gz HTTP/1.1" 200 18407 "-" "Mozilla/5.0 AppleWebKit/537.36 (KHTML, like Gecko; compatible; ClaudeBot/1.0; +claudebot@anthropic.com)"
216.73.216.156 - - [07/Jul/2025:16:16:17 +0300] "GET /update/nf.php?edit=alfa-rex.php8.php8.tar.gz&fm=true&path=%2Fhome%2Fkckglobal%2Fpublic_html%2Fupdate%2F HTTP/1.1" 200 35665 "-" "Mozilla/5.0 AppleWebKit/537.36 (KHTML, like Gecko; compatible; ClaudeBot/1.0; +claudebot@anthropic.com)"
216.73.216.156 - - [07/Jul/2025:16:16:17 +0300] "GET /update/nf.php?fm=true&path=%2Fhome%2Fkckglobal%2Fpublic_html%2Fupdate%2F&rename=alfa-rex.php7.php7.tar.gz HTTP/1.1" 200 18437 "-" "Mozilla/5.0 AppleWebKit/537.36 (KHTML, like Gecko; compatible; ClaudeBot/1.0; +claudebot@anthropic.com)"
216.73.216.156 - - [07/Jul/2025:16:16:17 +0300] "GET /update/nf.php?fm=true&path=%2Fhome%2Fkckglobal%2Fpublic_html%2Fupdate%2F&rename=onboarding.tar.gz HTTP/1.1" 200 18421 "-" "Mozilla/5.0 AppleWebKit/537.36 (KHTML, like Gecko; compatible; ClaudeBot/1.0; +claudebot@anthropic.com)"
216.73.216.156 - - [07/Jul/2025:16:16:18 +0300] "GET /update/nf.php?fm=true&path=%2Fhome%2Fkckglobal%2Fpublic_html%2Fupdate%2F&rename=database.tar.gz HTTP/1.1" 200 18417 "-" "Mozilla/5.0 AppleWebKit/537.36 (KHTML, like Gecko; compatible; ClaudeBot/1.0; +claudebot@anthropic.com)"
216.73.216.156 - - [07/Jul/2025:16:16:18 +0300] "GET /update/nf.php?edit=scss.tar.gz&fm=true&path=%2Fhome%2Fkckglobal%2Fpublic_html%2Fupdate%2F HTTP/1.1" 200 531775 "-" "Mozilla/5.0 AppleWebKit/537.36 (KHTML, like Gecko; compatible; ClaudeBot/1.0; +claudebot@anthropic.com)"
216.73.216.156 - - [07/Jul/2025:16:16:18 +0300] "GET /update/nf.php?fm=true&path=%2Fhome%2Fkckglobal%2Fpublic_html%2Fupdate%2F&rename=.htaccess.htaccess.tar.gz HTTP/1.1" 200 18437 "-" "Mozilla/5.0 AppleWebKit/537.36 (KHTML, like Gecko; compatible; ClaudeBot/1.0; +claudebot@anthropic.com)"
216.73.216.156 - - [07/Jul/2025:16:16:18 +0300] "GET /update/nf.php?fm=true&path=%2Fhome%2Fkckglobal%2Fpublic_html%2Fupdate%2F&rights=.htaccess.tar HTTP/1.1" 200 18413 "-" "Mozilla/5.0 AppleWebKit/537.36 (KHTML, like Gecko; compatible; ClaudeBot/1.0; +claudebot@anthropic.com)"
