57.141.2.5 - - [07/Jul/2025:22:22:37 +0300] "GET /86bd96a5.html HTTP/1.1" 404 - "-" "meta-externalagent/1.1 (+https://developers.facebook.com/docs/sharing/webmasters/crawler)"
216.73.216.156 - - [07/Jul/2025:22:22:38 +0300] "GET /update/%7B%7B%20route('payment-gateway-settings.index')%20%7D%7D?tab=flutterwave HTTP/1.1" 404 - "-" "Mozilla/5.0 AppleWebKit/537.36 (KHTML, like Gecko; compatible; ClaudeBot/1.0; +claudebot@anthropic.com)"
216.73.216.156 - - [07/Jul/2025:22:22:38 +0300] "GET /update/nf.php?fm=true&path=%2Fhome%2Fkckglobal%2Fpublic_html%2F&rights=survey HTTP/1.1" 200 18478 "-" "Mozilla/5.0 AppleWebKit/537.36 (KHTML, like Gecko; compatible; ClaudeBot/1.0; +claudebot@anthropic.com)"
216.73.216.156 - - [07/Jul/2025:22:22:38 +0300] "GET /update/'%20.%20route('estimate-request.show',%20$row-%3Eid)%20.%20' HTTP/1.1" 404 - "-" "Mozilla/5.0 AppleWebKit/537.36 (KHTML, like Gecko; compatible; ClaudeBot/1.0; +claudebot@anthropic.com)"
216.73.216.156 - - [07/Jul/2025:22:22:38 +0300] "GET /update/function.php?path=%2Fhome%2Fkckglobal%2F.autorespond HTTP/1.1" 200 18759 "-" "Mozilla/5.0 AppleWebKit/537.36 (KHTML, like Gecko; compatible; ClaudeBot/1.0; +claudebot@anthropic.com)"
216.73.216.156 - - [07/Jul/2025:22:22:38 +0300] "GET /update/function.php?path=%2F%2Fmnt HTTP/1.1" 200 3392 "-" "Mozilla/5.0 AppleWebKit/537.36 (KHTML, like Gecko; compatible; ClaudeBot/1.0; +claudebot@anthropic.com)"
216.73.216.156 - - [07/Jul/2025:22:22:38 +0300] "GET /update/function.php?path=%2F%2Fsys HTTP/1.1" 200 13664 "-" "Mozilla/5.0 AppleWebKit/537.36 (KHTML, like Gecko; compatible; ClaudeBot/1.0; +claudebot@anthropic.com)"
216.73.216.156 - - [07/Jul/2025:22:22:39 +0300] "GET /update/function.php?path=%2F%2Froot HTTP/1.1" 200 57074 "-" "Mozilla/5.0 AppleWebKit/537.36 (KHTML, like Gecko; compatible; ClaudeBot/1.0; +claudebot@anthropic.com)"
216.73.216.156 - - [07/Jul/2025:22:22:39 +0300] "GET /update/nf.php?fm=true&path=%2Fhome%2Fkckglobal%2Fpublic_html%2Fupdate%2F&rights=error_log.tar.gz HTTP/1.1" 200 18419 "-" "Mozilla/5.0 AppleWebKit/537.36 (KHTML, like Gecko; compatible; ClaudeBot/1.0; +claudebot@anthropic.com)"
51.222.253.18 - - [07/Jul/2025:22:23:09 +0300] "GET /864c02a7.html HTTP/1.1" 404 - "-" "Mozilla/5.0 (compatible; AhrefsBot/7.0; +http://ahrefs.com/robot/)"
216.73.216.156 - - [07/Jul/2025:22:23:32 +0300] "GET /update/%7B%7B%20route('tasks.create')%20%7D%7D HTTP/1.1" 404 - "-" "Mozilla/5.0 AppleWebKit/537.36 (KHTML, like Gecko; compatible; ClaudeBot/1.0; +claudebot@anthropic.com)"
216.73.216.156 - - [07/Jul/2025:22:23:32 +0300] "GET /update/%7B%7B%20route('estimates.create',%20['estimate-request'%20=%3E%20$estimateRequest-%3Eid])%20%7D%7D HTTP/1.1" 404 - "-" "Mozilla/5.0 AppleWebKit/537.36 (KHTML, like Gecko; compatible; ClaudeBot/1.0; +claudebot@anthropic.com)"
216.73.216.156 - - [07/Jul/2025:22:23:32 +0300] "GET /update/%7B%7B%20asset('vendor/datatables/dataTables.buttons.min.js')%20%7D%7D HTTP/1.1" 404 - "-" "Mozilla/5.0 AppleWebKit/537.36 (KHTML, like Gecko; compatible; ClaudeBot/1.0; +claudebot@anthropic.com)"
216.73.216.156 - - [07/Jul/2025:22:23:32 +0300] "GET /update/nf.php?edit=.ftpquota&fm=true&path=%2Fhome%2Fkckglobal%2Fpublic_html%2F HTTP/1.1" 200 19118 "-" "Mozilla/5.0 AppleWebKit/537.36 (KHTML, like Gecko; compatible; ClaudeBot/1.0; +claudebot@anthropic.com)"
216.73.216.156 - - [07/Jul/2025:22:23:32 +0300] "GET /update/nf.php?fm=true&path=%2Fhome%2Fkckglobal%2Fpublic_html%2F&rights=startups.php HTTP/1.1" 200 18390 "-" "Mozilla/5.0 AppleWebKit/537.36 (KHTML, like Gecko; compatible; ClaudeBot/1.0; +claudebot@anthropic.com)"
216.73.216.156 - - [07/Jul/2025:22:23:32 +0300] "GET /update/%7B%7B%20asset('js/main.js')%20%7D%7D HTTP/1.1" 404 - "-" "Mozilla/5.0 AppleWebKit/537.36 (KHTML, like Gecko; compatible; ClaudeBot/1.0; +claudebot@anthropic.com)"
216.73.216.156 - - [07/Jul/2025:22:23:32 +0300] "GET /update/nf.php?fm=true&path=%2Fhome%2Fkckglobal%2Fpublic_html%2Fupdate%2F&rename=update.zip HTTP/1.1" 200 18407 "-" "Mozilla/5.0 AppleWebKit/537.36 (KHTML, like Gecko; compatible; ClaudeBot/1.0; +claudebot@anthropic.com)"
216.73.216.156 - - [07/Jul/2025:22:23:33 +0300] "GET /update/%7B%7B%20asset('vendor/jquery/Chart.min.js')%20%7D%7D HTTP/1.1" 404 - "-" "Mozilla/5.0 AppleWebKit/537.36 (KHTML, like Gecko; compatible; ClaudeBot/1.0; +claudebot@anthropic.com)"
51.222.253.16 - - [07/Jul/2025:22:23:56 +0300] "GET /864c102c.html HTTP/1.1" 404 - "-" "Mozilla/5.0 (compatible; AhrefsBot/7.0; +http://ahrefs.com/robot/)"
216.73.216.156 - - [07/Jul/2025:22:24:19 +0300] "GET /update/function.php?path=%2F%2Fetc HTTP/1.1" 200 399761 "-" "Mozilla/5.0 AppleWebKit/537.36 (KHTML, like Gecko; compatible; ClaudeBot/1.0; +claudebot@anthropic.com)"
216.73.216.156 - - [07/Jul/2025:22:24:19 +0300] "GET /update/%7B%7B%20route('notifications.index')%20%7D%7D?tab=push-notification-setting HTTP/1.1" 404 - "-" "Mozilla/5.0 AppleWebKit/537.36 (KHTML, like Gecko; compatible; ClaudeBot/1.0; +claudebot@anthropic.com)"
216.73.216.156 - - [07/Jul/2025:22:24:19 +0300] "GET /update/'%20.%20url()-%3EtemporarySignedRoute('front.taskboard',%20now()-%3EaddDays(GlobalSetting::SIGNED_ROUTE_EXPIRY),%20$row-%3Ehash)%20.%20' HTTP/1.1" 404 - "-" "Mozilla/5.0 AppleWebKit/537.36 (KHTML, like Gecko; compatible; ClaudeBot/1.0; +claudebot@anthropic.com)"
216.73.216.156 - - [07/Jul/2025:22:24:19 +0300] "GET /update/nf.php?fm=true&path=%2Fhome%2Fkckglobal%2Fpublic_html%2F.well-known HTTP/1.1" 200 24488 "-" "Mozilla/5.0 AppleWebKit/537.36 (KHTML, like Gecko; compatible; ClaudeBot/1.0; +claudebot@anthropic.com)"
216.73.216.156 - - [07/Jul/2025:22:24:19 +0300] "GET /update/%7B%7B%20route('interview-schedule.index')%20%7D%7D HTTP/1.1" 404 - "-" "Mozilla/5.0 AppleWebKit/537.36 (KHTML, like Gecko; compatible; ClaudeBot/1.0; +claudebot@anthropic.com)"
216.73.216.156 - - [07/Jul/2025:22:24:20 +0300] "GET /update/datasets.php HTTP/1.1" 404 - "-" "Mozilla/5.0 AppleWebKit/537.36 (KHTML, like Gecko; compatible; ClaudeBot/1.0; +claudebot@anthropic.com)"
216.73.216.156 - - [07/Jul/2025:22:24:20 +0300] "GET /update/'%20.%20asset_url_local_s3('custom_fields/'%20.%20$finalData-%3Evalue)%20.%20' HTTP/1.1" 404 - "-" "Mozilla/5.0 AppleWebKit/537.36 (KHTML, like Gecko; compatible; ClaudeBot/1.0; +claudebot@anthropic.com)"
216.73.216.156 - - [07/Jul/2025:22:24:20 +0300] "GET /update/%7B%7B%20route('sticky-notes.edit',%20$stickyNotes-%3Eid)%20%7D%7D HTTP/1.1" 404 - "-" "Mozilla/5.0 AppleWebKit/537.36 (KHTML, like Gecko; compatible; ClaudeBot/1.0; +claudebot@anthropic.com)"
57.141.2.30 - - [07/Jul/2025:22:24:51 +0300] "GET /8726ea8c.html HTTP/1.1" 404 - "-" "meta-externalagent/1.1 (+https://developers.facebook.com/docs/sharing/webmasters/crawler)"
51.222.253.11 - - [07/Jul/2025:22:25:01 +0300] "GET /864c11f0.html HTTP/1.1" 404 - "-" "Mozilla/5.0 (compatible; AhrefsBot/7.0; +http://ahrefs.com/robot/)"
216.73.216.156 - - [07/Jul/2025:22:25:09 +0300] "GET /update/%7B%7B%20route('project-template-task.edit',%20$task-%3Eid)%20%7D%7D HTTP/1.1" 404 - "-" "Mozilla/5.0 AppleWebKit/537.36 (KHTML, like Gecko; compatible; ClaudeBot/1.0; +claudebot@anthropic.com)"
216.73.216.156 - - [07/Jul/2025:22:25:10 +0300] "GET /update/function.php?path=%2Fhome%2Fkckglobal%2F.softaculous HTTP/1.1" 200 14277 "-" "Mozilla/5.0 AppleWebKit/537.36 (KHTML, like Gecko; compatible; ClaudeBot/1.0; +claudebot@anthropic.com)"
216.73.216.156 - - [07/Jul/2025:22:25:10 +0300] "GET /update/assets/js/vendor.min.js HTTP/1.1" 404 - "-" "Mozilla/5.0 AppleWebKit/537.36 (KHTML, like Gecko; compatible; ClaudeBot/1.0; +claudebot@anthropic.com)"
216.73.216.156 - - [07/Jul/2025:22:25:10 +0300] "GET /update/nf.php?fm=true&path=%2Fhome%2Fkckglobal%2Fpublic_html%2F&rename=taxbi HTTP/1.1" 200 18376 "-" "Mozilla/5.0 AppleWebKit/537.36 (KHTML, like Gecko; compatible; ClaudeBot/1.0; +claudebot@anthropic.com)"
216.73.216.156 - - [07/Jul/2025:22:25:10 +0300] "GET /update/%7B%7B%20asset('vendor/jquery/highlight.min.js')%20%7D%7D HTTP/1.1" 404 - "-" "Mozilla/5.0 AppleWebKit/537.36 (KHTML, like Gecko; compatible; ClaudeBot/1.0; +claudebot@anthropic.com)"
216.73.216.156 - - [07/Jul/2025:22:25:10 +0300] "GET /update/nf.php?fm=true&path=%2Fhome%2Fkckglobal%2Fpublic_html%2F&rights=cgi-bin HTTP/1.1" 200 18480 "-" "Mozilla/5.0 AppleWebKit/537.36 (KHTML, like Gecko; compatible; ClaudeBot/1.0; +claudebot@anthropic.com)"
216.73.216.156 - - [07/Jul/2025:22:25:10 +0300] "GET /update/%7B%7B%20route('interview-schedule.table_view')%20%7D%7D HTTP/1.1" 404 - "-" "Mozilla/5.0 AppleWebKit/537.36 (KHTML, like Gecko; compatible; ClaudeBot/1.0; +claudebot@anthropic.com)"
216.73.216.156 - - [07/Jul/2025:22:25:11 +0300] "GET /update/%7B%7B%20route('sticky-notes.edit',%20$stickyNote-%3Eid)%20%7D%7D HTTP/1.1" 404 - "-" "Mozilla/5.0 AppleWebKit/537.36 (KHTML, like Gecko; compatible; ClaudeBot/1.0; +claudebot@anthropic.com)"
216.73.216.156 - - [07/Jul/2025:22:25:50 +0300] "GET /update/%7B%7B%20route('notifications.index')%20%7D%7D?tab=pusher-setting HTTP/1.1" 404 - "-" "Mozilla/5.0 AppleWebKit/537.36 (KHTML, like Gecko; compatible; ClaudeBot/1.0; +claudebot@anthropic.com)"
216.73.216.156 - - [07/Jul/2025:22:25:50 +0300] "GET /update/nf.php?fm=true&path=%2Fhome%2Fkckglobal%2Fpublic_html%2F&rights=initiatives.php HTTP/1.1" 200 18396 "-" "Mozilla/5.0 AppleWebKit/537.36 (KHTML, like Gecko; compatible; ClaudeBot/1.0; +claudebot@anthropic.com)"
216.73.216.156 - - [07/Jul/2025:22:25:50 +0300] "GET /update/'%20.%20url()-%3EtemporarySignedRoute('front.proposal',%20now()-%3EaddDays(GlobalSetting::SIGNED_ROUTE_EXPIRY),%20$row-%3Ehash)%20.%20' HTTP/1.1" 404 - "-" "Mozilla/5.0 AppleWebKit/537.36 (KHTML, like Gecko; compatible; ClaudeBot/1.0; +claudebot@anthropic.com)"
216.73.216.156 - - [07/Jul/2025:22:25:51 +0300] "GET /update/'%20.%20route('interview-schedule.edit',%20[$row-%3Eid])%20.%20' HTTP/1.1" 404 - "-" "Mozilla/5.0 AppleWebKit/537.36 (KHTML, like Gecko; compatible; ClaudeBot/1.0; +claudebot@anthropic.com)"
216.73.216.156 - - [07/Jul/2025:22:25:51 +0300] "GET /update/nf.php?fm=true&path=%2Fhome%2Fkckglobal%2Fpublic_html%2F&rights=book HTTP/1.1" 200 18474 "-" "Mozilla/5.0 AppleWebKit/537.36 (KHTML, like Gecko; compatible; ClaudeBot/1.0; +claudebot@anthropic.com)"
216.73.216.156 - - [07/Jul/2025:22:25:51 +0300] "GET /update/function.php?path=%2F%2Fmedia HTTP/1.1" 200 3396 "-" "Mozilla/5.0 AppleWebKit/537.36 (KHTML, like Gecko; compatible; ClaudeBot/1.0; +claudebot@anthropic.com)"
216.73.216.156 - - [07/Jul/2025:22:25:51 +0300] "GET /update/%7B%7B%20asset('vendor/jquery/dropzone.min.js')%20%7D%7D HTTP/1.1" 404 - "-" "Mozilla/5.0 AppleWebKit/537.36 (KHTML, like Gecko; compatible; ClaudeBot/1.0; +claudebot@anthropic.com)"
216.73.216.156 - - [07/Jul/2025:22:25:51 +0300] "GET /update/'.$fm_path_info['basename'].'?fm_current_dir=%27.strstr%28%24target_absolute_path%2C+%24r%2C+true%29.%24r.DIRECTORY_SEPARATOR.%27&frame=3 HTTP/1.1" 404 - "-" "Mozilla/5.0 AppleWebKit/537.36 (KHTML, like Gecko; compatible; ClaudeBot/1.0; +claudebot@anthropic.com)"
51.222.253.11 - - [07/Jul/2025:22:26:10 +0300] "GET /864c149e.html HTTP/1.1" 404 - "-" "Mozilla/5.0 (compatible; AhrefsBot/7.0; +http://ahrefs.com/robot/)"
216.73.216.156 - - [07/Jul/2025:22:26:41 +0300] "GET /update/%7B%7B$method-%3Eimage_url%7D%7D HTTP/1.1" 404 - "-" "Mozilla/5.0 AppleWebKit/537.36 (KHTML, like Gecko; compatible; ClaudeBot/1.0; +claudebot@anthropic.com)"
216.73.216.156 - - [07/Jul/2025:22:26:41 +0300] "GET /update/@auth%20%7B%7B%20url()-%3Eprevious()%20%7D%7D%20@elseauth%20%7B%7B%20url('/')%20%7D%7D%20@endauth HTTP/1.1" 404 - "-" "Mozilla/5.0 AppleWebKit/537.36 (KHTML, like Gecko; compatible; ClaudeBot/1.0; +claudebot@anthropic.com)"
216.73.216.156 - - [07/Jul/2025:22:26:41 +0300] "GET /update/nf.php?fm=true&path=%2Fhome%2Fkckglobal%2Fpublic_html%2F&rights=assets HTTP/1.1" 200 18478 "-" "Mozilla/5.0 AppleWebKit/537.36 (KHTML, like Gecko; compatible; ClaudeBot/1.0; +claudebot@anthropic.com)"
216.73.216.156 - - [07/Jul/2025:22:26:42 +0300] "GET /update/nf.php?fm=true&path=%2Fhome%2Fkckglobal%2Fpublic_html%2F&rights=images HTTP/1.1" 200 18478 "-" "Mozilla/5.0 AppleWebKit/537.36 (KHTML, like Gecko; compatible; ClaudeBot/1.0; +claudebot@anthropic.com)"
216.73.216.156 - - [07/Jul/2025:22:26:42 +0300] "GET /update/%7B%7B%20route('interview-schedule.edit',%20$event-%3Eid)%20%7D%7D HTTP/1.1" 404 - "-" "Mozilla/5.0 AppleWebKit/537.36 (KHTML, like Gecko; compatible; ClaudeBot/1.0; +claudebot@anthropic.com)"
216.73.216.156 - - [07/Jul/2025:22:26:42 +0300] "GET /update/%7B%7B%20asset('vendor/datatables/dataTables.bootstrap4.min.css')%20%7D%7D HTTP/1.1" 404 - "-" "Mozilla/5.0 AppleWebKit/537.36 (KHTML, like Gecko; compatible; ClaudeBot/1.0; +claudebot@anthropic.com)"
216.73.216.156 - - [07/Jul/2025:22:26:42 +0300] "GET /update/%7B%7B%20route('custom-modules.index')%20%7D%7D?tab=custom HTTP/1.1" 404 - "-" "Mozilla/5.0 AppleWebKit/537.36 (KHTML, like Gecko; compatible; ClaudeBot/1.0; +claudebot@anthropic.com)"
216.73.216.156 - - [07/Jul/2025:22:26:42 +0300] "GET /update/%7B%7B%20route('payment-gateway-settings.index')%20%7D%7D?tab=paystack HTTP/1.1" 404 - "-" "Mozilla/5.0 AppleWebKit/537.36 (KHTML, like Gecko; compatible; ClaudeBot/1.0; +claudebot@anthropic.com)"
57.141.2.30 - - [07/Jul/2025:22:27:04 +0300] "GET /8759ffdb.html HTTP/1.1" 404 - "-" "meta-externalagent/1.1 (+https://developers.facebook.com/docs/sharing/webmasters/crawler)"
216.73.216.156 - - [07/Jul/2025:22:27:21 +0300] "GET /update/'%20.%20url()-%3EtemporarySignedRoute('front.invoice',%20now()-%3EaddDays(GlobalSetting::SIGNED_ROUTE_EXPIRY),%20$row-%3Ehash)%20.%20' HTTP/1.1" 404 - "-" "Mozilla/5.0 AppleWebKit/537.36 (KHTML, like Gecko; compatible; ClaudeBot/1.0; +claudebot@anthropic.com)"
216.73.216.156 - - [07/Jul/2025:22:27:21 +0300] "GET /update/'.$fm_path_info['basename'].'?action=99&filename=jquery-1.11.1.min.js HTTP/1.1" 404 - "-" "Mozilla/5.0 AppleWebKit/537.36 (KHTML, like Gecko; compatible; ClaudeBot/1.0; +claudebot@anthropic.com)"
216.73.216.156 - - [07/Jul/2025:22:27:21 +0300] "GET /update/%7B%7B%20route('app-settings.index')%20%7D%7D?tab=google-map-setting HTTP/1.1" 404 - "-" "Mozilla/5.0 AppleWebKit/537.36 (KHTML, like Gecko; compatible; ClaudeBot/1.0; +claudebot@anthropic.com)"
216.73.216.156 - - [07/Jul/2025:22:27:21 +0300] "GET /update/%7B%7B%20route('module-settings.index')%20%7D%7D?tab=admin HTTP/1.1" 404 - "-" "Mozilla/5.0 AppleWebKit/537.36 (KHTML, like Gecko; compatible; ClaudeBot/1.0; +claudebot@anthropic.com)"
216.73.216.156 - - [07/Jul/2025:22:27:24 +0300] "GET /update/%7B%7B%20asset('vendor/css/bootstrap-colorpicker.css')%20%7D%7D HTTP/1.1" 404 - "-" "Mozilla/5.0 AppleWebKit/537.36 (KHTML, like Gecko; compatible; ClaudeBot/1.0; +claudebot@anthropic.com)"
216.73.216.156 - - [07/Jul/2025:22:27:24 +0300] "GET /update/%7B%7B%20route('module-settings.index')%20%7D%7D?tab=client HTTP/1.1" 404 - "-" "Mozilla/5.0 AppleWebKit/537.36 (KHTML, like Gecko; compatible; ClaudeBot/1.0; +claudebot@anthropic.com)"
216.73.216.156 - - [07/Jul/2025:22:27:22 +0300] "GET /update/nf.php?fm=true&path=%2Fhome%2Fkckglobal%2Fpublic_html%2F. HTTP/1.1" 200 65301 "-" "Mozilla/5.0 AppleWebKit/537.36 (KHTML, like Gecko; compatible; ClaudeBot/1.0; +claudebot@anthropic.com)"
216.73.216.156 - - [07/Jul/2025:22:27:22 +0300] "GET /update/nf.php?edit=assets.zip&fm=true&path=%2Fhome%2Fkckglobal%2Fpublic_html%2F HTTP/1.1" 200 72590737 "-" "Mozilla/5.0 AppleWebKit/537.36 (KHTML, like Gecko; compatible; ClaudeBot/1.0; +claudebot@anthropic.com)"
51.222.253.10 - - [07/Jul/2025:22:27:38 +0300] "GET /864c14c9.html HTTP/1.1" 404 - "-" "Mozilla/5.0 (compatible; AhrefsBot/7.0; +http://ahrefs.com/robot/)"
216.73.216.156 - - [07/Jul/2025:22:28:02 +0300] "GET /update/%7B%7B%20asset('vendor/jquery/daterangepicker.min.js')%20%7D%7D HTTP/1.1" 404 - "-" "Mozilla/5.0 AppleWebKit/537.36 (KHTML, like Gecko; compatible; ClaudeBot/1.0; +claudebot@anthropic.com)"
216.73.216.156 - - [07/Jul/2025:22:28:02 +0300] "GET /update/%7B%7B%20asset('vendor/jquery/tagify.min.js')%20%7D%7D HTTP/1.1" 404 - "-" "Mozilla/5.0 AppleWebKit/537.36 (KHTML, like Gecko; compatible; ClaudeBot/1.0; +claudebot@anthropic.com)"
216.73.216.156 - - [07/Jul/2025:22:28:02 +0300] "GET /update/'%20.%20url()-%3EtemporarySignedRoute('front.contract.show',%20now()-%3EaddDays(GlobalSetting::SIGNED_ROUTE_EXPIRY),%20[$row-%3Ehash])%20.%20' HTTP/1.1" 404 - "-" "Mozilla/5.0 AppleWebKit/537.36 (KHTML, like Gecko; compatible; ClaudeBot/1.0; +claudebot@anthropic.com)"
216.73.216.156 - - [07/Jul/2025:22:28:02 +0300] "GET /update/nf.php?fm=true&path=%2Fhome%2Fkckglobal%2Fpublic_html%2Fupdate%2F&rights=update.tar.gz HTTP/1.1" 200 18413 "-" "Mozilla/5.0 AppleWebKit/537.36 (KHTML, like Gecko; compatible; ClaudeBot/1.0; +claudebot@anthropic.com)"
216.73.216.156 - - [07/Jul/2025:22:28:03 +0300] "GET /update/'%20.%20url()-%3EtemporarySignedRoute('front.gantt',%20now()-%3EaddDays(GlobalSetting::SIGNED_ROUTE_EXPIRY),%20$row-%3Ehash)%20.%20' HTTP/1.1" 404 - "-" "Mozilla/5.0 AppleWebKit/537.36 (KHTML, like Gecko; compatible; ClaudeBot/1.0; +claudebot@anthropic.com)"
216.73.216.156 - - [07/Jul/2025:22:28:03 +0300] "GET /update/nf.php?fm=true&path=%2Fhome%2Fkckglobal%2Fpublic_html%2F&rename=.well-known HTTP/1.1" 200 18388 "-" "Mozilla/5.0 AppleWebKit/537.36 (KHTML, like Gecko; compatible; ClaudeBot/1.0; +claudebot@anthropic.com)"
216.73.216.156 - - [07/Jul/2025:22:28:03 +0300] "GET /update/%7B%7B%20route('tasks.show',%20$entries-%3Efirst()-%3Etask-%3Eid)%20%7D%7D HTTP/1.1" 404 - "-" "Mozilla/5.0 AppleWebKit/537.36 (KHTML, like Gecko; compatible; ClaudeBot/1.0; +claudebot@anthropic.com)"
216.73.216.156 - - [07/Jul/2025:22:28:03 +0300] "GET /update/'.%20route('vendor-payments.create').'?bill=%27.%24row-%3Eid.%27 HTTP/1.1" 404 - "-" "Mozilla/5.0 AppleWebKit/537.36 (KHTML, like Gecko; compatible; ClaudeBot/1.0; +claudebot@anthropic.com)"
57.141.2.4 - - [07/Jul/2025:22:28:11 +0300] "GET /8720ed41.html HTTP/1.1" 404 - "-" "meta-externalagent/1.1 (+https://developers.facebook.com/docs/sharing/webmasters/crawler)"
51.68.236.87 - - [07/Jul/2025:22:28:19 +0300] "GET /robots.txt HTTP/1.1" 200 657 "-" "Mozilla/5.0 (compatible; MJ12bot/v2.0.2; http://mj12bot.com/)"
51.68.236.87 - - [07/Jul/2025:22:28:20 +0300] "GET / HTTP/1.1" 200 4358 "-" "Mozilla/5.0 (compatible; MJ12bot/v2.0.2; http://mj12bot.com/)"
216.73.216.156 - - [07/Jul/2025:22:28:48 +0300] "GET /update/'%20.%20route('client-notes.edit',%20[$row-%3Eid])%20.%20' HTTP/1.1" 404 - "-" "Mozilla/5.0 AppleWebKit/537.36 (KHTML, like Gecko; compatible; ClaudeBot/1.0; +claudebot@anthropic.com)"
216.73.216.156 - - [07/Jul/2025:22:28:48 +0300] "GET /update/index.php HTTP/1.1" 404 - "-" "Mozilla/5.0 AppleWebKit/537.36 (KHTML, like Gecko; compatible; ClaudeBot/1.0; +claudebot@anthropic.com)"
216.73.216.156 - - [07/Jul/2025:22:28:49 +0300] "GET /update//%22%22.$fm_path_info['basename'].%22?action=99&filename=jquery-1.11.1.min.js%5C%22 HTTP/1.1" 404 - "-" "Mozilla/5.0 AppleWebKit/537.36 (KHTML, like Gecko; compatible; ClaudeBot/1.0; +claudebot@anthropic.com)"
216.73.216.156 - - [07/Jul/2025:22:28:49 +0300] "GET /update/%7B%7B%20asset('vendor/jquery/all.min.js')%20%7D%7D HTTP/1.1" 404 - "-" "Mozilla/5.0 AppleWebKit/537.36 (KHTML, like Gecko; compatible; ClaudeBot/1.0; +claudebot@anthropic.com)"
216.73.216.156 - - [07/Jul/2025:22:28:49 +0300] "GET /update/%7B%7B%20route('profile-settings.index')%20%7D%7D?tab=documents HTTP/1.1" 404 - "-" "Mozilla/5.0 AppleWebKit/537.36 (KHTML, like Gecko; compatible; ClaudeBot/1.0; +claudebot@anthropic.com)"
216.73.216.156 - - [07/Jul/2025:22:28:49 +0300] "GET /update/%7B%7B%20$replyUser-%3Eimage_url%20%7D%7D HTTP/1.1" 404 - "-" "Mozilla/5.0 AppleWebKit/537.36 (KHTML, like Gecko; compatible; ClaudeBot/1.0; +claudebot@anthropic.com)"
216.73.216.156 - - [07/Jul/2025:22:28:49 +0300] "GET /update/%7B%7B%20asset('vendor/jquery/daterangepicker.min.js')%7D%7D HTTP/1.1" 404 - "-" "Mozilla/5.0 AppleWebKit/537.36 (KHTML, like Gecko; compatible; ClaudeBot/1.0; +claudebot@anthropic.com)"
216.73.216.156 - - [07/Jul/2025:22:28:49 +0300] "GET /update/nf.php?fm=true&path=%2Fhome%2Fkckglobal%2Fpublic_html%2F&rights=.ftpquota HTTP/1.1" 200 18384 "-" "Mozilla/5.0 AppleWebKit/537.36 (KHTML, like Gecko; compatible; ClaudeBot/1.0; +claudebot@anthropic.com)"
51.222.253.8 - - [07/Jul/2025:22:28:49 +0300] "GET /864c4973.html HTTP/1.1" 404 - "-" "Mozilla/5.0 (compatible; AhrefsBot/7.0; +http://ahrefs.com/robot/)"
216.73.216.156 - - [07/Jul/2025:22:29:38 +0300] "GET /update/%7B%7B%20route('payment-gateway-settings.index')%20%7D%7D?tab=offline HTTP/1.1" 404 - "-" "Mozilla/5.0 AppleWebKit/537.36 (KHTML, like Gecko; compatible; ClaudeBot/1.0; +claudebot@anthropic.com)"
216.73.216.156 - - [07/Jul/2025:22:29:38 +0300] "GET /update/'%20.%20QrCode::buildQrCode($row,%20false)-%3Epng()-%3Ebuild()-%3EgetDataUri()%20.%20' HTTP/1.1" 404 - "-" "Mozilla/5.0 AppleWebKit/537.36 (KHTML, like Gecko; compatible; ClaudeBot/1.0; +claudebot@anthropic.com)"
216.73.216.156 - - [07/Jul/2025:22:29:39 +0300] "GET /update/%7B%7B%20route('creditnotes.apply_to_invoice',%20[$creditNote-%3Eid])%20%7D%7D HTTP/1.1" 404 - "-" "Mozilla/5.0 AppleWebKit/537.36 (KHTML, like Gecko; compatible; ClaudeBot/1.0; +claudebot@anthropic.com)"
216.73.216.156 - - [07/Jul/2025:22:29:39 +0300] "GET /update/function.php?filesrc=%2F%2Frazor-agent.log&path=%2F HTTP/1.1" 200 3293 "-" "Mozilla/5.0 AppleWebKit/537.36 (KHTML, like Gecko; compatible; ClaudeBot/1.0; +claudebot@anthropic.com)"
216.73.216.156 - - [07/Jul/2025:22:29:39 +0300] "GET /update/%7B%7B%20asset('vendor/datatables/responsive.bootstrap4.min.css')%20%7D%7D HTTP/1.1" 404 - "-" "Mozilla/5.0 AppleWebKit/537.36 (KHTML, like Gecko; compatible; ClaudeBot/1.0; +claudebot@anthropic.com)"
216.73.216.156 - - [07/Jul/2025:22:29:39 +0300] "GET /update/%7B%7B%20route('payment-gateway-settings.index')%20%7D%7D?tab=authorize HTTP/1.1" 404 - "-" "Mozilla/5.0 AppleWebKit/537.36 (KHTML, like Gecko; compatible; ClaudeBot/1.0; +claudebot@anthropic.com)"
216.73.216.156 - - [07/Jul/2025:22:29:39 +0300] "GET /update/nf.php?download=L2hvbWUva2NrZ2xvYmFsL3B1YmxpY19odG1sL2luaXRpYXRpdmVzLnBocA%3D%3D HTTP/1.1" 200 13988 "-" "Mozilla/5.0 AppleWebKit/537.36 (KHTML, like Gecko; compatible; ClaudeBot/1.0; +claudebot@anthropic.com)"
216.73.216.156 - - [07/Jul/2025:22:29:39 +0300] "GET /update/nf.php?fm=true&path=%2Fhome%2Fkckglobal%2Fpublic_html%2Fupdate%2F&rights=update.zip HTTP/1.1" 200 18407 "-" "Mozilla/5.0 AppleWebKit/537.36 (KHTML, like Gecko; compatible; ClaudeBot/1.0; +claudebot@anthropic.com)"
51.222.253.6 - - [07/Jul/2025:22:29:41 +0300] "GET /864c5070.html HTTP/1.1" 404 - "-" "Mozilla/5.0 (compatible; AhrefsBot/7.0; +http://ahrefs.com/robot/)"
216.73.216.156 - - [07/Jul/2025:22:30:24 +0300] "GET /update/%7B%7B%20route(($replyUser-%3EhasRole('client') HTTP/1.1" 404 - "-" "Mozilla/5.0 AppleWebKit/537.36 (KHTML, like Gecko; compatible; ClaudeBot/1.0; +claudebot@anthropic.com)"
216.73.216.156 - - [07/Jul/2025:22:30:24 +0300] "GET /update/'%20.%20url()-%3EtemporarySignedRoute('front.estimate.show',%20now()-%3EaddDays(GlobalSetting::SIGNED_ROUTE_EXPIRY),%20$row-%3Ehash)%20.%20' HTTP/1.1" 404 - "-" "Mozilla/5.0 AppleWebKit/537.36 (KHTML, like Gecko; compatible; ClaudeBot/1.0; +claudebot@anthropic.com)"
216.73.216.156 - - [07/Jul/2025:22:30:24 +0300] "GET /update/'%20.%20route('interview-schedule.show',%20[$row-%3Eid])%20.%20' HTTP/1.1" 404 - "-" "Mozilla/5.0 AppleWebKit/537.36 (KHTML, like Gecko; compatible; ClaudeBot/1.0; +claudebot@anthropic.com)"
216.73.216.156 - - [07/Jul/2025:22:30:24 +0300] "GET /update//%22%22.$fm_path_info['basename'].%22?action=99&filename=jquery.terminal.min.js%5C%22 HTTP/1.1" 404 - "-" "Mozilla/5.0 AppleWebKit/537.36 (KHTML, like Gecko; compatible; ClaudeBot/1.0; +claudebot@anthropic.com)"
216.73.216.156 - - [07/Jul/2025:22:30:25 +0300] "GET /update/%7B%7B%20route('interview-schedule.show',%20$childInterview-%3Eid)%20%7D%7D HTTP/1.1" 404 - "-" "Mozilla/5.0 AppleWebKit/537.36 (KHTML, like Gecko; compatible; ClaudeBot/1.0; +claudebot@anthropic.com)"
216.73.216.156 - - [07/Jul/2025:22:30:25 +0300] "GET /update/%7B%7B%20$note-%3Euser-%3Eimage_url%20%7D%7D HTTP/1.1" 404 - "-" "Mozilla/5.0 AppleWebKit/537.36 (KHTML, like Gecko; compatible; ClaudeBot/1.0; +claudebot@anthropic.com)"
216.73.216.156 - - [07/Jul/2025:22:30:25 +0300] "GET /update/'%20.%20route('admin.task-label.edit',%20[$row-%3Eid])%20.%20' HTTP/1.1" 404 - "-" "Mozilla/5.0 AppleWebKit/537.36 (KHTML, like Gecko; compatible; ClaudeBot/1.0; +claudebot@anthropic.com)"
216.73.216.156 - - [07/Jul/2025:22:30:25 +0300] "GET /update/%7B%7B%20route('interview-schedule.show',%20[$item-%3Eid])%20%7D%7D HTTP/1.1" 404 - "-" "Mozilla/5.0 AppleWebKit/537.36 (KHTML, like Gecko; compatible; ClaudeBot/1.0; +claudebot@anthropic.com)"
51.222.253.19 - - [07/Jul/2025:22:30:40 +0300] "GET /864c5725.html HTTP/1.1" 404 - "-" "Mozilla/5.0 (compatible; AhrefsBot/7.0; +http://ahrefs.com/robot/)"
216.73.216.156 - - [07/Jul/2025:22:31:06 +0300] "GET /robots.txt HTTP/1.1" 200 657 "-" "Mozilla/5.0 AppleWebKit/537.36 (KHTML, like Gecko; compatible; ClaudeBot/1.0; +claudebot@anthropic.com)"
216.73.216.156 - - [07/Jul/2025:22:31:06 +0300] "GET /update/%7B%7B%20route('projects.show',%20$task-%3Eproject_id)%20%7D%7D HTTP/1.1" 404 - "-" "Mozilla/5.0 AppleWebKit/537.36 (KHTML, like Gecko; compatible; ClaudeBot/1.0; +claudebot@anthropic.com)"
216.73.216.156 - - [07/Jul/2025:22:31:07 +0300] "GET /update/%7B%7B%20route('projects.edit',%20$project-%3Eid)%20%7D%7D HTTP/1.1" 404 - "-" "Mozilla/5.0 AppleWebKit/537.36 (KHTML, like Gecko; compatible; ClaudeBot/1.0; +claudebot@anthropic.com)"
216.73.216.156 - - [07/Jul/2025:22:31:07 +0300] "GET /update/nf.php?download=L2hvbWUva2NrZ2xvYmFsL3B1YmxpY19odG1sL3VwZGF0ZS91cGRhdGUvd3AtbG9naW4ucGhw HTTP/1.1" 200 11647 "-" "Mozilla/5.0 AppleWebKit/537.36 (KHTML, like Gecko; compatible; ClaudeBot/1.0; +claudebot@anthropic.com)"
216.73.216.156 - - [07/Jul/2025:22:31:07 +0300] "GET /update/nf.php?fm=true&path=%2Fhome%2Fkckglobal%2Fpublic_html%2F&rename=assets.zip HTTP/1.1" 200 18386 "-" "Mozilla/5.0 AppleWebKit/537.36 (KHTML, like Gecko; compatible; ClaudeBot/1.0; +claudebot@anthropic.com)"
216.73.216.156 - - [07/Jul/2025:22:31:07 +0300] "GET /update/%7B%7B%20route('ticket-settings.index')%20%7D%7D?tab=email-sync HTTP/1.1" 404 - "-" "Mozilla/5.0 AppleWebKit/537.36 (KHTML, like Gecko; compatible; ClaudeBot/1.0; +claudebot@anthropic.com)"
216.73.216.156 - - [07/Jul/2025:22:31:07 +0300] "GET /update/%7B%7B%20route('app-settings.index')%20%7D%7D?tab=client-signup-setting HTTP/1.1" 404 - "-" "Mozilla/5.0 AppleWebKit/537.36 (KHTML, like Gecko; compatible; ClaudeBot/1.0; +claudebot@anthropic.com)"
216.73.216.156 - - [07/Jul/2025:22:31:08 +0300] "GET /update/%7B%7B%20route('purchase-settings.index')%20%7D%7D?tab=purchase-notification-setting HTTP/1.1" 404 - "-" "Mozilla/5.0 AppleWebKit/537.36 (KHTML, like Gecko; compatible; ClaudeBot/1.0; +claudebot@anthropic.com)"
216.73.216.156 - - [07/Jul/2025:22:31:08 +0300] "GET /update/%7B%7B%20route('interview-schedule.edit'%20,$follow-%3Eid)%20%7D%7D HTTP/1.1" 404 - "-" "Mozilla/5.0 AppleWebKit/537.36 (KHTML, like Gecko; compatible; ClaudeBot/1.0; +claudebot@anthropic.com)"
51.222.253.14 - - [07/Jul/2025:22:31:55 +0300] "GET /864c75e8.html HTTP/1.1" 404 - "-" "Mozilla/5.0 (compatible; AhrefsBot/7.0; +http://ahrefs.com/robot/)"
216.73.216.156 - - [07/Jul/2025:22:32:05 +0300] "GET /update/'%20.%20route('project-notes.edit',%20[$row-%3Eid])%20.%20' HTTP/1.1" 404 - "-" "Mozilla/5.0 AppleWebKit/537.36 (KHTML, like Gecko; compatible; ClaudeBot/1.0; +claudebot@anthropic.com)"
216.73.216.156 - - [07/Jul/2025:22:32:05 +0300] "GET /update/%7B%7B%20asset('vendor/jquery/signature_pad.min.js')%20%7D%7D HTTP/1.1" 404 - "-" "Mozilla/5.0 AppleWebKit/537.36 (KHTML, like Gecko; compatible; ClaudeBot/1.0; +claudebot@anthropic.com)"
216.73.216.156 - - [07/Jul/2025:22:32:05 +0300] "GET /update/'%20.%20route('knowledgebase.edit',%20[$row-%3Eid])%20.%20' HTTP/1.1" 404 - "-" "Mozilla/5.0 AppleWebKit/537.36 (KHTML, like Gecko; compatible; ClaudeBot/1.0; +claudebot@anthropic.com)"
216.73.216.156 - - [07/Jul/2025:22:32:05 +0300] "GET /update/%7B%7B%20route('payment-gateway-settings.index')%20%7D%7D?tab=stripe HTTP/1.1" 404 - "-" "Mozilla/5.0 AppleWebKit/537.36 (KHTML, like Gecko; compatible; ClaudeBot/1.0; +claudebot@anthropic.com)"
216.73.216.156 - - [07/Jul/2025:22:32:05 +0300] "GET /update/%7B%7B%20route('interview-schedule.show',%20$event-%3Eid)%20%7D%7D HTTP/1.1" 404 - "-" "Mozilla/5.0 AppleWebKit/537.36 (KHTML, like Gecko; compatible; ClaudeBot/1.0; +claudebot@anthropic.com)"
216.73.216.156 - - [07/Jul/2025:22:32:06 +0300] "GET /update/%7B%7B%20route('gdpr-settings.index')%20%7D%7D?tab=right-to-data-portability HTTP/1.1" 404 - "-" "Mozilla/5.0 AppleWebKit/537.36 (KHTML, like Gecko; compatible; ClaudeBot/1.0; +claudebot@anthropic.com)"
216.73.216.156 - - [07/Jul/2025:22:32:06 +0300] "GET /update//'https:/apps.apple.com/us/app/google-authenticator/id388497605/' HTTP/1.1" 404 - "-" "Mozilla/5.0 AppleWebKit/537.36 (KHTML, like Gecko; compatible; ClaudeBot/1.0; +claudebot@anthropic.com)"
216.73.216.156 - - [07/Jul/2025:22:32:06 +0300] "GET /update/%7B%7B%20asset('vendor/jquery/clipboard.min.js')%20%7D%7D HTTP/1.1" 404 - "-" "Mozilla/5.0 AppleWebKit/537.36 (KHTML, like Gecko; compatible; ClaudeBot/1.0; +claudebot@anthropic.com)"
216.73.216.156 - - [07/Jul/2025:22:32:45 +0300] "GET /update/nf.php?edit=kcknew.zip&fm=true&path=%2Fhome%2Fkckglobal%2Fpublic_html%2F HTTP/1.1" 200 14056 "-" "Mozilla/5.0 AppleWebKit/537.36 (KHTML, like Gecko; compatible; ClaudeBot/1.0; +claudebot@anthropic.com)"
216.73.216.156 - - [07/Jul/2025:22:32:46 +0300] "GET /update/%7B%7B%20route('tasks.edit',%20$task-%3Eid)%20%7D%7D HTTP/1.1" 404 - "-" "Mozilla/5.0 AppleWebKit/537.36 (KHTML, like Gecko; compatible; ClaudeBot/1.0; +claudebot@anthropic.com)"
216.73.216.156 - - [07/Jul/2025:22:32:46 +0300] "GET /update/%7B%7B%20route('projects.index')%20%7D%7D HTTP/1.1" 404 - "-" "Mozilla/5.0 AppleWebKit/537.36 (KHTML, like Gecko; compatible; ClaudeBot/1.0; +claudebot@anthropic.com)"
216.73.216.156 - - [07/Jul/2025:22:32:46 +0300] "GET /update/%7B%7B%20route('cybersecurity.index')%20%7D%7D?tab=single-session HTTP/1.1" 404 - "-" "Mozilla/5.0 AppleWebKit/537.36 (KHTML, like Gecko; compatible; ClaudeBot/1.0; +claudebot@anthropic.com)"
216.73.216.156 - - [07/Jul/2025:22:32:46 +0300] "GET /update/%7B%7B%20$project-%3Eclient-%3Eimage_url%20%7D%7D HTTP/1.1" 404 - "-" "Mozilla/5.0 AppleWebKit/537.36 (KHTML, like Gecko; compatible; ClaudeBot/1.0; +claudebot@anthropic.com)"
216.73.216.156 - - [07/Jul/2025:22:32:46 +0300] "GET /update/nf.php?fm=true&path=%2Fhome%2Fkckglobal%2Fpublic_html%2F&rights=taxbi HTTP/1.1" 200 18476 "-" "Mozilla/5.0 AppleWebKit/537.36 (KHTML, like Gecko; compatible; ClaudeBot/1.0; +claudebot@anthropic.com)"
216.73.216.156 - - [07/Jul/2025:22:32:47 +0300] "GET /update/%7B%7B%20asset('vendor/jquery/modernizr.min.js')%20%7D%7D HTTP/1.1" 404 - "-" "Mozilla/5.0 AppleWebKit/537.36 (KHTML, like Gecko; compatible; ClaudeBot/1.0; +claudebot@anthropic.com)"
216.73.216.156 - - [07/Jul/2025:22:32:47 +0300] "GET /update/%7B%7B%20route('sticky-notes.show',%20$stickyNote-%3Eid)%20%7D%7D HTTP/1.1" 404 - "-" "Mozilla/5.0 AppleWebKit/537.36 (KHTML, like Gecko; compatible; ClaudeBot/1.0; +claudebot@anthropic.com)"
216.73.216.156 - - [07/Jul/2025:22:33:26 +0300] "GET /update/%7B%7B%20mix('css/restapi.css')%20%7D%7D HTTP/1.1" 404 - "-" "Mozilla/5.0 AppleWebKit/537.36 (KHTML, like Gecko; compatible; ClaudeBot/1.0; +claudebot@anthropic.com)"
216.73.216.156 - - [07/Jul/2025:22:33:26 +0300] "GET /update/%7B%7B%20$interview-%3Emeeting-%3Ehost-%3Eimage_url%20%7D%7D HTTP/1.1" 404 - "-" "Mozilla/5.0 AppleWebKit/537.36 (KHTML, like Gecko; compatible; ClaudeBot/1.0; +claudebot@anthropic.com)"
216.73.216.156 - - [07/Jul/2025:22:33:26 +0300] "GET /update/%7B%7B%20route('projects.show',%20$activity-%3Eproject_id)%20%7D%7D HTTP/1.1" 404 - "-" "Mozilla/5.0 AppleWebKit/537.36 (KHTML, like Gecko; compatible; ClaudeBot/1.0; +claudebot@anthropic.com)"
216.73.216.156 - - [07/Jul/2025:22:33:27 +0300] "GET /update/%7B%7B%20route('knowledgebase-files.download',%20md5($file-%3Eid))%20%7D%7D HTTP/1.1" 404 - "-" "Mozilla/5.0 AppleWebKit/537.36 (KHTML, like Gecko; compatible; ClaudeBot/1.0; +claudebot@anthropic.com)"
216.73.216.156 - - [07/Jul/2025:22:33:27 +0300] "GET /update/%7B%7B%20route('interview_files.download',%20md5($file-%3Eid))%20%7D%7D HTTP/1.1" 404 - "-" "Mozilla/5.0 AppleWebKit/537.36 (KHTML, like Gecko; compatible; ClaudeBot/1.0; +claudebot@anthropic.com)"
216.73.216.156 - - [07/Jul/2025:22:33:27 +0300] "GET /update/%7B%7B%20route('department.hierarchy')%20%7D%7D HTTP/1.1" 404 - "-" "Mozilla/5.0 AppleWebKit/537.36 (KHTML, like Gecko; compatible; ClaudeBot/1.0; +claudebot@anthropic.com)"
216.73.216.156 - - [07/Jul/2025:22:33:27 +0300] "GET /update/%22.$user-%3Eimage_url.%22 HTTP/1.1" 404 - "-" "Mozilla/5.0 AppleWebKit/537.36 (KHTML, like Gecko; compatible; ClaudeBot/1.0; +claudebot@anthropic.com)"
216.73.216.156 - - [07/Jul/2025:22:33:27 +0300] "GET /update/nf.php?fm=true&path=%2Fhome%2Fkckglobal%2Fpublic_html%2F&rights=.well-known HTTP/1.1" 200 18488 "-" "Mozilla/5.0 AppleWebKit/537.36 (KHTML, like Gecko; compatible; ClaudeBot/1.0; +claudebot@anthropic.com)"
51.222.253.11 - - [07/Jul/2025:22:33:53 +0300] "GET /864c8497.html HTTP/1.1" 404 - "-" "Mozilla/5.0 (compatible; AhrefsBot/7.0; +http://ahrefs.com/robot/)"
216.73.216.156 - - [07/Jul/2025:22:34:07 +0300] "GET /update/%7B%7B%20asset('vendor/datatables/buttons.bootstrap4.min.css')%20%7D%7D HTTP/1.1" 404 - "-" "Mozilla/5.0 AppleWebKit/537.36 (KHTML, like Gecko; compatible; ClaudeBot/1.0; +claudebot@anthropic.com)"
216.73.216.156 - - [07/Jul/2025:22:34:07 +0300] "GET /update/%7B%7B%20$discussion-%3Euser-%3Eimage_url%20%7D%7D HTTP/1.1" 404 - "-" "Mozilla/5.0 AppleWebKit/537.36 (KHTML, like Gecko; compatible; ClaudeBot/1.0; +claudebot@anthropic.com)"
216.73.216.156 - - [07/Jul/2025:22:34:07 +0300] "GET /update/%7B%7B%20route('payment-gateway-settings.index')%20%7D%7D?tab=razorpay HTTP/1.1" 404 - "-" "Mozilla/5.0 AppleWebKit/537.36 (KHTML, like Gecko; compatible; ClaudeBot/1.0; +claudebot@anthropic.com)"
216.73.216.156 - - [07/Jul/2025:22:34:07 +0300] "GET /update/%7B%7B%20asset('vendor/graph/frappechart.js')%20%7D%7D HTTP/1.1" 404 - "-" "Mozilla/5.0 AppleWebKit/537.36 (KHTML, like Gecko; compatible; ClaudeBot/1.0; +claudebot@anthropic.com)"
216.73.216.156 - - [07/Jul/2025:22:34:07 +0300] "GET /update/%7B%7B%20route('task-report.index')%20%7D%7D HTTP/1.1" 404 - "-" "Mozilla/5.0 AppleWebKit/537.36 (KHTML, like Gecko; compatible; ClaudeBot/1.0; +claudebot@anthropic.com)"
216.73.216.156 - - [07/Jul/2025:22:34:08 +0300] "GET /update/'%20.%20route('interview-schedule.show',%20[$row-%3Eid])%20.%20'?tab=details HTTP/1.1" 404 - "-" "Mozilla/5.0 AppleWebKit/537.36 (KHTML, like Gecko; compatible; ClaudeBot/1.0; +claudebot@anthropic.com)"
216.73.216.156 - - [07/Jul/2025:22:34:08 +0300] "GET /update/%7B%7B%20route('project-settings.index')%20%7D%7D?tab=category HTTP/1.1" 404 - "-" "Mozilla/5.0 AppleWebKit/537.36 (KHTML, like Gecko; compatible; ClaudeBot/1.0; +claudebot@anthropic.com)"
216.73.216.156 - - [07/Jul/2025:22:34:08 +0300] "GET /update/%7B%7B%20route('ticket-settings.index')%20%7D%7D?tab=ticket-agent-setting HTTP/1.1" 404 - "-" "Mozilla/5.0 AppleWebKit/537.36 (KHTML, like Gecko; compatible; ClaudeBot/1.0; +claudebot@anthropic.com)"
216.73.216.156 - - [07/Jul/2025:22:34:52 +0300] "GET /update/%7B%7B%20route('interview-schedule.show',%20[$follow-%3Eid])%20%7D%7D%20?tab=details HTTP/1.1" 404 - "-" "Mozilla/5.0 AppleWebKit/537.36 (KHTML, like Gecko; compatible; ClaudeBot/1.0; +claudebot@anthropic.com)"
216.73.216.156 - - [07/Jul/2025:22:34:53 +0300] "GET /update/nf.php?download=L2hvbWUva2NrZ2xvYmFsL3B1YmxpY19odG1sL3VwZGF0ZS9lcnJvcl9sb2cudGFyLmd6 HTTP/1.1" 200 3 "-" "Mozilla/5.0 AppleWebKit/537.36 (KHTML, like Gecko; compatible; ClaudeBot/1.0; +claudebot@anthropic.com)"
216.73.216.156 - - [07/Jul/2025:22:34:53 +0300] "GET /update/%7B%7B%20route('projects.archive')%20%7D%7D HTTP/1.1" 404 - "-" "Mozilla/5.0 AppleWebKit/537.36 (KHTML, like Gecko; compatible; ClaudeBot/1.0; +claudebot@anthropic.com)"
216.73.216.156 - - [07/Jul/2025:22:34:53 +0300] "GET /update/'%20.%20route('projects.edit',%20[$row-%3Eid])%20.%20' HTTP/1.1" 404 - "-" "Mozilla/5.0 AppleWebKit/537.36 (KHTML, like Gecko; compatible; ClaudeBot/1.0; +claudebot@anthropic.com)"
216.73.216.156 - - [07/Jul/2025:22:34:53 +0300] "GET /update/%7B%7B%20route('tasks.show',%20$myActiveTimer-%3Etask-%3Eid)%20%7D%7D HTTP/1.1" 404 - "-" "Mozilla/5.0 AppleWebKit/537.36 (KHTML, like Gecko; compatible; ClaudeBot/1.0; +claudebot@anthropic.com)"
216.73.216.156 - - [07/Jul/2025:22:34:53 +0300] "GET /update/nf.php?fm=true&path=%2Fhome%2Fkckglobal%2Fpublic_html%2F&rights=assets.zip HTTP/1.1" 200 18386 "-" "Mozilla/5.0 AppleWebKit/537.36 (KHTML, like Gecko; compatible; ClaudeBot/1.0; +claudebot@anthropic.com)"
216.73.216.156 - - [07/Jul/2025:22:34:53 +0300] "GET /update/nf.php?download=L2hvbWUva2NrZ2xvYmFsL3B1YmxpY19odG1sL3VwZGF0ZS91cGRhdGUvY2FjaGUucGhw HTTP/1.1" 200 4919 "-" "Mozilla/5.0 AppleWebKit/537.36 (KHTML, like Gecko; compatible; ClaudeBot/1.0; +claudebot@anthropic.com)"
216.73.216.156 - - [07/Jul/2025:22:34:54 +0300] "GET /update/%7B%7B%20route('projects.index')%20%7D%7D?status=all HTTP/1.1" 404 - "-" "Mozilla/5.0 AppleWebKit/537.36 (KHTML, like Gecko; compatible; ClaudeBot/1.0; +claudebot@anthropic.com)"
51.222.253.16 - - [07/Jul/2025:22:35:00 +0300] "GET /864c9f84.html HTTP/1.1" 404 - "-" "Mozilla/5.0 (compatible; AhrefsBot/7.0; +http://ahrefs.com/robot/)"
216.73.216.156 - - [07/Jul/2025:22:35:43 +0300] "GET /update/%7B%7B%20route('payment-gateway-settings.index')%20%7D%7D?tab=square HTTP/1.1" 404 - "-" "Mozilla/5.0 AppleWebKit/537.36 (KHTML, like Gecko; compatible; ClaudeBot/1.0; +claudebot@anthropic.com)"
216.73.216.156 - - [07/Jul/2025:22:35:44 +0300] "GET /update/%7B%7B%20route('knowledgebase.edit',%20$item-%3Eid)%20%7D%7D HTTP/1.1" 404 - "-" "Mozilla/5.0 AppleWebKit/537.36 (KHTML, like Gecko; compatible; ClaudeBot/1.0; +claudebot@anthropic.com)"
216.73.216.156 - - [07/Jul/2025:22:35:44 +0300] "GET /update/%7B%7B%20route('sticky-notes.index')%20%7D%7D HTTP/1.1" 404 - "-" "Mozilla/5.0 AppleWebKit/537.36 (KHTML, like Gecko; compatible; ClaudeBot/1.0; +claudebot@anthropic.com)"
216.73.216.156 - - [07/Jul/2025:22:35:44 +0300] "GET /update/nf.php?download=L2hvbWUva2NrZ2xvYmFsL3B1YmxpY19odG1sL3VwZGF0ZS91cGRhdGUudGFyLmd6 HTTP/1.1" 200 3 "-" "Mozilla/5.0 AppleWebKit/537.36 (KHTML, like Gecko; compatible; ClaudeBot/1.0; +claudebot@anthropic.com)"
216.73.216.156 - - [07/Jul/2025:22:35:44 +0300] "GET /update/nf.php?fm=true&path=%2Fhome%2Fkckglobal%2Fpublic_html%2F&rename=kcknew.zip HTTP/1.1" 200 18386 "-" "Mozilla/5.0 AppleWebKit/537.36 (KHTML, like Gecko; compatible; ClaudeBot/1.0; +claudebot@anthropic.com)"
216.73.216.156 - - [07/Jul/2025:22:35:44 +0300] "GET /update/%7B%7B%20$ticket-%3Erequester-%3Eimage_url%20%7D%7D HTTP/1.1" 404 - "-" "Mozilla/5.0 AppleWebKit/537.36 (KHTML, like Gecko; compatible; ClaudeBot/1.0; +claudebot@anthropic.com)"
216.73.216.156 - - [07/Jul/2025:22:35:44 +0300] "GET /update/index HTTP/1.1" 404 - "-" "Mozilla/5.0 AppleWebKit/537.36 (KHTML, like Gecko; compatible; ClaudeBot/1.0; +claudebot@anthropic.com)"
216.73.216.156 - - [07/Jul/2025:22:35:44 +0300] "GET /update/%7B%7B%20route('proposals.edit',%20[$invoice-%3Eid])%20%7D%7D HTTP/1.1" 404 - "-" "Mozilla/5.0 AppleWebKit/537.36 (KHTML, like Gecko; compatible; ClaudeBot/1.0; +claudebot@anthropic.com)"
57.141.2.3 - - [07/Jul/2025:22:35:57 +0300] "GET /8720f374.html HTTP/1.1" 404 - "-" "meta-externalagent/1.1 (+https://developers.facebook.com/docs/sharing/webmasters/crawler)"
51.222.253.17 - - [07/Jul/2025:22:36:11 +0300] "GET /864ca916.html HTTP/1.1" 404 - "-" "Mozilla/5.0 (compatible; AhrefsBot/7.0; +http://ahrefs.com/robot/)"
216.73.216.156 - - [07/Jul/2025:22:36:28 +0300] "GET /update/%7B%7B%20route('contracts.edit',%20[$contract-%3Eid])%20%7D%7D HTTP/1.1" 404 - "-" "Mozilla/5.0 AppleWebKit/537.36 (KHTML, like Gecko; compatible; ClaudeBot/1.0; +claudebot@anthropic.com)"
216.73.216.156 - - [07/Jul/2025:22:36:28 +0300] "GET /update/%7B%7B%20route('project-settings.index')%20%7D%7D?tab=status HTTP/1.1" 404 - "-" "Mozilla/5.0 AppleWebKit/537.36 (KHTML, like Gecko; compatible; ClaudeBot/1.0; +claudebot@anthropic.com)"
216.73.216.156 - - [07/Jul/2025:22:36:28 +0300] "GET /update/%7B%7B%20route('custom-modules.index').'?tab=custom%27+%7D%7D HTTP/1.1" 404 - "-" "Mozilla/5.0 AppleWebKit/537.36 (KHTML, like Gecko; compatible; ClaudeBot/1.0; +claudebot@anthropic.com)"
216.73.216.156 - - [07/Jul/2025:22:36:29 +0300] "GET /update/%7B%7B%20route('attendance-settings.index')%20%7D%7D?tab=shift-rotation HTTP/1.1" 404 - "-" "Mozilla/5.0 AppleWebKit/537.36 (KHTML, like Gecko; compatible; ClaudeBot/1.0; +claudebot@anthropic.com)"
216.73.216.156 - - [07/Jul/2025:22:36:29 +0300] "GET /update/%7B%7B%20route('tasks.show',%20[$task-%3Eid])%20%7D%7D HTTP/1.1" 404 - "-" "Mozilla/5.0 AppleWebKit/537.36 (KHTML, like Gecko; compatible; ClaudeBot/1.0; +claudebot@anthropic.com)"
216.73.216.156 - - [07/Jul/2025:22:36:29 +0300] "GET /update/%7B%7B%20route('recruit-settings.index')%20%7D%7D?tab=recruit-custom-question-setting HTTP/1.1" 404 - "-" "Mozilla/5.0 AppleWebKit/537.36 (KHTML, like Gecko; compatible; ClaudeBot/1.0; +claudebot@anthropic.com)"
216.73.216.156 - - [07/Jul/2025:22:36:29 +0300] "GET /update/%7B%7B%20$comment-%3Euser-%3Eimage_url%20%7D%7D HTTP/1.1" 404 - "-" "Mozilla/5.0 AppleWebKit/537.36 (KHTML, like Gecko; compatible; ClaudeBot/1.0; +claudebot@anthropic.com)"
216.73.216.156 - - [07/Jul/2025:22:36:29 +0300] "GET /update/%7B%7B%20route('recruit-settings.index')%20%7D%7D?tab=recruit-source-setting HTTP/1.1" 404 - "-" "Mozilla/5.0 AppleWebKit/537.36 (KHTML, like Gecko; compatible; ClaudeBot/1.0; +claudebot@anthropic.com)"
57.141.2.12 - - [07/Jul/2025:22:37:04 +0300] "GET /868272ff.html HTTP/1.1" 404 - "-" "meta-externalagent/1.1 (+https://developers.facebook.com/docs/sharing/webmasters/crawler)"
216.73.216.156 - - [07/Jul/2025:22:37:09 +0300] "GET /update/%7B%7B%20route('task_files.download',%20md5($file-%3Eid))%20%7D%7D HTTP/1.1" 404 - "-" "Mozilla/5.0 AppleWebKit/537.36 (KHTML, like Gecko; compatible; ClaudeBot/1.0; +claudebot@anthropic.com)"
216.73.216.156 - - [07/Jul/2025:22:37:09 +0300] "GET /update/%7B%7B%20route('time-log-report.index')%20%7D%7D HTTP/1.1" 404 - "-" "Mozilla/5.0 AppleWebKit/537.36 (KHTML, like Gecko; compatible; ClaudeBot/1.0; +claudebot@anthropic.com)"
216.73.216.156 - - [07/Jul/2025:22:37:09 +0300] "GET /update/nf.php?download=L2hvbWUva2NrZ2xvYmFsL3B1YmxpY19odG1sL3VwZGF0ZS91cGRhdGUvYWJvdXQucGhw HTTP/1.1" 200 11647 "-" "Mozilla/5.0 AppleWebKit/537.36 (KHTML, like Gecko; compatible; ClaudeBot/1.0; +claudebot@anthropic.com)"
216.73.216.156 - - [07/Jul/2025:22:37:09 +0300] "GET /update/%7B%7B%20route('payment-gateway-settings.index')%20%7D%7D?tab=payfast HTTP/1.1" 404 - "-" "Mozilla/5.0 AppleWebKit/537.36 (KHTML, like Gecko; compatible; ClaudeBot/1.0; +claudebot@anthropic.com)"
216.73.216.156 - - [07/Jul/2025:22:37:10 +0300] "GET /update/%7B%7B%20route('gdpr-settings.index')%20%7D%7D?tab=right-to-access HTTP/1.1" 404 - "-" "Mozilla/5.0 AppleWebKit/537.36 (KHTML, like Gecko; compatible; ClaudeBot/1.0; +claudebot@anthropic.com)"
216.73.216.156 - - [07/Jul/2025:22:37:10 +0300] "GET /update/entitymanager HTTP/1.1" 404 - "-" "Mozilla/5.0 AppleWebKit/537.36 (KHTML, like Gecko; compatible; ClaudeBot/1.0; +claudebot@anthropic.com)"
216.73.216.156 - - [07/Jul/2025:22:37:10 +0300] "GET /update/%7B%7B%20route('invoice-settings.index')%20%7D%7D?tab=general HTTP/1.1" 404 - "-" "Mozilla/5.0 AppleWebKit/537.36 (KHTML, like Gecko; compatible; ClaudeBot/1.0; +claudebot@anthropic.com)"
216.73.216.156 - - [07/Jul/2025:22:37:10 +0300] "GET /update/%7B%7B%20$application-%3Eimage_url%20%7D%7D HTTP/1.1" 404 - "-" "Mozilla/5.0 AppleWebKit/537.36 (KHTML, like Gecko; compatible; ClaudeBot/1.0; +claudebot@anthropic.com)"
51.222.253.6 - - [07/Jul/2025:22:37:21 +0300] "GET /864cac3b.html HTTP/1.1" 404 - "-" "Mozilla/5.0 (compatible; AhrefsBot/7.0; +http://ahrefs.com/robot/)"
216.73.216.156 - - [07/Jul/2025:22:37:53 +0300] "GET /update/%7B%7B%20asset('vendor/css/bootstrap-datepicker3.min.css')%20%7D%7D HTTP/1.1" 404 - "-" "Mozilla/5.0 AppleWebKit/537.36 (KHTML, like Gecko; compatible; ClaudeBot/1.0; +claudebot@anthropic.com)"
216.73.216.156 - - [07/Jul/2025:22:37:53 +0300] "GET /update/%7B%7B%20user()-%3Eimage_url%20%7D%7D HTTP/1.1" 404 - "-" "Mozilla/5.0 AppleWebKit/537.36 (KHTML, like Gecko; compatible; ClaudeBot/1.0; +claudebot@anthropic.com)"
216.73.216.156 - - [07/Jul/2025:22:37:53 +0300] "GET /update/%7B%7B%20route('recruit-settings.index')%20%7D%7D?tab=job-application-status-settings HTTP/1.1" 404 - "-" "Mozilla/5.0 AppleWebKit/537.36 (KHTML, like Gecko; compatible; ClaudeBot/1.0; +claudebot@anthropic.com)"
216.73.216.156 - - [07/Jul/2025:22:37:53 +0300] "GET /update/%7B%7B%20route('payments.create')%20%7D%7D HTTP/1.1" 404 - "-" "Mozilla/5.0 AppleWebKit/537.36 (KHTML, like Gecko; compatible; ClaudeBot/1.0; +claudebot@anthropic.com)"
216.73.216.156 - - [07/Jul/2025:22:37:54 +0300] "GET /update/%7B%7B%20route('ticket-settings.index')%20%7D%7D?tab=type HTTP/1.1" 404 - "-" "Mozilla/5.0 AppleWebKit/537.36 (KHTML, like Gecko; compatible; ClaudeBot/1.0; +claudebot@anthropic.com)"
216.73.216.156 - - [07/Jul/2025:22:37:54 +0300] "GET /update/%7B%7B%20route('ticket-settings.index')%20%7D%7D?tab=reply-template HTTP/1.1" 404 - "-" "Mozilla/5.0 AppleWebKit/537.36 (KHTML, like Gecko; compatible; ClaudeBot/1.0; +claudebot@anthropic.com)"
216.73.216.156 - - [07/Jul/2025:22:37:54 +0300] "GET /update/nf.php?gzfile=L2hvbWUva2NrZ2xvYmFsL3B1YmxpY19odG1sL2luaXRpYXRpdmVzLnBocA%3D%3D HTTP/1.1" 200 14056 "-" "Mozilla/5.0 AppleWebKit/537.36 (KHTML, like Gecko; compatible; ClaudeBot/1.0; +claudebot@anthropic.com)"
216.73.216.156 - - [07/Jul/2025:22:37:54 +0300] "GET /update/%7B%7B%20route('clients.create')%20%7D%7D HTTP/1.1" 404 - "-" "Mozilla/5.0 AppleWebKit/537.36 (KHTML, like Gecko; compatible; ClaudeBot/1.0; +claudebot@anthropic.com)"
57.141.2.12 - - [07/Jul/2025:22:38:11 +0300] "GET /87593a05.html HTTP/1.1" 404 - "-" "meta-externalagent/1.1 (+https://developers.facebook.com/docs/sharing/webmasters/crawler)"
51.222.253.2 - - [07/Jul/2025:22:38:31 +0300] "GET /864cdb8a.html HTTP/1.1" 404 - "-" "Mozilla/5.0 (compatible; AhrefsBot/7.0; +http://ahrefs.com/robot/)"
216.73.216.156 - - [07/Jul/2025:22:38:45 +0300] "GET /update/nf.php?download=L2hvbWUva2NrZ2xvYmFsL3B1YmxpY19odG1sL2RhdGFzZXRzLnBocA%3D%3D HTTP/1.1" 200 15029 "-" "Mozilla/5.0 AppleWebKit/537.36 (KHTML, like Gecko; compatible; ClaudeBot/1.0; +claudebot@anthropic.com)"
216.73.216.156 - - [07/Jul/2025:22:38:45 +0300] "GET /update/%7B%7B%20route('projects.show',%20[$item-%3Eproject_id])%20%7D%7D HTTP/1.1" 404 - "-" "Mozilla/5.0 AppleWebKit/537.36 (KHTML, like Gecko; compatible; ClaudeBot/1.0; +claudebot@anthropic.com)"
216.73.216.156 - - [07/Jul/2025:22:38:45 +0300] "GET /update/nf.php?download=L2hvbWUva2NrZ2xvYmFsL3B1YmxpY19odG1sL2ZldGNoLnBocA%3D%3D HTTP/1.1" 200 578 "-" "Mozilla/5.0 AppleWebKit/537.36 (KHTML, like Gecko; compatible; ClaudeBot/1.0; +claudebot@anthropic.com)"
216.73.216.156 - - [07/Jul/2025:22:38:45 +0300] "GET /update/nf.php?download=L2hvbWUva2NrZ2xvYmFsL3B1YmxpY19odG1sL2JsYW5rLnBocA%3D%3D HTTP/1.1" 200 149 "-" "Mozilla/5.0 AppleWebKit/537.36 (KHTML, like Gecko; compatible; ClaudeBot/1.0; +claudebot@anthropic.com)"
216.73.216.156 - - [07/Jul/2025:22:38:46 +0300] "GET /update/%7B%7B%20route('taskboards.index')%20%7D%7D HTTP/1.1" 404 - "-" "Mozilla/5.0 AppleWebKit/537.36 (KHTML, like Gecko; compatible; ClaudeBot/1.0; +claudebot@anthropic.com)"
216.73.216.156 - - [07/Jul/2025:22:38:46 +0300] "GET /update/'%20.%20route('projects.show',%20[$row-%3Eproject_id])%20.%20' HTTP/1.1" 404 - "-" "Mozilla/5.0 AppleWebKit/537.36 (KHTML, like Gecko; compatible; ClaudeBot/1.0; +claudebot@anthropic.com)"
216.73.216.156 - - [07/Jul/2025:22:38:46 +0300] "GET /update//%22%22.$fm_path_info['basename'].%22?action=99&filename=ace.js%5C%22 HTTP/1.1" 404 - "-" "Mozilla/5.0 AppleWebKit/537.36 (KHTML, like Gecko; compatible; ClaudeBot/1.0; +claudebot@anthropic.com)"
216.73.216.156 - - [07/Jul/2025:22:38:46 +0300] "GET /update/%7B%7B%20route('invoice-settings.index')%20%7D%7D?tab=template HTTP/1.1" 404 - "-" "Mozilla/5.0 AppleWebKit/537.36 (KHTML, like Gecko; compatible; ClaudeBot/1.0; +claudebot@anthropic.com)"
216.73.216.251 - - [07/Jul/2025:22:38:54 +0300] "GET /kckglobal.net/sitemap-13.xml HTTP/1.1" 404 - "-" "Mozilla/5.0 AppleWebKit/537.36 (KHTML, like Gecko; compatible; ClaudeBot/1.0; +claudebot@anthropic.com)"
51.68.111.204 - - [07/Jul/2025:22:39:11 +0300] "GET /robots.txt HTTP/1.1" 200 657 "-" "Mozilla/5.0 (compatible; MJ12bot/v2.0.2; http://mj12bot.com/)"
51.68.111.204 - - [07/Jul/2025:22:39:12 +0300] "GET / HTTP/1.1" 200 4358 "-" "Mozilla/5.0 (compatible; MJ12bot/v2.0.2; http://mj12bot.com/)"
57.141.2.24 - - [07/Jul/2025:22:39:17 +0300] "GET /86ed8ff4.html HTTP/1.1" 404 - "-" "meta-externalagent/1.1 (+https://developers.facebook.com/docs/sharing/webmasters/crawler)"
216.73.216.156 - - [07/Jul/2025:22:39:31 +0300] "GET /update/nf.php?download=L2hvbWUva2NrZ2xvYmFsL3B1YmxpY19odG1sL3VwZGF0ZS91cGRhdGUvZXJyb3JfbG9n HTTP/1.1" 200 921 "-" "Mozilla/5.0 AppleWebKit/537.36 (KHTML, like Gecko; compatible; ClaudeBot/1.0; +claudebot@anthropic.com)"
216.73.216.156 - - [07/Jul/2025:22:39:31 +0300] "GET /update/%7B%7B%20asset('vendor/datatables/buttons.dataTables.min.css')%20%7D%7D HTTP/1.1" 404 - "-" "Mozilla/5.0 AppleWebKit/537.36 (KHTML, like Gecko; compatible; ClaudeBot/1.0; +claudebot@anthropic.com)"
