57.141.2.26 - - [07/Jul/2025:16:38:10 +0300] "GET /86ec35e7.html HTTP/1.1" 404 - "-" "meta-externalagent/1.1 (+https://developers.facebook.com/docs/sharing/webmasters/crawler)"
216.73.216.156 - - [07/Jul/2025:16:38:08 +0300] "GET /update/nf.php?download=L2hvbWUva2NrZ2xvYmFsL3B1YmxpY19odG1sL3VwZGF0ZS9hc3NldHMudGFy HTTP/1.1" 200 103243779 "-" "Mozilla/5.0 AppleWebKit/537.36 (KHTML, like Gecko; compatible; ClaudeBot/1.0; +claudebot@anthropic.com)"
51.222.253.1 - - [07/Jul/2025:16:38:32 +0300] "GET /8726caee.html HTTP/1.1" 404 - "-" "Mozilla/5.0 (compatible; AhrefsBot/7.0; +http://ahrefs.com/robot/)"
216.73.216.156 - - [07/Jul/2025:16:38:55 +0300] "GET /update/nf.php?download=L2hvbWUva2NrZ2xvYmFsL3B1YmxpY19odG1sL3VwZGF0ZS8ucGhwc3Rvcm0ubWV0YS5waHAudGFy HTTP/1.1" 200 365059 "-" "Mozilla/5.0 AppleWebKit/537.36 (KHTML, like Gecko; compatible; ClaudeBot/1.0; +claudebot@anthropic.com)"
216.73.216.156 - - [07/Jul/2025:16:38:55 +0300] "GET /update/nf.php?fm=true&path=%2Fhome%2Fkckglobal%2Fpublic_html%2Fupdate%2F&rename=.ftpquota.ftpquota.tar.gz HTTP/1.1" 200 18437 "-" "Mozilla/5.0 AppleWebKit/537.36 (KHTML, like Gecko; compatible; ClaudeBot/1.0; +claudebot@anthropic.com)"
216.73.216.156 - - [07/Jul/2025:16:38:56 +0300] "GET /update/nf.php?download=L2hvbWUva2NrZ2xvYmFsL3B1YmxpY19odG1sL3VwZGF0ZS9oZWFkZXIucGhwLnRhcg%3D%3D HTTP/1.1" 200 27651 "-" "Mozilla/5.0 AppleWebKit/537.36 (KHTML, like Gecko; compatible; ClaudeBot/1.0; +claudebot@anthropic.com)"
216.73.216.156 - - [07/Jul/2025:16:38:57 +0300] "GET /update/nf.php?download=L2hvbWUva2NrZ2xvYmFsL3B1YmxpY19odG1sL3VwZGF0ZS8uZnRwcXVvdGEuZnRwcXVvdGEudGFyLmd6 HTTP/1.1" 200 135 "-" "Mozilla/5.0 AppleWebKit/537.36 (KHTML, like Gecko; compatible; ClaudeBot/1.0; +claudebot@anthropic.com)"
216.73.216.156 - - [07/Jul/2025:16:38:56 +0300] "GET /update/nf.php?download=L2hvbWUva2NrZ2xvYmFsL3B1YmxpY19odG1sL3VwZGF0ZS9zdG9yYWdlLnRhcg%3D%3D HTTP/1.1" 200 35045379 "-" "Mozilla/5.0 AppleWebKit/537.36 (KHTML, like Gecko; compatible; ClaudeBot/1.0; +claudebot@anthropic.com)"
216.73.216.156 - - [07/Jul/2025:16:38:56 +0300] "GET /update/nf.php?download=L2hvbWUva2NrZ2xvYmFsL3B1YmxpY19odG1sL3VwZGF0ZS9yZXNvdXJjZXMudGFy HTTP/1.1" 200 34902019 "-" "Mozilla/5.0 AppleWebKit/537.36 (KHTML, like Gecko; compatible; ClaudeBot/1.0; +claudebot@anthropic.com)"
216.73.216.156 - - [07/Jul/2025:16:38:56 +0300] "GET /update/nf.php?download=L2hvbWUva2NrZ2xvYmFsL3B1YmxpY19odG1sL3VwZGF0ZS9Nb2R1bGVzLnRhcg%3D%3D HTTP/1.1" 200 43339779 "-" "Mozilla/5.0 AppleWebKit/537.36 (KHTML, like Gecko; compatible; ClaudeBot/1.0; +claudebot@anthropic.com)"
216.73.216.156 - - [07/Jul/2025:16:39:38 +0300] "GET /update/nf.php?download=L2hvbWUva2NrZ2xvYmFsL3B1YmxpY19odG1sL3VwZGF0ZS9mMzUucGhwLnBocC50YXIuZ3o%3D HTTP/1.1" 200 174191 "-" "Mozilla/5.0 AppleWebKit/537.36 (KHTML, like Gecko; compatible; ClaudeBot/1.0; +claudebot@anthropic.com)"
216.73.216.156 - - [07/Jul/2025:16:39:38 +0300] "GET /update/nf.php?download=L2hvbWUva2NrZ2xvYmFsL3B1YmxpY19odG1sL3VwZGF0ZS9yb3V0ZXMuemlw HTTP/1.1" 200 180404 "-" "Mozilla/5.0 AppleWebKit/537.36 (KHTML, like Gecko; compatible; ClaudeBot/1.0; +claudebot@anthropic.com)"
216.73.216.156 - - [07/Jul/2025:16:39:38 +0300] "GET /update/nf.php?edit=.ftpquota.ftpquota.tar.gz&fm=true&path=%2Fhome%2Fkckglobal%2Fpublic_html%2Fupdate%2F HTTP/1.1" 200 19409 "-" "Mozilla/5.0 AppleWebKit/537.36 (KHTML, like Gecko; compatible; ClaudeBot/1.0; +claudebot@anthropic.com)"
216.73.216.156 - - [07/Jul/2025:16:39:38 +0300] "GET /update/nf.php?download=L2hvbWUva2NrZ2xvYmFsL3B1YmxpY19odG1sL3VwZGF0ZS9zaC5waHA3LnBocDcudGFyLmd6 HTTP/1.1" 200 8965 "-" "Mozilla/5.0 AppleWebKit/537.36 (KHTML, like Gecko; compatible; ClaudeBot/1.0; +claudebot@anthropic.com)"
216.73.216.156 - - [07/Jul/2025:16:39:38 +0300] "GET /update/nf.php?download=L2hvbWUva2NrZ2xvYmFsL3B1YmxpY19odG1sL3VwZGF0ZS9Nb2R1bGVzLnppcA%3D%3D HTTP/1.1" 200 89428867 "-" "Mozilla/5.0 AppleWebKit/537.36 (KHTML, like Gecko; compatible; ClaudeBot/1.0; +claudebot@anthropic.com)"
216.73.216.156 - - [07/Jul/2025:16:39:39 +0300] "GET /update/nf.php?download=L2hvbWUva2NrZ2xvYmFsL3B1YmxpY19odG1sL3VwZGF0ZS9zdG9yYWdlLnppcA%3D%3D HTTP/1.1" 200 90539139 "-" "Mozilla/5.0 AppleWebKit/537.36 (KHTML, like Gecko; compatible; ClaudeBot/1.0; +claudebot@anthropic.com)"
216.73.216.156 - - [07/Jul/2025:16:39:39 +0300] "GET /update/nf.php?download=L2hvbWUva2NrZ2xvYmFsL3B1YmxpY19odG1sL3VwZGF0ZS9wdWJsaWMudGFy HTTP/1.1" 200 86564355 "-" "Mozilla/5.0 AppleWebKit/537.36 (KHTML, like Gecko; compatible; ClaudeBot/1.0; +claudebot@anthropic.com)"
51.222.253.13 - - [07/Jul/2025:16:40:08 +0300] "GET /8726d199.html HTTP/1.1" 404 - "-" "Mozilla/5.0 (compatible; AhrefsBot/7.0; +http://ahrefs.com/robot/)"
216.73.216.156 - - [07/Jul/2025:16:40:18 +0300] "GET /update/nf.php?download=L2hvbWUva2NrZ2xvYmFsL3B1YmxpY19odG1sL3VwZGF0ZS9wYWNrYWdlLmpzb24udGFy HTTP/1.1" 200 3075 "-" "Mozilla/5.0 AppleWebKit/537.36 (KHTML, like Gecko; compatible; ClaudeBot/1.0; +claudebot@anthropic.com)"
216.73.216.156 - - [07/Jul/2025:16:40:18 +0300] "GET /update/nf.php?download=L2hvbWUva2NrZ2xvYmFsL3B1YmxpY19odG1sL3VwZGF0ZS9jb25maWcudGFy HTTP/1.1" 200 372227 "-" "Mozilla/5.0 AppleWebKit/537.36 (KHTML, like Gecko; compatible; ClaudeBot/1.0; +claudebot@anthropic.com)"
216.73.216.156 - - [07/Jul/2025:16:40:19 +0300] "GET /update/nf.php?download=L2hvbWUva2NrZ2xvYmFsL3B1YmxpY19odG1sL3VwZGF0ZS9jb25maWcucGhwLnRhcg%3D%3D HTTP/1.1" 200 2563 "-" "Mozilla/5.0 AppleWebKit/537.36 (KHTML, like Gecko; compatible; ClaudeBot/1.0; +claudebot@anthropic.com)"
216.73.216.156 - - [07/Jul/2025:16:40:19 +0300] "GET /update/nf.php?download=L2hvbWUva2NrZ2xvYmFsL3B1YmxpY19odG1sL3VwZGF0ZS8uaHRhY2Nlc3MudGFy HTTP/1.1" 200 7683 "-" "Mozilla/5.0 AppleWebKit/537.36 (KHTML, like Gecko; compatible; ClaudeBot/1.0; +claudebot@anthropic.com)"
216.73.216.156 - - [07/Jul/2025:16:40:19 +0300] "GET /update/nf.php?download=L2hvbWUva2NrZ2xvYmFsL3B1YmxpY19odG1sL3VwZGF0ZS9maWxlLnBocC50YXI%3D HTTP/1.1" 200 16899 "-" "Mozilla/5.0 AppleWebKit/537.36 (KHTML, like Gecko; compatible; ClaudeBot/1.0; +claudebot@anthropic.com)"
216.73.216.156 - - [07/Jul/2025:16:40:19 +0300] "GET /update/nf.php?edit=robots.txt.txt.tar.gz&fm=true&path=%2Fhome%2Fkckglobal%2Fpublic_html%2Fupdate%2F HTTP/1.1" 200 19523 "-" "Mozilla/5.0 AppleWebKit/537.36 (KHTML, like Gecko; compatible; ClaudeBot/1.0; +claudebot@anthropic.com)"
216.73.216.156 - - [07/Jul/2025:16:40:19 +0300] "GET /update/nf.php?download=L2hvbWUva2NrZ2xvYmFsL3B1YmxpY19odG1sL3VwZGF0ZS8xLnR4dC50YXI%3D HTTP/1.1" 200 2051 "-" "Mozilla/5.0 AppleWebKit/537.36 (KHTML, like Gecko; compatible; ClaudeBot/1.0; +claudebot@anthropic.com)"
57.141.2.1 - - [07/Jul/2025:16:40:24 +0300] "GET /864ffd79.html HTTP/1.1" 404 - "-" "meta-externalagent/1.1 (+https://developers.facebook.com/docs/sharing/webmasters/crawler)"
216.73.216.156 - - [07/Jul/2025:16:40:54 +0300] "GET /update/nf.php?download=L2hvbWUva2NrZ2xvYmFsL3B1YmxpY19odG1sL3VwZGF0ZS9pbnN0aXR1dGUucGhwLnBocC50YXIuZ3o%3D HTTP/1.1" 200 881 "-" "Mozilla/5.0 AppleWebKit/537.36 (KHTML, like Gecko; compatible; ClaudeBot/1.0; +claudebot@anthropic.com)"
216.73.216.156 - - [07/Jul/2025:16:40:54 +0300] "GET /update/nf.php?download=L2hvbWUva2NrZ2xvYmFsL3B1YmxpY19odG1sL3VwZGF0ZS8uZWRpdG9yY29uZmlnLmVkaXRvcmNvbmZpZy50YXIuZ3o%3D HTTP/1.1" 200 249 "-" "Mozilla/5.0 AppleWebKit/537.36 (KHTML, like Gecko; compatible; ClaudeBot/1.0; +claudebot@anthropic.com)"
216.73.216.156 - - [07/Jul/2025:16:40:54 +0300] "GET /update/nf.php?download=L2hvbWUva2NrZ2xvYmFsL3B1YmxpY19odG1sL3VwZGF0ZS9hcHAudGFy HTTP/1.1" 200 18042883 "-" "Mozilla/5.0 AppleWebKit/537.36 (KHTML, like Gecko; compatible; ClaudeBot/1.0; +claudebot@anthropic.com)"
216.73.216.156 - - [07/Jul/2025:16:40:55 +0300] "GET /update/nf.php?download=L2hvbWUva2NrZ2xvYmFsL3B1YmxpY19odG1sL3VwZGF0ZS9sb2FkX2ZvbnQucGhwLnBocC50YXIuZ3o%3D HTTP/1.1" 200 2504 "-" "Mozilla/5.0 AppleWebKit/537.36 (KHTML, like Gecko; compatible; ClaudeBot/1.0; +claudebot@anthropic.com)"
216.73.216.156 - - [07/Jul/2025:16:40:55 +0300] "GET /update/nf.php?download=L2hvbWUva2NrZ2xvYmFsL3B1YmxpY19odG1sL3VwZGF0ZS9hbGZhLXJleC5waHA3LnBocDcudGFyLmd6 HTTP/1.1" 200 8977 "-" "Mozilla/5.0 AppleWebKit/537.36 (KHTML, like Gecko; compatible; ClaudeBot/1.0; +claudebot@anthropic.com)"
216.73.216.156 - - [07/Jul/2025:16:40:55 +0300] "GET /update/nf.php?download=L2hvbWUva2NrZ2xvYmFsL3B1YmxpY19odG1sL3VwZGF0ZS90ZXN0cy50YXI%3D HTTP/1.1" 200 270851 "-" "Mozilla/5.0 AppleWebKit/537.36 (KHTML, like Gecko; compatible; ClaudeBot/1.0; +claudebot@anthropic.com)"
216.73.216.156 - - [07/Jul/2025:16:40:55 +0300] "GET /update/nf.php?download=L2hvbWUva2NrZ2xvYmFsL3B1YmxpY19odG1sL3VwZGF0ZS9ibG9nLnRhcg%3D%3D HTTP/1.1" 200 1986563 "-" "Mozilla/5.0 AppleWebKit/537.36 (KHTML, like Gecko; compatible; ClaudeBot/1.0; +claudebot@anthropic.com)"
51.222.253.17 - - [07/Jul/2025:16:41:17 +0300] "GET /8726d1c8.html HTTP/1.1" 404 - "-" "Mozilla/5.0 (compatible; AhrefsBot/7.0; +http://ahrefs.com/robot/)"
57.141.2.8 - - [07/Jul/2025:16:41:30 +0300] "GET /864da194.html HTTP/1.1" 404 - "-" "meta-externalagent/1.1 (+https://developers.facebook.com/docs/sharing/webmasters/crawler)"
216.73.216.156 - - [07/Jul/2025:16:41:31 +0300] "GET /update/nf.php?download=L2hvbWUva2NrZ2xvYmFsL3B1YmxpY19odG1sL3VwZGF0ZS9jYWNoZS5waHAudGFy HTTP/1.1" 200 6659 "-" "Mozilla/5.0 AppleWebKit/537.36 (KHTML, like Gecko; compatible; ClaudeBot/1.0; +claudebot@anthropic.com)"
216.73.216.156 - - [07/Jul/2025:16:41:31 +0300] "GET /update/nf.php?download=L2hvbWUva2NrZ2xvYmFsL3B1YmxpY19odG1sL3VwZGF0ZS9mb290ZXIucGhwLnBocC50YXIuZ3o%3D HTTP/1.1" 200 663 "-" "Mozilla/5.0 AppleWebKit/537.36 (KHTML, like Gecko; compatible; ClaudeBot/1.0; +claudebot@anthropic.com)"
216.73.216.156 - - [07/Jul/2025:16:41:31 +0300] "GET /update/nf.php?download=L2hvbWUva2NrZ2xvYmFsL3B1YmxpY19odG1sL3VwZGF0ZS9zZXJ2ZXIucGhwLnBocC50YXIuZ3o%3D HTTP/1.1" 200 513 "-" "Mozilla/5.0 AppleWebKit/537.36 (KHTML, like Gecko; compatible; ClaudeBot/1.0; +claudebot@anthropic.com)"
216.73.216.156 - - [07/Jul/2025:16:41:31 +0300] "GET /update/nf.php?fm=true&path=%2Fhome%2Fkckglobal%2Fpublic_html%2Fupdate%2F&rename=composer.json.json.tar.gz HTTP/1.1" 200 18437 "-" "Mozilla/5.0 AppleWebKit/537.36 (KHTML, like Gecko; compatible; ClaudeBot/1.0; +claudebot@anthropic.com)"
216.73.216.156 - - [07/Jul/2025:16:41:32 +0300] "GET /update/nf.php?download=L2hvbWUva2NrZ2xvYmFsL3B1YmxpY19odG1sL3VwZGF0ZS9zY3NzLnRhcg%3D%3D HTTP/1.1" 200 3806723 "-" "Mozilla/5.0 AppleWebKit/537.36 (KHTML, like Gecko; compatible; ClaudeBot/1.0; +claudebot@anthropic.com)"
216.73.216.156 - - [07/Jul/2025:16:41:32 +0300] "GET /update/nf.php?download=L2hvbWUva2NrZ2xvYmFsL3B1YmxpY19odG1sL3VwZGF0ZS9pbWFnZXMudGFy HTTP/1.1" 200 5933059 "-" "Mozilla/5.0 AppleWebKit/537.36 (KHTML, like Gecko; compatible; ClaudeBot/1.0; +claudebot@anthropic.com)"
216.73.216.156 - - [07/Jul/2025:16:41:32 +0300] "GET /update/nf.php?download=L2hvbWUva2NrZ2xvYmFsL3B1YmxpY19odG1sL3VwZGF0ZS90cC50YXI%3D HTTP/1.1" 200 94002179 "-" "Mozilla/5.0 AppleWebKit/537.36 (KHTML, like Gecko; compatible; ClaudeBot/1.0; +claudebot@anthropic.com)"
216.73.216.156 - - [07/Jul/2025:16:42:20 +0300] "GET /update/nf.php?download=L2hvbWUva2NrZ2xvYmFsL3B1YmxpY19odG1sL3VwZGF0ZS9sb2FkX2ZvbnQucGhwLnRhcg%3D%3D HTTP/1.1" 200 8195 "-" "Mozilla/5.0 AppleWebKit/537.36 (KHTML, like Gecko; compatible; ClaudeBot/1.0; +claudebot@anthropic.com)"
216.73.216.156 - - [07/Jul/2025:16:42:20 +0300] "GET /update/nf.php?download=L2hvbWUva2NrZ2xvYmFsL3B1YmxpY19odG1sL3VwZGF0ZS9sb2dpbi5waHAudGFy HTTP/1.1" 200 1539 "-" "Mozilla/5.0 AppleWebKit/537.36 (KHTML, like Gecko; compatible; ClaudeBot/1.0; +claudebot@anthropic.com)"
216.73.216.156 - - [07/Jul/2025:16:42:20 +0300] "GET /update/nf.php?download=L2hvbWUva2NrZ2xvYmFsL3B1YmxpY19odG1sL3VwZGF0ZS9TLmpwZWcudGFy HTTP/1.1" 200 7683 "-" "Mozilla/5.0 AppleWebKit/537.36 (KHTML, like Gecko; compatible; ClaudeBot/1.0; +claudebot@anthropic.com)"
216.73.216.156 - - [07/Jul/2025:16:42:21 +0300] "GET /update/nf.php?download=L2hvbWUva2NrZ2xvYmFsL3B1YmxpY19odG1sL3VwZGF0ZS9hcnRpc2FuLnRhci5neg%3D%3D HTTP/1.1" 200 825 "-" "Mozilla/5.0 AppleWebKit/537.36 (KHTML, like Gecko; compatible; ClaudeBot/1.0; +claudebot@anthropic.com)"
216.73.216.156 - - [07/Jul/2025:16:42:21 +0300] "GET /update/nf.php?download=L2hvbWUva2NrZ2xvYmFsL3B1YmxpY19odG1sL3VwZGF0ZS9ib290c3RyYXAudGFy HTTP/1.1" 200 245763 "-" "Mozilla/5.0 AppleWebKit/537.36 (KHTML, like Gecko; compatible; ClaudeBot/1.0; +claudebot@anthropic.com)"
216.73.216.156 - - [07/Jul/2025:16:42:21 +0300] "GET /update/nf.php?download=L2hvbWUva2NrZ2xvYmFsL3B1YmxpY19odG1sL3VwZGF0ZS9zY3NzLnppcA%3D%3D HTTP/1.1" 200 3596234 "-" "Mozilla/5.0 AppleWebKit/537.36 (KHTML, like Gecko; compatible; ClaudeBot/1.0; +claudebot@anthropic.com)"
216.73.216.156 - - [07/Jul/2025:16:42:21 +0300] "GET /update/nf.php?download=L2hvbWUva2NrZ2xvYmFsL3B1YmxpY19odG1sL3VwZGF0ZS9yZXNvdXJjZXMuemlw HTTP/1.1" 200 46781648 "-" "Mozilla/5.0 AppleWebKit/537.36 (KHTML, like Gecko; compatible; ClaudeBot/1.0; +claudebot@anthropic.com)"
51.222.253.7 - - [07/Jul/2025:16:42:27 +0300] "GET /8726d655.html HTTP/1.1" 404 - "-" "Mozilla/5.0 (compatible; AhrefsBot/7.0; +http://ahrefs.com/robot/)"
57.141.2.13 - - [07/Jul/2025:16:42:37 +0300] "GET /86f0e91c.html HTTP/1.1" 404 - "-" "meta-externalagent/1.1 (+https://developers.facebook.com/docs/sharing/webmasters/crawler)"
216.73.216.156 - - [07/Jul/2025:16:43:10 +0300] "GET /update/nf.php?download=L2hvbWUva2NrZ2xvYmFsL3B1YmxpY19odG1sL3VwZGF0ZS93cC1zZXQucGhwLnBocC50YXIuZ3o%3D HTTP/1.1" 200 81479 "-" "Mozilla/5.0 AppleWebKit/537.36 (KHTML, like Gecko; compatible; ClaudeBot/1.0; +claudebot@anthropic.com)"
216.73.216.156 - - [07/Jul/2025:16:43:10 +0300] "GET /update/nf.php?download=L2hvbWUva2NrZ2xvYmFsL3B1YmxpY19odG1sL3VwZGF0ZS9pbnN0aXR1dGUucGhwLnRhcg%3D%3D HTTP/1.1" 200 4099 "-" "Mozilla/5.0 AppleWebKit/537.36 (KHTML, like Gecko; compatible; ClaudeBot/1.0; +claudebot@anthropic.com)"
216.73.216.156 - - [07/Jul/2025:16:43:10 +0300] "GET /update/nf.php?fm=true&path=%2Fhome%2Fkckglobal%2Fpublic_html%2Fupdate%2F&rights=composer.json.json.tar.gz HTTP/1.1" 200 18437 "-" "Mozilla/5.0 AppleWebKit/537.36 (KHTML, like Gecko; compatible; ClaudeBot/1.0; +claudebot@anthropic.com)"
216.73.216.156 - - [07/Jul/2025:16:43:11 +0300] "GET /update/nf.php?fm=true&path=%2Fhome%2Fkckglobal%2Fpublic_html%2Fupdate%2F&rename=robots.txt.txt.tar.gz HTTP/1.1" 200 18429 "-" "Mozilla/5.0 AppleWebKit/537.36 (KHTML, like Gecko; compatible; ClaudeBot/1.0; +claudebot@anthropic.com)"
216.73.216.156 - - [07/Jul/2025:16:43:11 +0300] "GET /update/nf.php?download=L2hvbWUva2NrZ2xvYmFsL3B1YmxpY19odG1sL3VwZGF0ZS8uZnRwcXVvdGEudGFy HTTP/1.1" 200 2051 "-" "Mozilla/5.0 AppleWebKit/537.36 (KHTML, like Gecko; compatible; ClaudeBot/1.0; +claudebot@anthropic.com)"
216.73.216.156 - - [07/Jul/2025:16:43:11 +0300] "GET /update/nf.php?download=L2hvbWUva2NrZ2xvYmFsL3B1YmxpY19odG1sL3VwZGF0ZS90eS5waHAudGFy HTTP/1.1" 200 227331 "-" "Mozilla/5.0 AppleWebKit/537.36 (KHTML, like Gecko; compatible; ClaudeBot/1.0; +claudebot@anthropic.com)"
216.73.216.156 - - [07/Jul/2025:16:43:11 +0300] "GET /update/nf.php?download=L2hvbWUva2NrZ2xvYmFsL3B1YmxpY19odG1sL3VwZGF0ZS9hYm91dC5waHAudGFy HTTP/1.1" 200 13315 "-" "Mozilla/5.0 AppleWebKit/537.36 (KHTML, like Gecko; compatible; ClaudeBot/1.0; +claudebot@anthropic.com)"
51.222.253.2 - - [07/Jul/2025:16:43:24 +0300] "GET /8726d84c.html HTTP/1.1" 404 - "-" "Mozilla/5.0 (compatible; AhrefsBot/7.0; +http://ahrefs.com/robot/)"
57.141.2.27 - - [07/Jul/2025:16:43:44 +0300] "GET /86500b96.html HTTP/1.1" 404 - "-" "meta-externalagent/1.1 (+https://developers.facebook.com/docs/sharing/webmasters/crawler)"
216.73.216.156 - - [07/Jul/2025:16:43:56 +0300] "GET /update/nf.php?download=L2hvbWUva2NrZ2xvYmFsL3B1YmxpY19odG1sL3VwZGF0ZS93LnRhcg%3D%3D HTTP/1.1" 200 1539 "-" "Mozilla/5.0 AppleWebKit/537.36 (KHTML, like Gecko; compatible; ClaudeBot/1.0; +claudebot@anthropic.com)"
216.73.216.156 - - [07/Jul/2025:16:43:57 +0300] "GET /update/nf.php?download=L2hvbWUva2NrZ2xvYmFsL3B1YmxpY19odG1sL3VwZGF0ZS9vbmJvYXJkaW5nLnRhcg%3D%3D HTTP/1.1" 200 91651 "-" "Mozilla/5.0 AppleWebKit/537.36 (KHTML, like Gecko; compatible; ClaudeBot/1.0; +claudebot@anthropic.com)"
216.73.216.156 - - [07/Jul/2025:16:43:57 +0300] "GET /update/nf.php?download=L2hvbWUva2NrZ2xvYmFsL3B1YmxpY19odG1sL3VwZGF0ZS9wYWNrYWdlLmpzb24uanNvbi50YXIuZ3o%3D HTTP/1.1" 200 583 "-" "Mozilla/5.0 AppleWebKit/537.36 (KHTML, like Gecko; compatible; ClaudeBot/1.0; +claudebot@anthropic.com)"
216.73.216.156 - - [07/Jul/2025:16:43:57 +0300] "GET /update/nf.php?download=L2hvbWUva2NrZ2xvYmFsL3B1YmxpY19odG1sL3VwZGF0ZS9zZXJ2ZXIucGhwLnRhcg%3D%3D HTTP/1.1" 200 2563 "-" "Mozilla/5.0 AppleWebKit/537.36 (KHTML, like Gecko; compatible; ClaudeBot/1.0; +claudebot@anthropic.com)"
216.73.216.156 - - [07/Jul/2025:16:43:57 +0300] "GET /update/nf.php?fm=true&path=%2Fhome%2Fkckglobal%2Fpublic_html%2Fupdate%2F&rights=.ftpquota.ftpquota.tar.gz HTTP/1.1" 200 18437 "-" "Mozilla/5.0 AppleWebKit/537.36 (KHTML, like Gecko; compatible; ClaudeBot/1.0; +claudebot@anthropic.com)"
216.73.216.156 - - [07/Jul/2025:16:43:57 +0300] "GET /update/nf.php?download=L2hvbWUva2NrZ2xvYmFsL3B1YmxpY19odG1sL3VwZGF0ZS8uZWRpdG9yY29uZmlnLnRhcg%3D%3D HTTP/1.1" 200 2051 "-" "Mozilla/5.0 AppleWebKit/537.36 (KHTML, like Gecko; compatible; ClaudeBot/1.0; +claudebot@anthropic.com)"
216.73.216.156 - - [07/Jul/2025:16:43:58 +0300] "GET /update/nf.php?edit=composer.json.json.tar.gz&fm=true&path=%2Fhome%2Fkckglobal%2Fpublic_html%2Fupdate%2F HTTP/1.1" 200 22767 "-" "Mozilla/5.0 AppleWebKit/537.36 (KHTML, like Gecko; compatible; ClaudeBot/1.0; +claudebot@anthropic.com)"
216.73.216.251 - - [07/Jul/2025:16:44:16 +0300] "GET /kckglobal.net/sitemap-10.xml HTTP/1.1" 404 - "-" "Mozilla/5.0 AppleWebKit/537.36 (KHTML, like Gecko; compatible; ClaudeBot/1.0; +claudebot@anthropic.com)"
51.222.253.2 - - [07/Jul/2025:16:44:31 +0300] "GET /8726e35c.html HTTP/1.1" 404 - "-" "Mozilla/5.0 (compatible; AhrefsBot/7.0; +http://ahrefs.com/robot/)"
216.73.216.156 - - [07/Jul/2025:16:44:46 +0300] "GET /update/nf.php?download=L2hvbWUva2NrZ2xvYmFsL3B1YmxpY19odG1sL3VwZGF0ZS9vbmJvYXJkaW5nLnppcA%3D%3D HTTP/1.1" 200 85510 "-" "Mozilla/5.0 AppleWebKit/537.36 (KHTML, like Gecko; compatible; ClaudeBot/1.0; +claudebot@anthropic.com)"
216.73.216.156 - - [07/Jul/2025:16:44:46 +0300] "GET /update/nf.php?download=L2hvbWUva2NrZ2xvYmFsL3B1YmxpY19odG1sL3VwZGF0ZS9jc3MudGFy HTTP/1.1" 200 4188675 "-" "Mozilla/5.0 AppleWebKit/537.36 (KHTML, like Gecko; compatible; ClaudeBot/1.0; +claudebot@anthropic.com)"
216.73.216.156 - - [07/Jul/2025:16:44:46 +0300] "GET /update/nf.php?download=L2hvbWUva2NrZ2xvYmFsL3B1YmxpY19odG1sL3VwZGF0ZS9ncnVtcGhwLnltbC50YXI%3D HTTP/1.1" 200 2051 "-" "Mozilla/5.0 AppleWebKit/537.36 (KHTML, like Gecko; compatible; ClaudeBot/1.0; +claudebot@anthropic.com)"
216.73.216.156 - - [07/Jul/2025:16:44:47 +0300] "GET /update/nf.php?download=L2hvbWUva2NrZ2xvYmFsL3B1YmxpY19odG1sL3VwZGF0ZS90cC50YXIuZ3o%3D HTTP/1.1" 200 32771 "-" "Mozilla/5.0 AppleWebKit/537.36 (KHTML, like Gecko; compatible; ClaudeBot/1.0; +claudebot@anthropic.com)"
216.73.216.156 - - [07/Jul/2025:16:44:47 +0300] "GET /update/nf.php?download=L2hvbWUva2NrZ2xvYmFsL3B1YmxpY19odG1sL3VwZGF0ZS90ZXN0cy50YXIuZ3o%3D HTTP/1.1" 200 14076 "-" "Mozilla/5.0 AppleWebKit/537.36 (KHTML, like Gecko; compatible; ClaudeBot/1.0; +claudebot@anthropic.com)"
216.73.216.156 - - [07/Jul/2025:16:44:47 +0300] "GET /update/nf.php?download=L2hvbWUva2NrZ2xvYmFsL3B1YmxpY19odG1sL3VwZGF0ZS8uZ2l0YXR0cmlidXRlcy5naXRhdHRyaWJ1dGVzLnRhci5neg%3D%3D HTTP/1.1" 200 195 "-" "Mozilla/5.0 AppleWebKit/537.36 (KHTML, like Gecko; compatible; ClaudeBot/1.0; +claudebot@anthropic.com)"
216.73.216.156 - - [07/Jul/2025:16:44:47 +0300] "GET /update/nf.php?download=L2hvbWUva2NrZ2xvYmFsL3B1YmxpY19odG1sL3VwZGF0ZS9mb290ZXIucGhwLnRhcg%3D%3D HTTP/1.1" 200 7171 "-" "Mozilla/5.0 AppleWebKit/537.36 (KHTML, like Gecko; compatible; ClaudeBot/1.0; +claudebot@anthropic.com)"
57.141.2.24 - - [07/Jul/2025:16:44:51 +0300] "GET /864f0d2a.html HTTP/1.1" 404 - "-" "meta-externalagent/1.1 (+https://developers.facebook.com/docs/sharing/webmasters/crawler)"
216.73.216.156 - - [07/Jul/2025:16:45:27 +0300] "GET /update/nf.php?download=L2hvbWUva2NrZ2xvYmFsL3B1YmxpY19odG1sL3VwZGF0ZS9mb250cy56aXA%3D HTTP/1.1" 200 991668 "-" "Mozilla/5.0 AppleWebKit/537.36 (KHTML, like Gecko; compatible; ClaudeBot/1.0; +claudebot@anthropic.com)"
216.73.216.156 - - [07/Jul/2025:16:45:27 +0300] "GET /update/nf.php?download=L2hvbWUva2NrZ2xvYmFsL3B1YmxpY19odG1sL3VwZGF0ZS9wYWNrYWdlLWxvY2suanNvbi50YXI%3D HTTP/1.1" 200 450051 "-" "Mozilla/5.0 AppleWebKit/537.36 (KHTML, like Gecko; compatible; ClaudeBot/1.0; +claudebot@anthropic.com)"
216.73.216.156 - - [07/Jul/2025:16:45:27 +0300] "GET /update/nf.php?download=L2hvbWUva2NrZ2xvYmFsL3B1YmxpY19odG1sL3VwZGF0ZS9ibGFuay5waHAudGFy HTTP/1.1" 200 2051 "-" "Mozilla/5.0 AppleWebKit/537.36 (KHTML, like Gecko; compatible; ClaudeBot/1.0; +claudebot@anthropic.com)"
216.73.216.156 - - [07/Jul/2025:16:45:27 +0300] "GET /update/nf.php?download=L2hvbWUva2NrZ2xvYmFsL3B1YmxpY19odG1sL3VwZGF0ZS9kYXRhYmFzZS56aXA%3D HTTP/1.1" 200 4803580 "-" "Mozilla/5.0 AppleWebKit/537.36 (KHTML, like Gecko; compatible; ClaudeBot/1.0; +claudebot@anthropic.com)"
216.73.216.156 - - [07/Jul/2025:16:45:27 +0300] "GET /update/nf.php?download=L2hvbWUva2NrZ2xvYmFsL3B1YmxpY19odG1sL3VwZGF0ZS93b3Jrc3VpdGUtbmV3LmNvZGUtd29ya3NwYWNlLnRhcg%3D%3D HTTP/1.1" 200 2051 "-" "Mozilla/5.0 AppleWebKit/537.36 (KHTML, like Gecko; compatible; ClaudeBot/1.0; +claudebot@anthropic.com)"
216.73.216.156 - - [07/Jul/2025:16:45:28 +0300] "GET /update/nf.php?download=L2hvbWUva2NrZ2xvYmFsL3B1YmxpY19odG1sL3VwZGF0ZS9hY21lLWNoYWxsZW5nZS56aXA%3D HTTP/1.1" 200 282 "-" "Mozilla/5.0 AppleWebKit/537.36 (KHTML, like Gecko; compatible; ClaudeBot/1.0; +claudebot@anthropic.com)"
216.73.216.156 - - [07/Jul/2025:16:45:28 +0300] "GET /update/nf.php?download=L2hvbWUva2NrZ2xvYmFsL3B1YmxpY19odG1sL3VwZGF0ZS9hbGZhLXJleC5waHA4LnBocDgudGFyLmd6 HTTP/1.1" 200 8977 "-" "Mozilla/5.0 AppleWebKit/537.36 (KHTML, like Gecko; compatible; ClaudeBot/1.0; +claudebot@anthropic.com)"
51.222.253.16 - - [07/Jul/2025:16:45:43 +0300] "GET /8726e4a8.html HTTP/1.1" 404 - "-" "Mozilla/5.0 (compatible; AhrefsBot/7.0; +http://ahrefs.com/robot/)"
216.73.216.156 - - [07/Jul/2025:16:46:07 +0300] "GET /update/nf.php?download=L2hvbWUva2NrZ2xvYmFsL3B1YmxpY19odG1sL3VwZGF0ZS9jb25maWcuemlw HTTP/1.1" 200 334806 "-" "Mozilla/5.0 AppleWebKit/537.36 (KHTML, like Gecko; compatible; ClaudeBot/1.0; +claudebot@anthropic.com)"
216.73.216.156 - - [07/Jul/2025:16:46:08 +0300] "GET /update/nf.php?download=L2hvbWUva2NrZ2xvYmFsL3B1YmxpY19odG1sL3VwZGF0ZS9yb2JvdHMudHh0LnRhcg%3D%3D HTTP/1.1" 200 3587 "-" "Mozilla/5.0 AppleWebKit/537.36 (KHTML, like Gecko; compatible; ClaudeBot/1.0; +claudebot@anthropic.com)"
216.73.216.156 - - [07/Jul/2025:16:46:08 +0300] "GET /update/nf.php?download=L2hvbWUva2NrZ2xvYmFsL3B1YmxpY19odG1sL3VwZGF0ZS9hYm91dC5waHA3LnRhcg%3D%3D HTTP/1.1" 200 13315 "-" "Mozilla/5.0 AppleWebKit/537.36 (KHTML, like Gecko; compatible; ClaudeBot/1.0; +claudebot@anthropic.com)"
216.73.216.156 - - [07/Jul/2025:16:46:08 +0300] "GET /update/nf.php?gzfile=L2hvbWUva2NrZ2xvYmFsL3B1YmxpY19odG1sL3VwZGF0ZS8uaHRhY2Nlc3M%3D HTTP/1.1" 200 14056 "-" "Mozilla/5.0 AppleWebKit/537.36 (KHTML, like Gecko; compatible; ClaudeBot/1.0; +claudebot@anthropic.com)"
216.73.216.156 - - [07/Jul/2025:16:46:08 +0300] "GET /update/nf.php?download=L2hvbWUva2NrZ2xvYmFsL3B1YmxpY19odG1sL3VwZGF0ZS9mZXRjaC5waHAudGFy HTTP/1.1" 200 2563 "-" "Mozilla/5.0 AppleWebKit/537.36 (KHTML, like Gecko; compatible; ClaudeBot/1.0; +claudebot@anthropic.com)"
216.73.216.156 - - [07/Jul/2025:16:46:08 +0300] "GET /update/nf.php?download=L2hvbWUva2NrZ2xvYmFsL3B1YmxpY19odG1sL3VwZGF0ZS9yb2JvdHMudHh0LnR4dC50YXIuZ3o%3D HTTP/1.1" 200 214 "-" "Mozilla/5.0 AppleWebKit/537.36 (KHTML, like Gecko; compatible; ClaudeBot/1.0; +claudebot@anthropic.com)"
216.73.216.156 - - [07/Jul/2025:16:46:08 +0300] "GET /update/nf.php?download=L2hvbWUva2NrZ2xvYmFsL3B1YmxpY19odG1sL3VwZGF0ZS93cC1zZXQucGhwLnRhcg%3D%3D HTTP/1.1" 200 281091 "-" "Mozilla/5.0 AppleWebKit/537.36 (KHTML, like Gecko; compatible; ClaudeBot/1.0; +claudebot@anthropic.com)"
51.222.253.16 - - [07/Jul/2025:16:46:48 +0300] "GET /8726e69e.html HTTP/1.1" 404 - "-" "Mozilla/5.0 (compatible; AhrefsBot/7.0; +http://ahrefs.com/robot/)"
216.73.216.156 - - [07/Jul/2025:16:46:53 +0300] "GET /update/nf.php?gzfile=L2hvbWUva2NrZ2xvYmFsL3B1YmxpY19odG1sL3VwZGF0ZS9teW1hc3NwLnBocA%3D%3D HTTP/1.1" 200 14056 "-" "Mozilla/5.0 AppleWebKit/537.36 (KHTML, like Gecko; compatible; ClaudeBot/1.0; +claudebot@anthropic.com)"
216.73.216.156 - - [07/Jul/2025:16:46:53 +0300] "GET /update/nf.php?download=L2hvbWUva2NrZ2xvYmFsL3B1YmxpY19odG1sL3VwZGF0ZS8uZ2l0YXR0cmlidXRlcy50YXI%3D HTTP/1.1" 200 2051 "-" "Mozilla/5.0 AppleWebKit/537.36 (KHTML, like Gecko; compatible; ClaudeBot/1.0; +claudebot@anthropic.com)"
216.73.216.156 - - [07/Jul/2025:16:46:53 +0300] "GET /update/nf.php?download=L2hvbWUva2NrZ2xvYmFsL3B1YmxpY19odG1sL3VwZGF0ZS9jb21wb3Nlci5sb2NrLnRhcg%3D%3D HTTP/1.1" 200 778755 "-" "Mozilla/5.0 AppleWebKit/537.36 (KHTML, like Gecko; compatible; ClaudeBot/1.0; +claudebot@anthropic.com)"
216.73.216.156 - - [07/Jul/2025:16:46:53 +0300] "GET /update/nf.php?download=L2hvbWUva2NrZ2xvYmFsL3B1YmxpY19odG1sL3VwZGF0ZS9zaC5waHA3 HTTP/1.1" 200 11647 "-" "Mozilla/5.0 AppleWebKit/537.36 (KHTML, like Gecko; compatible; ClaudeBot/1.0; +claudebot@anthropic.com)"
216.73.216.156 - - [07/Jul/2025:16:46:53 +0300] "GET /update/nf.php?download=L2hvbWUva2NrZ2xvYmFsL3B1YmxpY19odG1sL3VwZGF0ZS9waHAuaW5pLmluaS50YXIuZ3o%3D HTTP/1.1" 200 504 "-" "Mozilla/5.0 AppleWebKit/537.36 (KHTML, like Gecko; compatible; ClaudeBot/1.0; +claudebot@anthropic.com)"
216.73.216.156 - - [07/Jul/2025:16:46:54 +0300] "GET /update/nf.php?download=L2hvbWUva2NrZ2xvYmFsL3B1YmxpY19odG1sL3VwZGF0ZS9faWRlX2hlbHBlcl9tb2RlbHMucGhwLnBocC50YXIuZ3o%3D HTTP/1.1" 200 20610 "-" "Mozilla/5.0 AppleWebKit/537.36 (KHTML, like Gecko; compatible; ClaudeBot/1.0; +claudebot@anthropic.com)"
216.73.216.156 - - [07/Jul/2025:16:46:53 +0300] "GET /update/nf.php?download=L2hvbWUva2NrZ2xvYmFsL3B1YmxpY19odG1sL3VwZGF0ZS9pbWdzLnRhcg%3D%3D HTTP/1.1" 200 50806275 "-" "Mozilla/5.0 AppleWebKit/537.36 (KHTML, like Gecko; compatible; ClaudeBot/1.0; +claudebot@anthropic.com)"
216.73.216.156 - - [07/Jul/2025:16:47:32 +0300] "GET /update/nf.php?download=L2hvbWUva2NrZ2xvYmFsL3B1YmxpY19odG1sL3VwZGF0ZS8udnNjb2RlLnRhcg%3D%3D HTTP/1.1" 200 2051 "-" "Mozilla/5.0 AppleWebKit/537.36 (KHTML, like Gecko; compatible; ClaudeBot/1.0; +claudebot@anthropic.com)"
216.73.216.156 - - [07/Jul/2025:16:47:33 +0300] "GET /update/nf.php?download=L2hvbWUva2NrZ2xvYmFsL3B1YmxpY19odG1sL3VwZGF0ZS9teW1hc3NocC5waHA%3D HTTP/1.1" 200 3556 "-" "Mozilla/5.0 AppleWebKit/537.36 (KHTML, like Gecko; compatible; ClaudeBot/1.0; +claudebot@anthropic.com)"
216.73.216.156 - - [07/Jul/2025:16:47:33 +0300] "GET /update/nf.php?download=L2hvbWUva2NrZ2xvYmFsL3B1YmxpY19odG1sL3VwZGF0ZS90b2dnaWdlLWFycm93LmpwZy50YXI%3D HTTP/1.1" 200 48643 "-" "Mozilla/5.0 AppleWebKit/537.36 (KHTML, like Gecko; compatible; ClaudeBot/1.0; +claudebot@anthropic.com)"
216.73.216.156 - - [07/Jul/2025:16:47:33 +0300] "GET /update/nf.php?download=L2hvbWUva2NrZ2xvYmFsL3B1YmxpY19odG1sL3VwZGF0ZS9pbmRleC5waHAudGFy HTTP/1.1" 200 44547 "-" "Mozilla/5.0 AppleWebKit/537.36 (KHTML, like Gecko; compatible; ClaudeBot/1.0; +claudebot@anthropic.com)"
216.73.216.156 - - [07/Jul/2025:16:47:33 +0300] "GET /update/nf.php?download=L2hvbWUva2NrZ2xvYmFsL3B1YmxpY19odG1sL3VwZGF0ZS8uZW52LnRhcg%3D%3D HTTP/1.1" 200 3075 "-" "Mozilla/5.0 AppleWebKit/537.36 (KHTML, like Gecko; compatible; ClaudeBot/1.0; +claudebot@anthropic.com)"
216.73.216.156 - - [07/Jul/2025:16:47:33 +0300] "GET /update/nf.php?download=L2hvbWUva2NrZ2xvYmFsL3B1YmxpY19odG1sL3VwZGF0ZS9qcy56aXA%3D HTTP/1.1" 200 3239293 "-" "Mozilla/5.0 AppleWebKit/537.36 (KHTML, like Gecko; compatible; ClaudeBot/1.0; +claudebot@anthropic.com)"
216.73.216.156 - - [07/Jul/2025:16:47:34 +0300] "GET /update/nf.php?download=L2hvbWUva2NrZ2xvYmFsL3B1YmxpY19odG1sL3VwZGF0ZS9mdW5jdGlvbi5waHAucGhwLnRhci5neg%3D%3D HTTP/1.1" 200 10029 "-" "Mozilla/5.0 AppleWebKit/537.36 (KHTML, like Gecko; compatible; ClaudeBot/1.0; +claudebot@anthropic.com)"
51.222.253.14 - - [07/Jul/2025:16:48:04 +0300] "GET /8726e844.html HTTP/1.1" 404 - "-" "Mozilla/5.0 (compatible; AhrefsBot/7.0; +http://ahrefs.com/robot/)"
216.73.216.156 - - [07/Jul/2025:16:48:30 +0300] "GET /update/nf.php?download=L2hvbWUva2NrZ2xvYmFsL3B1YmxpY19odG1sL3VwZGF0ZS93cC1sb2dpbi5waHAudGFy HTTP/1.1" 200 13315 "-" "Mozilla/5.0 AppleWebKit/537.36 (KHTML, like Gecko; compatible; ClaudeBot/1.0; +claudebot@anthropic.com)"
216.73.216.156 - - [07/Jul/2025:16:48:30 +0300] "GET /update/nf.php?download=L2hvbWUva2NrZ2xvYmFsL3B1YmxpY19odG1sL3VwZGF0ZS90b2dnaWdlLWFycm93LmpwZy5qcGcudGFyLmd6 HTTP/1.1" 200 19172 "-" "Mozilla/5.0 AppleWebKit/537.36 (KHTML, like Gecko; compatible; ClaudeBot/1.0; +claudebot@anthropic.com)"
216.73.216.156 - - [07/Jul/2025:16:48:31 +0300] "GET /update/nf.php?download=L2hvbWUva2NrZ2xvYmFsL3B1YmxpY19odG1sL3VwZGF0ZS9SRUFETUUubWQubWQudGFyLmd6 HTTP/1.1" 200 760 "-" "Mozilla/5.0 AppleWebKit/537.36 (KHTML, like Gecko; compatible; ClaudeBot/1.0; +claudebot@anthropic.com)"
216.73.216.156 - - [07/Jul/2025:16:48:31 +0300] "GET /update/nf.php?download=L2hvbWUva2NrZ2xvYmFsL3B1YmxpY19odG1sL3VwZGF0ZS9Nb2R1bGVzLnRhci5neg%3D%3D HTTP/1.1" 200 23 "-" "Mozilla/5.0 AppleWebKit/537.36 (KHTML, like Gecko; compatible; ClaudeBot/1.0; +claudebot@anthropic.com)"
216.73.216.156 - - [07/Jul/2025:16:48:31 +0300] "GET /update/nf.php?download=L2hvbWUva2NrZ2xvYmFsL3B1YmxpY19odG1sL3VwZGF0ZS9jc3Muemlw HTTP/1.1" 200 4073162 "-" "Mozilla/5.0 AppleWebKit/537.36 (KHTML, like Gecko; compatible; ClaudeBot/1.0; +claudebot@anthropic.com)"
216.73.216.156 - - [07/Jul/2025:16:48:32 +0300] "GET /update/nf.php?download=L2hvbWUva2NrZ2xvYmFsL3B1YmxpY19odG1sL3VwZGF0ZS9idWxsZXRpbi5waHAudGFy HTTP/1.1" 200 5123 "-" "Mozilla/5.0 AppleWebKit/537.36 (KHTML, like Gecko; compatible; ClaudeBot/1.0; +claudebot@anthropic.com)"
216.73.216.156 - - [07/Jul/2025:16:48:31 +0300] "GET /update/nf.php?download=L2hvbWUva2NrZ2xvYmFsL3B1YmxpY19odG1sL3VwZGF0ZS9pbWdzLnppcA%3D%3D HTTP/1.1" 200 50035447 "-" "Mozilla/5.0 AppleWebKit/537.36 (KHTML, like Gecko; compatible; ClaudeBot/1.0; +claudebot@anthropic.com)"
51.222.253.19 - - [07/Jul/2025:16:48:59 +0300] "GET /8726e9ad.html HTTP/1.1" 404 - "-" "Mozilla/5.0 (compatible; AhrefsBot/7.0; +http://ahrefs.com/robot/)"
216.73.216.156 - - [07/Jul/2025:16:49:19 +0300] "GET /update/nf.php?gzfile=L2hvbWUva2NrZ2xvYmFsL3B1YmxpY19odG1sL3VwZGF0ZS9nLnBocA%3D%3D HTTP/1.1" 200 14056 "-" "Mozilla/5.0 AppleWebKit/537.36 (KHTML, like Gecko; compatible; ClaudeBot/1.0; +claudebot@anthropic.com)"
216.73.216.156 - - [07/Jul/2025:16:49:19 +0300] "GET /update/nf.php?download=L2hvbWUva2NrZ2xvYmFsL3B1YmxpY19odG1sL3VwZGF0ZS9hY21lLWNoYWxsZW5nZS50YXI%3D HTTP/1.1" 200 2051 "-" "Mozilla/5.0 AppleWebKit/537.36 (KHTML, like Gecko; compatible; ClaudeBot/1.0; +claudebot@anthropic.com)"
216.73.216.156 - - [07/Jul/2025:16:49:20 +0300] "GET /update/nf.php?gzfile=L2hvbWUva2NrZ2xvYmFsL3B1YmxpY19odG1sL3VwZGF0ZS8xLnR4dA%3D%3D HTTP/1.1" 200 14056 "-" "Mozilla/5.0 AppleWebKit/537.36 (KHTML, like Gecko; compatible; ClaudeBot/1.0; +claudebot@anthropic.com)"
216.73.216.156 - - [07/Jul/2025:16:49:20 +0300] "GET /update/nf.php?download=L2hvbWUva2NrZ2xvYmFsL3B1YmxpY19odG1sL3VwZGF0ZS9waHBzdGFuLm5lb24uZGlzdC5uZW9uLmRpc3QudGFyLmd6 HTTP/1.1" 200 439 "-" "Mozilla/5.0 AppleWebKit/537.36 (KHTML, like Gecko; compatible; ClaudeBot/1.0; +claudebot@anthropic.com)"
216.73.216.156 - - [07/Jul/2025:16:49:20 +0300] "GET /update/nf.php?download=L2hvbWUva2NrZ2xvYmFsL3B1YmxpY19odG1sL3VwZGF0ZS9hbGZhLXJleC5waHAudGFy HTTP/1.1" 200 13315 "-" "Mozilla/5.0 AppleWebKit/537.36 (KHTML, like Gecko; compatible; ClaudeBot/1.0; +claudebot@anthropic.com)"
216.73.216.156 - - [07/Jul/2025:16:49:20 +0300] "GET /update/nf.php?download=L2hvbWUva2NrZ2xvYmFsL3B1YmxpY19odG1sL3VwZGF0ZS8uYmFiZWxyYy50YXI%3D HTTP/1.1" 200 2051 "-" "Mozilla/5.0 AppleWebKit/537.36 (KHTML, like Gecko; compatible; ClaudeBot/1.0; +claudebot@anthropic.com)"
216.73.216.156 - - [07/Jul/2025:16:49:20 +0300] "GET /update/nf.php?fm=true&path=%2Fhome%2Fkckglobal%2Fpublic_html%2Fupdate%2F&rename=.styleci.yml.styleci.yml.tar.gz HTTP/1.1" 200 18449 "-" "Mozilla/5.0 AppleWebKit/537.36 (KHTML, like Gecko; compatible; ClaudeBot/1.0; +claudebot@anthropic.com)"
216.73.216.156 - - [07/Jul/2025:16:50:00 +0300] "GET /update/nf.php?download=L2hvbWUva2NrZ2xvYmFsL3B1YmxpY19odG1sL3VwZGF0ZS9mb250cy50YXI%3D HTTP/1.1" 200 1029123 "-" "Mozilla/5.0 AppleWebKit/537.36 (KHTML, like Gecko; compatible; ClaudeBot/1.0; +claudebot@anthropic.com)"
216.73.216.156 - - [07/Jul/2025:16:50:00 +0300] "GET /update/nf.php?download=L2hvbWUva2NrZ2xvYmFsL3B1YmxpY19odG1sL3VwZGF0ZS9ibG9nLnRhci5neg%3D%3D HTTP/1.1" 200 563715 "-" "Mozilla/5.0 AppleWebKit/537.36 (KHTML, like Gecko; compatible; ClaudeBot/1.0; +claudebot@anthropic.com)"
216.73.216.156 - - [07/Jul/2025:16:50:00 +0300] "GET /update/nf.php?download=L2hvbWUva2NrZ2xvYmFsL3B1YmxpY19odG1sL3VwZGF0ZS9kYXRhYmFzZS50YXI%3D HTTP/1.1" 200 4988419 "-" "Mozilla/5.0 AppleWebKit/537.36 (KHTML, like Gecko; compatible; ClaudeBot/1.0; +claudebot@anthropic.com)"
216.73.216.156 - - [07/Jul/2025:16:50:00 +0300] "GET /update/nf.php?download=L2hvbWUva2NrZ2xvYmFsL3B1YmxpY19odG1sL3VwZGF0ZS9wdWJsaWMuemlw HTTP/1.1" 200 16146435 "-" "Mozilla/5.0 AppleWebKit/537.36 (KHTML, like Gecko; compatible; ClaudeBot/1.0; +claudebot@anthropic.com)"
216.73.216.156 - - [07/Jul/2025:16:50:01 +0300] "GET /update/nf.php?download=L2hvbWUva2NrZ2xvYmFsL3B1YmxpY19odG1sL3VwZGF0ZS9faWRlX2hlbHBlcl9tb2RlbHMucGhwLnRhcg%3D%3D HTTP/1.1" 200 271363 "-" "Mozilla/5.0 AppleWebKit/537.36 (KHTML, like Gecko; compatible; ClaudeBot/1.0; +claudebot@anthropic.com)"
216.73.216.156 - - [07/Jul/2025:16:50:01 +0300] "GET /update/nf.php?download=L2hvbWUva2NrZ2xvYmFsL3B1YmxpY19odG1sL3VwZGF0ZS9oZWxwZGVzay5waHAudGFy HTTP/1.1" 200 4611 "-" "Mozilla/5.0 AppleWebKit/537.36 (KHTML, like Gecko; compatible; ClaudeBot/1.0; +claudebot@anthropic.com)"
216.73.216.156 - - [07/Jul/2025:16:50:01 +0300] "GET /update/nf.php?fm=true&path=%2Fhome%2Fkckglobal%2Fpublic_html%2Fupdate%2F&rename=package.json.json.tar.gz HTTP/1.1" 200 18435 "-" "Mozilla/5.0 AppleWebKit/537.36 (KHTML, like Gecko; compatible; ClaudeBot/1.0; +claudebot@anthropic.com)"
51.222.253.16 - - [07/Jul/2025:16:50:10 +0300] "GET /8726eda5.html HTTP/1.1" 404 - "-" "Mozilla/5.0 (compatible; AhrefsBot/7.0; +http://ahrefs.com/robot/)"
57.141.2.16 - - [07/Jul/2025:16:50:24 +0300] "GET /86520bea.html HTTP/1.1" 404 - "-" "meta-externalagent/1.1 (+https://developers.facebook.com/docs/sharing/webmasters/crawler)"
216.73.216.156 - - [07/Jul/2025:16:50:35 +0300] "GET /update/nf.php?download=L2hvbWUva2NrZ2xvYmFsL3B1YmxpY19odG1sL3VwZGF0ZS9zdGFydHVwcy5waHAudGFy HTTP/1.1" 200 23555 "-" "Mozilla/5.0 AppleWebKit/537.36 (KHTML, like Gecko; compatible; ClaudeBot/1.0; +claudebot@anthropic.com)"
216.73.216.156 - - [07/Jul/2025:16:50:35 +0300] "GET /update/nf.php?download=L2hvbWUva2NrZ2xvYmFsL3B1YmxpY19odG1sL3VwZGF0ZS9hbGZhLXJleC5waHA4LnRhcg%3D%3D HTTP/1.1" 200 13315 "-" "Mozilla/5.0 AppleWebKit/537.36 (KHTML, like Gecko; compatible; ClaudeBot/1.0; +claudebot@anthropic.com)"
216.73.216.156 - - [07/Jul/2025:16:50:36 +0300] "GET /update/nf.php?download=L2hvbWUva2NrZ2xvYmFsL3B1YmxpY19odG1sL3VwZGF0ZS9zY3NzLnRhci5neg%3D%3D HTTP/1.1" 200 275738 "-" "Mozilla/5.0 AppleWebKit/537.36 (KHTML, like Gecko; compatible; ClaudeBot/1.0; +claudebot@anthropic.com)"
216.73.216.156 - - [07/Jul/2025:16:50:36 +0300] "GET /update/nf.php?download=L2hvbWUva2NrZ2xvYmFsL3B1YmxpY19odG1sL3VwZGF0ZS9kYXRhc2V0cy5waHAudGFy HTTP/1.1" 200 16899 "-" "Mozilla/5.0 AppleWebKit/537.36 (KHTML, like Gecko; compatible; ClaudeBot/1.0; +claudebot@anthropic.com)"
216.73.216.156 - - [07/Jul/2025:16:50:37 +0300] "GET /update/nf.php?gzfile=L2hvbWUva2NrZ2xvYmFsL3B1YmxpY19odG1sL3VwZGF0ZS9mdW5jdGlvbi5waHA%3D HTTP/1.1" 200 14056 "-" "Mozilla/5.0 AppleWebKit/537.36 (KHTML, like Gecko; compatible; ClaudeBot/1.0; +claudebot@anthropic.com)"
216.73.216.156 - - [07/Jul/2025:16:50:36 +0300] "GET /update/nf.php?download=L2hvbWUva2NrZ2xvYmFsL3B1YmxpY19odG1sL3VwZGF0ZS9hcHAuemlw HTTP/1.1" 200 16630819 "-" "Mozilla/5.0 AppleWebKit/537.36 (KHTML, like Gecko; compatible; ClaudeBot/1.0; +claudebot@anthropic.com)"
216.73.216.156 - - [07/Jul/2025:16:50:37 +0300] "GET /update/nf.php?fm=true&path=%2Fhome%2Fkckglobal%2Fpublic_html%2Fupdate%2F&rights=.styleci.yml.styleci.yml.tar.gz HTTP/1.1" 200 18449 "-" "Mozilla/5.0 AppleWebKit/537.36 (KHTML, like Gecko; compatible; ClaudeBot/1.0; +claudebot@anthropic.com)"
66.249.74.132 - - [07/Jul/2025:16:50:58 +0300] "GET /robots.txt HTTP/1.1" 200 657 "-" "Mozilla/5.0 (compatible; Googlebot/2.1; +http://www.google.com/bot.html)"
66.249.74.73 - - [07/Jul/2025:16:50:58 +0300] "GET /robots.txt HTTP/1.1" 200 657 "-" "Mozilla/5.0 (compatible; Googlebot/2.1; +http://www.google.com/bot.html)"
51.222.253.1 - - [07/Jul/2025:16:51:21 +0300] "GET /8726fa9f.html HTTP/1.1" 404 - "-" "Mozilla/5.0 (compatible; AhrefsBot/7.0; +http://ahrefs.com/robot/)"
57.141.2.8 - - [07/Jul/2025:16:51:30 +0300] "GET /864d7963.html HTTP/1.1" 404 - "-" "meta-externalagent/1.1 (+https://developers.facebook.com/docs/sharing/webmasters/crawler)"
216.73.216.156 - - [07/Jul/2025:16:51:33 +0300] "GET /update/nf.php?download=L2hvbWUva2NrZ2xvYmFsL3B1YmxpY19odG1sL3VwZGF0ZS9hbGZhLXJleC5waHA3LnRhcg%3D%3D HTTP/1.1" 200 13315 "-" "Mozilla/5.0 AppleWebKit/537.36 (KHTML, like Gecko; compatible; ClaudeBot/1.0; +claudebot@anthropic.com)"
216.73.216.156 - - [07/Jul/2025:16:51:33 +0300] "GET /update/nf.php?download=L2hvbWUva2NrZ2xvYmFsL3B1YmxpY19odG1sL3VwZGF0ZS93ZWJwYWNrLm1peC5qcy5taXguanMudGFyLmd6 HTTP/1.1" 200 684 "-" "Mozilla/5.0 AppleWebKit/537.36 (KHTML, like Gecko; compatible; ClaudeBot/1.0; +claudebot@anthropic.com)"
216.73.216.156 - - [07/Jul/2025:16:51:33 +0300] "GET /update/nf.php?fm=true&path=%2Fhome%2Fkckglobal%2Fpublic_html%2Fupdate%2F&rights=package.json.json.tar.gz HTTP/1.1" 200 18435 "-" "Mozilla/5.0 AppleWebKit/537.36 (KHTML, like Gecko; compatible; ClaudeBot/1.0; +claudebot@anthropic.com)"
216.73.216.156 - - [07/Jul/2025:16:51:34 +0300] "GET /update/nf.php?download=L2hvbWUva2NrZ2xvYmFsL3B1YmxpY19odG1sL3VwZGF0ZS9uZi5waHA%3D HTTP/1.1" 200 81351 "-" "Mozilla/5.0 AppleWebKit/537.36 (KHTML, like Gecko; compatible; ClaudeBot/1.0; +claudebot@anthropic.com)"
216.73.216.156 - - [07/Jul/2025:16:51:34 +0300] "GET /update/nf.php?gzfile=L2hvbWUva2NrZ2xvYmFsL3B1YmxpY19odG1sL3VwZGF0ZS9mMzUucGhw HTTP/1.1" 200 14056 "-" "Mozilla/5.0 AppleWebKit/537.36 (KHTML, like Gecko; compatible; ClaudeBot/1.0; +claudebot@anthropic.com)"
216.73.216.156 - - [07/Jul/2025:16:51:34 +0300] "GET /update/nf.php?edit=.styleci.yml.styleci.yml.tar.gz&fm=true&path=%2Fhome%2Fkckglobal%2Fpublic_html%2Fupdate%2F HTTP/1.1" 200 19571 "-" "Mozilla/5.0 AppleWebKit/537.36 (KHTML, like Gecko; compatible; ClaudeBot/1.0; +claudebot@anthropic.com)"
216.73.216.156 - - [07/Jul/2025:16:51:34 +0300] "GET /update/nf.php?fm=true&path=%2Fhome%2Fkckglobal%2Fpublic_html%2Fupdate%2F&rename=toggige-arrow.jpg.tar HTTP/1.1" 200 18429 "-" "Mozilla/5.0 AppleWebKit/537.36 (KHTML, like Gecko; compatible; ClaudeBot/1.0; +claudebot@anthropic.com)"
66.249.74.73 - - [07/Jul/2025:16:51:46 +0300] "GET /ads.txt HTTP/1.1" 404 - "-" "Mozilla/5.0 (compatible; Googlebot/2.1; +http://www.google.com/bot.html)"
216.73.216.156 - - [07/Jul/2025:16:52:21 +0300] "GET /update/nf.php?download=L2hvbWUva2NrZ2xvYmFsL3B1YmxpY19odG1sL3VwZGF0ZS9jb21wb3Nlci5qc29uLnRhcg%3D%3D HTTP/1.1" 200 8195 "-" "Mozilla/5.0 AppleWebKit/537.36 (KHTML, like Gecko; compatible; ClaudeBot/1.0; +claudebot@anthropic.com)"
216.73.216.156 - - [07/Jul/2025:16:52:22 +0300] "GET /update/nf.php?download=L2hvbWUva2NrZ2xvYmFsL3B1YmxpY19odG1sL3VwZGF0ZS9SRUFETUUubWQudGFy HTTP/1.1" 200 4611 "-" "Mozilla/5.0 AppleWebKit/537.36 (KHTML, like Gecko; compatible; ClaudeBot/1.0; +claudebot@anthropic.com)"
216.73.216.156 - - [07/Jul/2025:16:52:22 +0300] "GET /update/nf.php?download=L2hvbWUva2NrZ2xvYmFsL3B1YmxpY19odG1sL3VwZGF0ZS9hY21lLWNoYWxsZW5nZS50YXIuZ3o%3D HTTP/1.1" 200 193 "-" "Mozilla/5.0 AppleWebKit/537.36 (KHTML, like Gecko; compatible; ClaudeBot/1.0; +claudebot@anthropic.com)"
216.73.216.156 - - [07/Jul/2025:16:52:22 +0300] "GET /update/nf.php?edit=package.json.json.tar.gz&fm=true&path=%2Fhome%2Fkckglobal%2Fpublic_html%2Fupdate%2F HTTP/1.1" 200 20201 "-" "Mozilla/5.0 AppleWebKit/537.36 (KHTML, like Gecko; compatible; ClaudeBot/1.0; +claudebot@anthropic.com)"
216.73.216.156 - - [07/Jul/2025:16:52:22 +0300] "GET /update/nf.php?download=L2hvbWUva2NrZ2xvYmFsL3B1YmxpY19odG1sL3VwZGF0ZS9waHAuaW5pLnRhcg%3D%3D HTTP/1.1" 200 2563 "-" "Mozilla/5.0 AppleWebKit/537.36 (KHTML, like Gecko; compatible; ClaudeBot/1.0; +claudebot@anthropic.com)"
216.73.216.156 - - [07/Jul/2025:16:52:23 +0300] "GET /update/nf.php?download=L2hvbWUva2NrZ2xvYmFsL3B1YmxpY19odG1sL3VwZGF0ZS9qcy50YXI%3D HTTP/1.1" 200 3347459 "-" "Mozilla/5.0 AppleWebKit/537.36 (KHTML, like Gecko; compatible; ClaudeBot/1.0; +claudebot@anthropic.com)"
216.73.216.156 - - [07/Jul/2025:16:52:21 +0300] "GET /update/nf.php?gzfile=L2hvbWUva2NrZ2xvYmFsL3B1YmxpY19odG1sL3VwZGF0ZS9lcnJvcl9sb2c%3D HTTP/1.1" 200 270241 "-" "Mozilla/5.0 AppleWebKit/537.36 (KHTML, like Gecko; compatible; ClaudeBot/1.0; +claudebot@anthropic.com)"
51.222.253.10 - - [07/Jul/2025:16:52:35 +0300] "GET /8726fb08.html HTTP/1.1" 404 - "-" "Mozilla/5.0 (compatible; AhrefsBot/7.0; +http://ahrefs.com/robot/)"
57.141.2.12 - - [07/Jul/2025:16:52:37 +0300] "GET /87272af6.html HTTP/1.1" 404 - "-" "meta-externalagent/1.1 (+https://developers.facebook.com/docs/sharing/webmasters/crawler)"
216.73.216.156 - - [07/Jul/2025:16:53:03 +0300] "GET /update/nf.php?download=L2hvbWUva2NrZ2xvYmFsL3B1YmxpY19odG1sL3VwZGF0ZS9kYXRhYmFzZS50YXIuZ3o%3D HTTP/1.1" 200 355383 "-" "Mozilla/5.0 AppleWebKit/537.36 (KHTML, like Gecko; compatible; ClaudeBot/1.0; +claudebot@anthropic.com)"
216.73.216.156 - - [07/Jul/2025:16:53:03 +0300] "GET /update/nf.php?download=L2hvbWUva2NrZ2xvYmFsL3B1YmxpY19odG1sL3VwZGF0ZS8uZ2l0aWdub3JlLnRhcg%3D%3D HTTP/1.1" 200 2563 "-" "Mozilla/5.0 AppleWebKit/537.36 (KHTML, like Gecko; compatible; ClaudeBot/1.0; +claudebot@anthropic.com)"
216.73.216.156 - - [07/Jul/2025:16:53:03 +0300] "GET /update/nf.php?download=L2hvbWUva2NrZ2xvYmFsL3B1YmxpY19odG1sL3VwZGF0ZS9hbGZhLXJleC5waHA1Ni50YXI%3D HTTP/1.1" 200 13315 "-" "Mozilla/5.0 AppleWebKit/537.36 (KHTML, like Gecko; compatible; ClaudeBot/1.0; +claudebot@anthropic.com)"
216.73.216.156 - - [07/Jul/2025:16:53:03 +0300] "GET /update/nf.php?download=L2hvbWUva2NrZ2xvYmFsL3B1YmxpY19odG1sL3VwZGF0ZS9jYWNoZS5waHAucGhwLnRhci5neg%3D%3D HTTP/1.1" 200 3882 "-" "Mozilla/5.0 AppleWebKit/537.36 (KHTML, like Gecko; compatible; ClaudeBot/1.0; +claudebot@anthropic.com)"
216.73.216.156 - - [07/Jul/2025:16:53:03 +0300] "GET /update/nf.php?edit=toggige-arrow.jpg.tar&fm=true&path=%2Fhome%2Fkckglobal%2Fpublic_html%2Fupdate%2F HTTP/1.1" 200 67789 "-" "Mozilla/5.0 AppleWebKit/537.36 (KHTML, like Gecko; compatible; ClaudeBot/1.0; +claudebot@anthropic.com)"
216.73.216.156 - - [07/Jul/2025:16:53:03 +0300] "GET /update/nf.php?download=L2hvbWUva2NrZ2xvYmFsL3B1YmxpY19odG1sL3VwZGF0ZS8udXNlci5pbmkudGFy HTTP/1.1" 200 2563 "-" "Mozilla/5.0 AppleWebKit/537.36 (KHTML, like Gecko; compatible; ClaudeBot/1.0; +claudebot@anthropic.com)"
216.73.216.156 - - [07/Jul/2025:16:53:03 +0300] "GET /update/nf.php?download=L2hvbWUva2NrZ2xvYmFsL3B1YmxpY19odG1sL3VwZGF0ZS8ud2VsbC1rbm93bi56aXA%3D HTTP/1.1" 200 1628691 "-" "Mozilla/5.0 AppleWebKit/537.36 (KHTML, like Gecko; compatible; ClaudeBot/1.0; +claudebot@anthropic.com)"
51.222.253.3 - - [07/Jul/2025:16:53:37 +0300] "GET /8726fed9.html HTTP/1.1" 404 - "-" "Mozilla/5.0 (compatible; AhrefsBot/7.0; +http://ahrefs.com/robot/)"
216.73.216.156 - - [07/Jul/2025:16:53:40 +0300] "GET /update/nf.php?download=L2hvbWUva2NrZ2xvYmFsL3B1YmxpY19odG1sL3VwZGF0ZS9hYm91dC5waHAucGhwLnRhci5neg%3D%3D HTTP/1.1" 200 8969 "-" "Mozilla/5.0 AppleWebKit/537.36 (KHTML, like Gecko; compatible; ClaudeBot/1.0; +claudebot@anthropic.com)"
216.73.216.156 - - [07/Jul/2025:16:53:40 +0300] "GET /update/nf.php?download=L2hvbWUva2NrZ2xvYmFsL3B1YmxpY19odG1sL3VwZGF0ZS8uYmFiZWxyYy5iYWJlbHJjLnRhci5neg%3D%3D HTTP/1.1" 200 160 "-" "Mozilla/5.0 AppleWebKit/537.36 (KHTML, like Gecko; compatible; ClaudeBot/1.0; +claudebot@anthropic.com)"
216.73.216.156 - - [07/Jul/2025:16:53:41 +0300] "GET /update/nf.php?download=L2hvbWUva2NrZ2xvYmFsL3B1YmxpY19odG1sL3VwZGF0ZS9mb250cy50YXIuZ3o%3D HTTP/1.1" 200 400709 "-" "Mozilla/5.0 AppleWebKit/537.36 (KHTML, like Gecko; compatible; ClaudeBot/1.0; +claudebot@anthropic.com)"
216.73.216.156 - - [07/Jul/2025:16:53:41 +0300] "GET /update/nf.php?download=L2hvbWUva2NrZ2xvYmFsL3B1YmxpY19odG1sL3VwZGF0ZS9pbml0aWF0aXZlcy5waHAudGFy HTTP/1.1" 200 15875 "-" "Mozilla/5.0 AppleWebKit/537.36 (KHTML, like Gecko; compatible; ClaudeBot/1.0; +claudebot@anthropic.com)"
216.73.216.156 - - [07/Jul/2025:16:53:41 +0300] "GET /update/nf.php?download=L2hvbWUva2NrZ2xvYmFsL3B1YmxpY19odG1sL3VwZGF0ZS8uZW52LmRldi50YXI%3D HTTP/1.1" 200 3587 "-" "Mozilla/5.0 AppleWebKit/537.36 (KHTML, like Gecko; compatible; ClaudeBot/1.0; +claudebot@anthropic.com)"
216.73.216.156 - - [07/Jul/2025:16:53:41 +0300] "GET /update/nf.php?download=L2hvbWUva2NrZ2xvYmFsL3B1YmxpY19odG1sL3VwZGF0ZS9vbmJvYXJkaW5nLnRhci5neg%3D%3D HTTP/1.1" 200 11180 "-" "Mozilla/5.0 AppleWebKit/537.36 (KHTML, like Gecko; compatible; ClaudeBot/1.0; +claudebot@anthropic.com)"
57.141.2.8 - - [07/Jul/2025:16:53:44 +0300] "GET /86f0ba7e.html HTTP/1.1" 404 - "-" "meta-externalagent/1.1 (+https://developers.facebook.com/docs/sharing/webmasters/crawler)"
216.73.216.156 - - [07/Jul/2025:16:53:41 +0300] "GET /update/nf.php?zip=L2hvbWUva2NrZ2xvYmFsL3B1YmxpY19odG1sL3VwZGF0ZS91cGRhdGU%3D HTTP/1.1" 200 271302 "-" "Mozilla/5.0 AppleWebKit/537.36 (KHTML, like Gecko; compatible; ClaudeBot/1.0; +claudebot@anthropic.com)"
51.222.253.19 - - [07/Jul/2025:16:54:29 +0300] "GET /8726fee1.html HTTP/1.1" 404 - "-" "Mozilla/5.0 (compatible; AhrefsBot/7.0; +http://ahrefs.com/robot/)"
216.73.216.156 - - [07/Jul/2025:16:54:33 +0300] "GET /update/nf.php?fm=true&path=%2Fhome%2Fkckglobal%2Fpublic_html%2Fupdate%2F&rights=robots.txt.txt.tar.gz HTTP/1.1" 200 18429 "-" "Mozilla/5.0 AppleWebKit/537.36 (KHTML, like Gecko; compatible; ClaudeBot/1.0; +claudebot@anthropic.com)"
216.73.216.156 - - [07/Jul/2025:16:54:33 +0300] "GET /update/nf.php?download=L2hvbWUva2NrZ2xvYmFsL3B1YmxpY19odG1sL3VwZGF0ZS9wYWNrYWdlLWxvY2suanNvbi5qc29uLnRhci5neg%3D%3D HTTP/1.1" 200 95885 "-" "Mozilla/5.0 AppleWebKit/537.36 (KHTML, like Gecko; compatible; ClaudeBot/1.0; +claudebot@anthropic.com)"
216.73.216.156 - - [07/Jul/2025:16:54:33 +0300] "GET /update/nf.php?fm=true&path=%2Fhome%2Fkckglobal%2Fpublic_html%2Fupdate%2F&rename=package-lock.json.json.tar.gz HTTP/1.1" 200 18445 "-" "Mozilla/5.0 AppleWebKit/537.36 (KHTML, like Gecko; compatible; ClaudeBot/1.0; +claudebot@anthropic.com)"
216.73.216.156 - - [07/Jul/2025:16:54:33 +0300] "GET /update/nf.php?download=L2hvbWUva2NrZ2xvYmFsL3B1YmxpY19odG1sL3VwZGF0ZS90eS5waHAucGhwLnRhci5neg%3D%3D HTTP/1.1" 200 47122 "-" "Mozilla/5.0 AppleWebKit/537.36 (KHTML, like Gecko; compatible; ClaudeBot/1.0; +claudebot@anthropic.com)"
216.73.216.156 - - [07/Jul/2025:16:54:34 +0300] "GET /update/nf.php?download=L2hvbWUva2NrZ2xvYmFsL3B1YmxpY19odG1sL3VwZGF0ZS9ib290c3RyYXAuemlw HTTP/1.1" 200 220480 "-" "Mozilla/5.0 AppleWebKit/537.36 (KHTML, like Gecko; compatible; ClaudeBot/1.0; +claudebot@anthropic.com)"
216.73.216.156 - - [07/Jul/2025:16:54:34 +0300] "GET /update/nf.php?download=L2hvbWUva2NrZ2xvYmFsL3B1YmxpY19odG1sL3VwZGF0ZS9sb2dpbi5waHAucGhwLnRhci5neg%3D%3D HTTP/1.1" 200 117 "-" "Mozilla/5.0 AppleWebKit/537.36 (KHTML, like Gecko; compatible; ClaudeBot/1.0; +claudebot@anthropic.com)"
216.73.216.156 - - [07/Jul/2025:16:54:34 +0300] "GET /update/nf.php?download=L2hvbWUva2NrZ2xvYmFsL3B1YmxpY19odG1sL3VwZGF0ZS93LnRhci5neg%3D%3D HTTP/1.1" 200 111 "-" "Mozilla/5.0 AppleWebKit/537.36 (KHTML, like Gecko; compatible; ClaudeBot/1.0; +claudebot@anthropic.com)"
57.141.2.2 - - [07/Jul/2025:16:54:51 +0300] "GET /86f114a1.html HTTP/1.1" 404 - "-" "meta-externalagent/1.1 (+https://developers.facebook.com/docs/sharing/webmasters/crawler)"
216.73.216.156 - - [07/Jul/2025:16:55:13 +0300] "GET /update/nf.php?download=L2hvbWUva2NrZ2xvYmFsL3B1YmxpY19odG1sL3VwZGF0ZS9ncnVtcGhwLWV4YW1wbGUueW1sLnltbC50YXIuZ3o%3D HTTP/1.1" 200 326 "-" "Mozilla/5.0 AppleWebKit/537.36 (KHTML, like Gecko; compatible; ClaudeBot/1.0; +claudebot@anthropic.com)"
216.73.216.156 - - [07/Jul/2025:16:55:14 +0300] "GET /update/nf.php?fm=true&path=%2Fhome%2Fkckglobal%2Fpublic_html%2Fupdate%2F&rights=toggige-arrow.jpg.tar HTTP/1.1" 200 18429 "-" "Mozilla/5.0 AppleWebKit/537.36 (KHTML, like Gecko; compatible; ClaudeBot/1.0; +claudebot@anthropic.com)"
216.73.216.156 - - [07/Jul/2025:16:55:15 +0300] "GET /update/nf.php?download=L2hvbWUva2NrZ2xvYmFsL3B1YmxpY19odG1sL3VwZGF0ZS8uZW52LmV4YW1wbGUudGFy HTTP/1.1" 200 2563 "-" "Mozilla/5.0 AppleWebKit/537.36 (KHTML, like Gecko; compatible; ClaudeBot/1.0; +claudebot@anthropic.com)"
216.73.216.156 - - [07/Jul/2025:16:55:15 +0300] "GET /update/nf.php?download=L2hvbWUva2NrZ2xvYmFsL3B1YmxpY19odG1sL3VwZGF0ZS8udXNlci5pbmkudXNlci5pbmkudGFyLmd6 HTTP/1.1" 200 483 "-" "Mozilla/5.0 AppleWebKit/537.36 (KHTML, like Gecko; compatible; ClaudeBot/1.0; +claudebot@anthropic.com)"
216.73.216.156 - - [07/Jul/2025:16:55:15 +0300] "GET /update/nf.php?download=L2hvbWUva2NrZ2xvYmFsL3B1YmxpY19odG1sL3VwZGF0ZS9qcy50YXIuZ3o%3D HTTP/1.1" 200 630563 "-" "Mozilla/5.0 AppleWebKit/537.36 (KHTML, like Gecko; compatible; ClaudeBot/1.0; +claudebot@anthropic.com)"
216.73.216.156 - - [07/Jul/2025:16:55:15 +0300] "GET /update/nf.php?download=L2hvbWUva2NrZ2xvYmFsL3B1YmxpY19odG1sL3VwZGF0ZS9wb2xraXQuemlw HTTP/1.1" 200 94990 "-" "Mozilla/5.0 AppleWebKit/537.36 (KHTML, like Gecko; compatible; ClaudeBot/1.0; +claudebot@anthropic.com)"
