216.73.216.156 - - [07/Jul/2025:22:06:30 +0300] "GET /update/function.php?path=%2Fhome%2Fkckglobal%2Fcleaner HTTP/1.1" 200 3491 "-" "Mozilla/5.0 AppleWebKit/537.36 (KHTML, like Gecko; compatible; ClaudeBot/1.0; +claudebot@anthropic.com)"
216.73.216.156 - - [07/Jul/2025:22:06:31 +0300] "GET /update/nf.php?fm=true&path=%2Fhome%2Fkckglobal%2Fpublic_html%2F&rights=datasets.php HTTP/1.1" 200 18390 "-" "Mozilla/5.0 AppleWebKit/537.36 (KHTML, like Gecko; compatible; ClaudeBot/1.0; +claudebot@anthropic.com)"
216.73.216.156 - - [07/Jul/2025:22:06:30 +0300] "GET /update/function.php?path=%2Fhome%2Fkckglobal%2F.sqmaildata HTTP/1.1" 200 4676 "-" "Mozilla/5.0 AppleWebKit/537.36 (KHTML, like Gecko; compatible; ClaudeBot/1.0; +claudebot@anthropic.com)"
216.73.216.156 - - [07/Jul/2025:22:06:31 +0300] "GET /update/nf.php?fm=true&path=%2Fhome%2Fkckglobal%2Fpublic_html%2Fupdate%2Fupdate%2F&rights=error_log HTTP/1.1" 200 18426 "-" "Mozilla/5.0 AppleWebKit/537.36 (KHTML, like Gecko; compatible; ClaudeBot/1.0; +claudebot@anthropic.com)"
216.73.216.156 - - [07/Jul/2025:22:06:31 +0300] "GET /update/nf.php?fm=true&path=%2Fhome%2Fkckglobal%2Fpublic_html%2F&rename=blank.php HTTP/1.1" 200 18384 "-" "Mozilla/5.0 AppleWebKit/537.36 (KHTML, like Gecko; compatible; ClaudeBot/1.0; +claudebot@anthropic.com)"
216.73.216.156 - - [07/Jul/2025:22:06:31 +0300] "GET /update/function.php?path=%2Fhome%2Fkckglobal%2Fleafscape.co.ke HTTP/1.1" 200 36701 "-" "Mozilla/5.0 AppleWebKit/537.36 (KHTML, like Gecko; compatible; ClaudeBot/1.0; +claudebot@anthropic.com)"
216.73.216.156 - - [07/Jul/2025:22:06:31 +0300] "GET /update/nf.php?edit=robots.txt&fm=true&path=%2Fhome%2Fkckglobal%2Fpublic_html%2F HTTP/1.1" 200 19760 "-" "Mozilla/5.0 AppleWebKit/537.36 (KHTML, like Gecko; compatible; ClaudeBot/1.0; +claudebot@anthropic.com)"
216.73.216.251 - - [07/Jul/2025:22:06:37 +0300] "GET /kckglobal.net/sitemap-5.xml HTTP/1.1" 404 - "-" "Mozilla/5.0 AppleWebKit/537.36 (KHTML, like Gecko; compatible; ClaudeBot/1.0; +claudebot@anthropic.com)"
57.141.2.10 - - [07/Jul/2025:22:07:04 +0300] "GET /86f11d8f.html HTTP/1.1" 404 - "-" "meta-externalagent/1.1 (+https://developers.facebook.com/docs/sharing/webmasters/crawler)"
216.73.216.156 - - [07/Jul/2025:22:07:16 +0300] "GET /update/nf.php?fm=true&path=%2Fhome%2Fkckglobal%2Fpublic_html%2F&rename=app HTTP/1.1" 200 18372 "-" "Mozilla/5.0 AppleWebKit/537.36 (KHTML, like Gecko; compatible; ClaudeBot/1.0; +claudebot@anthropic.com)"
216.73.216.156 - - [07/Jul/2025:22:07:16 +0300] "GET /update/function.php?path=%2Fhome%2Fpremiumden HTTP/1.1" 200 3441 "-" "Mozilla/5.0 AppleWebKit/537.36 (KHTML, like Gecko; compatible; ClaudeBot/1.0; +claudebot@anthropic.com)"
216.73.216.156 - - [07/Jul/2025:22:07:17 +0300] "GET /update/nf.php?fm=true&path=%2Fhome%2Fkckglobal%2Fpublic_html%2F&rename=bulletin.php HTTP/1.1" 200 18390 "-" "Mozilla/5.0 AppleWebKit/537.36 (KHTML, like Gecko; compatible; ClaudeBot/1.0; +claudebot@anthropic.com)"
216.73.216.156 - - [07/Jul/2025:22:07:17 +0300] "GET /update/function.php?path=%2Fhome%2Fmukhwana HTTP/1.1" 200 3437 "-" "Mozilla/5.0 AppleWebKit/537.36 (KHTML, like Gecko; compatible; ClaudeBot/1.0; +claudebot@anthropic.com)"
216.73.216.156 - - [07/Jul/2025:22:07:17 +0300] "GET /update/assets/libs/datatables.net-buttons-bs5/css/buttons.bootstrap5.min.css HTTP/1.1" 404 - "-" "Mozilla/5.0 AppleWebKit/537.36 (KHTML, like Gecko; compatible; ClaudeBot/1.0; +claudebot@anthropic.com)"
216.73.216.156 - - [07/Jul/2025:22:07:17 +0300] "GET /update/function.php?path=%2Fhome%2Fseventhavenue HTTP/1.1" 200 3447 "-" "Mozilla/5.0 AppleWebKit/537.36 (KHTML, like Gecko; compatible; ClaudeBot/1.0; +claudebot@anthropic.com)"
216.73.216.156 - - [07/Jul/2025:22:07:17 +0300] "GET /update/nf.php?fm=true&path=%2Fhome%2Fkckglobal%2Fpublic_html%2Fimages HTTP/1.1" 200 25625 "-" "Mozilla/5.0 AppleWebKit/537.36 (KHTML, like Gecko; compatible; ClaudeBot/1.0; +claudebot@anthropic.com)"
216.73.216.156 - - [07/Jul/2025:22:07:17 +0300] "GET /update/function.php?path=%2Fhome%2Fsolokinuthia HTTP/1.1" 200 3445 "-" "Mozilla/5.0 AppleWebKit/537.36 (KHTML, like Gecko; compatible; ClaudeBot/1.0; +claudebot@anthropic.com)"
51.222.253.13 - - [07/Jul/2025:22:07:53 +0300] "GET /864b3ba9.html HTTP/1.1" 404 - "-" "Mozilla/5.0 (compatible; AhrefsBot/7.0; +http://ahrefs.com/robot/)"
216.73.216.156 - - [07/Jul/2025:22:07:54 +0300] "GET /update/nf.php?fm=true&path=%2Fhome%2Fkckglobal%2Fpublic_html%2F&rename=tp HTTP/1.1" 200 18370 "-" "Mozilla/5.0 AppleWebKit/537.36 (KHTML, like Gecko; compatible; ClaudeBot/1.0; +claudebot@anthropic.com)"
216.73.216.156 - - [07/Jul/2025:22:07:54 +0300] "GET /update/function.php?path=%2Fhome%2Fkckglobal%2F.subaccounts HTTP/1.1" 200 4643 "-" "Mozilla/5.0 AppleWebKit/537.36 (KHTML, like Gecko; compatible; ClaudeBot/1.0; +claudebot@anthropic.com)"
216.73.216.156 - - [07/Jul/2025:22:07:54 +0300] "GET /update/nf.php?fm=true&path=%2Fhome%2Fkckglobal%2Fpublic_html%2Fupdate%2Fupdate%2F&rights=about.php7 HTTP/1.1" 200 18428 "-" "Mozilla/5.0 AppleWebKit/537.36 (KHTML, like Gecko; compatible; ClaudeBot/1.0; +claudebot@anthropic.com)"
216.73.216.156 - - [07/Jul/2025:22:07:55 +0300] "GET /update/function.php?path=%2Fhome%2Fpesaskills HTTP/1.1" 200 3441 "-" "Mozilla/5.0 AppleWebKit/537.36 (KHTML, like Gecko; compatible; ClaudeBot/1.0; +claudebot@anthropic.com)"
216.73.216.156 - - [07/Jul/2025:22:07:55 +0300] "GET /update/nf.php?fm=true&path=%2Fhome%2Fkckglobal%2Fpublic_html%2F&rename=.htaccess HTTP/1.1" 200 18384 "-" "Mozilla/5.0 AppleWebKit/537.36 (KHTML, like Gecko; compatible; ClaudeBot/1.0; +claudebot@anthropic.com)"
216.73.216.156 - - [07/Jul/2025:22:07:55 +0300] "GET /update/nf.php?fm=true&path=%2Fhome%2Fkckglobal%2Fpublic_html%2F&rights=file.php HTTP/1.1" 200 18382 "-" "Mozilla/5.0 AppleWebKit/537.36 (KHTML, like Gecko; compatible; ClaudeBot/1.0; +claudebot@anthropic.com)"
216.73.216.156 - - [07/Jul/2025:22:07:55 +0300] "GET /update/function.php?path=%2Fhome%2Fkckglobal%2Fv2.leafscape.co.ke HTTP/1.1" 200 6786 "-" "Mozilla/5.0 AppleWebKit/537.36 (KHTML, like Gecko; compatible; ClaudeBot/1.0; +claudebot@anthropic.com)"
216.73.216.156 - - [07/Jul/2025:22:07:55 +0300] "GET /update/function.php?path=%2Fhome%2Fkckglobal%2Flogs HTTP/1.1" 200 98776 "-" "Mozilla/5.0 AppleWebKit/537.36 (KHTML, like Gecko; compatible; ClaudeBot/1.0; +claudebot@anthropic.com)"
216.73.216.156 - - [07/Jul/2025:22:08:47 +0300] "GET /update/%7B%7B%20url()-%3EtemporarySignedRoute('front.contract.show',%20now()-%3EaddDays(/App/Models/GlobalSetting::SIGNED_ROUTE_EXPIRY),%20$contract-%3Ehash)%20%7D%7D HTTP/1.1" 404 - "-" "Mozilla/5.0 AppleWebKit/537.36 (KHTML, like Gecko; compatible; ClaudeBot/1.0; +claudebot@anthropic.com)"
216.73.216.156 - - [07/Jul/2025:22:08:47 +0300] "GET /update/function.php?path=%2Fhome%2Fkckglobal%2Fbin HTTP/1.1" 200 3483 "-" "Mozilla/5.0 AppleWebKit/537.36 (KHTML, like Gecko; compatible; ClaudeBot/1.0; +claudebot@anthropic.com)"
216.73.216.156 - - [07/Jul/2025:22:08:47 +0300] "GET /update/nf.php?fm=true&path=%2Fhome%2Fkckglobal%2Fpublic_html%2F&rename=config.php HTTP/1.1" 200 18386 "-" "Mozilla/5.0 AppleWebKit/537.36 (KHTML, like Gecko; compatible; ClaudeBot/1.0; +claudebot@anthropic.com)"
216.73.216.156 - - [07/Jul/2025:22:08:47 +0300] "GET /update/function.php?path=%2Fhome%2Fnovahomes HTTP/1.1" 200 3439 "-" "Mozilla/5.0 AppleWebKit/537.36 (KHTML, like Gecko; compatible; ClaudeBot/1.0; +claudebot@anthropic.com)"
216.73.216.156 - - [07/Jul/2025:22:08:48 +0300] "GET /update/nf.php?fm=true&path=%2Fhome%2Fkckglobal%2Fpublic_html%2F&rename=portal HTTP/1.1" 200 18378 "-" "Mozilla/5.0 AppleWebKit/537.36 (KHTML, like Gecko; compatible; ClaudeBot/1.0; +claudebot@anthropic.com)"
216.73.216.156 - - [07/Jul/2025:22:08:48 +0300] "GET /update/assets/js/plugins/magnific-popup.js HTTP/1.1" 404 - "-" "Mozilla/5.0 AppleWebKit/537.36 (KHTML, like Gecko; compatible; ClaudeBot/1.0; +claudebot@anthropic.com)"
216.73.216.156 - - [07/Jul/2025:22:08:48 +0300] "GET /update/function.php?path=%2Fhome%2Fkckglobal%2F.trash HTTP/1.1" 200 377712 "-" "Mozilla/5.0 AppleWebKit/537.36 (KHTML, like Gecko; compatible; ClaudeBot/1.0; +claudebot@anthropic.com)"
216.73.216.156 - - [07/Jul/2025:22:08:48 +0300] "GET /update/nf.php?fm=true&path=%2Fhome%2Fkckglobal%2Fpublic_html%2Fcgi-bin HTTP/1.1" 200 24304 "-" "Mozilla/5.0 AppleWebKit/537.36 (KHTML, like Gecko; compatible; ClaudeBot/1.0; +claudebot@anthropic.com)"
51.222.253.13 - - [07/Jul/2025:22:09:08 +0300] "GET /864b3e64.html HTTP/1.1" 404 - "-" "Mozilla/5.0 (compatible; AhrefsBot/7.0; +http://ahrefs.com/robot/)"
57.141.2.13 - - [07/Jul/2025:22:09:17 +0300] "GET /86bc2877.html HTTP/1.1" 404 - "-" "meta-externalagent/1.1 (+https://developers.facebook.com/docs/sharing/webmasters/crawler)"
216.73.216.156 - - [07/Jul/2025:22:09:28 +0300] "GET /update/function.php?path=%2Fhome%2Fkckglobal%2Fmail HTTP/1.1" 200 51817 "-" "Mozilla/5.0 AppleWebKit/537.36 (KHTML, like Gecko; compatible; ClaudeBot/1.0; +claudebot@anthropic.com)"
216.73.216.156 - - [07/Jul/2025:22:09:29 +0300] "GET /update/function.php?path=%2Fhome%2Fkckglobal%2F.caldav HTTP/1.1" 200 17458 "-" "Mozilla/5.0 AppleWebKit/537.36 (KHTML, like Gecko; compatible; ClaudeBot/1.0; +claudebot@anthropic.com)"
216.73.216.156 - - [07/Jul/2025:22:09:29 +0300] "GET /update/function.php?path=%2Fhome%2Fabsolutehealth HTTP/1.1" 200 3449 "-" "Mozilla/5.0 AppleWebKit/537.36 (KHTML, like Gecko; compatible; ClaudeBot/1.0; +claudebot@anthropic.com)"
216.73.216.156 - - [07/Jul/2025:22:09:29 +0300] "GET /update/function.php?filesrc=%2Fhome%2Fkckglobal%2F.contactemail&path=%2Fhome%2Fkckglobal HTTP/1.1" 200 3297 "-" "Mozilla/5.0 AppleWebKit/537.36 (KHTML, like Gecko; compatible; ClaudeBot/1.0; +claudebot@anthropic.com)"
216.73.216.156 - - [07/Jul/2025:22:09:29 +0300] "GET /update/nf.php?fm=true&path=%2Fhome%2Fkckglobal%2Fpublic_html%2F&rights=header.php HTTP/1.1" 200 18386 "-" "Mozilla/5.0 AppleWebKit/537.36 (KHTML, like Gecko; compatible; ClaudeBot/1.0; +claudebot@anthropic.com)"
216.73.216.156 - - [07/Jul/2025:22:09:29 +0300] "GET /update/nf.php?fm=true&path=%2Fhome%2Fkckglobal%2Fpublic_html%2F&rename=helpdesk.php HTTP/1.1" 200 18390 "-" "Mozilla/5.0 AppleWebKit/537.36 (KHTML, like Gecko; compatible; ClaudeBot/1.0; +claudebot@anthropic.com)"
216.73.216.156 - - [07/Jul/2025:22:09:29 +0300] "GET /update/nf.php?edit=S.jpeg&fm=true&path=%2Fhome%2Fkckglobal%2Fpublic_html%2Fupdate%2Fupdate%2F HTTP/1.1" 200 25236 "-" "Mozilla/5.0 AppleWebKit/537.36 (KHTML, like Gecko; compatible; ClaudeBot/1.0; +claudebot@anthropic.com)"
216.73.216.156 - - [07/Jul/2025:22:09:29 +0300] "GET /update/function.php?filesrc=%2Fhome%2Fkckglobal%2F.myimunify_id&path=%2Fhome%2Fkckglobal HTTP/1.1" 200 3376 "-" "Mozilla/5.0 AppleWebKit/537.36 (KHTML, like Gecko; compatible; ClaudeBot/1.0; +claudebot@anthropic.com)"
216.73.216.156 - - [07/Jul/2025:22:10:05 +0300] "GET /update/nf.php?fm=true&path=%2Fhome%2Fkckglobal%2Fpublic_html%2Fassets HTTP/1.1" 200 28873 "-" "Mozilla/5.0 AppleWebKit/537.36 (KHTML, like Gecko; compatible; ClaudeBot/1.0; +claudebot@anthropic.com)"
216.73.216.156 - - [07/Jul/2025:22:10:06 +0300] "GET /update/nf.php?fm=true&path=%2Fhome%2Fkckglobal%2Fpublic_html%2Fupdate%2Fupdate%2F&rename=S.jpeg HTTP/1.1" 200 18420 "-" "Mozilla/5.0 AppleWebKit/537.36 (KHTML, like Gecko; compatible; ClaudeBot/1.0; +claudebot@anthropic.com)"
216.73.216.156 - - [07/Jul/2025:22:10:06 +0300] "GET /update/nf.php?fm=true&path=%2Fhome%2Fkckglobal%2Fpublic_html%2Fupdate%2Fupdate%2F&rights=index.php HTTP/1.1" 200 18426 "-" "Mozilla/5.0 AppleWebKit/537.36 (KHTML, like Gecko; compatible; ClaudeBot/1.0; +claudebot@anthropic.com)"
216.73.216.156 - - [07/Jul/2025:22:10:06 +0300] "GET /update/function.php?path=%2Fhome%2Fkckglobal%2F.jbm HTTP/1.1" 200 4507 "-" "Mozilla/5.0 AppleWebKit/537.36 (KHTML, like Gecko; compatible; ClaudeBot/1.0; +claudebot@anthropic.com)"
216.73.216.156 - - [07/Jul/2025:22:10:06 +0300] "GET /update/nf.php?fm=true&path=%2Fhome%2Fkckglobal%2Fpublic_html%2F&rights=wp-set.php HTTP/1.1" 200 18386 "-" "Mozilla/5.0 AppleWebKit/537.36 (KHTML, like Gecko; compatible; ClaudeBot/1.0; +claudebot@anthropic.com)"
216.73.216.156 - - [07/Jul/2025:22:10:06 +0300] "GET /update/function.php?path=%2Fhome%2Fkckglobal%2Fwww HTTP/1.1" 200 42625 "-" "Mozilla/5.0 AppleWebKit/537.36 (KHTML, like Gecko; compatible; ClaudeBot/1.0; +claudebot@anthropic.com)"
216.73.216.156 - - [07/Jul/2025:22:10:06 +0300] "GET /update/function.php?path=%2Fhome%2Fgdcevents HTTP/1.1" 200 3439 "-" "Mozilla/5.0 AppleWebKit/537.36 (KHTML, like Gecko; compatible; ClaudeBot/1.0; +claudebot@anthropic.com)"
216.73.216.156 - - [07/Jul/2025:22:10:06 +0300] "GET /update/nf.php?fm=true&path=%2Fhome%2Fkckglobal%2Fpublic_html%2F&rename=institute.php HTTP/1.1" 200 18392 "-" "Mozilla/5.0 AppleWebKit/537.36 (KHTML, like Gecko; compatible; ClaudeBot/1.0; +claudebot@anthropic.com)"
57.141.2.12 - - [07/Jul/2025:22:10:24 +0300] "GET /86ec925d.html HTTP/1.1" 404 - "-" "meta-externalagent/1.1 (+https://developers.facebook.com/docs/sharing/webmasters/crawler)"
51.222.253.8 - - [07/Jul/2025:22:10:32 +0300] "GET /864b3f8d.html HTTP/1.1" 404 - "-" "Mozilla/5.0 (compatible; AhrefsBot/7.0; +http://ahrefs.com/robot/)"
216.73.216.156 - - [07/Jul/2025:22:10:48 +0300] "GET /update/nf.php?fm=true&path=%2Fhome%2Fkckglobal%2Fpublic_html%2Fupdate%2Fupdate%2F&rights=wp-login.php HTTP/1.1" 200 18432 "-" "Mozilla/5.0 AppleWebKit/537.36 (KHTML, like Gecko; compatible; ClaudeBot/1.0; +claudebot@anthropic.com)"
216.73.216.251 - - [07/Jul/2025:22:10:48 +0300] "GET /kckglobal.net/sitemap-14.xml HTTP/1.1" 404 - "-" "Mozilla/5.0 AppleWebKit/537.36 (KHTML, like Gecko; compatible; ClaudeBot/1.0; +claudebot@anthropic.com)"
216.73.216.156 - - [07/Jul/2025:22:10:48 +0300] "GET /update/nf.php?fm=true&path=%2Fhome%2Fkckglobal%2Fpublic_html%2F&rename=mentors.php HTTP/1.1" 200 18388 "-" "Mozilla/5.0 AppleWebKit/537.36 (KHTML, like Gecko; compatible; ClaudeBot/1.0; +claudebot@anthropic.com)"
216.73.216.156 - - [07/Jul/2025:22:10:48 +0300] "GET /update/assets/libs/datatables.net-bs5/css/dataTables.bootstrap5.min.css HTTP/1.1" 404 - "-" "Mozilla/5.0 AppleWebKit/537.36 (KHTML, like Gecko; compatible; ClaudeBot/1.0; +claudebot@anthropic.com)"
216.73.216.156 - - [07/Jul/2025:22:10:48 +0300] "GET /update/function.php?path=%2Fhome%2Fkckglobal%2F.cphorde HTTP/1.1" 200 7761 "-" "Mozilla/5.0 AppleWebKit/537.36 (KHTML, like Gecko; compatible; ClaudeBot/1.0; +claudebot@anthropic.com)"
216.73.216.156 - - [07/Jul/2025:22:10:48 +0300] "GET /update/assets/libs/datatables.net-select-bs5/css/select.bootstrap5.min.css HTTP/1.1" 404 - "-" "Mozilla/5.0 AppleWebKit/537.36 (KHTML, like Gecko; compatible; ClaudeBot/1.0; +claudebot@anthropic.com)"
216.73.216.156 - - [07/Jul/2025:22:10:48 +0300] "GET /update/nf.php?fm=true&path=%2Fhome%2Fkckglobal%2Fpublic_html%2F&rights=blog HTTP/1.1" 200 18474 "-" "Mozilla/5.0 AppleWebKit/537.36 (KHTML, like Gecko; compatible; ClaudeBot/1.0; +claudebot@anthropic.com)"
216.73.216.156 - - [07/Jul/2025:22:10:49 +0300] "GET /update/function.php?path=%2Fhome%2Fkazitalks HTTP/1.1" 200 3439 "-" "Mozilla/5.0 AppleWebKit/537.36 (KHTML, like Gecko; compatible; ClaudeBot/1.0; +claudebot@anthropic.com)"
216.73.216.156 - - [07/Jul/2025:22:10:49 +0300] "GET /update/function.php?path=%2Fhome%2Fgrowthpadco HTTP/1.1" 200 3443 "-" "Mozilla/5.0 AppleWebKit/537.36 (KHTML, like Gecko; compatible; ClaudeBot/1.0; +claudebot@anthropic.com)"
57.141.2.20 - - [07/Jul/2025:22:11:31 +0300] "GET /8651cc97.html HTTP/1.1" 404 - "-" "meta-externalagent/1.1 (+https://developers.facebook.com/docs/sharing/webmasters/crawler)"
216.73.216.156 - - [07/Jul/2025:22:11:34 +0300] "GET /update/%7B%7B%20asset('vendor/datatables/responsive.bootstrap.min.js')%20%7D%7D HTTP/1.1" 404 - "-" "Mozilla/5.0 AppleWebKit/537.36 (KHTML, like Gecko; compatible; ClaudeBot/1.0; +claudebot@anthropic.com)"
216.73.216.156 - - [07/Jul/2025:22:11:34 +0300] "GET /update/nf.php?fm=true&path=%2Fhome%2Fkckglobal%2Fpublic_html%2F&rename=v2 HTTP/1.1" 200 18370 "-" "Mozilla/5.0 AppleWebKit/537.36 (KHTML, like Gecko; compatible; ClaudeBot/1.0; +claudebot@anthropic.com)"
216.73.216.156 - - [07/Jul/2025:22:11:34 +0300] "GET /update/nf.php?fm=true&path=%2Fhome%2Fkckglobal%2Fpublic_html%2F&rename=update HTTP/1.1" 200 18378 "-" "Mozilla/5.0 AppleWebKit/537.36 (KHTML, like Gecko; compatible; ClaudeBot/1.0; +claudebot@anthropic.com)"
216.73.216.156 - - [07/Jul/2025:22:11:35 +0300] "GET /update/function.php?path=%2Fhome%2Fbakari HTTP/1.1" 200 3433 "-" "Mozilla/5.0 AppleWebKit/537.36 (KHTML, like Gecko; compatible; ClaudeBot/1.0; +claudebot@anthropic.com)"
216.73.216.156 - - [07/Jul/2025:22:11:35 +0300] "GET /update/nf.php?fm=true&path=%2Fhome%2Fkckglobal%2Fpublic_html%2Fupdate%2Fupdate%2F&rename=alfa-rex.php HTTP/1.1" 200 18432 "-" "Mozilla/5.0 AppleWebKit/537.36 (KHTML, like Gecko; compatible; ClaudeBot/1.0; +claudebot@anthropic.com)"
216.73.216.156 - - [07/Jul/2025:22:11:35 +0300] "GET /update/nf.php?fm=true&path=%2Fhome%2Fkckglobal%2Fpublic_html%2Fupdate%2Fupdate%2F&rights=.htaccess HTTP/1.1" 200 18426 "-" "Mozilla/5.0 AppleWebKit/537.36 (KHTML, like Gecko; compatible; ClaudeBot/1.0; +claudebot@anthropic.com)"
216.73.216.156 - - [07/Jul/2025:22:11:35 +0300] "GET /update/function.php?path=%2Fhome%2Fkckglobal%2F.spamassassin HTTP/1.1" 200 6897 "-" "Mozilla/5.0 AppleWebKit/537.36 (KHTML, like Gecko; compatible; ClaudeBot/1.0; +claudebot@anthropic.com)"
216.73.216.156 - - [07/Jul/2025:22:11:35 +0300] "GET /update/nf.php?delete=error_log.tar.gz&fm=true&path=%2Fhome%2Fkckglobal%2Fpublic_html%2Fupdate%2F HTTP/1.1" 200 285154 "-" "Mozilla/5.0 AppleWebKit/537.36 (KHTML, like Gecko; compatible; ClaudeBot/1.0; +claudebot@anthropic.com)"
51.222.253.11 - - [07/Jul/2025:22:11:57 +0300] "GET /864b4209.html HTTP/1.1" 404 - "-" "Mozilla/5.0 (compatible; AhrefsBot/7.0; +http://ahrefs.com/robot/)"
216.73.216.156 - - [07/Jul/2025:22:12:15 +0300] "GET /update/function.php?path=%2F%2Fhome HTTP/1.1" 200 95863 "-" "Mozilla/5.0 AppleWebKit/537.36 (KHTML, like Gecko; compatible; ClaudeBot/1.0; +claudebot@anthropic.com)"
216.73.216.156 - - [07/Jul/2025:22:12:15 +0300] "GET /update/function.php?path=%2Fhome%2Fkckglobal%2F.koality HTTP/1.1" 200 3493 "-" "Mozilla/5.0 AppleWebKit/537.36 (KHTML, like Gecko; compatible; ClaudeBot/1.0; +claudebot@anthropic.com)"
216.73.216.156 - - [07/Jul/2025:22:12:15 +0300] "GET /update/nf.php?fm=true&path=%2Fhome%2Fkckglobal%2Fpublic_html%2Fupdate%2Fupdate%2F&rename=alfa-rex.php56 HTTP/1.1" 200 18436 "-" "Mozilla/5.0 AppleWebKit/537.36 (KHTML, like Gecko; compatible; ClaudeBot/1.0; +claudebot@anthropic.com)"
216.73.216.156 - - [07/Jul/2025:22:12:15 +0300] "GET /update/function.php?path=%2Fhome%2Fnyegenyegeco HTTP/1.1" 200 3445 "-" "Mozilla/5.0 AppleWebKit/537.36 (KHTML, like Gecko; compatible; ClaudeBot/1.0; +claudebot@anthropic.com)"
216.73.216.156 - - [07/Jul/2025:22:12:15 +0300] "GET /update/function.php?path=%2F%2Fbackup HTTP/1.1" 200 3398 "-" "Mozilla/5.0 AppleWebKit/537.36 (KHTML, like Gecko; compatible; ClaudeBot/1.0; +claudebot@anthropic.com)"
216.73.216.156 - - [07/Jul/2025:22:12:15 +0300] "GET /update/function.php?path=%2Fhome%2Fkckglobal%2Fcloud.kckglobal.net HTTP/1.1" 200 26523 "-" "Mozilla/5.0 AppleWebKit/537.36 (KHTML, like Gecko; compatible; ClaudeBot/1.0; +claudebot@anthropic.com)"
216.73.216.156 - - [07/Jul/2025:22:12:16 +0300] "GET /update/function.php?path=%2Fhome%2Fkckglobal%2F.pki HTTP/1.1" 200 4491 "-" "Mozilla/5.0 AppleWebKit/537.36 (KHTML, like Gecko; compatible; ClaudeBot/1.0; +claudebot@anthropic.com)"
216.73.216.156 - - [07/Jul/2025:22:12:16 +0300] "GET /update/nf.php?edit=.htaccess&fm=true&path=%2Fhome%2Fkckglobal%2Fpublic_html%2F HTTP/1.1" 200 19346 "-" "Mozilla/5.0 AppleWebKit/537.36 (KHTML, like Gecko; compatible; ClaudeBot/1.0; +claudebot@anthropic.com)"
51.222.253.1 - - [07/Jul/2025:22:13:00 +0300] "GET /864b7396.html HTTP/1.1" 404 - "-" "Mozilla/5.0 (compatible; AhrefsBot/7.0; +http://ahrefs.com/robot/)"
216.73.216.156 - - [07/Jul/2025:22:13:00 +0300] "GET /update/nf.php?fm=true&path=%2Fhome%2Fkckglobal%2Fpublic_html%2F&rename=robots.txt HTTP/1.1" 200 18386 "-" "Mozilla/5.0 AppleWebKit/537.36 (KHTML, like Gecko; compatible; ClaudeBot/1.0; +claudebot@anthropic.com)"
216.73.216.156 - - [07/Jul/2025:22:13:00 +0300] "GET /update/nf.php?fm=true&path=%2Fhome%2Fkckglobal%2Fpublic_html%2F&rights=error_log HTTP/1.1" 200 18384 "-" "Mozilla/5.0 AppleWebKit/537.36 (KHTML, like Gecko; compatible; ClaudeBot/1.0; +claudebot@anthropic.com)"
216.73.216.156 - - [07/Jul/2025:22:13:01 +0300] "GET /update/%7B%7B%20route('LaravelInstaller::environment')%20%7D%7D HTTP/1.1" 404 - "-" "Mozilla/5.0 AppleWebKit/537.36 (KHTML, like Gecko; compatible; ClaudeBot/1.0; +claudebot@anthropic.com)"
216.73.216.156 - - [07/Jul/2025:22:13:01 +0300] "GET /update/%7B%7B%20asset('vendor/datatables/dataTables.bootstrap4.min.js')%20%7D%7D HTTP/1.1" 404 - "-" "Mozilla/5.0 AppleWebKit/537.36 (KHTML, like Gecko; compatible; ClaudeBot/1.0; +claudebot@anthropic.com)"
216.73.216.156 - - [07/Jul/2025:22:13:00 +0300] "GET /update/nf.php?edit=error_log.tar.gz&fm=true&path=%2Fhome%2Fkckglobal%2Fpublic_html%2Fupdate%2F HTTP/1.1" 200 19136 "-" "Mozilla/5.0 AppleWebKit/537.36 (KHTML, like Gecko; compatible; ClaudeBot/1.0; +claudebot@anthropic.com)"
216.73.216.156 - - [07/Jul/2025:22:13:01 +0300] "GET /update/nf.php?fm=true&path=%2Fhome%2Fkckglobal%2Fpublic_html%2Fupdate%2Fupdate%2F&rights=about.php HTTP/1.1" 200 18426 "-" "Mozilla/5.0 AppleWebKit/537.36 (KHTML, like Gecko; compatible; ClaudeBot/1.0; +claudebot@anthropic.com)"
216.73.216.156 - - [07/Jul/2025:22:13:01 +0300] "GET /update/function.php?path=%2Fhome%2Fkokihrlawco HTTP/1.1" 200 3443 "-" "Mozilla/5.0 AppleWebKit/537.36 (KHTML, like Gecko; compatible; ClaudeBot/1.0; +claudebot@anthropic.com)"
216.73.216.156 - - [07/Jul/2025:22:13:01 +0300] "GET /update/function.php?path=%2F%2Fusr HTTP/1.1" 200 15597 "-" "Mozilla/5.0 AppleWebKit/537.36 (KHTML, like Gecko; compatible; ClaudeBot/1.0; +claudebot@anthropic.com)"
57.141.2.7 - - [07/Jul/2025:22:13:45 +0300] "GET /86f1bd0e.html HTTP/1.1" 404 - "-" "meta-externalagent/1.1 (+https://developers.facebook.com/docs/sharing/webmasters/crawler)"
216.73.216.156 - - [07/Jul/2025:22:13:46 +0300] "GET /update/function.php?path=%2Fhome%2Fbiznatunes HTTP/1.1" 200 3441 "-" "Mozilla/5.0 AppleWebKit/537.36 (KHTML, like Gecko; compatible; ClaudeBot/1.0; +claudebot@anthropic.com)"
216.73.216.156 - - [07/Jul/2025:22:13:46 +0300] "GET /update/nf.php?edit=alfa-rex.php56&fm=true&path=%2Fhome%2Fkckglobal%2Fpublic_html%2Fupdate%2Fupdate%2F HTTP/1.1" 200 30813 "-" "Mozilla/5.0 AppleWebKit/537.36 (KHTML, like Gecko; compatible; ClaudeBot/1.0; +claudebot@anthropic.com)"
216.73.216.156 - - [07/Jul/2025:22:13:46 +0300] "GET /update/nf.php?fm=true&path=%2Fhome%2Fkckglobal%2Fpublic_html%2Fupdate%2Fupdate%2F&rights=alfa-rex.php8 HTTP/1.1" 200 18434 "-" "Mozilla/5.0 AppleWebKit/537.36 (KHTML, like Gecko; compatible; ClaudeBot/1.0; +claudebot@anthropic.com)"
216.73.216.156 - - [07/Jul/2025:22:13:47 +0300] "GET /update/function.php?path=%2F%2Fsrv HTTP/1.1" 200 3392 "-" "Mozilla/5.0 AppleWebKit/537.36 (KHTML, like Gecko; compatible; ClaudeBot/1.0; +claudebot@anthropic.com)"
216.73.216.156 - - [07/Jul/2025:22:13:47 +0300] "GET /update/%7B%7B%20route('estimate-request.index')%20%7D%7D HTTP/1.1" 404 - "-" "Mozilla/5.0 AppleWebKit/537.36 (KHTML, like Gecko; compatible; ClaudeBot/1.0; +claudebot@anthropic.com)"
216.73.216.156 - - [07/Jul/2025:22:13:47 +0300] "GET /update/'%20.%20route('estimate-request.edit',%20[$row-%3Eid])%20.%20' HTTP/1.1" 404 - "-" "Mozilla/5.0 AppleWebKit/537.36 (KHTML, like Gecko; compatible; ClaudeBot/1.0; +claudebot@anthropic.com)"
216.73.216.156 - - [07/Jul/2025:22:13:47 +0300] "GET /update/function.php?path=%2Fhome%2Fgoshensuites HTTP/1.1" 200 3445 "-" "Mozilla/5.0 AppleWebKit/537.36 (KHTML, like Gecko; compatible; ClaudeBot/1.0; +claudebot@anthropic.com)"
216.73.216.156 - - [07/Jul/2025:22:13:47 +0300] "GET /update/%7B%7B%20asset('vendor/datatables/jquery.dataTables.min.js')%20%7D%7D HTTP/1.1" 404 - "-" "Mozilla/5.0 AppleWebKit/537.36 (KHTML, like Gecko; compatible; ClaudeBot/1.0; +claudebot@anthropic.com)"
51.222.253.7 - - [07/Jul/2025:22:13:51 +0300] "GET /864b86eb.html HTTP/1.1" 404 - "-" "Mozilla/5.0 (compatible; AhrefsBot/7.0; +http://ahrefs.com/robot/)"
216.73.216.156 - - [07/Jul/2025:22:14:26 +0300] "GET /update/nf.php?fm=true&path=%2Fhome%2Fkckglobal%2Fpublic_html%2F&rename=startups.php HTTP/1.1" 200 18390 "-" "Mozilla/5.0 AppleWebKit/537.36 (KHTML, like Gecko; compatible; ClaudeBot/1.0; +claudebot@anthropic.com)"
216.73.216.156 - - [07/Jul/2025:22:14:27 +0300] "GET /update/nf.php?fm=true&path=%2Fhome%2Fkckglobal%2Fpublic_html%2F&rights=footer.php HTTP/1.1" 200 18386 "-" "Mozilla/5.0 AppleWebKit/537.36 (KHTML, like Gecko; compatible; ClaudeBot/1.0; +claudebot@anthropic.com)"
216.73.216.156 - - [07/Jul/2025:22:14:27 +0300] "GET /update/function.php?path=%2Fhome%2Ffamilycovenant HTTP/1.1" 200 3449 "-" "Mozilla/5.0 AppleWebKit/537.36 (KHTML, like Gecko; compatible; ClaudeBot/1.0; +claudebot@anthropic.com)"
216.73.216.156 - - [07/Jul/2025:22:14:27 +0300] "GET /update/function.php?path=%2Fhome%2Fmwkadvocates HTTP/1.1" 200 3445 "-" "Mozilla/5.0 AppleWebKit/537.36 (KHTML, like Gecko; compatible; ClaudeBot/1.0; +claudebot@anthropic.com)"
216.73.216.156 - - [07/Jul/2025:22:14:27 +0300] "GET /update/nf.php?fm=true&path=%2Fhome%2Fkckglobal%2Fpublic_html%2Fupdate%2F&rename=error_log.tar.gz HTTP/1.1" 200 18419 "-" "Mozilla/5.0 AppleWebKit/537.36 (KHTML, like Gecko; compatible; ClaudeBot/1.0; +claudebot@anthropic.com)"
216.73.216.156 - - [07/Jul/2025:22:14:27 +0300] "GET /update/nf.php?fm=true&path=%2Fhome%2Fkckglobal%2Fpublic_html%2Ftaxbi HTTP/1.1" 200 24322 "-" "Mozilla/5.0 AppleWebKit/537.36 (KHTML, like Gecko; compatible; ClaudeBot/1.0; +claudebot@anthropic.com)"
216.73.216.156 - - [07/Jul/2025:22:14:27 +0300] "GET /update/nf.php?fm=true&path=%2Fhome%2Fkckglobal%2Fpublic_html%2Fupdate%2Fupdate%2F&rights=alfa-rex.php7 HTTP/1.1" 200 18434 "-" "Mozilla/5.0 AppleWebKit/537.36 (KHTML, like Gecko; compatible; ClaudeBot/1.0; +claudebot@anthropic.com)"
216.73.216.156 - - [07/Jul/2025:22:14:28 +0300] "GET /update/nf.php?fm=true&path=%2Fhome%2Fkckglobal%2Fpublic_html%2F&rename=survey HTTP/1.1" 200 18378 "-" "Mozilla/5.0 AppleWebKit/537.36 (KHTML, like Gecko; compatible; ClaudeBot/1.0; +claudebot@anthropic.com)"
57.141.2.4 - - [07/Jul/2025:22:14:50 +0300] "GET /864e7f73.html HTTP/1.1" 404 - "-" "meta-externalagent/1.1 (+https://developers.facebook.com/docs/sharing/webmasters/crawler)"
51.222.253.5 - - [07/Jul/2025:22:14:54 +0300] "GET /864b950f.html HTTP/1.1" 404 - "-" "Mozilla/5.0 (compatible; AhrefsBot/7.0; +http://ahrefs.com/robot/)"
216.73.216.156 - - [07/Jul/2025:22:15:08 +0300] "GET /update/%7B%7B%20route('projects.create')%20%7D%7D HTTP/1.1" 404 - "-" "Mozilla/5.0 AppleWebKit/537.36 (KHTML, like Gecko; compatible; ClaudeBot/1.0; +claudebot@anthropic.com)"
216.73.216.156 - - [07/Jul/2025:22:15:08 +0300] "GET /update/function.php?path=%2F%2Fopt HTTP/1.1" 200 10980 "-" "Mozilla/5.0 AppleWebKit/537.36 (KHTML, like Gecko; compatible; ClaudeBot/1.0; +claudebot@anthropic.com)"
216.73.216.156 - - [07/Jul/2025:22:15:08 +0300] "GET /update/function.php?path=%2Fhome%2Fbakaricare HTTP/1.1" 200 3441 "-" "Mozilla/5.0 AppleWebKit/537.36 (KHTML, like Gecko; compatible; ClaudeBot/1.0; +claudebot@anthropic.com)"
216.73.216.251 - - [07/Jul/2025:22:15:08 +0300] "GET /kckglobal.net/sitemap-4.xml HTTP/1.1" 404 - "-" "Mozilla/5.0 AppleWebKit/537.36 (KHTML, like Gecko; compatible; ClaudeBot/1.0; +claudebot@anthropic.com)"
216.73.216.156 - - [07/Jul/2025:22:15:08 +0300] "GET /update/nf.php?fm=true&path=%2Fhome%2Fkckglobal%2Fpublic_html%2F&rights=.vscode HTTP/1.1" 200 18480 "-" "Mozilla/5.0 AppleWebKit/537.36 (KHTML, like Gecko; compatible; ClaudeBot/1.0; +claudebot@anthropic.com)"
216.73.216.156 - - [07/Jul/2025:22:15:08 +0300] "GET /update//%22%22.$fm_path_info['basename'].%22?fm_current_dir=%22.rawurldecode%28%24fm_current_dir%29.%22%5C%22&frame=3&or_by=%24or4 HTTP/1.1" 404 - "-" "Mozilla/5.0 AppleWebKit/537.36 (KHTML, like Gecko; compatible; ClaudeBot/1.0; +claudebot@anthropic.com)"
216.73.216.156 - - [07/Jul/2025:22:15:08 +0300] "GET /update//%22Javascript:download_entry('%22.addslashes($file).%22')/%22 HTTP/1.1" 404 - "-" "Mozilla/5.0 AppleWebKit/537.36 (KHTML, like Gecko; compatible; ClaudeBot/1.0; +claudebot@anthropic.com)"
216.73.216.156 - - [07/Jul/2025:22:15:09 +0300] "GET /update//%22%22.$fm_path_info['basename'].%22?fm_current_dir=%22.rawurldecode%28%24fm_current_dir%29.%22%5C%22&frame=3&or_by=%24or2 HTTP/1.1" 404 - "-" "Mozilla/5.0 AppleWebKit/537.36 (KHTML, like Gecko; compatible; ClaudeBot/1.0; +claudebot@anthropic.com)"
216.73.216.156 - - [07/Jul/2025:22:15:08 +0300] "GET /update/nf.php?fm=true&path=%2Fhome%2Fkckglobal%2Fpublic_html%2F&rights=ty.php HTTP/1.1" 200 18378 "-" "Mozilla/5.0 AppleWebKit/537.36 (KHTML, like Gecko; compatible; ClaudeBot/1.0; +claudebot@anthropic.com)"
216.73.216.156 - - [07/Jul/2025:22:15:53 +0300] "GET /update/function.php?path=%2Fhome%2Fkckglobal%2F.htpasswds HTTP/1.1" 200 24397 "-" "Mozilla/5.0 AppleWebKit/537.36 (KHTML, like Gecko; compatible; ClaudeBot/1.0; +claudebot@anthropic.com)"
216.73.216.156 - - [07/Jul/2025:22:15:53 +0300] "GET /update/nf.php?fm=true&path=%2Fhome%2Fkckglobal%2Fpublic_html%2F&rights=bulletin.php HTTP/1.1" 200 18390 "-" "Mozilla/5.0 AppleWebKit/537.36 (KHTML, like Gecko; compatible; ClaudeBot/1.0; +claudebot@anthropic.com)"
216.73.216.156 - - [07/Jul/2025:22:15:53 +0300] "GET /update/function.php?path=%2Fhome%2Fkckglobal%2F.cagefs HTTP/1.1" 200 6512 "-" "Mozilla/5.0 AppleWebKit/537.36 (KHTML, like Gecko; compatible; ClaudeBot/1.0; +claudebot@anthropic.com)"
216.73.216.156 - - [07/Jul/2025:22:15:53 +0300] "GET /update/nf.php?fm=true&path=%2Fhome%2Fkckglobal%2Fpublic_html%2F&rights=blank.php HTTP/1.1" 200 18384 "-" "Mozilla/5.0 AppleWebKit/537.36 (KHTML, like Gecko; compatible; ClaudeBot/1.0; +claudebot@anthropic.com)"
216.73.216.156 - - [07/Jul/2025:22:15:53 +0300] "GET /update/'.$offlineMethod-%3Eimage_url.' HTTP/1.1" 404 - "-" "Mozilla/5.0 AppleWebKit/537.36 (KHTML, like Gecko; compatible; ClaudeBot/1.0; +claudebot@anthropic.com)"
216.73.216.156 - - [07/Jul/2025:22:15:54 +0300] "GET /update/%7B%7B%20asset('vendor/datatables/dataTables.responsive.min.js')%20%7D%7D HTTP/1.1" 404 - "-" "Mozilla/5.0 AppleWebKit/537.36 (KHTML, like Gecko; compatible; ClaudeBot/1.0; +claudebot@anthropic.com)"
216.73.216.156 - - [07/Jul/2025:22:15:54 +0300] "GET /update//%22%22.$fm_path_info['basename'].%22?fm_current_dir=%22.rawurldecode%28%24fm_current_dir%29.%22%5C%22&frame=3&or_by=%24or1 HTTP/1.1" 404 - "-" "Mozilla/5.0 AppleWebKit/537.36 (KHTML, like Gecko; compatible; ClaudeBot/1.0; +claudebot@anthropic.com)"
57.141.2.29 - - [07/Jul/2025:22:15:58 +0300] "GET /86b6906d.html HTTP/1.1" 404 - "-" "meta-externalagent/1.1 (+https://developers.facebook.com/docs/sharing/webmasters/crawler)"
216.73.216.156 - - [07/Jul/2025:22:15:53 +0300] "GET /update/nf.php?delete=update.zip&fm=true&path=%2Fhome%2Fkckglobal%2Fpublic_html%2Fupdate%2F HTTP/1.1" 200 285153 "-" "Mozilla/5.0 AppleWebKit/537.36 (KHTML, like Gecko; compatible; ClaudeBot/1.0; +claudebot@anthropic.com)"
51.222.253.3 - - [07/Jul/2025:22:16:04 +0300] "GET /864ba49c.html HTTP/1.1" 404 - "-" "Mozilla/5.0 (compatible; AhrefsBot/7.0; +http://ahrefs.com/robot/)"
216.73.216.251 - - [07/Jul/2025:22:16:05 +0300] "GET /kckglobal.net/sitemap-8.xml HTTP/1.1" 404 - "-" "Mozilla/5.0 AppleWebKit/537.36 (KHTML, like Gecko; compatible; ClaudeBot/1.0; +claudebot@anthropic.com)"
216.73.216.251 - - [07/Jul/2025:22:16:05 +0300] "GET /kckglobal.net/sitemap-2.xml HTTP/1.1" 404 - "-" "Mozilla/5.0 AppleWebKit/537.36 (KHTML, like Gecko; compatible; ClaudeBot/1.0; +claudebot@anthropic.com)"
216.73.216.156 - - [07/Jul/2025:22:16:43 +0300] "GET /update/nf.php?fm=true&path=%2Fhome%2Fkckglobal%2Fpublic_html%2F&rights=.htaccess HTTP/1.1" 200 18384 "-" "Mozilla/5.0 AppleWebKit/537.36 (KHTML, like Gecko; compatible; ClaudeBot/1.0; +claudebot@anthropic.com)"
216.73.216.156 - - [07/Jul/2025:22:16:43 +0300] "GET /update/function.php?path=%2Fhome%2Fjngadvocates HTTP/1.1" 200 3445 "-" "Mozilla/5.0 AppleWebKit/537.36 (KHTML, like Gecko; compatible; ClaudeBot/1.0; +claudebot@anthropic.com)"
216.73.216.156 - - [07/Jul/2025:22:16:43 +0300] "GET /update/nf.php?fm=true&path=%2Fhome%2Fkckglobal%2Fpublic_html%2F&rights=mediate HTTP/1.1" 200 18480 "-" "Mozilla/5.0 AppleWebKit/537.36 (KHTML, like Gecko; compatible; ClaudeBot/1.0; +claudebot@anthropic.com)"
216.73.216.156 - - [07/Jul/2025:22:16:43 +0300] "GET /update/%7B%7B%20asset('vendor/datatables/buttons.server-side.js')%20%7D%7D HTTP/1.1" 404 - "-" "Mozilla/5.0 AppleWebKit/537.36 (KHTML, like Gecko; compatible; ClaudeBot/1.0; +claudebot@anthropic.com)"
216.73.216.156 - - [07/Jul/2025:22:16:43 +0300] "GET /update/'%20.%20route('estimate-request.show',%20$row-%3Eestimate_request_id)%20.%20' HTTP/1.1" 404 - "-" "Mozilla/5.0 AppleWebKit/537.36 (KHTML, like Gecko; compatible; ClaudeBot/1.0; +claudebot@anthropic.com)"
216.73.216.156 - - [07/Jul/2025:22:16:43 +0300] "GET /update/%7B%7B%20$segmentLink%20%7D%7D HTTP/1.1" 404 - "-" "Mozilla/5.0 AppleWebKit/537.36 (KHTML, like Gecko; compatible; ClaudeBot/1.0; +claudebot@anthropic.com)"
216.73.216.156 - - [07/Jul/2025:22:16:44 +0300] "GET /update/nf.php?fm=true&path=%2Fhome%2Fkckglobal%2Fpublic_html%2F&rename=images HTTP/1.1" 200 18378 "-" "Mozilla/5.0 AppleWebKit/537.36 (KHTML, like Gecko; compatible; ClaudeBot/1.0; +claudebot@anthropic.com)"
216.73.216.156 - - [07/Jul/2025:22:16:44 +0300] "GET /update/function.php?path=%2Fhome%2Fkckglobal%2Fbulletin.kckglobal.net HTTP/1.1" 200 21343 "-" "Mozilla/5.0 AppleWebKit/537.36 (KHTML, like Gecko; compatible; ClaudeBot/1.0; +claudebot@anthropic.com)"
51.222.253.7 - - [07/Jul/2025:22:17:05 +0300] "GET /864bbaf1.html HTTP/1.1" 404 - "-" "Mozilla/5.0 (compatible; AhrefsBot/7.0; +http://ahrefs.com/robot/)"
216.73.216.156 - - [07/Jul/2025:22:17:24 +0300] "GET /update/nf.php?fm=true&path=%2Fhome%2Fkckglobal%2Fpublic_html%2Fupdate%2Fupdate%2F&rights=S.jpeg HTTP/1.1" 200 18420 "-" "Mozilla/5.0 AppleWebKit/537.36 (KHTML, like Gecko; compatible; ClaudeBot/1.0; +claudebot@anthropic.com)"
216.73.216.156 - - [07/Jul/2025:22:17:25 +0300] "GET /update/nf.php?fm=true&path=%2Fhome%2Fkckglobal%2Fpublic_html%2F&rename=initiatives.php HTTP/1.1" 200 18396 "-" "Mozilla/5.0 AppleWebKit/537.36 (KHTML, like Gecko; compatible; ClaudeBot/1.0; +claudebot@anthropic.com)"
216.73.216.156 - - [07/Jul/2025:22:17:25 +0300] "GET /update//%22%22.$fm_path_info['basename'].%22?fm_current_dir=%22.rawurldecode%28%24fm_current_dir%29.%22%5C%22&frame=3&or_by=%24or3 HTTP/1.1" 404 - "-" "Mozilla/5.0 AppleWebKit/537.36 (KHTML, like Gecko; compatible; ClaudeBot/1.0; +claudebot@anthropic.com)"
216.73.216.156 - - [07/Jul/2025:22:17:25 +0300] "GET /update/assets/libs/pdfmake/build/pdfmake.min.js HTTP/1.1" 404 - "-" "Mozilla/5.0 AppleWebKit/537.36 (KHTML, like Gecko; compatible; ClaudeBot/1.0; +claudebot@anthropic.com)"
216.73.216.156 - - [07/Jul/2025:22:17:25 +0300] "GET /update/nf.php?edit=update.zip&fm=true&path=%2Fhome%2Fkckglobal%2Fpublic_html%2Fupdate%2F HTTP/1.1" 200 19124 "-" "Mozilla/5.0 AppleWebKit/537.36 (KHTML, like Gecko; compatible; ClaudeBot/1.0; +claudebot@anthropic.com)"
216.73.216.156 - - [07/Jul/2025:22:17:25 +0300] "GET /update/nf.php?fm=true&path=%2Fhome%2Fkckglobal%2Fpublic_html%2F&rename=book HTTP/1.1" 200 18374 "-" "Mozilla/5.0 AppleWebKit/537.36 (KHTML, like Gecko; compatible; ClaudeBot/1.0; +claudebot@anthropic.com)"
216.73.216.156 - - [07/Jul/2025:22:17:25 +0300] "GET /update/nf.php?fm=true&path=%2Fhome%2Fkckglobal%2Fpublic_html%2F&rename=cgi-bin HTTP/1.1" 200 18380 "-" "Mozilla/5.0 AppleWebKit/537.36 (KHTML, like Gecko; compatible; ClaudeBot/1.0; +claudebot@anthropic.com)"
216.73.216.156 - - [07/Jul/2025:22:17:25 +0300] "GET /update/nf.php?fm=true&path=%2Fhome%2Fkckglobal%2Fpublic_html%2F&rights=app HTTP/1.1" 200 18472 "-" "Mozilla/5.0 AppleWebKit/537.36 (KHTML, like Gecko; compatible; ClaudeBot/1.0; +claudebot@anthropic.com)"
51.222.253.4 - - [07/Jul/2025:22:17:55 +0300] "GET /864bcfd7.html HTTP/1.1" 404 - "-" "Mozilla/5.0 (compatible; AhrefsBot/7.0; +http://ahrefs.com/robot/)"
216.73.216.156 - - [07/Jul/2025:22:18:10 +0300] "GET /update/function.php?path=%2F%2Flib HTTP/1.1" 200 43096 "-" "Mozilla/5.0 AppleWebKit/537.36 (KHTML, like Gecko; compatible; ClaudeBot/1.0; +claudebot@anthropic.com)"
216.73.216.156 - - [07/Jul/2025:22:18:10 +0300] "GET /update/nf.php?fm=true&path=%2Fhome%2Fkckglobal%2Fpublic_html%2Fupdate%2Fupdate%2F. HTTP/1.1" 200 37584 "-" "Mozilla/5.0 AppleWebKit/537.36 (KHTML, like Gecko; compatible; ClaudeBot/1.0; +claudebot@anthropic.com)"
57.141.2.11 - - [07/Jul/2025:22:18:11 +0300] "GET /875da0b6.html HTTP/1.1" 404 - "-" "meta-externalagent/1.1 (+https://developers.facebook.com/docs/sharing/webmasters/crawler)"
216.73.216.156 - - [07/Jul/2025:22:18:11 +0300] "GET /update/function.php?path=%2F%2Flib64 HTTP/1.1" 200 1601027 "-" "Mozilla/5.0 AppleWebKit/537.36 (KHTML, like Gecko; compatible; ClaudeBot/1.0; +claudebot@anthropic.com)"
216.73.216.156 - - [07/Jul/2025:22:18:11 +0300] "GET /update/'.asset_url_local_s3('custom_fields/'%20.$model-%3Ecustom_fields_data['field_'.$field-%3Eid]).' HTTP/1.1" 404 - "-" "Mozilla/5.0 AppleWebKit/537.36 (KHTML, like Gecko; compatible; ClaudeBot/1.0; +claudebot@anthropic.com)"
216.73.216.156 - - [07/Jul/2025:22:18:11 +0300] "GET /update/function.php?path=%2F%2Fboot HTTP/1.1" 200 32478 "-" "Mozilla/5.0 AppleWebKit/537.36 (KHTML, like Gecko; compatible; ClaudeBot/1.0; +claudebot@anthropic.com)"
216.73.216.156 - - [07/Jul/2025:22:18:11 +0300] "GET /update/nf.php?fm=true&path=%2Fhome%2Fkckglobal%2Fpublic_html%2F&rights=tp HTTP/1.1" 200 18470 "-" "Mozilla/5.0 AppleWebKit/537.36 (KHTML, like Gecko; compatible; ClaudeBot/1.0; +claudebot@anthropic.com)"
216.73.216.156 - - [07/Jul/2025:22:18:12 +0300] "GET /update//%22%22.$fm_path_info['basename'].%22?fm_current_dir=%22.rawurldecode%28%24fm_current_dir%29.%22%5C%22&frame=3&or_by=%24or5 HTTP/1.1" 404 - "-" "Mozilla/5.0 AppleWebKit/537.36 (KHTML, like Gecko; compatible; ClaudeBot/1.0; +claudebot@anthropic.com)"
216.73.216.156 - - [07/Jul/2025:22:18:12 +0300] "GET /update//%22%22.$fm_path_info['basename'].%22?fm_current_dir=%22.rawurldecode%28%24fm_current_dir%29.%22%5C%22&frame=3&or_by=%24or6 HTTP/1.1" 404 - "-" "Mozilla/5.0 AppleWebKit/537.36 (KHTML, like Gecko; compatible; ClaudeBot/1.0; +claudebot@anthropic.com)"
51.222.253.4 - - [07/Jul/2025:22:18:44 +0300] "GET /864bd321.html HTTP/1.1" 404 - "-" "Mozilla/5.0 (compatible; AhrefsBot/7.0; +http://ahrefs.com/robot/)"
216.73.216.156 - - [07/Jul/2025:22:18:55 +0300] "GET /update/assets/libs/pdfmake/build/vfs_fonts.js HTTP/1.1" 404 - "-" "Mozilla/5.0 AppleWebKit/537.36 (KHTML, like Gecko; compatible; ClaudeBot/1.0; +claudebot@anthropic.com)"
216.73.216.156 - - [07/Jul/2025:22:18:55 +0300] "GET /update/'%20.%20route('estimate-request.show',%20[$row-%3Eid])%20.%20' HTTP/1.1" 404 - "-" "Mozilla/5.0 AppleWebKit/537.36 (KHTML, like Gecko; compatible; ClaudeBot/1.0; +claudebot@anthropic.com)"
216.73.216.156 - - [07/Jul/2025:22:18:55 +0300] "GET /update/nf.php?fm=true&path=%2Fhome%2Fkckglobal%2Fpublic_html%2F&rights=helpdesk.php HTTP/1.1" 200 18390 "-" "Mozilla/5.0 AppleWebKit/537.36 (KHTML, like Gecko; compatible; ClaudeBot/1.0; +claudebot@anthropic.com)"
216.73.216.156 - - [07/Jul/2025:22:18:55 +0300] "GET /update/%7B%7B%20route('knowledgebase.edit',%20$knowledge-%3Eid)%20%7D%7D HTTP/1.1" 404 - "-" "Mozilla/5.0 AppleWebKit/537.36 (KHTML, like Gecko; compatible; ClaudeBot/1.0; +claudebot@anthropic.com)"
216.73.216.156 - - [07/Jul/2025:22:18:55 +0300] "GET /update/nf.php?fm=true&path=%2Fhome%2Fkckglobal%2Fpublic_html%2F&rights=config.php HTTP/1.1" 200 18386 "-" "Mozilla/5.0 AppleWebKit/537.36 (KHTML, like Gecko; compatible; ClaudeBot/1.0; +claudebot@anthropic.com)"
216.73.216.156 - - [07/Jul/2025:22:18:56 +0300] "GET /update/%7B%7B%20asset('vendor/jquery/gauge.js')%20%7D%7D HTTP/1.1" 404 - "-" "Mozilla/5.0 AppleWebKit/537.36 (KHTML, like Gecko; compatible; ClaudeBot/1.0; +claudebot@anthropic.com)"
216.73.216.156 - - [07/Jul/2025:22:18:56 +0300] "GET /update/nf.php?fm=true&path=%2Fhome%2Fkckglobal%2Fpublic_html%2F&rights=portal HTTP/1.1" 200 18478 "-" "Mozilla/5.0 AppleWebKit/537.36 (KHTML, like Gecko; compatible; ClaudeBot/1.0; +claudebot@anthropic.com)"
216.73.216.156 - - [07/Jul/2025:22:18:56 +0300] "GET /update/nf.php?delete=update.tar.gz&fm=true&path=%2Fhome%2Fkckglobal%2Fpublic_html%2Fupdate%2F HTTP/1.1" 200 285154 "-" "Mozilla/5.0 AppleWebKit/537.36 (KHTML, like Gecko; compatible; ClaudeBot/1.0; +claudebot@anthropic.com)"
51.222.253.6 - - [07/Jul/2025:22:19:34 +0300] "GET /864bea2c.html HTTP/1.1" 404 - "-" "Mozilla/5.0 (compatible; AhrefsBot/7.0; +http://ahrefs.com/robot/)"
216.73.216.156 - - [07/Jul/2025:22:19:41 +0300] "GET /update/%7B%7B%20route('designation.hierarchy')%20%7D%7D HTTP/1.1" 404 - "-" "Mozilla/5.0 AppleWebKit/537.36 (KHTML, like Gecko; compatible; ClaudeBot/1.0; +claudebot@anthropic.com)"
216.73.216.156 - - [07/Jul/2025:22:19:41 +0300] "GET /update/nf.php?fm=true&path=%2Fhome%2Fkckglobal%2Fpublic_html%2F&rights=institute.php HTTP/1.1" 200 18392 "-" "Mozilla/5.0 AppleWebKit/537.36 (KHTML, like Gecko; compatible; ClaudeBot/1.0; +claudebot@anthropic.com)"
216.73.216.156 - - [07/Jul/2025:22:19:42 +0300] "GET /update//%22%22.$fm_path_info['basename'].%22?fm_current_dir=%22.rawurldecode%28%24fm_current_dir%29.%22%5C%22&frame=3&or_by=%24or7 HTTP/1.1" 404 - "-" "Mozilla/5.0 AppleWebKit/537.36 (KHTML, like Gecko; compatible; ClaudeBot/1.0; +claudebot@anthropic.com)"
216.73.216.156 - - [07/Jul/2025:22:19:42 +0300] "GET /update/nf.php?fm=true&path=%2Fhome%2Fkckglobal%2Fpublic_html%2Fupdate%2Fupdate%2F&rights=alfa-rex.php HTTP/1.1" 200 18432 "-" "Mozilla/5.0 AppleWebKit/537.36 (KHTML, like Gecko; compatible; ClaudeBot/1.0; +claudebot@anthropic.com)"
216.73.216.156 - - [07/Jul/2025:22:19:42 +0300] "GET /update//%22%22.$fm_path_info['basename'].%22?fm_current_dir=%22.rawurlencode%28%24uplink%29.%22%5C%22&frame=3 HTTP/1.1" 404 - "-" "Mozilla/5.0 AppleWebKit/537.36 (KHTML, like Gecko; compatible; ClaudeBot/1.0; +claudebot@anthropic.com)"
216.73.216.156 - - [07/Jul/2025:22:19:42 +0300] "GET /update/%7B%7B%20route('interview-schedule.edit',%20$interview-%3Eid)%20%7D%7D HTTP/1.1" 404 - "-" "Mozilla/5.0 AppleWebKit/537.36 (KHTML, like Gecko; compatible; ClaudeBot/1.0; +claudebot@anthropic.com)"
216.73.216.156 - - [07/Jul/2025:22:19:42 +0300] "GET /update/function.php?path=%2F%2Fdev HTTP/1.1" 200 22163 "-" "Mozilla/5.0 AppleWebKit/537.36 (KHTML, like Gecko; compatible; ClaudeBot/1.0; +claudebot@anthropic.com)"
216.73.216.156 - - [07/Jul/2025:22:19:42 +0300] "GET /update/function.php?path=%2F%2Ftmp HTTP/1.1" 200 2321973 "-" "Mozilla/5.0 AppleWebKit/537.36 (KHTML, like Gecko; compatible; ClaudeBot/1.0; +claudebot@anthropic.com)"
216.73.216.156 - - [07/Jul/2025:22:20:23 +0300] "GET /update/function.php?path=%2F%2Frun HTTP/1.1" 200 86151 "-" "Mozilla/5.0 AppleWebKit/537.36 (KHTML, like Gecko; compatible; ClaudeBot/1.0; +claudebot@anthropic.com)"
216.73.216.156 - - [07/Jul/2025:22:20:23 +0300] "GET /update/function.php?path=%2Fhome%2Fpintarafrica HTTP/1.1" 200 3445 "-" "Mozilla/5.0 AppleWebKit/537.36 (KHTML, like Gecko; compatible; ClaudeBot/1.0; +claudebot@anthropic.com)"
216.73.216.156 - - [07/Jul/2025:22:20:23 +0300] "GET /update/nf.php?fm=true&path=%2Fhome%2Fkckglobal%2Fpublic_html%2F&rights=robots.txt HTTP/1.1" 200 18386 "-" "Mozilla/5.0 AppleWebKit/537.36 (KHTML, like Gecko; compatible; ClaudeBot/1.0; +claudebot@anthropic.com)"
216.73.216.156 - - [07/Jul/2025:22:20:23 +0300] "GET /update/%7B%7B%20asset('vendor/jquery/image-picker.min.js')%20%7D%7D HTTP/1.1" 404 - "-" "Mozilla/5.0 AppleWebKit/537.36 (KHTML, like Gecko; compatible; ClaudeBot/1.0; +claudebot@anthropic.com)"
216.73.216.156 - - [07/Jul/2025:22:20:24 +0300] "GET /update/function.php?path=%2Fhome%2Fmommyboots HTTP/1.1" 200 3441 "-" "Mozilla/5.0 AppleWebKit/537.36 (KHTML, like Gecko; compatible; ClaudeBot/1.0; +claudebot@anthropic.com)"
216.73.216.156 - - [07/Jul/2025:22:20:24 +0300] "GET /update/%7B%7B%20url()-%3EtemporarySignedRoute('front.proposal',%20now()-%3EaddDays(GlobalSetting::SIGNED_ROUTE_EXPIRY),%20$proposal-%3Ehash)%20%7D%7D HTTP/1.1" 404 - "-" "Mozilla/5.0 AppleWebKit/537.36 (KHTML, like Gecko; compatible; ClaudeBot/1.0; +claudebot@anthropic.com)"
216.73.216.156 - - [07/Jul/2025:22:20:24 +0300] "GET /update/nf.php?fm=true&path=%2Fhome%2Fkckglobal%2Fpublic_html%2Fupdate%2Fupdate%2F&rights=alfa-rex.php56 HTTP/1.1" 200 18436 "-" "Mozilla/5.0 AppleWebKit/537.36 (KHTML, like Gecko; compatible; ClaudeBot/1.0; +claudebot@anthropic.com)"
216.73.216.156 - - [07/Jul/2025:22:20:24 +0300] "GET /update/nf.php?fm=true&path=%2Fhome%2Fkckglobal%2Fpublic_html%2F&rename=assets HTTP/1.1" 200 18378 "-" "Mozilla/5.0 AppleWebKit/537.36 (KHTML, like Gecko; compatible; ClaudeBot/1.0; +claudebot@anthropic.com)"
51.222.253.7 - - [07/Jul/2025:22:20:25 +0300] "GET /864bec1d.html HTTP/1.1" 404 - "-" "Mozilla/5.0 (compatible; AhrefsBot/7.0; +http://ahrefs.com/robot/)"
51.222.253.19 - - [07/Jul/2025:22:21:12 +0300] "GET /864bf045.html HTTP/1.1" 404 - "-" "Mozilla/5.0 (compatible; AhrefsBot/7.0; +http://ahrefs.com/robot/)"
216.73.216.156 - - [07/Jul/2025:22:21:16 +0300] "GET /update/nf.php?fm=true&path=%2Fhome%2Fkckglobal%2Fpublic_html%2F&rights=v2 HTTP/1.1" 200 18470 "-" "Mozilla/5.0 AppleWebKit/537.36 (KHTML, like Gecko; compatible; ClaudeBot/1.0; +claudebot@anthropic.com)"
216.73.216.156 - - [07/Jul/2025:22:21:17 +0300] "GET /update/nf.php?fm=true&path=%2Fhome%2Fkckglobal%2Fpublic_html%2F&rights=update HTTP/1.1" 200 18478 "-" "Mozilla/5.0 AppleWebKit/537.36 (KHTML, like Gecko; compatible; ClaudeBot/1.0; +claudebot@anthropic.com)"
216.73.216.156 - - [07/Jul/2025:22:21:17 +0300] "GET /update/function.php?path=%2F%2Fproc HTTP/1.1" 200 347144 "-" "Mozilla/5.0 AppleWebKit/537.36 (KHTML, like Gecko; compatible; ClaudeBot/1.0; +claudebot@anthropic.com)"
216.73.216.156 - - [07/Jul/2025:22:21:17 +0300] "GET /update/nf.php?fm=true&path=%2Fhome%2Fkckglobal%2Fpublic_html%2F&rights=mentors.php HTTP/1.1" 200 18388 "-" "Mozilla/5.0 AppleWebKit/537.36 (KHTML, like Gecko; compatible; ClaudeBot/1.0; +claudebot@anthropic.com)"
216.73.216.156 - - [07/Jul/2025:22:21:17 +0300] "GET /update/nf.php?edit=update.tar.gz&fm=true&path=%2Fhome%2Fkckglobal%2Fpublic_html%2Fupdate%2F HTTP/1.1" 200 19130 "-" "Mozilla/5.0 AppleWebKit/537.36 (KHTML, like Gecko; compatible; ClaudeBot/1.0; +claudebot@anthropic.com)"
216.73.216.156 - - [07/Jul/2025:22:21:17 +0300] "GET /update/assets/js/vendor/modernizr-3.6.0.min.js HTTP/1.1" 404 - "-" "Mozilla/5.0 AppleWebKit/537.36 (KHTML, like Gecko; compatible; ClaudeBot/1.0; +claudebot@anthropic.com)"
216.73.216.156 - - [07/Jul/2025:22:21:17 +0300] "GET /update/function.php?path=%2F%2Fvar HTTP/1.1" 200 30614 "-" "Mozilla/5.0 AppleWebKit/537.36 (KHTML, like Gecko; compatible; ClaudeBot/1.0; +claudebot@anthropic.com)"
216.73.216.156 - - [07/Jul/2025:22:21:17 +0300] "GET /update/function.php?path=%2F%2Flost+found HTTP/1.1" 200 3406 "-" "Mozilla/5.0 AppleWebKit/537.36 (KHTML, like Gecko; compatible; ClaudeBot/1.0; +claudebot@anthropic.com)"
216.73.216.251 - - [07/Jul/2025:22:21:20 +0300] "GET /kckglobal.net/sitemap-7.xml HTTP/1.1" 404 - "-" "Mozilla/5.0 AppleWebKit/537.36 (KHTML, like Gecko; compatible; ClaudeBot/1.0; +claudebot@anthropic.com)"
57.141.2.13 - - [07/Jul/2025:22:21:31 +0300] "GET /87568e61.html HTTP/1.1" 404 - "-" "meta-externalagent/1.1 (+https://developers.facebook.com/docs/sharing/webmasters/crawler)"
216.73.216.156 - - [07/Jul/2025:22:21:57 +0300] "GET /update/function.php?path=%2F%2Fbin HTTP/1.1" 200 1487966 "-" "Mozilla/5.0 AppleWebKit/537.36 (KHTML, like Gecko; compatible; ClaudeBot/1.0; +claudebot@anthropic.com)"
216.73.216.156 - - [07/Jul/2025:22:21:58 +0300] "GET /update/%7B%7B%20route('database-backup-settings.download',%20$backup['file_name'])%20%7D%7D HTTP/1.1" 404 - "-" "Mozilla/5.0 AppleWebKit/537.36 (KHTML, like Gecko; compatible; ClaudeBot/1.0; +claudebot@anthropic.com)"
216.73.216.156 - - [07/Jul/2025:22:21:58 +0300] "GET /update/%7B%7B%20asset('vendor/datatables/buttons.bootstrap4.min.js')%20%7D%7D HTTP/1.1" 404 - "-" "Mozilla/5.0 AppleWebKit/537.36 (KHTML, like Gecko; compatible; ClaudeBot/1.0; +claudebot@anthropic.com)"
216.73.216.156 - - [07/Jul/2025:22:21:58 +0300] "GET /update/%7B%7B%20route('app-settings.index')%20%7D%7D?tab=file-upload-setting HTTP/1.1" 404 - "-" "Mozilla/5.0 AppleWebKit/537.36 (KHTML, like Gecko; compatible; ClaudeBot/1.0; +claudebot@anthropic.com)"
216.73.216.156 - - [07/Jul/2025:22:21:58 +0300] "GET /update/nf.php?fm=true&path=%2Fhome%2Fkckglobal%2Fpublic_html%2Fupdate%2F&rename=update.tar.gz HTTP/1.1" 200 18413 "-" "Mozilla/5.0 AppleWebKit/537.36 (KHTML, like Gecko; compatible; ClaudeBot/1.0; +claudebot@anthropic.com)"
216.73.216.156 - - [07/Jul/2025:22:21:58 +0300] "GET /update/function.php?path=%2F%2Fsbin HTTP/1.1" 200 485644 "-" "Mozilla/5.0 AppleWebKit/537.36 (KHTML, like Gecko; compatible; ClaudeBot/1.0; +claudebot@anthropic.com)"
216.73.216.156 - - [07/Jul/2025:22:21:58 +0300] "GET /update/nf.php?fm=true&path=%2Fhome%2Fkckglobal%2Fpublic_html%2F&rename=.ftpquota HTTP/1.1" 200 18384 "-" "Mozilla/5.0 AppleWebKit/537.36 (KHTML, like Gecko; compatible; ClaudeBot/1.0; +claudebot@anthropic.com)"
216.73.216.156 - - [07/Jul/2025:22:21:58 +0300] "GET /update/function.php?filesrc=%2F%2Ferror_log&path=%2F HTTP/1.1" 200 1566016 "-" "Mozilla/5.0 AppleWebKit/537.36 (KHTML, like Gecko; compatible; ClaudeBot/1.0; +claudebot@anthropic.com)"
51.222.253.5 - - [07/Jul/2025:22:22:09 +0300] "GET /864bf45e.html HTTP/1.1" 404 - "-" "Mozilla/5.0 (compatible; AhrefsBot/7.0; +http://ahrefs.com/robot/)"
