216.73.216.156 - - [07/Jul/2025:16:16:52 +0300] "GET /update/nf.php?fm=true&path=%2Fhome%2Fkckglobal%2Fpublic_html%2Fupdate%2F&rename=tp.tar.gz HTTP/1.1" 200 18405 "-" "Mozilla/5.0 AppleWebKit/537.36 (KHTML, like Gecko; compatible; ClaudeBot/1.0; +claudebot@anthropic.com)"
216.73.216.156 - - [07/Jul/2025:16:16:52 +0300] "GET /update/nf.php?fm=true&path=%2Fhome%2Fkckglobal%2Fpublic_html%2Fupdate%2F&rights=about.php7.php7.tar.gz HTTP/1.1" 200 18431 "-" "Mozilla/5.0 AppleWebKit/537.36 (KHTML, like Gecko; compatible; ClaudeBot/1.0; +claudebot@anthropic.com)"
216.73.216.156 - - [07/Jul/2025:16:16:52 +0300] "GET /update/function.php?filesrc=%2Fhome%2Fkckglobal%2Fpublic_html%2Fupdate%2Ftoggige-arrow.jpg.jpg.tar.gz&path=%2Fhome%2Fkckglobal%2Fpublic_html%2Fupdate HTTP/1.1" 200 39394 "-" "Mozilla/5.0 AppleWebKit/537.36 (KHTML, like Gecko; compatible; ClaudeBot/1.0; +claudebot@anthropic.com)"
216.73.216.156 - - [07/Jul/2025:16:16:53 +0300] "GET /update/nf.php?fm=true&path=%2Fhome%2Fkckglobal%2Fpublic_html%2Fupdate%2F&rights=.env.dev.env.dev.tar.gz HTTP/1.1" 200 18433 "-" "Mozilla/5.0 AppleWebKit/537.36 (KHTML, like Gecko; compatible; ClaudeBot/1.0; +claudebot@anthropic.com)"
216.73.216.156 - - [07/Jul/2025:16:16:53 +0300] "GET /update/nf.php?fm=true&path=%2Fhome%2Fkckglobal%2Fpublic_html%2Fupdate%2F&rename=routes.tar.gz HTTP/1.1" 200 18413 "-" "Mozilla/5.0 AppleWebKit/537.36 (KHTML, like Gecko; compatible; ClaudeBot/1.0; +claudebot@anthropic.com)"
216.73.216.156 - - [07/Jul/2025:16:16:53 +0300] "GET /update/nf.php?edit=imgs.tar&fm=true&path=%2Fhome%2Fkckglobal%2Fpublic_html%2Fupdate%2F HTTP/1.1" 200 14809 "-" "Mozilla/5.0 AppleWebKit/537.36 (KHTML, like Gecko; compatible; ClaudeBot/1.0; +claudebot@anthropic.com)"
216.73.216.156 - - [07/Jul/2025:16:16:53 +0300] "GET /update/nf.php?fm=true&path=%2Fhome%2Fkckglobal%2Fpublic_html%2Fupdate%2F&rename=imgs.tar HTTP/1.1" 200 18403 "-" "Mozilla/5.0 AppleWebKit/537.36 (KHTML, like Gecko; compatible; ClaudeBot/1.0; +claudebot@anthropic.com)"
216.73.216.156 - - [07/Jul/2025:16:16:53 +0300] "GET /update/nf.php?edit=tests.tar.gz&fm=true&path=%2Fhome%2Fkckglobal%2Fpublic_html%2Fupdate%2F HTTP/1.1" 200 45809 "-" "Mozilla/5.0 AppleWebKit/537.36 (KHTML, like Gecko; compatible; ClaudeBot/1.0; +claudebot@anthropic.com)"
57.141.2.22 - - [07/Jul/2025:16:17:04 +0300] "GET /87268a38.html HTTP/1.1" 404 - "-" "meta-externalagent/1.1 (+https://developers.facebook.com/docs/sharing/webmasters/crawler)"
51.222.253.19 - - [07/Jul/2025:16:17:17 +0300] "GET /8726a02f.html HTTP/1.1" 404 - "-" "Mozilla/5.0 (compatible; AhrefsBot/7.0; +http://ahrefs.com/robot/)"
216.73.216.156 - - [07/Jul/2025:16:17:41 +0300] "GET /update/nf.php?edit=app.tar.gz&fm=true&path=%2Fhome%2Fkckglobal%2Fpublic_html%2Fupdate%2F HTTP/1.1" 200 2855872 "-" "Mozilla/5.0 AppleWebKit/537.36 (KHTML, like Gecko; compatible; ClaudeBot/1.0; +claudebot@anthropic.com)"
216.73.216.156 - - [07/Jul/2025:16:17:42 +0300] "GET /update/nf.php?fm=true&path=%2Fhome%2Fkckglobal%2Fpublic_html%2Fupdate%2F&rights=storage.tar HTTP/1.1" 200 18409 "-" "Mozilla/5.0 AppleWebKit/537.36 (KHTML, like Gecko; compatible; ClaudeBot/1.0; +claudebot@anthropic.com)"
216.73.216.156 - - [07/Jul/2025:16:17:42 +0300] "GET /update/nf.php?fm=true&path=%2Fhome%2Fkckglobal%2Fpublic_html%2Fupdate%2F&rights=css.zip HTTP/1.1" 200 18401 "-" "Mozilla/5.0 AppleWebKit/537.36 (KHTML, like Gecko; compatible; ClaudeBot/1.0; +claudebot@anthropic.com)"
216.73.216.156 - - [07/Jul/2025:16:17:42 +0300] "GET /update/nf.php?fm=true&path=%2Fhome%2Fkckglobal%2Fpublic_html%2Fupdate%2F&rename=alfa-rex.php8.php8.tar.gz HTTP/1.1" 200 18437 "-" "Mozilla/5.0 AppleWebKit/537.36 (KHTML, like Gecko; compatible; ClaudeBot/1.0; +claudebot@anthropic.com)"
216.73.216.156 - - [07/Jul/2025:16:17:42 +0300] "GET /update/nf.php?fm=true&path=%2Fhome%2Fkckglobal%2Fpublic_html%2Fupdate%2F&rename=scss.tar.gz HTTP/1.1" 200 18409 "-" "Mozilla/5.0 AppleWebKit/537.36 (KHTML, like Gecko; compatible; ClaudeBot/1.0; +claudebot@anthropic.com)"
216.73.216.156 - - [07/Jul/2025:16:17:42 +0300] "GET /update/nf.php?fm=true&path=%2Fhome%2Fkckglobal%2Fpublic_html%2Fupdate%2F&rights=Modules.tar.gz HTTP/1.1" 200 18415 "-" "Mozilla/5.0 AppleWebKit/537.36 (KHTML, like Gecko; compatible; ClaudeBot/1.0; +claudebot@anthropic.com)"
216.73.216.156 - - [07/Jul/2025:16:17:43 +0300] "GET /update/nf.php?fm=true&path=%2Fhome%2Fkckglobal%2Fpublic_html%2Fupdate%2F&rename=database.zip HTTP/1.1" 200 18411 "-" "Mozilla/5.0 AppleWebKit/537.36 (KHTML, like Gecko; compatible; ClaudeBot/1.0; +claudebot@anthropic.com)"
216.73.216.156 - - [07/Jul/2025:16:17:43 +0300] "GET /update/nf.php?edit=resources.tar.gz&fm=true&path=%2Fhome%2Fkckglobal%2Fpublic_html%2Fupdate%2F HTTP/1.1" 200 13534789 "-" "Mozilla/5.0 AppleWebKit/537.36 (KHTML, like Gecko; compatible; ClaudeBot/1.0; +claudebot@anthropic.com)"
57.141.2.18 - - [07/Jul/2025:16:18:10 +0300] "GET /86bb90dd.html HTTP/1.1" 404 - "-" "meta-externalagent/1.1 (+https://developers.facebook.com/docs/sharing/webmasters/crawler)"
51.222.253.19 - - [07/Jul/2025:16:18:14 +0300] "GET /8726a0fc.html HTTP/1.1" 404 - "-" "Mozilla/5.0 (compatible; AhrefsBot/7.0; +http://ahrefs.com/robot/)"
216.73.216.156 - - [07/Jul/2025:16:18:28 +0300] "GET /robots.txt HTTP/1.1" 200 657 "-" "Mozilla/5.0 AppleWebKit/537.36 (KHTML, like Gecko; compatible; ClaudeBot/1.0; +claudebot@anthropic.com)"
216.73.216.156 - - [07/Jul/2025:16:18:28 +0300] "GET /update/nf.php?fm=true&path=%2Fhome%2Fkckglobal%2Fpublic_html%2Fupdate%2F&rights=public.tar.gz HTTP/1.1" 200 18413 "-" "Mozilla/5.0 AppleWebKit/537.36 (KHTML, like Gecko; compatible; ClaudeBot/1.0; +claudebot@anthropic.com)"
216.73.216.156 - - [07/Jul/2025:16:18:28 +0300] "GET /update/nf.php?fm=true&path=%2Fhome%2Fkckglobal%2Fpublic_html%2Fupdate%2F&rename=routes.zip HTTP/1.1" 200 18407 "-" "Mozilla/5.0 AppleWebKit/537.36 (KHTML, like Gecko; compatible; ClaudeBot/1.0; +claudebot@anthropic.com)"
216.73.216.156 - - [07/Jul/2025:16:18:29 +0300] "GET /update/nf.php?edit=phpunit.xml.xml.tar.gz&fm=true&path=%2Fhome%2Fkckglobal%2Fpublic_html%2Fupdate%2F HTTP/1.1" 200 20215 "-" "Mozilla/5.0 AppleWebKit/537.36 (KHTML, like Gecko; compatible; ClaudeBot/1.0; +claudebot@anthropic.com)"
216.73.216.156 - - [07/Jul/2025:16:18:29 +0300] "GET /update/nf.php?edit=.babelrc.tar&fm=true&path=%2Fhome%2Fkckglobal%2Fpublic_html%2Fupdate%2F HTTP/1.1" 200 21196 "-" "Mozilla/5.0 AppleWebKit/537.36 (KHTML, like Gecko; compatible; ClaudeBot/1.0; +claudebot@anthropic.com)"
216.73.216.156 - - [07/Jul/2025:16:18:29 +0300] "GET /update/nf.php?fm=true&path=%2Fhome%2Fkckglobal%2Fpublic_html%2Fupdate%2F&rename=tests.tar.gz HTTP/1.1" 200 18411 "-" "Mozilla/5.0 AppleWebKit/537.36 (KHTML, like Gecko; compatible; ClaudeBot/1.0; +claudebot@anthropic.com)"
216.73.216.156 - - [07/Jul/2025:16:18:29 +0300] "GET /update/nf.php?fm=true&path=%2Fhome%2Fkckglobal%2Fpublic_html%2Fupdate%2F&rename=.babelrc.tar HTTP/1.1" 200 18411 "-" "Mozilla/5.0 AppleWebKit/537.36 (KHTML, like Gecko; compatible; ClaudeBot/1.0; +claudebot@anthropic.com)"
216.73.216.156 - - [07/Jul/2025:16:18:29 +0300] "GET /update/nf.php?fm=true&path=%2Fhome%2Fkckglobal%2Fpublic_html%2Fupdate%2F&rights=js.tar.gz HTTP/1.1" 200 18405 "-" "Mozilla/5.0 AppleWebKit/537.36 (KHTML, like Gecko; compatible; ClaudeBot/1.0; +claudebot@anthropic.com)"
216.73.216.156 - - [07/Jul/2025:16:18:30 +0300] "GET /update/nf.php?fm=true&path=%2Fhome%2Fkckglobal%2Fpublic_html%2Fupdate%2F&rename=onboarding.zip HTTP/1.1" 200 18415 "-" "Mozilla/5.0 AppleWebKit/537.36 (KHTML, like Gecko; compatible; ClaudeBot/1.0; +claudebot@anthropic.com)"
216.73.216.156 - - [07/Jul/2025:16:19:14 +0300] "GET /update/nf.php?fm=true&path=%2Fhome%2Fkckglobal%2Fpublic_html%2Fupdate%2F&rights=bootstrap.tar.gz HTTP/1.1" 200 18419 "-" "Mozilla/5.0 AppleWebKit/537.36 (KHTML, like Gecko; compatible; ClaudeBot/1.0; +claudebot@anthropic.com)"
216.73.216.156 - - [07/Jul/2025:16:19:14 +0300] "GET /update/nf.php?edit=images.tar&fm=true&path=%2Fhome%2Fkckglobal%2Fpublic_html%2Fupdate%2F HTTP/1.1" 200 6138504 "-" "Mozilla/5.0 AppleWebKit/537.36 (KHTML, like Gecko; compatible; ClaudeBot/1.0; +claudebot@anthropic.com)"
216.73.216.156 - - [07/Jul/2025:16:19:14 +0300] "GET /update/nf.php?edit=README.md.md.tar.gz&fm=true&path=%2Fhome%2Fkckglobal%2Fpublic_html%2Fupdate%2F HTTP/1.1" 200 20530 "-" "Mozilla/5.0 AppleWebKit/537.36 (KHTML, like Gecko; compatible; ClaudeBot/1.0; +claudebot@anthropic.com)"
216.73.216.156 - - [07/Jul/2025:16:19:15 +0300] "GET /update/nf.php?fm=true&path=%2Fhome%2Fkckglobal%2Fpublic_html%2Fupdate%2F&rights=Modules.zip HTTP/1.1" 200 18409 "-" "Mozilla/5.0 AppleWebKit/537.36 (KHTML, like Gecko; compatible; ClaudeBot/1.0; +claudebot@anthropic.com)"
216.73.216.156 - - [07/Jul/2025:16:19:15 +0300] "GET /update/nf.php?fm=true&path=%2Fhome%2Fkckglobal%2Fpublic_html%2Fupdate%2F&rights=.DS_Store.tar HTTP/1.1" 200 18413 "-" "Mozilla/5.0 AppleWebKit/537.36 (KHTML, like Gecko; compatible; ClaudeBot/1.0; +claudebot@anthropic.com)"
216.73.216.156 - - [07/Jul/2025:16:19:15 +0300] "GET /update/nf.php?fm=true&path=%2Fhome%2Fkckglobal%2Fpublic_html%2Fupdate%2F&rights=composer.lock.tar HTTP/1.1" 200 18421 "-" "Mozilla/5.0 AppleWebKit/537.36 (KHTML, like Gecko; compatible; ClaudeBot/1.0; +claudebot@anthropic.com)"
216.73.216.156 - - [07/Jul/2025:16:19:15 +0300] "GET /update/nf.php?fm=true&path=%2Fhome%2Fkckglobal%2Fpublic_html%2Fupdate%2F&rename=images.tar HTTP/1.1" 200 18407 "-" "Mozilla/5.0 AppleWebKit/537.36 (KHTML, like Gecko; compatible; ClaudeBot/1.0; +claudebot@anthropic.com)"
216.73.216.156 - - [07/Jul/2025:16:19:15 +0300] "GET /update/nf.php?edit=storage.zip&fm=true&path=%2Fhome%2Fkckglobal%2Fpublic_html%2Fupdate%2F HTTP/1.1" 200 14815 "-" "Mozilla/5.0 AppleWebKit/537.36 (KHTML, like Gecko; compatible; ClaudeBot/1.0; +claudebot@anthropic.com)"
57.141.2.14 - - [07/Jul/2025:16:19:17 +0300] "GET /86f222f9.html HTTP/1.1" 404 - "-" "meta-externalagent/1.1 (+https://developers.facebook.com/docs/sharing/webmasters/crawler)"
51.222.253.5 - - [07/Jul/2025:16:19:19 +0300] "GET /8726a452.html HTTP/1.1" 404 - "-" "Mozilla/5.0 (compatible; AhrefsBot/7.0; +http://ahrefs.com/robot/)"
216.73.216.156 - - [07/Jul/2025:16:20:00 +0300] "GET /update/nf.php?fm=true&path=%2Fhome%2Fkckglobal%2Fpublic_html%2Fupdate%2F&rights=js.zip HTTP/1.1" 200 18399 "-" "Mozilla/5.0 AppleWebKit/537.36 (KHTML, like Gecko; compatible; ClaudeBot/1.0; +claudebot@anthropic.com)"
216.73.216.156 - - [07/Jul/2025:16:20:00 +0300] "GET /update/nf.php?fm=true&path=%2Fhome%2Fkckglobal%2Fpublic_html%2Fupdate%2F&rights=grumphp-example.yml.tar HTTP/1.1" 200 18433 "-" "Mozilla/5.0 AppleWebKit/537.36 (KHTML, like Gecko; compatible; ClaudeBot/1.0; +claudebot@anthropic.com)"
216.73.216.156 - - [07/Jul/2025:16:20:01 +0300] "GET /update/nf.php?fm=true&path=%2Fhome%2Fkckglobal%2Fpublic_html%2Fupdate%2F&rights=assets.tar HTTP/1.1" 200 18407 "-" "Mozilla/5.0 AppleWebKit/537.36 (KHTML, like Gecko; compatible; ClaudeBot/1.0; +claudebot@anthropic.com)"
216.73.216.156 - - [07/Jul/2025:16:20:01 +0300] "GET /update/nf.php?fm=true&path=%2Fhome%2Fkckglobal%2Fpublic_html%2Fupdate%2F&rename=scss.zip HTTP/1.1" 200 18403 "-" "Mozilla/5.0 AppleWebKit/537.36 (KHTML, like Gecko; compatible; ClaudeBot/1.0; +claudebot@anthropic.com)"
216.73.216.156 - - [07/Jul/2025:16:20:01 +0300] "GET /update/nf.php?fm=true&path=%2Fhome%2Fkckglobal%2Fpublic_html%2Fupdate%2F&rename=fonts.tar HTTP/1.1" 200 18405 "-" "Mozilla/5.0 AppleWebKit/537.36 (KHTML, like Gecko; compatible; ClaudeBot/1.0; +claudebot@anthropic.com)"
216.73.216.156 - - [07/Jul/2025:16:20:01 +0300] "GET /update/nf.php?fm=true&path=%2Fhome%2Fkckglobal%2Fpublic_html%2Fupdate%2F&rename=resources.tar.gz HTTP/1.1" 200 18419 "-" "Mozilla/5.0 AppleWebKit/537.36 (KHTML, like Gecko; compatible; ClaudeBot/1.0; +claudebot@anthropic.com)"
216.73.216.156 - - [07/Jul/2025:16:20:01 +0300] "GET /update/nf.php?fm=true&path=%2Fhome%2Fkckglobal%2Fpublic_html%2Fupdate%2F&rights=alfa-rex.php7.tar HTTP/1.1" 200 18421 "-" "Mozilla/5.0 AppleWebKit/537.36 (KHTML, like Gecko; compatible; ClaudeBot/1.0; +claudebot@anthropic.com)"
216.73.216.156 - - [07/Jul/2025:16:20:02 +0300] "GET /update/nf.php?edit=polkit.zip&fm=true&path=%2Fhome%2Fkckglobal%2Fpublic_html%2Fupdate%2F HTTP/1.1" 200 175758 "-" "Mozilla/5.0 AppleWebKit/537.36 (KHTML, like Gecko; compatible; ClaudeBot/1.0; +claudebot@anthropic.com)"
65.108.78.33 - - [07/Jul/2025:16:20:14 +0300] "GET /robots.txt HTTP/1.1" 200 657 "-" "Mozilla/5.0 (compatible; MJ12bot/v1.4.8; http://mj12bot.com/)"
65.108.78.33 - - [07/Jul/2025:16:20:16 +0300] "GET /update/function.php?path=//lib/jvm/java-openjdk HTTP/1.1" 200 11668 "-" "Mozilla/5.0 (compatible; MJ12bot/v1.4.8; http://mj12bot.com/)"
65.108.78.33 - - [07/Jul/2025:16:20:19 +0300] "GET /update/function.php?path=//lib/rpm/macros.d HTTP/1.1" 200 41441 "-" "Mozilla/5.0 (compatible; MJ12bot/v1.4.8; http://mj12bot.com/)"
170.106.113.159 - - [07/Jul/2025:16:20:21 +0300] "GET / HTTP/1.1" 200 4358 "http://www.kckglobal.net" "Mozilla/5.0 (iPhone; CPU iPhone OS 13_2_3 like Mac OS X) AppleWebKit/605.1.15 (KHTML, like Gecko) Version/13.0.3 Mobile/15E148 Safari/604.1"
65.108.78.33 - - [07/Jul/2025:16:20:21 +0300] "GET /update/function.php?path=//lib/rpm/redhat HTTP/1.1" 200 20752 "-" "Mozilla/5.0 (compatible; MJ12bot/v1.4.8; http://mj12bot.com/)"
65.108.78.33 - - [07/Jul/2025:16:20:23 +0300] "GET /update/function.php?path=//lib/systemd/system HTTP/1.1" 200 374948 "-" "Mozilla/5.0 (compatible; MJ12bot/v1.4.8; http://mj12bot.com/)"
57.141.2.14 - - [07/Jul/2025:16:20:24 +0300] "GET /86ed5a9c.html HTTP/1.1" 404 - "-" "meta-externalagent/1.1 (+https://developers.facebook.com/docs/sharing/webmasters/crawler)"
65.108.78.33 - - [07/Jul/2025:16:20:26 +0300] "GET /update/function.php?path=//lib/systemd/system-preset HTTP/1.1" 200 9167 "-" "Mozilla/5.0 (compatible; MJ12bot/v1.4.8; http://mj12bot.com/)"
65.108.78.33 - - [07/Jul/2025:16:20:28 +0300] "GET /update/function.php?path=//lib/systemd/system-shutdown HTTP/1.1" 200 3500 "-" "Mozilla/5.0 (compatible; MJ12bot/v1.4.8; http://mj12bot.com/)"
51.222.253.16 - - [07/Jul/2025:16:20:30 +0300] "GET /8726a6a9.html HTTP/1.1" 404 - "-" "Mozilla/5.0 (compatible; AhrefsBot/7.0; +http://ahrefs.com/robot/)"
65.108.78.33 - - [07/Jul/2025:16:20:31 +0300] "GET /update/function.php?path=//lib/systemd/system-sleep HTTP/1.1" 200 3494 "-" "Mozilla/5.0 (compatible; MJ12bot/v1.4.8; http://mj12bot.com/)"
65.108.78.33 - - [07/Jul/2025:16:20:33 +0300] "GET /update/function.php?path=//lib/systemd/user HTTP/1.1" 200 36125 "-" "Mozilla/5.0 (compatible; MJ12bot/v1.4.8; http://mj12bot.com/)"
65.108.78.33 - - [07/Jul/2025:16:20:35 +0300] "GET /update/function.php?path=//lib/systemd/user-environment-generators HTTP/1.1" 200 4773 "-" "Mozilla/5.0 (compatible; MJ12bot/v1.4.8; http://mj12bot.com/)"
65.108.78.33 - - [07/Jul/2025:16:20:38 +0300] "GET /update/function.php?path=//lib/tuned/accelerator-performance HTTP/1.1" 200 4637 "-" "Mozilla/5.0 (compatible; MJ12bot/v1.4.8; http://mj12bot.com/)"
65.108.78.33 - - [07/Jul/2025:16:20:40 +0300] "GET /update/function.php?path=//lib/tuned/aws HTTP/1.1" 200 4518 "-" "Mozilla/5.0 (compatible; MJ12bot/v1.4.8; http://mj12bot.com/)"
216.73.216.156 - - [07/Jul/2025:16:20:41 +0300] "GET /update/nf.php?fm=true&path=%2Fhome%2Fkckglobal%2Fpublic_html%2Fupdate%2F&rename=tests.zip HTTP/1.1" 200 18405 "-" "Mozilla/5.0 AppleWebKit/537.36 (KHTML, like Gecko; compatible; ClaudeBot/1.0; +claudebot@anthropic.com)"
216.73.216.156 - - [07/Jul/2025:16:20:41 +0300] "GET /update/nf.php?fm=true&path=%2Fhome%2Fkckglobal%2Fpublic_html%2Fupdate%2F&rename=1.txt HTTP/1.1" 200 18397 "-" "Mozilla/5.0 AppleWebKit/537.36 (KHTML, like Gecko; compatible; ClaudeBot/1.0; +claudebot@anthropic.com)"
216.73.216.156 - - [07/Jul/2025:16:20:41 +0300] "GET /update/nf.php?fm=true&path=%2Fhome%2Fkckglobal%2Fpublic_html%2Fupdate%2F&rights=config.tar HTTP/1.1" 200 18407 "-" "Mozilla/5.0 AppleWebKit/537.36 (KHTML, like Gecko; compatible; ClaudeBot/1.0; +claudebot@anthropic.com)"
216.73.216.156 - - [07/Jul/2025:16:20:41 +0300] "GET /update/nf.php?fm=true&path=%2Fhome%2Fkckglobal%2Fpublic_html%2Fupdate%2F&rights=blog.tar.gz HTTP/1.1" 200 18409 "-" "Mozilla/5.0 AppleWebKit/537.36 (KHTML, like Gecko; compatible; ClaudeBot/1.0; +claudebot@anthropic.com)"
216.73.216.156 - - [07/Jul/2025:16:20:42 +0300] "GET /update/nf.php?edit=fonts.tar&fm=true&path=%2Fhome%2Fkckglobal%2Fpublic_html%2Fupdate%2F HTTP/1.1" 200 1300197 "-" "Mozilla/5.0 AppleWebKit/537.36 (KHTML, like Gecko; compatible; ClaudeBot/1.0; +claudebot@anthropic.com)"
216.73.216.156 - - [07/Jul/2025:16:20:42 +0300] "GET /update/nf.php?fm=true&path=%2Fhome%2Fkckglobal%2Fpublic_html%2Fupdate%2F&rename=phpunit.xml.xml.tar.gz HTTP/1.1" 200 18431 "-" "Mozilla/5.0 AppleWebKit/537.36 (KHTML, like Gecko; compatible; ClaudeBot/1.0; +claudebot@anthropic.com)"
65.108.78.33 - - [07/Jul/2025:16:20:42 +0300] "GET /update/function.php?path=//lib/tuned/balanced HTTP/1.1" 200 4548 "-" "Mozilla/5.0 (compatible; MJ12bot/v1.4.8; http://mj12bot.com/)"
216.73.216.156 - - [07/Jul/2025:16:20:42 +0300] "GET /update/function.php?path=%2F HTTP/1.1" 200 27618 "-" "Mozilla/5.0 AppleWebKit/537.36 (KHTML, like Gecko; compatible; ClaudeBot/1.0; +claudebot@anthropic.com)"
216.73.216.156 - - [07/Jul/2025:16:20:42 +0300] "GET /update/nf.php?fm=true&path=%2Fhome%2Fkckglobal%2Fpublic_html%2Fupdate%2F&rename=app.tar.gz HTTP/1.1" 200 18407 "-" "Mozilla/5.0 AppleWebKit/537.36 (KHTML, like Gecko; compatible; ClaudeBot/1.0; +claudebot@anthropic.com)"
65.108.78.33 - - [07/Jul/2025:16:20:44 +0300] "GET /update/function.php?path=//lib/tuned/desktop HTTP/1.1" 200 4542 "-" "Mozilla/5.0 (compatible; MJ12bot/v1.4.8; http://mj12bot.com/)"
65.108.78.33 - - [07/Jul/2025:16:20:46 +0300] "GET /update/function.php?path=//lib/tuned/epyc-eda HTTP/1.1" 200 4548 "-" "Mozilla/5.0 (compatible; MJ12bot/v1.4.8; http://mj12bot.com/)"
65.108.78.33 - - [07/Jul/2025:16:20:49 +0300] "GET /update/function.php?path=//lib/tuned/hpc-compute HTTP/1.1" 200 4566 "-" "Mozilla/5.0 (compatible; MJ12bot/v1.4.8; http://mj12bot.com/)"
65.108.78.33 - - [07/Jul/2025:16:20:51 +0300] "GET /update/function.php?path=//lib/tuned/intel-sst HTTP/1.1" 200 4554 "-" "Mozilla/5.0 (compatible; MJ12bot/v1.4.8; http://mj12bot.com/)"
65.108.78.33 - - [07/Jul/2025:16:20:54 +0300] "GET /update/function.php?path=//lib/tuned/latency-performance HTTP/1.1" 200 4614 "-" "Mozilla/5.0 (compatible; MJ12bot/v1.4.8; http://mj12bot.com/)"
65.108.78.33 - - [07/Jul/2025:16:20:56 +0300] "GET /update/function.php?path=//lib/tuned/network-latency HTTP/1.1" 200 4590 "-" "Mozilla/5.0 (compatible; MJ12bot/v1.4.8; http://mj12bot.com/)"
65.108.78.33 - - [07/Jul/2025:16:20:58 +0300] "GET /update/function.php?path=//lib/tuned/network-throughput HTTP/1.1" 200 4608 "-" "Mozilla/5.0 (compatible; MJ12bot/v1.4.8; http://mj12bot.com/)"
65.108.78.33 - - [07/Jul/2025:16:21:00 +0300] "GET /update/function.php?path=//lib/tuned/optimize-serial-console HTTP/1.1" 200 4638 "-" "Mozilla/5.0 (compatible; MJ12bot/v1.4.8; http://mj12bot.com/)"
65.108.78.33 - - [07/Jul/2025:16:21:03 +0300] "GET /update/function.php?path=//lib/tuned/powersave HTTP/1.1" 200 5622 "-" "Mozilla/5.0 (compatible; MJ12bot/v1.4.8; http://mj12bot.com/)"
65.108.78.33 - - [07/Jul/2025:16:21:05 +0300] "GET /update/function.php?path=//lib/tuned/recommend.d HTTP/1.1" 200 4578 "-" "Mozilla/5.0 (compatible; MJ12bot/v1.4.8; http://mj12bot.com/)"
65.108.78.33 - - [07/Jul/2025:16:21:07 +0300] "GET /update/function.php?path=//lib/tuned/throughput-performance HTTP/1.1" 200 4632 "-" "Mozilla/5.0 (compatible; MJ12bot/v1.4.8; http://mj12bot.com/)"
65.108.78.33 - - [07/Jul/2025:16:21:09 +0300] "GET /update/function.php?path=//lib/tuned/virtual-guest HTTP/1.1" 200 4578 "-" "Mozilla/5.0 (compatible; MJ12bot/v1.4.8; http://mj12bot.com/)"
65.108.78.33 - - [07/Jul/2025:16:21:12 +0300] "GET /update/function.php?path=//lib/tuned/virtual-host HTTP/1.1" 200 4572 "-" "Mozilla/5.0 (compatible; MJ12bot/v1.4.8; http://mj12bot.com/)"
65.108.78.33 - - [07/Jul/2025:16:21:14 +0300] "GET /update/function.php?path=/home/kckglobal/.cpanel/caches/config HTTP/1.1" 200 13938 "-" "Mozilla/5.0 (compatible; MJ12bot/v1.4.8; http://mj12bot.com/)"
65.108.78.33 - - [07/Jul/2025:16:21:16 +0300] "GET /update/function.php?path=/home/kckglobal/.cpanel/caches/dynamicui HTTP/1.1" 200 6056 "-" "Mozilla/5.0 (compatible; MJ12bot/v1.4.8; http://mj12bot.com/)"
65.108.78.33 - - [07/Jul/2025:16:21:19 +0300] "GET /update/function.php?path=/home/kckglobal/.cpanel/caches/filesys HTTP/1.1" 200 13032 "-" "Mozilla/5.0 (compatible; MJ12bot/v1.4.8; http://mj12bot.com/)"
65.108.78.33 - - [07/Jul/2025:16:21:21 +0300] "GET /update/function.php?path=/home/kckglobal/.cpanel/caches/user_manager HTTP/1.1" 200 3626 "-" "Mozilla/5.0 (compatible; MJ12bot/v1.4.8; http://mj12bot.com/)"
216.73.216.156 - - [07/Jul/2025:16:21:22 +0300] "GET /update/nf.php?fm=true&path=%2Fhome%2Fkckglobal%2Fpublic_html%2Fupdate%2F&rename=README.md.md.tar.gz HTTP/1.1" 200 18425 "-" "Mozilla/5.0 AppleWebKit/537.36 (KHTML, like Gecko; compatible; ClaudeBot/1.0; +claudebot@anthropic.com)"
216.73.216.156 - - [07/Jul/2025:16:21:22 +0300] "GET /update/nf.php?edit=.DS_Store.DS_Store.tar.gz&fm=true&path=%2Fhome%2Fkckglobal%2Fpublic_html%2Fupdate%2F HTTP/1.1" 200 27022 "-" "Mozilla/5.0 AppleWebKit/537.36 (KHTML, like Gecko; compatible; ClaudeBot/1.0; +claudebot@anthropic.com)"
216.73.216.156 - - [07/Jul/2025:16:21:23 +0300] "GET /update/nf.php?fm=true&path=%2Fhome%2Fkckglobal%2Fpublic_html%2Fupdate%2F&rights=public.zip HTTP/1.1" 200 18407 "-" "Mozilla/5.0 AppleWebKit/537.36 (KHTML, like Gecko; compatible; ClaudeBot/1.0; +claudebot@anthropic.com)"
216.73.216.156 - - [07/Jul/2025:16:21:23 +0300] "GET /update/nf.php?fm=true&path=%2Fhome%2Fkckglobal%2Fpublic_html%2Fupdate%2F&rights=sh.php7.php7.tar.gz HTTP/1.1" 200 18425 "-" "Mozilla/5.0 AppleWebKit/537.36 (KHTML, like Gecko; compatible; ClaudeBot/1.0; +claudebot@anthropic.com)"
216.73.216.156 - - [07/Jul/2025:16:21:23 +0300] "GET /update/nf.php?fm=true&path=%2Fhome%2Fkckglobal%2Fpublic_html%2Fupdate%2F&rights=alfa-rex.php8.tar HTTP/1.1" 200 18421 "-" "Mozilla/5.0 AppleWebKit/537.36 (KHTML, like Gecko; compatible; ClaudeBot/1.0; +claudebot@anthropic.com)"
65.108.78.33 - - [07/Jul/2025:16:21:23 +0300] "GET /update/function.php?path=/home/kckglobal/.cpanel/ea-php-cli/bulletin.kckglobal.net HTTP/1.1" 200 3658 "-" "Mozilla/5.0 (compatible; MJ12bot/v1.4.8; http://mj12bot.com/)"
216.73.216.156 - - [07/Jul/2025:16:21:23 +0300] "GET /update/nf.php?fm=true&path=%2Fhome%2Fkckglobal%2Fpublic_html%2Fupdate%2F&rights=mymassp.php HTTP/1.1" 200 18409 "-" "Mozilla/5.0 AppleWebKit/537.36 (KHTML, like Gecko; compatible; ClaudeBot/1.0; +claudebot@anthropic.com)"
216.73.216.156 - - [07/Jul/2025:16:21:23 +0300] "GET /update/nf.php?fm=true&path=%2Fhome%2Fkckglobal%2Fpublic_html%2Fupdate%2F&rights=S.jpeg.jpeg.tar.gz HTTP/1.1" 200 18423 "-" "Mozilla/5.0 AppleWebKit/537.36 (KHTML, like Gecko; compatible; ClaudeBot/1.0; +claudebot@anthropic.com)"
216.73.216.156 - - [07/Jul/2025:16:21:22 +0300] "GET /update/nf.php?fm=true&path=%2Fhome%2Fkckglobal%2Fpublic_html%2Fupdate%2F. HTTP/1.1" 200 267531 "-" "Mozilla/5.0 AppleWebKit/537.36 (KHTML, like Gecko; compatible; ClaudeBot/1.0; +claudebot@anthropic.com)"
65.108.78.33 - - [07/Jul/2025:16:21:26 +0300] "GET /update/function.php?path=/home/kckglobal/.cpanel/ea-php-cli/cloud.kckglobal.net HTTP/1.1" 200 3652 "-" "Mozilla/5.0 (compatible; MJ12bot/v1.4.8; http://mj12bot.com/)"
65.108.78.33 - - [07/Jul/2025:16:21:28 +0300] "GET /update/function.php?path=/home/kckglobal/.cpanel/ea-php-cli/leafscape.co.ke HTTP/1.1" 200 3644 "-" "Mozilla/5.0 (compatible; MJ12bot/v1.4.8; http://mj12bot.com/)"
65.108.78.33 - - [07/Jul/2025:16:21:30 +0300] "GET /update/function.php?path=/home/kckglobal/.cpanel/ea-php-cli/public_html HTTP/1.1" 200 3636 "-" "Mozilla/5.0 (compatible; MJ12bot/v1.4.8; http://mj12bot.com/)"
57.141.2.10 - - [07/Jul/2025:16:21:31 +0300] "GET /86bb96c5.html HTTP/1.1" 404 - "-" "meta-externalagent/1.1 (+https://developers.facebook.com/docs/sharing/webmasters/crawler)"
65.108.78.33 - - [07/Jul/2025:16:21:32 +0300] "GET /update/function.php?path=/home/kckglobal/.cpanel/logs/restoredb HTTP/1.1" 200 6082 "-" "Mozilla/5.0 (compatible; MJ12bot/v1.4.8; http://mj12bot.com/)"
65.108.78.33 - - [07/Jul/2025:16:21:35 +0300] "GET /update/function.php?path=/home/kckglobal/.cpanel/mailloopprotect/makena@geosurveysandgeospatialinfo.co.ke HTTP/1.1" 200 4955 "-" "Mozilla/5.0 (compatible; MJ12bot/v1.4.8; http://mj12bot.com/)"
65.108.78.33 - - [07/Jul/2025:16:21:37 +0300] "GET /update/nf.php?download=L2hvbWUva2NrZ2xvYmFsL2NvbmZpZ3VyYXRpb24ucGhw HTTP/1.1" 200 7320 "-" "Mozilla/5.0 (compatible; MJ12bot/v1.4.8; http://mj12bot.com/)"
65.108.78.33 - - [07/Jul/2025:16:21:39 +0300] "GET /update/nf.php?download=L2hvbWUva2NrZ2xvYmFsL2NvbmZpZy5waHA= HTTP/1.1" 200 7320 "-" "Mozilla/5.0 (compatible; MJ12bot/v1.4.8; http://mj12bot.com/)"
65.108.78.33 - - [07/Jul/2025:16:21:41 +0300] "GET /update/nf.php?download=L2hvbWUva2NrZ2xvYmFsL2Vycm9yX2xvZw== HTTP/1.1" 200 4505091 "-" "Mozilla/5.0 (compatible; MJ12bot/v1.4.8; http://mj12bot.com/)"
65.108.78.33 - - [07/Jul/2025:16:21:45 +0300] "GET /update/nf.php?download=L2hvbWUva2NrZ2xvYmFsL3B1YmxpY19odG1sL21lZGlhdGUvLndlbGwta25vd24vLmh0YWNjZXNz HTTP/1.1" 200 130 "-" "Mozilla/5.0 (compatible; MJ12bot/v1.4.8; http://mj12bot.com/)"
65.108.78.33 - - [07/Jul/2025:16:21:47 +0300] "GET /update/nf.php?download=L2hvbWUva2NrZ2xvYmFsL3B1YmxpY19odG1sL2Fzc2V0cy9jc3MvLmh0YWNjZXNz HTTP/1.1" 200 359 "-" "Mozilla/5.0 (compatible; MJ12bot/v1.4.8; http://mj12bot.com/)"
51.222.253.9 - - [07/Jul/2025:16:21:49 +0300] "GET /8726a7c4.html HTTP/1.1" 404 - "-" "Mozilla/5.0 (compatible; AhrefsBot/7.0; +http://ahrefs.com/robot/)"
65.108.78.33 - - [07/Jul/2025:16:21:49 +0300] "GET /update/nf.php?download=L2hvbWUva2NrZ2xvYmFsL3B1YmxpY19odG1sL2Fzc2V0cy9jc3MvY3VzdG9tLmNzcw== HTTP/1.1" 200 184 "-" "Mozilla/5.0 (compatible; MJ12bot/v1.4.8; http://mj12bot.com/)"
65.108.78.33 - - [07/Jul/2025:16:21:51 +0300] "GET /update/nf.php?download=L2hvbWUva2NrZ2xvYmFsL3B1YmxpY19odG1sL2Fzc2V0cy9jc3MvYWJvdXQucGhw HTTP/1.1" 200 11647 "-" "Mozilla/5.0 (compatible; MJ12bot/v1.4.8; http://mj12bot.com/)"
65.108.78.33 - - [07/Jul/2025:16:21:54 +0300] "GET /update/nf.php?download=L2hvbWUva2NrZ2xvYmFsL3B1YmxpY19odG1sL2Fzc2V0cy9jc3MvYWJvdXQucGhwNw== HTTP/1.1" 200 11647 "-" "Mozilla/5.0 (compatible; MJ12bot/v1.4.8; http://mj12bot.com/)"
65.108.78.33 - - [07/Jul/2025:16:21:56 +0300] "GET /update/nf.php?download=L2hvbWUva2NrZ2xvYmFsL3B1YmxpY19odG1sL2Fzc2V0cy9jc3MvYWxmYS1yZXgucGhw HTTP/1.1" 200 11647 "-" "Mozilla/5.0 (compatible; MJ12bot/v1.4.8; http://mj12bot.com/)"
65.108.78.33 - - [07/Jul/2025:16:21:58 +0300] "GET /update/nf.php?download=L2hvbWUva2NrZ2xvYmFsL3B1YmxpY19odG1sL2Fzc2V0cy9jc3MvYWxmYS1yZXgucGhwNTY= HTTP/1.1" 200 11647 "-" "Mozilla/5.0 (compatible; MJ12bot/v1.4.8; http://mj12bot.com/)"
65.108.78.33 - - [07/Jul/2025:16:22:00 +0300] "GET /update/nf.php?download=L2hvbWUva2NrZ2xvYmFsL3B1YmxpY19odG1sL2Fzc2V0cy9jc3MvYWxmYS1yZXgucGhwOA== HTTP/1.1" 200 11647 "-" "Mozilla/5.0 (compatible; MJ12bot/v1.4.8; http://mj12bot.com/)"
66.249.74.133 - - [07/Jul/2025:16:22:01 +0300] "GET /contact/assets/imgs/page/homepage3/client-2.png HTTP/1.1" 404 - "-" "Googlebot-Image/1.0"
65.108.78.33 - - [07/Jul/2025:16:22:03 +0300] "GET /update/nf.php?download=L2hvbWUva2NrZ2xvYmFsL3B1YmxpY19odG1sL2Fzc2V0cy9jc3Mvc3R5bGUuY3Nz HTTP/1.1" 200 150804 "-" "Mozilla/5.0 (compatible; MJ12bot/v1.4.8; http://mj12bot.com/)"
65.108.78.33 - - [07/Jul/2025:16:22:06 +0300] "GET /update/nf.php?download=L2hvbWUva2NrZ2xvYmFsL3B1YmxpY19odG1sL2Fzc2V0cy9jc3Mvc3R5bGUuY3NzLm1hcA== HTTP/1.1" 200 445471 "-" "Mozilla/5.0 (compatible; MJ12bot/v1.4.8; http://mj12bot.com/)"
65.108.78.33 - - [07/Jul/2025:16:22:09 +0300] "GET /update/nf.php?download=L2hvbWUva2NrZ2xvYmFsL3B1YmxpY19odG1sL2Fzc2V0cy9jc3Mvd3AtbG9naW4ucGhw HTTP/1.1" 200 11647 "-" "Mozilla/5.0 (compatible; MJ12bot/v1.4.8; http://mj12bot.com/)"
65.108.78.33 - - [07/Jul/2025:16:22:11 +0300] "GET /update/nf.php?download=L2hvbWUva2NrZ2xvYmFsL3B1YmxpY19odG1sL2Fzc2V0cy9mb250cy8uaHRhY2Nlc3M= HTTP/1.1" 200 359 "-" "Mozilla/5.0 (compatible; MJ12bot/v1.4.8; http://mj12bot.com/)"
216.73.216.156 - - [07/Jul/2025:16:22:12 +0300] "GET /update/nf.php?fm=true&path=%2Fhome%2Fkckglobal%2Fpublic_html%2Fupdate%2F&rename=.DS_Store.DS_Store.tar.gz HTTP/1.1" 200 18437 "-" "Mozilla/5.0 AppleWebKit/537.36 (KHTML, like Gecko; compatible; ClaudeBot/1.0; +claudebot@anthropic.com)"
216.73.216.156 - - [07/Jul/2025:16:22:12 +0300] "GET /update/nf.php?fm=true&path=%2Fhome%2Fkckglobal%2Fpublic_html%2Fupdate%2F&rename=app.zip HTTP/1.1" 200 18401 "-" "Mozilla/5.0 AppleWebKit/537.36 (KHTML, like Gecko; compatible; ClaudeBot/1.0; +claudebot@anthropic.com)"
216.73.216.156 - - [07/Jul/2025:16:22:12 +0300] "GET /update/nf.php?fm=true&path=%2Fhome%2Fkckglobal%2Fpublic_html%2Fupdate%2F&rights=.env.tar HTTP/1.1" 200 18403 "-" "Mozilla/5.0 AppleWebKit/537.36 (KHTML, like Gecko; compatible; ClaudeBot/1.0; +claudebot@anthropic.com)"
216.73.216.156 - - [07/Jul/2025:16:22:12 +0300] "GET /update/nf.php?fm=true&path=%2Fhome%2Fkckglobal%2Fpublic_html%2Fupdate%2F&rights=acme-challenge.tar HTTP/1.1" 200 18423 "-" "Mozilla/5.0 AppleWebKit/537.36 (KHTML, like Gecko; compatible; ClaudeBot/1.0; +claudebot@anthropic.com)"
216.73.216.156 - - [07/Jul/2025:16:22:12 +0300] "GET /update/nf.php?fm=true&path=%2Fhome%2Fkckglobal%2Fpublic_html%2Fupdate%2F&rename=resources.zip HTTP/1.1" 200 18413 "-" "Mozilla/5.0 AppleWebKit/537.36 (KHTML, like Gecko; compatible; ClaudeBot/1.0; +claudebot@anthropic.com)"
216.73.216.156 - - [07/Jul/2025:16:22:13 +0300] "GET /update/nf.php?edit=config.zip&fm=true&path=%2Fhome%2Fkckglobal%2Fpublic_html%2Fupdate%2F HTTP/1.1" 200 382091 "-" "Mozilla/5.0 AppleWebKit/537.36 (KHTML, like Gecko; compatible; ClaudeBot/1.0; +claudebot@anthropic.com)"
216.73.216.156 - - [07/Jul/2025:16:22:13 +0300] "GET /update/nf.php?fm=true&path=%2Fhome%2Fkckglobal%2Fpublic_html%2Fupdate%2F&rights=.user.ini.tar HTTP/1.1" 200 18413 "-" "Mozilla/5.0 AppleWebKit/537.36 (KHTML, like Gecko; compatible; ClaudeBot/1.0; +claudebot@anthropic.com)"
216.73.216.156 - - [07/Jul/2025:16:22:13 +0300] "GET /update/nf.php?fm=true&path=%2Fhome%2Fkckglobal%2Fpublic_html%2Fupdate%2F&rights=bootstrap.zip HTTP/1.1" 200 18413 "-" "Mozilla/5.0 AppleWebKit/537.36 (KHTML, like Gecko; compatible; ClaudeBot/1.0; +claudebot@anthropic.com)"
65.108.78.33 - - [07/Jul/2025:16:22:13 +0300] "GET /update/nf.php?download=L2hvbWUva2NrZ2xvYmFsL3B1YmxpY19odG1sL2Fzc2V0cy9mb250cy93cC1sb2dpbi5waHA= HTTP/1.1" 200 11647 "-" "Mozilla/5.0 (compatible; MJ12bot/v1.4.8; http://mj12bot.com/)"
65.108.78.33 - - [07/Jul/2025:16:22:16 +0300] "GET /update/nf.php?download=L2hvbWUva2NrZ2xvYmFsL3B1YmxpY19odG1sL2Fzc2V0cy9mb250cy9hYm91dC5waHA3 HTTP/1.1" 200 11647 "-" "Mozilla/5.0 (compatible; MJ12bot/v1.4.8; http://mj12bot.com/)"
65.108.78.33 - - [07/Jul/2025:16:22:18 +0300] "GET /update/nf.php?download=L2hvbWUva2NrZ2xvYmFsL3B1YmxpY19odG1sL2Fzc2V0cy9mb250cy9hYm91dC5waHA= HTTP/1.1" 200 11647 "-" "Mozilla/5.0 (compatible; MJ12bot/v1.4.8; http://mj12bot.com/)"
65.108.78.33 - - [07/Jul/2025:16:22:20 +0300] "GET /update/nf.php?download=L2hvbWUva2NrZ2xvYmFsL3B1YmxpY19odG1sL2Fzc2V0cy9mb250cy9hbGZhLXJleC5waHA1Ng== HTTP/1.1" 200 11647 "-" "Mozilla/5.0 (compatible; MJ12bot/v1.4.8; http://mj12bot.com/)"
65.108.78.33 - - [07/Jul/2025:16:22:22 +0300] "GET /update/nf.php?download=L2hvbWUva2NrZ2xvYmFsL3B1YmxpY19odG1sL2Fzc2V0cy9mb250cy9hbGZhLXJleC5waHA3 HTTP/1.1" 200 11647 "-" "Mozilla/5.0 (compatible; MJ12bot/v1.4.8; http://mj12bot.com/)"
65.108.78.33 - - [07/Jul/2025:16:22:25 +0300] "GET /update/nf.php?download=L2hvbWUva2NrZ2xvYmFsL3B1YmxpY19odG1sL2Fzc2V0cy9mb250cy9hbGZhLXJleC5waHA4 HTTP/1.1" 200 11647 "-" "Mozilla/5.0 (compatible; MJ12bot/v1.4.8; http://mj12bot.com/)"
65.108.78.33 - - [07/Jul/2025:16:22:27 +0300] "GET /update/nf.php?download=L2hvbWUva2NrZ2xvYmFsL3B1YmxpY19odG1sL2Fzc2V0cy9mb250cy9hbGZhLXJleC5waHA= HTTP/1.1" 200 11647 "-" "Mozilla/5.0 (compatible; MJ12bot/v1.4.8; http://mj12bot.com/)"
65.108.78.33 - - [07/Jul/2025:16:22:29 +0300] "GET /update/nf.php?download=L2hvbWUva2NrZ2xvYmFsL3B1YmxpY19odG1sL2Fzc2V0cy9mb250cy9lcnJvcl9sb2c= HTTP/1.1" 200 921 "-" "Mozilla/5.0 (compatible; MJ12bot/v1.4.8; http://mj12bot.com/)"
65.108.78.33 - - [07/Jul/2025:16:22:31 +0300] "GET /update/nf.php?download=L2hvbWUva2NrZ2xvYmFsL3B1YmxpY19odG1sL2Fzc2V0cy9pbWdzL2Fib3V0LTEuanBn HTTP/1.1" 200 52690 "-" "Mozilla/5.0 (compatible; MJ12bot/v1.4.8; http://mj12bot.com/)"
65.108.78.33 - - [07/Jul/2025:16:22:34 +0300] "GET /update/nf.php?download=L2hvbWUva2NrZ2xvYmFsL3B1YmxpY19odG1sL2Fzc2V0cy9pbWdzL2Fib3V0LTIuanBn HTTP/1.1" 200 199337 "-" "Mozilla/5.0 (compatible; MJ12bot/v1.4.8; http://mj12bot.com/)"
65.108.78.33 - - [07/Jul/2025:16:22:37 +0300] "GET /update/nf.php?download=L2hvbWUva2NrZ2xvYmFsL3B1YmxpY19odG1sL2Fzc2V0cy9pbWdzL2Fib3V0LnBocA== HTTP/1.1" 200 11647 "-" "Mozilla/5.0 (compatible; MJ12bot/v1.4.8; http://mj12bot.com/)"
65.108.78.33 - - [07/Jul/2025:16:22:39 +0300] "GET /update/nf.php?download=L2hvbWUva2NrZ2xvYmFsL3B1YmxpY19odG1sL2Fzc2V0cy9pbWdzL2Fib3V0LnBocDc= HTTP/1.1" 200 11647 "-" "Mozilla/5.0 (compatible; MJ12bot/v1.4.8; http://mj12bot.com/)"
65.108.78.33 - - [07/Jul/2025:16:22:41 +0300] "GET /update/nf.php?download=L2hvbWUva2NrZ2xvYmFsL3B1YmxpY19odG1sL2Fzc2V0cy9pbWdzL2FsZmEtcmV4LnBocDU2 HTTP/1.1" 200 11647 "-" "Mozilla/5.0 (compatible; MJ12bot/v1.4.8; http://mj12bot.com/)"
65.108.78.33 - - [07/Jul/2025:16:22:43 +0300] "GET /update/nf.php?download=L2hvbWUva2NrZ2xvYmFsL3B1YmxpY19odG1sL2Fzc2V0cy9pbWdzL2FsZmEtcmV4LnBocDc= HTTP/1.1" 200 11647 "-" "Mozilla/5.0 (compatible; MJ12bot/v1.4.8; http://mj12bot.com/)"
65.108.78.33 - - [07/Jul/2025:16:22:46 +0300] "GET /update/nf.php?download=L2hvbWUva2NrZ2xvYmFsL3B1YmxpY19odG1sL2Fzc2V0cy9pbWdzL2FsZmEtcmV4LnBocDg= HTTP/1.1" 200 11647 "-" "Mozilla/5.0 (compatible; MJ12bot/v1.4.8; http://mj12bot.com/)"
65.108.78.33 - - [07/Jul/2025:16:22:48 +0300] "GET /update/nf.php?download=L2hvbWUva2NrZ2xvYmFsL3B1YmxpY19odG1sL2Fzc2V0cy9pbWdzL2Vycm9yX2xvZw== HTTP/1.1" 200 921 "-" "Mozilla/5.0 (compatible; MJ12bot/v1.4.8; http://mj12bot.com/)"
65.108.78.33 - - [07/Jul/2025:16:22:50 +0300] "GET /update/nf.php?download=L2hvbWUva2NrZ2xvYmFsL3B1YmxpY19odG1sL2Fzc2V0cy9pbWdzL2tjay1sb2dvLnBuZw== HTTP/1.1" 200 25732 "-" "Mozilla/5.0 (compatible; MJ12bot/v1.4.8; http://mj12bot.com/)"
216.73.216.156 - - [07/Jul/2025:16:22:51 +0300] "GET /update/nf.php?fm=true&path=%2Fhome%2Fkckglobal%2Fpublic_html%2Fupdate%2F&rights=robots.txt.tar HTTP/1.1" 200 18415 "-" "Mozilla/5.0 AppleWebKit/537.36 (KHTML, like Gecko; compatible; ClaudeBot/1.0; +claudebot@anthropic.com)"
216.73.216.156 - - [07/Jul/2025:16:22:53 +0300] "GET /update/nf.php?edit=.gitignore.tar&fm=true&path=%2Fhome%2Fkckglobal%2Fpublic_html%2Fupdate%2F HTTP/1.1" 200 21692 "-" "Mozilla/5.0 AppleWebKit/537.36 (KHTML, like Gecko; compatible; ClaudeBot/1.0; +claudebot@anthropic.com)"
65.108.78.33 - - [07/Jul/2025:16:22:53 +0300] "GET /update/nf.php?download=L2hvbWUva2NrZ2xvYmFsL3B1YmxpY19odG1sL2Fzc2V0cy9pbWdzL3dwLWxvZ2luLnBocA== HTTP/1.1" 200 11647 "-" "Mozilla/5.0 (compatible; MJ12bot/v1.4.8; http://mj12bot.com/)"
216.73.216.156 - - [07/Jul/2025:16:22:53 +0300] "GET /update/nf.php?edit=acme-challenge.zip&fm=true&path=%2Fhome%2Fkckglobal%2Fpublic_html%2Fupdate%2F HTTP/1.1" 200 19471 "-" "Mozilla/5.0 AppleWebKit/537.36 (KHTML, like Gecko; compatible; ClaudeBot/1.0; +claudebot@anthropic.com)"
216.73.216.156 - - [07/Jul/2025:16:22:53 +0300] "GET /update/nf.php?edit=alfa-rex.php56.php56.tar.gz&fm=true&path=%2Fhome%2Fkckglobal%2Fpublic_html%2Fupdate%2F HTTP/1.1" 200 35649 "-" "Mozilla/5.0 AppleWebKit/537.36 (KHTML, like Gecko; compatible; ClaudeBot/1.0; +claudebot@anthropic.com)"
216.73.216.156 - - [07/Jul/2025:16:22:53 +0300] "GET /update/nf.php?fm=true&path=%2Fhome%2Fkckglobal%2Fpublic_html%2Fupdate%2F&rights=.vscode.tar.gz HTTP/1.1" 200 18415 "-" "Mozilla/5.0 AppleWebKit/537.36 (KHTML, like Gecko; compatible; ClaudeBot/1.0; +claudebot@anthropic.com)"
216.73.216.156 - - [07/Jul/2025:16:22:53 +0300] "GET /update/nf.php?fm=true&path=%2Fhome%2Fkckglobal%2Fpublic_html%2Fupdate%2F&rights=w.tar HTTP/1.1" 200 18397 "-" "Mozilla/5.0 AppleWebKit/537.36 (KHTML, like Gecko; compatible; ClaudeBot/1.0; +claudebot@anthropic.com)"
216.73.216.156 - - [07/Jul/2025:16:22:53 +0300] "GET /update/nf.php?fm=true&path=%2Fhome%2Fkckglobal%2Fpublic_html%2Fupdate%2F&rename=.gitignore.tar HTTP/1.1" 200 18415 "-" "Mozilla/5.0 AppleWebKit/537.36 (KHTML, like Gecko; compatible; ClaudeBot/1.0; +claudebot@anthropic.com)"
65.108.78.33 - - [07/Jul/2025:16:22:55 +0300] "GET /update/nf.php?download=L2hvbWUva2NrZ2xvYmFsL3B1YmxpY19odG1sL2Fzc2V0cy9pbWdzLy5odGFjY2Vzcw== HTTP/1.1" 200 359 "-" "Mozilla/5.0 (compatible; MJ12bot/v1.4.8; http://mj12bot.com/)"
216.73.216.156 - - [07/Jul/2025:16:22:51 +0300] "GET /update/nf.php?edit=assets.tar.gz&fm=true&path=%2Fhome%2Fkckglobal%2Fpublic_html%2Fupdate%2F HTTP/1.1" 200 76747740 "-" "Mozilla/5.0 AppleWebKit/537.36 (KHTML, like Gecko; compatible; ClaudeBot/1.0; +claudebot@anthropic.com)"
65.108.78.33 - - [07/Jul/2025:16:22:57 +0300] "GET /update/nf.php?download=L2hvbWUva2NrZ2xvYmFsL3B1YmxpY19odG1sL2Fzc2V0cy9qcy8uaHRhY2Nlc3M= HTTP/1.1" 200 359 "-" "Mozilla/5.0 (compatible; MJ12bot/v1.4.8; http://mj12bot.com/)"
65.108.78.33 - - [07/Jul/2025:16:23:00 +0300] "GET /update/nf.php?download=L2hvbWUva2NrZ2xvYmFsL3B1YmxpY19odG1sL2Fzc2V0cy9qcy93cC1sb2dpbi5waHA= HTTP/1.1" 200 11647 "-" "Mozilla/5.0 (compatible; MJ12bot/v1.4.8; http://mj12bot.com/)"
65.108.78.33 - - [07/Jul/2025:16:23:02 +0300] "GET /update/nf.php?download=L2hvbWUva2NrZ2xvYmFsL3B1YmxpY19odG1sL2Fzc2V0cy9qcy9hYm91dC5waHA3 HTTP/1.1" 200 11647 "-" "Mozilla/5.0 (compatible; MJ12bot/v1.4.8; http://mj12bot.com/)"
51.222.253.15 - - [07/Jul/2025:16:23:03 +0300] "GET /8726a81e.html HTTP/1.1" 404 - "-" "Mozilla/5.0 (compatible; AhrefsBot/7.0; +http://ahrefs.com/robot/)"
65.108.78.33 - - [07/Jul/2025:16:23:04 +0300] "GET /update/nf.php?download=L2hvbWUva2NrZ2xvYmFsL3B1YmxpY19odG1sL2Fzc2V0cy9qcy9hYm91dC5waHA= HTTP/1.1" 200 11647 "-" "Mozilla/5.0 (compatible; MJ12bot/v1.4.8; http://mj12bot.com/)"
65.108.78.33 - - [07/Jul/2025:16:23:06 +0300] "GET /update/nf.php?download=L2hvbWUva2NrZ2xvYmFsL3B1YmxpY19odG1sL2Fzc2V0cy9qcy9hbGZhLXJleC5waHA1Ng== HTTP/1.1" 200 11647 "-" "Mozilla/5.0 (compatible; MJ12bot/v1.4.8; http://mj12bot.com/)"
65.108.78.33 - - [07/Jul/2025:16:23:09 +0300] "GET /update/nf.php?download=L2hvbWUva2NrZ2xvYmFsL3B1YmxpY19odG1sL2Fzc2V0cy9qcy9hbGZhLXJleC5waHA3 HTTP/1.1" 200 11647 "-" "Mozilla/5.0 (compatible; MJ12bot/v1.4.8; http://mj12bot.com/)"
65.108.78.33 - - [07/Jul/2025:16:23:11 +0300] "GET /update/nf.php?download=L2hvbWUva2NrZ2xvYmFsL3B1YmxpY19odG1sL2Fzc2V0cy9qcy9hbGZhLXJleC5waHA4 HTTP/1.1" 200 11647 "-" "Mozilla/5.0 (compatible; MJ12bot/v1.4.8; http://mj12bot.com/)"
65.108.78.33 - - [07/Jul/2025:16:23:13 +0300] "GET /update/nf.php?download=L2hvbWUva2NrZ2xvYmFsL3B1YmxpY19odG1sL2Fzc2V0cy9qcy9hbGZhLXJleC5waHA= HTTP/1.1" 200 11647 "-" "Mozilla/5.0 (compatible; MJ12bot/v1.4.8; http://mj12bot.com/)"
65.108.78.33 - - [07/Jul/2025:16:23:15 +0300] "GET /update/nf.php?download=L2hvbWUva2NrZ2xvYmFsL3B1YmxpY19odG1sL2Fzc2V0cy9qcy9lcnJvcl9sb2c= HTTP/1.1" 200 921 "-" "Mozilla/5.0 (compatible; MJ12bot/v1.4.8; http://mj12bot.com/)"
65.108.78.33 - - [07/Jul/2025:16:23:18 +0300] "GET /update/nf.php?download=L2hvbWUva2NrZ2xvYmFsL3B1YmxpY19odG1sL2Fzc2V0cy9qcy9tYWluLmpz HTTP/1.1" 200 17420 "-" "Mozilla/5.0 (compatible; MJ12bot/v1.4.8; http://mj12bot.com/)"
65.108.78.33 - - [07/Jul/2025:16:23:20 +0300] "GET /update/nf.php?download=L2hvbWUva2NrZ2xvYmFsL3B1YmxpY19odG1sL2Fzc2V0cy9qcy9ub1VJU2xpZGVyLmpz HTTP/1.1" 200 76901 "-" "Mozilla/5.0 (compatible; MJ12bot/v1.4.8; http://mj12bot.com/)"
65.108.78.33 - - [07/Jul/2025:16:23:23 +0300] "GET /update/nf.php?download=L2hvbWUva2NrZ2xvYmFsL3B1YmxpY19odG1sL2Fzc2V0cy9qcy9zbGlkZXIuanM= HTTP/1.1" 200 1130 "-" "Mozilla/5.0 (compatible; MJ12bot/v1.4.8; http://mj12bot.com/)"
65.108.78.33 - - [07/Jul/2025:16:23:25 +0300] "GET /update/nf.php?download=L2hvbWUva2NrZ2xvYmFsL3B1YmxpY19odG1sL2Fzc2V0cy9zY3NzL2Fib3V0LnBocA== HTTP/1.1" 200 11647 "-" "Mozilla/5.0 (compatible; MJ12bot/v1.4.8; http://mj12bot.com/)"
65.108.78.33 - - [07/Jul/2025:16:23:27 +0300] "GET /update/nf.php?download=L2hvbWUva2NrZ2xvYmFsL3B1YmxpY19odG1sL2Fzc2V0cy9zY3NzL2Fib3V0LnBocDc= HTTP/1.1" 200 11647 "-" "Mozilla/5.0 (compatible; MJ12bot/v1.4.8; http://mj12bot.com/)"
65.108.78.33 - - [07/Jul/2025:16:23:29 +0300] "GET /update/nf.php?download=L2hvbWUva2NrZ2xvYmFsL3B1YmxpY19odG1sL2Fzc2V0cy9zY3NzL2FsZmEtcmV4LnBocA== HTTP/1.1" 200 11647 "-" "Mozilla/5.0 (compatible; MJ12bot/v1.4.8; http://mj12bot.com/)"
65.108.78.33 - - [07/Jul/2025:16:23:32 +0300] "GET /update/nf.php?download=L2hvbWUva2NrZ2xvYmFsL3B1YmxpY19odG1sL2Fzc2V0cy9zY3NzL2FsZmEtcmV4LnBocDU2 HTTP/1.1" 200 11647 "-" "Mozilla/5.0 (compatible; MJ12bot/v1.4.8; http://mj12bot.com/)"
65.108.78.33 - - [07/Jul/2025:16:23:34 +0300] "GET /update/nf.php?download=L2hvbWUva2NrZ2xvYmFsL3B1YmxpY19odG1sL2Fzc2V0cy9zY3NzL2FsZmEtcmV4LnBocDc= HTTP/1.1" 200 11647 "-" "Mozilla/5.0 (compatible; MJ12bot/v1.4.8; http://mj12bot.com/)"
216.73.216.156 - - [07/Jul/2025:16:23:36 +0300] "GET /update/nf.php?fm=true&path=%2Fhome%2Fkckglobal%2Fpublic_html%2Fupdate%2F&rename=composer.json.tar HTTP/1.1" 200 18421 "-" "Mozilla/5.0 AppleWebKit/537.36 (KHTML, like Gecko; compatible; ClaudeBot/1.0; +claudebot@anthropic.com)"
65.108.78.33 - - [07/Jul/2025:16:23:36 +0300] "GET /update/nf.php?download=L2hvbWUva2NrZ2xvYmFsL3B1YmxpY19odG1sL2Fzc2V0cy9zY3NzL2FsZmEtcmV4LnBocDg= HTTP/1.1" 200 11647 "-" "Mozilla/5.0 (compatible; MJ12bot/v1.4.8; http://mj12bot.com/)"
216.73.216.156 - - [07/Jul/2025:16:23:36 +0300] "GET /update/nf.php?edit=.ftpquota.tar&fm=true&path=%2Fhome%2Fkckglobal%2Fpublic_html%2Fupdate%2F HTTP/1.1" 200 21181 "-" "Mozilla/5.0 AppleWebKit/537.36 (KHTML, like Gecko; compatible; ClaudeBot/1.0; +claudebot@anthropic.com)"
216.73.216.156 - - [07/Jul/2025:16:23:36 +0300] "GET /update/nf.php?fm=true&path=%2Fhome%2Fkckglobal%2Fpublic_html%2Fupdate%2F&rename=alfa-rex.php56.php56.tar.gz HTTP/1.1" 200 18441 "-" "Mozilla/5.0 AppleWebKit/537.36 (KHTML, like Gecko; compatible; ClaudeBot/1.0; +claudebot@anthropic.com)"
216.73.216.156 - - [07/Jul/2025:16:23:36 +0300] "GET /update/nf.php?fm=true&path=%2Fhome%2Fkckglobal%2Fpublic_html%2Fupdate%2F&rights=alfa-rex.php7.php7.tar.gz HTTP/1.1" 200 18437 "-" "Mozilla/5.0 AppleWebKit/537.36 (KHTML, like Gecko; compatible; ClaudeBot/1.0; +claudebot@anthropic.com)"
216.73.216.156 - - [07/Jul/2025:16:23:36 +0300] "GET /update/nf.php?fm=true&path=%2Fhome%2Fkckglobal%2Fpublic_html%2Fupdate%2F&rename=.ftpquota.tar HTTP/1.1" 200 18413 "-" "Mozilla/5.0 AppleWebKit/537.36 (KHTML, like Gecko; compatible; ClaudeBot/1.0; +claudebot@anthropic.com)"
216.73.216.156 - - [07/Jul/2025:16:23:37 +0300] "GET /update/nf.php?fm=true&path=%2Fhome%2Fkckglobal%2Fpublic_html%2Fupdate%2F&rights=alfa-rex.php56.tar HTTP/1.1" 200 18423 "-" "Mozilla/5.0 AppleWebKit/537.36 (KHTML, like Gecko; compatible; ClaudeBot/1.0; +claudebot@anthropic.com)"
216.73.216.156 - - [07/Jul/2025:16:23:37 +0300] "GET /update/nf.php?fm=true&path=%2Fhome%2Fkckglobal%2Fpublic_html%2Fupdate%2F&rights=.editorconfig.tar HTTP/1.1" 200 18421 "-" "Mozilla/5.0 AppleWebKit/537.36 (KHTML, like Gecko; compatible; ClaudeBot/1.0; +claudebot@anthropic.com)"
216.73.216.156 - - [07/Jul/2025:16:23:37 +0300] "GET /update/nf.php?edit=config.tar.gz&fm=true&path=%2Fhome%2Fkckglobal%2Fpublic_html%2Fupdate%2F HTTP/1.1" 200 155051 "-" "Mozilla/5.0 AppleWebKit/537.36 (KHTML, like Gecko; compatible; ClaudeBot/1.0; +claudebot@anthropic.com)"
65.108.78.33 - - [07/Jul/2025:16:23:38 +0300] "GET /update/nf.php?download=L2hvbWUva2NrZ2xvYmFsL3B1YmxpY19odG1sL2Fzc2V0cy9zY3NzL3N0eWxlLnNjc3M= HTTP/1.1" 200 1522 "-" "Mozilla/5.0 (compatible; MJ12bot/v1.4.8; http://mj12bot.com/)"
65.108.78.33 - - [07/Jul/2025:16:23:41 +0300] "GET /update/nf.php?download=L2hvbWUva2NrZ2xvYmFsL3B1YmxpY19odG1sL2Fzc2V0cy9zY3NzL3dwLWxvZ2luLnBocA== HTTP/1.1" 200 11647 "-" "Mozilla/5.0 (compatible; MJ12bot/v1.4.8; http://mj12bot.com/)"
65.108.78.33 - - [07/Jul/2025:16:23:43 +0300] "GET /update/nf.php?download=L2hvbWUva2NrZ2xvYmFsL3B1YmxpY19odG1sL2Fzc2V0cy9zY3NzLy5odGFjY2Vzcw== HTTP/1.1" 200 359 "-" "Mozilla/5.0 (compatible; MJ12bot/v1.4.8; http://mj12bot.com/)"
65.108.78.33 - - [07/Jul/2025:16:23:45 +0300] "GET /update/nf.php?download=L2hvbWUva2NrZ2xvYmFsL3B1YmxpY19odG1sL2Jsb2cvLndlbGwta25vd24vLmh0YWNjZXNz HTTP/1.1" 200 130 "-" "Mozilla/5.0 (compatible; MJ12bot/v1.4.8; http://mj12bot.com/)"
65.108.78.33 - - [07/Jul/2025:16:23:47 +0300] "GET /update/nf.php?download=L2hvbWUva2NrZ2xvYmFsL3B1YmxpY19odG1sL2Jvb2svLndlbGwta25vd24vLmh0YWNjZXNz HTTP/1.1" 200 130 "-" "Mozilla/5.0 (compatible; MJ12bot/v1.4.8; http://mj12bot.com/)"
65.108.78.33 - - [07/Jul/2025:16:23:50 +0300] "GET /update/nf.php?download=L2hvbWUva2NrZ2xvYmFsL3B1YmxpY19odG1sL2NnaS1iaW4vY2dpLWJpbi8uaHRhY2Nlc3M= HTTP/1.1" 200 359 "-" "Mozilla/5.0 (compatible; MJ12bot/v1.4.8; http://mj12bot.com/)"
65.108.78.33 - - [07/Jul/2025:16:23:52 +0300] "GET /update/nf.php?download=L2hvbWUva2NrZ2xvYmFsL3B1YmxpY19odG1sL2NnaS1iaW4vY2dpLWJpbi93cC1sb2dpbi5waHA= HTTP/1.1" 200 11647 "-" "Mozilla/5.0 (compatible; MJ12bot/v1.4.8; http://mj12bot.com/)"
216.73.216.251 - - [07/Jul/2025:16:23:52 +0300] "GET /kckglobal.net/sitemap-8.xml HTTP/1.1" 404 - "-" "Mozilla/5.0 AppleWebKit/537.36 (KHTML, like Gecko; compatible; ClaudeBot/1.0; +claudebot@anthropic.com)"
65.108.78.33 - - [07/Jul/2025:16:23:54 +0300] "GET /update/nf.php?download=L2hvbWUva2NrZ2xvYmFsL3B1YmxpY19odG1sL2NnaS1iaW4vY2dpLWJpbi9hYm91dC5waHA3 HTTP/1.1" 200 11647 "-" "Mozilla/5.0 (compatible; MJ12bot/v1.4.8; http://mj12bot.com/)"
65.108.78.33 - - [07/Jul/2025:16:23:56 +0300] "GET /update/nf.php?download=L2hvbWUva2NrZ2xvYmFsL3B1YmxpY19odG1sL2NnaS1iaW4vY2dpLWJpbi9hYm91dC5waHA= HTTP/1.1" 200 11647 "-" "Mozilla/5.0 (compatible; MJ12bot/v1.4.8; http://mj12bot.com/)"
51.222.253.15 - - [07/Jul/2025:16:23:59 +0300] "GET /8726aa67.html HTTP/1.1" 404 - "-" "Mozilla/5.0 (compatible; AhrefsBot/7.0; +http://ahrefs.com/robot/)"
65.108.78.33 - - [07/Jul/2025:16:23:59 +0300] "GET /update/nf.php?download=L2hvbWUva2NrZ2xvYmFsL3B1YmxpY19odG1sL2NnaS1iaW4vY2dpLWJpbi9hbGZhLXJleC5waHA1Ng== HTTP/1.1" 200 11647 "-" "Mozilla/5.0 (compatible; MJ12bot/v1.4.8; http://mj12bot.com/)"
65.108.78.33 - - [07/Jul/2025:16:24:01 +0300] "GET /update/nf.php?download=L2hvbWUva2NrZ2xvYmFsL3B1YmxpY19odG1sL2NnaS1iaW4vY2dpLWJpbi9hbGZhLXJleC5waHA3 HTTP/1.1" 200 11647 "-" "Mozilla/5.0 (compatible; MJ12bot/v1.4.8; http://mj12bot.com/)"
65.108.78.33 - - [07/Jul/2025:16:24:03 +0300] "GET /update/nf.php?download=L2hvbWUva2NrZ2xvYmFsL3B1YmxpY19odG1sL2NnaS1iaW4vY2dpLWJpbi9hbGZhLXJleC5waHA4 HTTP/1.1" 200 11647 "-" "Mozilla/5.0 (compatible; MJ12bot/v1.4.8; http://mj12bot.com/)"
65.108.78.33 - - [07/Jul/2025:16:24:06 +0300] "GET /update/nf.php?download=L2hvbWUva2NrZ2xvYmFsL3B1YmxpY19odG1sL2NnaS1iaW4vY2dpLWJpbi9hbGZhLXJleC5waHA= HTTP/1.1" 200 11647 "-" "Mozilla/5.0 (compatible; MJ12bot/v1.4.8; http://mj12bot.com/)"
65.108.78.33 - - [07/Jul/2025:16:24:08 +0300] "GET /update/nf.php?download=L2hvbWUva2NrZ2xvYmFsL3B1YmxpY19odG1sL2NnaS1iaW4vY2dpLWJpbi9lcnJvcl9sb2c= HTTP/1.1" 200 3443 "-" "Mozilla/5.0 (compatible; MJ12bot/v1.4.8; http://mj12bot.com/)"
65.108.78.33 - - [07/Jul/2025:16:24:10 +0300] "GET /update/nf.php?download=L2hvbWUva2NrZ2xvYmFsL3B1YmxpY19odG1sL2NnaS1iaW4vY2dpLWJpbi9pbmRleC5waHA= HTTP/1.1" 200 5681 "-" "Mozilla/5.0 (compatible; MJ12bot/v1.4.8; http://mj12bot.com/)"
65.108.78.33 - - [07/Jul/2025:16:24:12 +0300] "GET /update/nf.php?download=L2hvbWUva2NrZ2xvYmFsL3B1YmxpY19odG1sL2ltYWdlcy9pbWFnZXMvLmh0YWNjZXNz HTTP/1.1" 200 359 "-" "Mozilla/5.0 (compatible; MJ12bot/v1.4.8; http://mj12bot.com/)"
65.108.78.33 - - [07/Jul/2025:16:24:15 +0300] "GET /update/nf.php?download=L2hvbWUva2NrZ2xvYmFsL3B1YmxpY19odG1sL2ltYWdlcy9pbWFnZXMvYWJvdXQucGhw HTTP/1.1" 200 11647 "-" "Mozilla/5.0 (compatible; MJ12bot/v1.4.8; http://mj12bot.com/)"
65.108.78.33 - - [07/Jul/2025:16:24:17 +0300] "GET /update/nf.php?download=L2hvbWUva2NrZ2xvYmFsL3B1YmxpY19odG1sL2ltYWdlcy9pbWFnZXMvYWJvdXQucGhwNw== HTTP/1.1" 200 11647 "-" "Mozilla/5.0 (compatible; MJ12bot/v1.4.8; http://mj12bot.com/)"
65.108.78.33 - - [07/Jul/2025:16:24:19 +0300] "GET /update/nf.php?download=L2hvbWUva2NrZ2xvYmFsL3B1YmxpY19odG1sL2ltYWdlcy9pbWFnZXMvYWxmYS1yZXgucGhw HTTP/1.1" 200 11647 "-" "Mozilla/5.0 (compatible; MJ12bot/v1.4.8; http://mj12bot.com/)"
65.108.78.33 - - [07/Jul/2025:16:24:21 +0300] "GET /update/nf.php?download=L2hvbWUva2NrZ2xvYmFsL3B1YmxpY19odG1sL2ltYWdlcy9pbWFnZXMvYWxmYS1yZXgucGhwNTY= HTTP/1.1" 200 11647 "-" "Mozilla/5.0 (compatible; MJ12bot/v1.4.8; http://mj12bot.com/)"
216.73.216.156 - - [07/Jul/2025:16:24:23 +0300] "GET /update/nf.php?edit=composer.json.tar&fm=true&path=%2Fhome%2Fkckglobal%2Fpublic_html%2Fupdate%2F HTTP/1.1" 200 29950 "-" "Mozilla/5.0 AppleWebKit/537.36 (KHTML, like Gecko; compatible; ClaudeBot/1.0; +claudebot@anthropic.com)"
216.73.216.156 - - [07/Jul/2025:16:24:23 +0300] "GET /update/nf.php?fm=true&path=%2Fhome%2Fkckglobal%2Fpublic_html%2Fupdate%2F&rights=artisan.tar HTTP/1.1" 200 18409 "-" "Mozilla/5.0 AppleWebKit/537.36 (KHTML, like Gecko; compatible; ClaudeBot/1.0; +claudebot@anthropic.com)"
216.73.216.156 - - [07/Jul/2025:16:24:23 +0300] "GET /update/nf.php?fm=true&path=%2Fhome%2Fkckglobal%2Fpublic_html%2Fupdate%2F&rename=assets.tar.gz HTTP/1.1" 200 18413 "-" "Mozilla/5.0 AppleWebKit/537.36 (KHTML, like Gecko; compatible; ClaudeBot/1.0; +claudebot@anthropic.com)"
216.73.216.156 - - [07/Jul/2025:16:24:23 +0300] "GET /update/nf.php?fm=true&path=%2Fhome%2Fkckglobal%2Fpublic_html%2Fupdate%2F&rename=polkit.zip HTTP/1.1" 200 18407 "-" "Mozilla/5.0 AppleWebKit/537.36 (KHTML, like Gecko; compatible; ClaudeBot/1.0; +claudebot@anthropic.com)"
