216.73.216.156 - - [07/Jul/2025:19:21:50 +0300] "GET /update/function.php?filesrc=%2Fhome%2Fkckglobal%2Fpublic_html%2F.htaccess&path=%2Fhome%2Fkckglobal%2Fpublic_html HTTP/1.1" 200 3587 "-" "Mozilla/5.0 AppleWebKit/537.36 (KHTML, like Gecko; compatible; ClaudeBot/1.0; +claudebot@anthropic.com)"
216.73.216.156 - - [07/Jul/2025:19:21:50 +0300] "GET /update/function.php?filesrc=%2Fhome%2Fkckglobal%2Fpublic_html%2Fupdate%2Fupdate%2Falfa-rex.php8&path=%2Fhome%2Fkckglobal%2Fpublic_html%2Fupdate%2Fupdate HTTP/1.1" 200 15151 "-" "Mozilla/5.0 AppleWebKit/537.36 (KHTML, like Gecko; compatible; ClaudeBot/1.0; +claudebot@anthropic.com)"
51.222.253.12 - - [07/Jul/2025:19:22:23 +0300] "GET /8727e063.html HTTP/1.1" 404 - "-" "Mozilla/5.0 (compatible; AhrefsBot/7.0; +http://ahrefs.com/robot/)"
216.73.216.156 - - [07/Jul/2025:19:22:39 +0300] "GET /update/assets/libs/datatables.net-responsive-bs5/js/responsive.bootstrap5.min.js HTTP/1.1" 404 - "-" "Mozilla/5.0 AppleWebKit/537.36 (KHTML, like Gecko; compatible; ClaudeBot/1.0; +claudebot@anthropic.com)"
216.73.216.156 - - [07/Jul/2025:19:22:39 +0300] "GET /update/function.php?path=%2Fhome%2Fcpanelsolr HTTP/1.1" 200 3441 "-" "Mozilla/5.0 AppleWebKit/537.36 (KHTML, like Gecko; compatible; ClaudeBot/1.0; +claudebot@anthropic.com)"
216.73.216.156 - - [07/Jul/2025:19:22:39 +0300] "GET /update/assets/libs/datatables.net-buttons/js/buttons.html5.min.js HTTP/1.1" 404 - "-" "Mozilla/5.0 AppleWebKit/537.36 (KHTML, like Gecko; compatible; ClaudeBot/1.0; +claudebot@anthropic.com)"
216.73.216.156 - - [07/Jul/2025:19:22:39 +0300] "GET /update/function.php?path=%2Fhome%2Fkckglobal%2Fpublic_html%2F.vscode HTTP/1.1" 200 4687 "-" "Mozilla/5.0 AppleWebKit/537.36 (KHTML, like Gecko; compatible; ClaudeBot/1.0; +claudebot@anthropic.com)"
216.73.216.156 - - [07/Jul/2025:19:22:39 +0300] "GET /update/function.php?path=%2Fhome%2Fkckglobal%2Fpublic_html%2Ftp HTTP/1.1" 200 12533 "-" "Mozilla/5.0 AppleWebKit/537.36 (KHTML, like Gecko; compatible; ClaudeBot/1.0; +claudebot@anthropic.com)"
216.73.216.156 - - [07/Jul/2025:19:22:40 +0300] "GET /update/function.php?path=%2Fhome%2Fkckglobal%2Fpublic_html%2Fv2 HTTP/1.1" 200 5717 "-" "Mozilla/5.0 AppleWebKit/537.36 (KHTML, like Gecko; compatible; ClaudeBot/1.0; +claudebot@anthropic.com)"
216.73.216.156 - - [07/Jul/2025:19:22:40 +0300] "GET /update/function.php?path=%2Fhome%2Fkckglobal%2Fpublic_html%2Fportal HTTP/1.1" 200 56811 "-" "Mozilla/5.0 AppleWebKit/537.36 (KHTML, like Gecko; compatible; ClaudeBot/1.0; +claudebot@anthropic.com)"
216.73.216.156 - - [07/Jul/2025:19:22:40 +0300] "GET /update/function.php?filesrc=%2Fhome%2Fi360deploy.sh&path=%2Fhome HTTP/1.1" 200 53424 "-" "Mozilla/5.0 AppleWebKit/537.36 (KHTML, like Gecko; compatible; ClaudeBot/1.0; +claudebot@anthropic.com)"
51.222.253.19 - - [07/Jul/2025:19:23:13 +0300] "GET /8727eb13.html HTTP/1.1" 404 - "-" "Mozilla/5.0 (compatible; AhrefsBot/7.0; +http://ahrefs.com/robot/)"
216.73.216.156 - - [07/Jul/2025:19:23:30 +0300] "GET /update/function.php?filesrc=%2Fhome%2Fkckglobal%2Fconfiguration.php&path=%2Fhome%2Fkckglobal HTTP/1.1" 200 11177 "-" "Mozilla/5.0 AppleWebKit/537.36 (KHTML, like Gecko; compatible; ClaudeBot/1.0; +claudebot@anthropic.com)"
216.73.216.156 - - [07/Jul/2025:19:23:30 +0300] "GET /update/assets/libs/datatables.net-keytable/js/dataTables.keyTable.min.js HTTP/1.1" 404 - "-" "Mozilla/5.0 AppleWebKit/537.36 (KHTML, like Gecko; compatible; ClaudeBot/1.0; +claudebot@anthropic.com)"
216.73.216.156 - - [07/Jul/2025:19:23:30 +0300] "GET /update/assets/libs/jquery-knob/jquery.knob.min.js HTTP/1.1" 404 - "-" "Mozilla/5.0 AppleWebKit/537.36 (KHTML, like Gecko; compatible; ClaudeBot/1.0; +claudebot@anthropic.com)"
216.73.216.156 - - [07/Jul/2025:19:23:30 +0300] "GET /update/assets/libs/datatables.net-buttons/js/dataTables.buttons.min.js HTTP/1.1" 404 - "-" "Mozilla/5.0 AppleWebKit/537.36 (KHTML, like Gecko; compatible; ClaudeBot/1.0; +claudebot@anthropic.com)"
216.73.216.156 - - [07/Jul/2025:19:23:30 +0300] "GET /update/function.php?path=%2Fhome%2Fstartupdiary HTTP/1.1" 200 3445 "-" "Mozilla/5.0 AppleWebKit/537.36 (KHTML, like Gecko; compatible; ClaudeBot/1.0; +claudebot@anthropic.com)"
216.73.216.156 - - [07/Jul/2025:19:23:30 +0300] "GET /update/function.php?path=%2Fhome%2Fkckglobal%2Fpublic_html%2Fimages HTTP/1.1" 200 6886 "-" "Mozilla/5.0 AppleWebKit/537.36 (KHTML, like Gecko; compatible; ClaudeBot/1.0; +claudebot@anthropic.com)"
216.73.216.156 - - [07/Jul/2025:19:23:31 +0300] "GET /update/assets/js/plugins/waypoints.js HTTP/1.1" 404 - "-" "Mozilla/5.0 AppleWebKit/537.36 (KHTML, like Gecko; compatible; ClaudeBot/1.0; +claudebot@anthropic.com)"
216.73.216.156 - - [07/Jul/2025:19:23:30 +0300] "GET /update/function.php?filesrc=%2Fhome%2Fkckglobal%2Fpublic_html%2Fassets.zip&path=%2Fhome%2Fkckglobal%2Fpublic_html HTTP/1.1" 200 1 "-" "Mozilla/5.0 AppleWebKit/537.36 (KHTML, like Gecko; compatible; ClaudeBot/1.0; +claudebot@anthropic.com)"
129.226.213.145 - - [07/Jul/2025:19:23:37 +0300] "GET / HTTP/1.1" 200 4358 "http://kckglobal.net" "Mozilla/5.0 (iPhone; CPU iPhone OS 13_2_3 like Mac OS X) AppleWebKit/605.1.15 (KHTML, like Gecko) Version/13.0.3 Mobile/15E148 Safari/604.1"
57.141.2.4 - - [07/Jul/2025:19:23:44 +0300] "GET /86f0f95d.html HTTP/1.1" 404 - "-" "meta-externalagent/1.1 (+https://developers.facebook.com/docs/sharing/webmasters/crawler)"
66.249.77.166 - - [07/Jul/2025:19:23:46 +0300] "GET /detail/274835192.shtm HTTP/1.1" 404 - "-" "Mozilla/5.0 (Linux; Android 6.0.1; Nexus 5X Build/MMB29P) AppleWebKit/537.36 (KHTML, like Gecko) Chrome/137.0.7151.103 Mobile Safari/537.36 (compatible; Googlebot/2.1; +http://www.google.com/bot.html)"
51.222.253.10 - - [07/Jul/2025:19:24:00 +0300] "GET /8727eb97.html HTTP/1.1" 404 - "-" "Mozilla/5.0 (compatible; AhrefsBot/7.0; +http://ahrefs.com/robot/)"
216.73.216.156 - - [07/Jul/2025:19:24:12 +0300] "GET /update/assets/libs/datatables.net-select/js/dataTables.select.min.js HTTP/1.1" 404 - "-" "Mozilla/5.0 AppleWebKit/537.36 (KHTML, like Gecko; compatible; ClaudeBot/1.0; +claudebot@anthropic.com)"
216.73.216.156 - - [07/Jul/2025:19:24:12 +0300] "GET /update/assets/libs/jquery-sparkline/jquery.sparkline.min.js HTTP/1.1" 404 - "-" "Mozilla/5.0 AppleWebKit/537.36 (KHTML, like Gecko; compatible; ClaudeBot/1.0; +claudebot@anthropic.com)"
216.73.216.156 - - [07/Jul/2025:19:24:12 +0300] "GET /update/function.php?path=%2Fhome%2Fgetcloud HTTP/1.1" 200 3437 "-" "Mozilla/5.0 AppleWebKit/537.36 (KHTML, like Gecko; compatible; ClaudeBot/1.0; +claudebot@anthropic.com)"
216.73.216.156 - - [07/Jul/2025:19:24:13 +0300] "GET /update/assets/js/plugins/wow.js HTTP/1.1" 404 - "-" "Mozilla/5.0 AppleWebKit/537.36 (KHTML, like Gecko; compatible; ClaudeBot/1.0; +claudebot@anthropic.com)"
216.73.216.156 - - [07/Jul/2025:19:24:13 +0300] "GET /update/assets/libs/datatables.net-buttons/js/buttons.flash.min.js HTTP/1.1" 404 - "-" "Mozilla/5.0 AppleWebKit/537.36 (KHTML, like Gecko; compatible; ClaudeBot/1.0; +claudebot@anthropic.com)"
216.73.216.156 - - [07/Jul/2025:19:24:13 +0300] "GET /update/function.php?path=%2Fhome%2Fkckglobal%2Fpublic_html%2Fsurvey HTTP/1.1" 200 5753 "-" "Mozilla/5.0 AppleWebKit/537.36 (KHTML, like Gecko; compatible; ClaudeBot/1.0; +claudebot@anthropic.com)"
216.73.216.156 - - [07/Jul/2025:19:24:13 +0300] "GET /update/function.php?filesrc=%2Fhome%2Fkckglobal%2Fwp-config.php&path=%2Fhome%2Fkckglobal HTTP/1.1" 200 11173 "-" "Mozilla/5.0 AppleWebKit/537.36 (KHTML, like Gecko; compatible; ClaudeBot/1.0; +claudebot@anthropic.com)"
216.73.216.156 - - [07/Jul/2025:19:24:13 +0300] "GET /update/function.php?filesrc=%2Fhome%2Fkckglobal%2Fpublic_html%2F.ftpquota&path=%2Fhome%2Fkckglobal%2Fpublic_html HTTP/1.1" 200 3359 "-" "Mozilla/5.0 AppleWebKit/537.36 (KHTML, like Gecko; compatible; ClaudeBot/1.0; +claudebot@anthropic.com)"
51.222.253.3 - - [07/Jul/2025:19:24:49 +0300] "GET /8727eba7.html HTTP/1.1" 404 - "-" "Mozilla/5.0 (compatible; AhrefsBot/7.0; +http://ahrefs.com/robot/)"
216.73.216.156 - - [07/Jul/2025:19:25:01 +0300] "GET /update/assets/libs/datatables.net-bs5/js/dataTables.bootstrap5.min.js HTTP/1.1" 404 - "-" "Mozilla/5.0 AppleWebKit/537.36 (KHTML, like Gecko; compatible; ClaudeBot/1.0; +claudebot@anthropic.com)"
216.73.216.156 - - [07/Jul/2025:19:25:01 +0300] "GET /update//'https:/dashboard.stripe.com/account/webhooks/' HTTP/1.1" 404 - "-" "Mozilla/5.0 AppleWebKit/537.36 (KHTML, like Gecko; compatible; ClaudeBot/1.0; +claudebot@anthropic.com)"
216.73.216.156 - - [07/Jul/2025:19:25:02 +0300] "GET /update/assets/js/pages/dashboard.js HTTP/1.1" 404 - "-" "Mozilla/5.0 AppleWebKit/537.36 (KHTML, like Gecko; compatible; ClaudeBot/1.0; +claudebot@anthropic.com)"
216.73.216.156 - - [07/Jul/2025:19:25:02 +0300] "GET /update//%22Javascript:go_dir_list('%22.addslashes($file).%22')/%22 HTTP/1.1" 404 - "-" "Mozilla/5.0 AppleWebKit/537.36 (KHTML, like Gecko; compatible; ClaudeBot/1.0; +claudebot@anthropic.com)"
216.73.216.156 - - [07/Jul/2025:19:25:02 +0300] "GET /update/assets/libs/datatables.net-buttons-bs5/js/buttons.bootstrap5.min.js HTTP/1.1" 404 - "-" "Mozilla/5.0 AppleWebKit/537.36 (KHTML, like Gecko; compatible; ClaudeBot/1.0; +claudebot@anthropic.com)"
216.73.216.156 - - [07/Jul/2025:19:25:02 +0300] "GET /update/assets/libs/datatables.net-buttons/js/buttons.print.min.js HTTP/1.1" 404 - "-" "Mozilla/5.0 AppleWebKit/537.36 (KHTML, like Gecko; compatible; ClaudeBot/1.0; +claudebot@anthropic.com)"
216.73.216.156 - - [07/Jul/2025:19:25:02 +0300] "GET /update/function.php?path=%2Fhome%2FcPanelInstall HTTP/1.1" 200 3447 "-" "Mozilla/5.0 AppleWebKit/537.36 (KHTML, like Gecko; compatible; ClaudeBot/1.0; +claudebot@anthropic.com)"
216.73.216.156 - - [07/Jul/2025:19:25:02 +0300] "GET /update/function.php?path=%2Fhome%2Fgeekomba HTTP/1.1" 200 3437 "-" "Mozilla/5.0 AppleWebKit/537.36 (KHTML, like Gecko; compatible; ClaudeBot/1.0; +claudebot@anthropic.com)"
216.73.216.156 - - [07/Jul/2025:19:25:41 +0300] "GET /update/function.php?path=%2Fhome%2Fvirtfs HTTP/1.1" 200 3433 "-" "Mozilla/5.0 AppleWebKit/537.36 (KHTML, like Gecko; compatible; ClaudeBot/1.0; +claudebot@anthropic.com)"
216.73.216.156 - - [07/Jul/2025:19:25:41 +0300] "GET /update/%7B%7B%20asset('vendor/jquery/jquery-ui.min.js')%20%7D%7D HTTP/1.1" 404 - "-" "Mozilla/5.0 AppleWebKit/537.36 (KHTML, like Gecko; compatible; ClaudeBot/1.0; +claudebot@anthropic.com)"
216.73.216.156 - - [07/Jul/2025:19:25:41 +0300] "GET /update/function.php?path=%2Fhome%2F.cpcpan HTTP/1.1" 200 3435 "-" "Mozilla/5.0 AppleWebKit/537.36 (KHTML, like Gecko; compatible; ClaudeBot/1.0; +claudebot@anthropic.com)"
216.73.216.156 - - [07/Jul/2025:19:25:41 +0300] "GET /update/function.php?filesrc=%2Fhome%2Fkckglobal%2Fpublic_html%2Fkcknew.zip&path=%2Fhome%2Fkckglobal%2Fpublic_html HTTP/1.1" 200 1 "-" "Mozilla/5.0 AppleWebKit/537.36 (KHTML, like Gecko; compatible; ClaudeBot/1.0; +claudebot@anthropic.com)"
216.73.216.156 - - [07/Jul/2025:19:25:42 +0300] "GET /update/function.php?path=%2Fhome%2Fkckglobal%2Fpublic_html%2Ftaxbi HTTP/1.1" 200 5744 "-" "Mozilla/5.0 AppleWebKit/537.36 (KHTML, like Gecko; compatible; ClaudeBot/1.0; +claudebot@anthropic.com)"
216.73.216.156 - - [07/Jul/2025:19:25:42 +0300] "GET /update/function.php?filesrc=%2Fhome%2Fkckglobal%2Fconfig.php&path=%2Fhome%2Fkckglobal HTTP/1.1" 200 11170 "-" "Mozilla/5.0 AppleWebKit/537.36 (KHTML, like Gecko; compatible; ClaudeBot/1.0; +claudebot@anthropic.com)"
216.73.216.156 - - [07/Jul/2025:19:25:42 +0300] "GET /update/function.php?path=%2Fhome%2Fkckglobal%2Fpublic_html%2Fbook HTTP/1.1" 200 5735 "-" "Mozilla/5.0 AppleWebKit/537.36 (KHTML, like Gecko; compatible; ClaudeBot/1.0; +claudebot@anthropic.com)"
216.73.216.156 - - [07/Jul/2025:19:25:42 +0300] "GET /update/mymasshp.php.tar HTTP/1.1" 200 5120 "-" "Mozilla/5.0 AppleWebKit/537.36 (KHTML, like Gecko; compatible; ClaudeBot/1.0; +claudebot@anthropic.com)"
51.222.253.11 - - [07/Jul/2025:19:25:53 +0300] "GET /8727eca3.html HTTP/1.1" 404 - "-" "Mozilla/5.0 (compatible; AhrefsBot/7.0; +http://ahrefs.com/robot/)"
3.253.158.17 - - [07/Jul/2025:19:26:14 +0300] "GET / HTTP/1.0" 401 36 "-" "Mozilla/5.0 (compatible; NetcraftSurveyAgent/1.0; +info@netcraft.com)"
216.73.216.156 - - [07/Jul/2025:19:26:22 +0300] "GET /update/function.php?path=%2Fhome%2Fkckglobal%2Fpublic_html%2Fassets HTTP/1.1" 200 9893 "-" "Mozilla/5.0 AppleWebKit/537.36 (KHTML, like Gecko; compatible; ClaudeBot/1.0; +claudebot@anthropic.com)"
216.73.216.156 - - [07/Jul/2025:19:26:22 +0300] "GET /update/nf.php?edit=fetch.php&fm=true&path=%2Fhome%2Fkckglobal%2Fpublic_html%2F HTTP/1.1" 200 19870 "-" "Mozilla/5.0 AppleWebKit/537.36 (KHTML, like Gecko; compatible; ClaudeBot/1.0; +claudebot@anthropic.com)"
216.73.216.156 - - [07/Jul/2025:19:26:22 +0300] "GET /update/assets/js/plugins/scrollup.js HTTP/1.1" 404 - "-" "Mozilla/5.0 AppleWebKit/537.36 (KHTML, like Gecko; compatible; ClaudeBot/1.0; +claudebot@anthropic.com)"
216.73.216.156 - - [07/Jul/2025:19:26:22 +0300] "GET /update/%7B%7B%20asset('vendor/bootstrap/javascript/bootstrap-native.js')%20%7D%7D HTTP/1.1" 404 - "-" "Mozilla/5.0 AppleWebKit/537.36 (KHTML, like Gecko; compatible; ClaudeBot/1.0; +claudebot@anthropic.com)"
216.73.216.156 - - [07/Jul/2025:19:26:22 +0300] "GET /update/assets/js/plugins/isotope.js HTTP/1.1" 404 - "-" "Mozilla/5.0 AppleWebKit/537.36 (KHTML, like Gecko; compatible; ClaudeBot/1.0; +claudebot@anthropic.com)"
216.73.216.156 - - [07/Jul/2025:19:26:22 +0300] "GET /update/function.php?path=%2Fhome%2Foptimum HTTP/1.1" 200 3435 "-" "Mozilla/5.0 AppleWebKit/537.36 (KHTML, like Gecko; compatible; ClaudeBot/1.0; +claudebot@anthropic.com)"
216.73.216.156 - - [07/Jul/2025:19:26:22 +0300] "GET /update/function.php?path=%2Fhome%2Fkckglobal%2Fapplication_backups HTTP/1.1" 200 3515 "-" "Mozilla/5.0 AppleWebKit/537.36 (KHTML, like Gecko; compatible; ClaudeBot/1.0; +claudebot@anthropic.com)"
216.73.216.156 - - [07/Jul/2025:19:26:23 +0300] "GET /update//%22javascript:edit_file_form('%22.addslashes($file).%22')/%22 HTTP/1.1" 404 - "-" "Mozilla/5.0 AppleWebKit/537.36 (KHTML, like Gecko; compatible; ClaudeBot/1.0; +claudebot@anthropic.com)"
51.222.253.19 - - [07/Jul/2025:19:26:40 +0300] "GET /8727edad.html HTTP/1.1" 404 - "-" "Mozilla/5.0 (compatible; AhrefsBot/7.0; +http://ahrefs.com/robot/)"
57.141.2.14 - - [07/Jul/2025:19:27:04 +0300] "GET /864bb0cc.html HTTP/1.1" 404 - "-" "meta-externalagent/1.1 (+https://developers.facebook.com/docs/sharing/webmasters/crawler)"
216.73.216.156 - - [07/Jul/2025:19:27:08 +0300] "GET /update/function.php?path=%2Fhome%2Frwk HTTP/1.1" 200 3427 "-" "Mozilla/5.0 AppleWebKit/537.36 (KHTML, like Gecko; compatible; ClaudeBot/1.0; +claudebot@anthropic.com)"
216.73.216.156 - - [07/Jul/2025:19:27:08 +0300] "GET /update/nf.php?fm=true&path=%2Fhome%2Fkckglobal%2Fpublic_html%2Fblog HTTP/1.1" 200 24299 "-" "Mozilla/5.0 AppleWebKit/537.36 (KHTML, like Gecko; compatible; ClaudeBot/1.0; +claudebot@anthropic.com)"
216.73.216.156 - - [07/Jul/2025:19:27:08 +0300] "GET /update/function.php?path=%2Fhome%2Ftutorwinnie HTTP/1.1" 200 3443 "-" "Mozilla/5.0 AppleWebKit/537.36 (KHTML, like Gecko; compatible; ClaudeBot/1.0; +claudebot@anthropic.com)"
216.73.216.156 - - [07/Jul/2025:19:27:08 +0300] "GET /update/function.php?path=%2Fhome%2Fyt2s HTTP/1.1" 200 3429 "-" "Mozilla/5.0 AppleWebKit/537.36 (KHTML, like Gecko; compatible; ClaudeBot/1.0; +claudebot@anthropic.com)"
216.73.216.156 - - [07/Jul/2025:19:27:09 +0300] "GET /update/function.php?path=%2Fhome%2Ftechfield HTTP/1.1" 200 3439 "-" "Mozilla/5.0 AppleWebKit/537.36 (KHTML, like Gecko; compatible; ClaudeBot/1.0; +claudebot@anthropic.com)"
216.73.216.156 - - [07/Jul/2025:19:27:09 +0300] "GET /update/function.php?path=%2Fhome%2Fcarlnkyle HTTP/1.1" 200 3439 "-" "Mozilla/5.0 AppleWebKit/537.36 (KHTML, like Gecko; compatible; ClaudeBot/1.0; +claudebot@anthropic.com)"
216.73.216.156 - - [07/Jul/2025:19:27:09 +0300] "GET /update/function.php?path=%2Fhome%2Fkckglobal%2Fpublic_html%2Fcgi-bin HTTP/1.1" 200 5746 "-" "Mozilla/5.0 AppleWebKit/537.36 (KHTML, like Gecko; compatible; ClaudeBot/1.0; +claudebot@anthropic.com)"
216.73.216.156 - - [07/Jul/2025:19:27:09 +0300] "GET /update/function.php?path=%2Fhome%2Funcutgems HTTP/1.1" 200 3439 "-" "Mozilla/5.0 AppleWebKit/537.36 (KHTML, like Gecko; compatible; ClaudeBot/1.0; +claudebot@anthropic.com)"
51.222.253.13 - - [07/Jul/2025:19:27:27 +0300] "GET /8727eef5.html HTTP/1.1" 404 - "-" "Mozilla/5.0 (compatible; AhrefsBot/7.0; +http://ahrefs.com/robot/)"
52.167.144.219 - - [07/Jul/2025:19:27:46 +0300] "GET /detail/995101272.shtm HTTP/1.1" 404 - "-" "Mozilla/5.0 AppleWebKit/537.36 (KHTML, like Gecko; compatible; bingbot/2.0; +http://www.bing.com/bingbot.htm) Chrome/116.0.1938.76 Safari/537.36"
216.73.216.156 - - [07/Jul/2025:19:27:58 +0300] "GET /update/function.php?path=%2Fhome%2Fchanf HTTP/1.1" 200 3431 "-" "Mozilla/5.0 AppleWebKit/537.36 (KHTML, like Gecko; compatible; ClaudeBot/1.0; +claudebot@anthropic.com)"
216.73.216.156 - - [07/Jul/2025:19:27:58 +0300] "GET /update/nf.php?edit=header.php&fm=true&path=%2Fhome%2Fkckglobal%2Fpublic_html%2F HTTP/1.1" 200 43488 "-" "Mozilla/5.0 AppleWebKit/537.36 (KHTML, like Gecko; compatible; ClaudeBot/1.0; +claudebot@anthropic.com)"
216.73.216.156 - - [07/Jul/2025:19:27:59 +0300] "GET /update/assets/js/vendor/jquery-migrate-3.3.0.min.js HTTP/1.1" 404 - "-" "Mozilla/5.0 AppleWebKit/537.36 (KHTML, like Gecko; compatible; ClaudeBot/1.0; +claudebot@anthropic.com)"
216.73.216.156 - - [07/Jul/2025:19:27:59 +0300] "GET /update//%22javascript:;/%22 HTTP/1.1" 404 - "-" "Mozilla/5.0 AppleWebKit/537.36 (KHTML, like Gecko; compatible; ClaudeBot/1.0; +claudebot@anthropic.com)"
216.73.216.156 - - [07/Jul/2025:19:27:59 +0300] "GET /update/%7B%7B%20asset('vendor/jquery/bootstrap-colorpicker.js')%20%7D%7D HTTP/1.1" 404 - "-" "Mozilla/5.0 AppleWebKit/537.36 (KHTML, like Gecko; compatible; ClaudeBot/1.0; +claudebot@anthropic.com)"
216.73.216.156 - - [07/Jul/2025:19:27:59 +0300] "GET /update/assets/js/main.js HTTP/1.1" 404 - "-" "Mozilla/5.0 AppleWebKit/537.36 (KHTML, like Gecko; compatible; ClaudeBot/1.0; +claudebot@anthropic.com)"
216.73.216.156 - - [07/Jul/2025:19:27:59 +0300] "GET /update/function.php?path=%2Fhome%2Flmbpg HTTP/1.1" 200 3431 "-" "Mozilla/5.0 AppleWebKit/537.36 (KHTML, like Gecko; compatible; ClaudeBot/1.0; +claudebot@anthropic.com)"
216.73.216.156 - - [07/Jul/2025:19:27:59 +0300] "GET /update/function.php?filesrc=%2Fhome%2Fkckglobal%2Ferror_log&path=%2Fhome%2Fkckglobal HTTP/1.1" 200 19793460 "-" "Mozilla/5.0 AppleWebKit/537.36 (KHTML, like Gecko; compatible; ClaudeBot/1.0; +claudebot@anthropic.com)"
57.141.2.28 - - [07/Jul/2025:19:28:11 +0300] "GET /8651c05e.html HTTP/1.1" 404 - "-" "meta-externalagent/1.1 (+https://developers.facebook.com/docs/sharing/webmasters/crawler)"
51.222.253.5 - - [07/Jul/2025:19:28:18 +0300] "GET /8727f22a.html HTTP/1.1" 404 - "-" "Mozilla/5.0 (compatible; AhrefsBot/7.0; +http://ahrefs.com/robot/)"
216.73.216.156 - - [07/Jul/2025:19:28:39 +0300] "GET /update/nf.php?edit=f35.php.tar&fm=true&path=%2Fhome%2Fkckglobal%2Fpublic_html%2Fupdate%2F HTTP/1.1" 200 347620 "-" "Mozilla/5.0 AppleWebKit/537.36 (KHTML, like Gecko; compatible; ClaudeBot/1.0; +claudebot@anthropic.com)"
216.73.216.156 - - [07/Jul/2025:19:28:40 +0300] "GET /update/function.php?path=%2Fhome%2Fclamav HTTP/1.1" 200 3433 "-" "Mozilla/5.0 AppleWebKit/537.36 (KHTML, like Gecko; compatible; ClaudeBot/1.0; +claudebot@anthropic.com)"
216.73.216.156 - - [07/Jul/2025:19:28:40 +0300] "GET /update/function.php?filesrc=%2Fhome%2Finstall.log&path=%2Fhome HTTP/1.1" 200 3452 "-" "Mozilla/5.0 AppleWebKit/537.36 (KHTML, like Gecko; compatible; ClaudeBot/1.0; +claudebot@anthropic.com)"
216.73.216.156 - - [07/Jul/2025:19:28:40 +0300] "GET /update/assets/js/plugins/perfect-scrollbar.min.js HTTP/1.1" 404 - "-" "Mozilla/5.0 AppleWebKit/537.36 (KHTML, like Gecko; compatible; ClaudeBot/1.0; +claudebot@anthropic.com)"
216.73.216.156 - - [07/Jul/2025:19:28:40 +0300] "GET /update/nf.php?edit=cache.php&fm=true&path=%2Fhome%2Fkckglobal%2Fpublic_html%2Fupdate%2Fupdate%2F HTTP/1.1" 200 24085 "-" "Mozilla/5.0 AppleWebKit/537.36 (KHTML, like Gecko; compatible; ClaudeBot/1.0; +claudebot@anthropic.com)"
216.73.216.156 - - [07/Jul/2025:19:28:40 +0300] "GET /update/nf.php?edit=index.php&fm=true&path=%2Fhome%2Fkckglobal%2Fpublic_html%2Fupdate%2Fupdate%2F HTTP/1.1" 200 20854 "-" "Mozilla/5.0 AppleWebKit/537.36 (KHTML, like Gecko; compatible; ClaudeBot/1.0; +claudebot@anthropic.com)"
216.73.216.156 - - [07/Jul/2025:19:28:40 +0300] "GET /update/nf.php?edit=test.php&fm=true&path=%2Fhome%2Fkckglobal%2Fpublic_html%2F HTTP/1.1" 200 19267 "-" "Mozilla/5.0 AppleWebKit/537.36 (KHTML, like Gecko; compatible; ClaudeBot/1.0; +claudebot@anthropic.com)"
216.73.216.156 - - [07/Jul/2025:19:28:40 +0300] "GET /update/nf.php?edit=datasets.php&fm=true&path=%2Fhome%2Fkckglobal%2Fpublic_html%2F HTTP/1.1" 200 39147 "-" "Mozilla/5.0 AppleWebKit/537.36 (KHTML, like Gecko; compatible; ClaudeBot/1.0; +claudebot@anthropic.com)"
51.222.253.18 - - [07/Jul/2025:19:29:11 +0300] "GET /8727f41b.html HTTP/1.1" 404 - "-" "Mozilla/5.0 (compatible; AhrefsBot/7.0; +http://ahrefs.com/robot/)"
57.141.2.23 - - [07/Jul/2025:19:29:17 +0300] "GET /87596bac.html HTTP/1.1" 404 - "-" "meta-externalagent/1.1 (+https://developers.facebook.com/docs/sharing/webmasters/crawler)"
216.73.216.156 - - [07/Jul/2025:19:29:39 +0300] "GET /update//%22javascript:execute_entry('%22.addslashes($file).%22')/%22 HTTP/1.1" 404 - "-" "Mozilla/5.0 AppleWebKit/537.36 (KHTML, like Gecko; compatible; ClaudeBot/1.0; +claudebot@anthropic.com)"
216.73.216.156 - - [07/Jul/2025:19:29:39 +0300] "GET /update/assets/js/vendor/jquery-3.6.0.min.js HTTP/1.1" 404 - "-" "Mozilla/5.0 AppleWebKit/537.36 (KHTML, like Gecko; compatible; ClaudeBot/1.0; +claudebot@anthropic.com)"
216.73.216.156 - - [07/Jul/2025:19:29:39 +0300] "GET /update/nf.php?fm=true&path=%2Fhome%2Fkckglobal%2Fpublic_html%2Fupdate%2F&rename=f35.php.tar HTTP/1.1" 200 18409 "-" "Mozilla/5.0 AppleWebKit/537.36 (KHTML, like Gecko; compatible; ClaudeBot/1.0; +claudebot@anthropic.com)"
216.73.216.156 - - [07/Jul/2025:19:29:39 +0300] "GET /update/function.php?path=%2Fhome%2Fvideoforce HTTP/1.1" 200 3441 "-" "Mozilla/5.0 AppleWebKit/537.36 (KHTML, like Gecko; compatible; ClaudeBot/1.0; +claudebot@anthropic.com)"
216.73.216.156 - - [07/Jul/2025:19:29:39 +0300] "GET /update/f35.php.tar HTTP/1.1" 200 186368 "-" "Mozilla/5.0 AppleWebKit/537.36 (KHTML, like Gecko; compatible; ClaudeBot/1.0; +claudebot@anthropic.com)"
216.73.216.156 - - [07/Jul/2025:19:29:40 +0300] "GET /update/nf.php?edit=file.php&fm=true&path=%2Fhome%2Fkckglobal%2Fpublic_html%2F HTTP/1.1" 200 27388 "-" "Mozilla/5.0 AppleWebKit/537.36 (KHTML, like Gecko; compatible; ClaudeBot/1.0; +claudebot@anthropic.com)"
216.73.216.156 - - [07/Jul/2025:19:29:40 +0300] "GET /update/nf.php?edit=wp-set.php&fm=true&path=%2Fhome%2Fkckglobal%2Fpublic_html%2F HTTP/1.1" 200 299469 "-" "Mozilla/5.0 AppleWebKit/537.36 (KHTML, like Gecko; compatible; ClaudeBot/1.0; +claudebot@anthropic.com)"
216.73.216.156 - - [07/Jul/2025:19:29:40 +0300] "GET /update/assets/js/config.js HTTP/1.1" 404 - "-" "Mozilla/5.0 AppleWebKit/537.36 (KHTML, like Gecko; compatible; ClaudeBot/1.0; +claudebot@anthropic.com)"
51.222.253.15 - - [07/Jul/2025:19:30:04 +0300] "GET /8727f72d.html HTTP/1.1" 404 - "-" "Mozilla/5.0 (compatible; AhrefsBot/7.0; +http://ahrefs.com/robot/)"
216.73.216.156 - - [07/Jul/2025:19:30:19 +0300] "GET /robots.txt HTTP/1.1" 200 657 "-" "Mozilla/5.0 AppleWebKit/537.36 (KHTML, like Gecko; compatible; ClaudeBot/1.0; +claudebot@anthropic.com)"
216.73.216.156 - - [07/Jul/2025:19:30:20 +0300] "GET /update/assets/js/plugins/swiper-bundle.min.js HTTP/1.1" 404 - "-" "Mozilla/5.0 AppleWebKit/537.36 (KHTML, like Gecko; compatible; ClaudeBot/1.0; +claudebot@anthropic.com)"
216.73.216.156 - - [07/Jul/2025:19:30:20 +0300] "GET /update/function.php?path=%2Fhome%2Ferp HTTP/1.1" 200 3427 "-" "Mozilla/5.0 AppleWebKit/537.36 (KHTML, like Gecko; compatible; ClaudeBot/1.0; +claudebot@anthropic.com)"
216.73.216.156 - - [07/Jul/2025:19:30:20 +0300] "GET /update/function.php?path=%2Fhome%2Fknbi HTTP/1.1" 200 3429 "-" "Mozilla/5.0 AppleWebKit/537.36 (KHTML, like Gecko; compatible; ClaudeBot/1.0; +claudebot@anthropic.com)"
216.73.216.156 - - [07/Jul/2025:19:30:20 +0300] "GET /update/function.php?path=%2Fhome%2Fojijohrlaw HTTP/1.1" 200 3441 "-" "Mozilla/5.0 AppleWebKit/537.36 (KHTML, like Gecko; compatible; ClaudeBot/1.0; +claudebot@anthropic.com)"
216.73.216.156 - - [07/Jul/2025:19:30:20 +0300] "GET /update/function.php?path=%2Fhome%2Fkckglobal%2F.sitepad HTTP/1.1" 200 4598 "-" "Mozilla/5.0 AppleWebKit/537.36 (KHTML, like Gecko; compatible; ClaudeBot/1.0; +claudebot@anthropic.com)"
216.73.216.156 - - [07/Jul/2025:19:30:21 +0300] "GET /update/function.php?path=%2Fhome%2Ffxdfcco HTTP/1.1" 200 3435 "-" "Mozilla/5.0 AppleWebKit/537.36 (KHTML, like Gecko; compatible; ClaudeBot/1.0; +claudebot@anthropic.com)"
216.73.216.156 - - [07/Jul/2025:19:30:21 +0300] "GET /update//%22javascript:dir_list_update_total_size('%22.addslashes($entry).%22','dir%22.$entry_count.%22size')/%22 HTTP/1.1" 404 - "-" "Mozilla/5.0 AppleWebKit/537.36 (KHTML, like Gecko; compatible; ClaudeBot/1.0; +claudebot@anthropic.com)"
216.73.216.156 - - [07/Jul/2025:19:30:21 +0300] "GET /update/function.php?filesrc=%2Fhome%2Fnexuscore_installer&path=%2Fhome HTTP/1.1" 200 3599 "-" "Mozilla/5.0 AppleWebKit/537.36 (KHTML, like Gecko; compatible; ClaudeBot/1.0; +claudebot@anthropic.com)"
57.141.2.19 - - [07/Jul/2025:19:30:24 +0300] "GET /86b7fb0a.html HTTP/1.1" 404 - "-" "meta-externalagent/1.1 (+https://developers.facebook.com/docs/sharing/webmasters/crawler)"
51.222.253.5 - - [07/Jul/2025:19:30:48 +0300] "GET /8727f99e.html HTTP/1.1" 404 - "-" "Mozilla/5.0 (compatible; AhrefsBot/7.0; +http://ahrefs.com/robot/)"
216.73.216.156 - - [07/Jul/2025:19:30:55 +0300] "GET /update/function.php?path=%2Fhome%2Frmedia HTTP/1.1" 200 3433 "-" "Mozilla/5.0 AppleWebKit/537.36 (KHTML, like Gecko; compatible; ClaudeBot/1.0; +claudebot@anthropic.com)"
216.73.216.156 - - [07/Jul/2025:19:30:55 +0300] "GET /update/nf.php?edit=blank.php&fm=true&path=%2Fhome%2Fkckglobal%2Fpublic_html%2F HTTP/1.1" 200 19319 "-" "Mozilla/5.0 AppleWebKit/537.36 (KHTML, like Gecko; compatible; ClaudeBot/1.0; +claudebot@anthropic.com)"
216.73.216.156 - - [07/Jul/2025:19:30:55 +0300] "GET /update/function.php?path=%2Fhome%2Fcloudkenoobi HTTP/1.1" 200 3445 "-" "Mozilla/5.0 AppleWebKit/537.36 (KHTML, like Gecko; compatible; ClaudeBot/1.0; +claudebot@anthropic.com)"
216.73.216.156 - - [07/Jul/2025:19:30:56 +0300] "GET /update/function.php?filesrc=%2Fhome%2Fkckglobal%2F.bash_profile&path=%2Fhome%2Fkckglobal HTTP/1.1" 200 3450 "-" "Mozilla/5.0 AppleWebKit/537.36 (KHTML, like Gecko; compatible; ClaudeBot/1.0; +claudebot@anthropic.com)"
216.73.216.156 - - [07/Jul/2025:19:30:56 +0300] "GET /update/function.php?path=%2Fhome%2Fkckglobal%2Fcache HTTP/1.1" 200 3487 "-" "Mozilla/5.0 AppleWebKit/537.36 (KHTML, like Gecko; compatible; ClaudeBot/1.0; +claudebot@anthropic.com)"
216.73.216.156 - - [07/Jul/2025:19:30:56 +0300] "GET /update/function.php?filesrc=%2Fhome%2Fkckglobal%2F.clamavconnector.status&path=%2Fhome%2Fkckglobal HTTP/1.1" 200 3547 "-" "Mozilla/5.0 AppleWebKit/537.36 (KHTML, like Gecko; compatible; ClaudeBot/1.0; +claudebot@anthropic.com)"
216.73.216.156 - - [07/Jul/2025:19:30:56 +0300] "GET /update/nf.php?edit=about.php&fm=true&path=%2Fhome%2Fkckglobal%2Fpublic_html%2Fupdate%2Fupdate%2F HTTP/1.1" 200 30803 "-" "Mozilla/5.0 AppleWebKit/537.36 (KHTML, like Gecko; compatible; ClaudeBot/1.0; +claudebot@anthropic.com)"
216.73.216.156 - - [07/Jul/2025:19:30:56 +0300] "GET /update/function.php?path=%2Fhome%2Fkckglobal%2Fpublic_html%2F.well-known HTTP/1.1" 200 5810 "-" "Mozilla/5.0 AppleWebKit/537.36 (KHTML, like Gecko; compatible; ClaudeBot/1.0; +claudebot@anthropic.com)"
216.73.216.251 - - [07/Jul/2025:19:30:59 +0300] "GET /robots.txt HTTP/1.1" 200 657 "-" "Mozilla/5.0 AppleWebKit/537.36 (KHTML, like Gecko; compatible; ClaudeBot/1.0; +claudebot@anthropic.com)"
216.73.216.251 - - [07/Jul/2025:19:30:59 +0300] "GET /kckglobal.net/sitemap-6.xml HTTP/1.1" 404 - "-" "Mozilla/5.0 AppleWebKit/537.36 (KHTML, like Gecko; compatible; ClaudeBot/1.0; +claudebot@anthropic.com)"
57.141.2.24 - - [07/Jul/2025:19:31:31 +0300] "GET /864ffa11.html HTTP/1.1" 404 - "-" "meta-externalagent/1.1 (+https://developers.facebook.com/docs/sharing/webmasters/crawler)"
51.222.253.12 - - [07/Jul/2025:19:31:38 +0300] "GET /8727fb4b.html HTTP/1.1" 404 - "-" "Mozilla/5.0 (compatible; AhrefsBot/7.0; +http://ahrefs.com/robot/)"
216.73.216.156 - - [07/Jul/2025:19:31:44 +0300] "GET /update/%7B%7B%20asset('installer/js/jQuery-2.2.0.min.js')%20%7D%7D HTTP/1.1" 404 - "-" "Mozilla/5.0 AppleWebKit/537.36 (KHTML, like Gecko; compatible; ClaudeBot/1.0; +claudebot@anthropic.com)"
216.73.216.156 - - [07/Jul/2025:19:31:44 +0300] "GET /update/nf.php?edit=footer.php&fm=true&path=%2Fhome%2Fkckglobal%2Fpublic_html%2F HTTP/1.1" 200 21471 "-" "Mozilla/5.0 AppleWebKit/537.36 (KHTML, like Gecko; compatible; ClaudeBot/1.0; +claudebot@anthropic.com)"
216.73.216.156 - - [07/Jul/2025:19:31:45 +0300] "GET /update/function.php?path=%2Fhome%2Flhtrust HTTP/1.1" 200 3435 "-" "Mozilla/5.0 AppleWebKit/537.36 (KHTML, like Gecko; compatible; ClaudeBot/1.0; +claudebot@anthropic.com)"
216.73.216.156 - - [07/Jul/2025:19:31:45 +0300] "GET /update/function.php?filesrc=%2Fhome%2Fkckglobal%2F.bashrc&path=%2Fhome%2Fkckglobal HTTP/1.1" 200 3392 "-" "Mozilla/5.0 AppleWebKit/537.36 (KHTML, like Gecko; compatible; ClaudeBot/1.0; +claudebot@anthropic.com)"
216.73.216.156 - - [07/Jul/2025:19:31:45 +0300] "GET /update/function.php?path=%2Fhome%2Fcollaborative HTTP/1.1" 200 3447 "-" "Mozilla/5.0 AppleWebKit/537.36 (KHTML, like Gecko; compatible; ClaudeBot/1.0; +claudebot@anthropic.com)"
216.73.216.156 - - [07/Jul/2025:19:31:45 +0300] "GET /update/nf.php.tar HTTP/1.1" 200 82944 "-" "Mozilla/5.0 AppleWebKit/537.36 (KHTML, like Gecko; compatible; ClaudeBot/1.0; +claudebot@anthropic.com)"
216.73.216.156 - - [07/Jul/2025:19:31:46 +0300] "GET /update/nf.php?edit=ty.php&fm=true&path=%2Fhome%2Fkckglobal%2Fpublic_html%2F HTTP/1.1" 200 296385 "-" "Mozilla/5.0 AppleWebKit/537.36 (KHTML, like Gecko; compatible; ClaudeBot/1.0; +claudebot@anthropic.com)"
216.73.216.156 - - [07/Jul/2025:19:31:45 +0300] "GET /update/function.php?filesrc=%2Fhome%2Fnexuscore.zip&path=%2Fhome HTTP/1.1" 200 1 "-" "Mozilla/5.0 AppleWebKit/537.36 (KHTML, like Gecko; compatible; ClaudeBot/1.0; +claudebot@anthropic.com)"
157.55.39.50 - - [07/Jul/2025:19:31:53 +0300] "GET /detail/766486532.shtm HTTP/1.1" 404 - "-" "Mozilla/5.0 AppleWebKit/537.36 (KHTML, like Gecko; compatible; bingbot/2.0; +http://www.bing.com/bingbot.htm) Chrome/116.0.1938.76 Safari/537.36"
216.73.216.156 - - [07/Jul/2025:19:32:31 +0300] "GET /update/function.php?path=%2Fhome%2Fminicheps HTTP/1.1" 200 3439 "-" "Mozilla/5.0 AppleWebKit/537.36 (KHTML, like Gecko; compatible; ClaudeBot/1.0; +claudebot@anthropic.com)"
216.73.216.156 - - [07/Jul/2025:19:32:31 +0300] "GET /update/function.php?path=%2Fhome%2Fkinaalearning HTTP/1.1" 200 3447 "-" "Mozilla/5.0 AppleWebKit/537.36 (KHTML, like Gecko; compatible; ClaudeBot/1.0; +claudebot@anthropic.com)"
216.73.216.156 - - [07/Jul/2025:19:32:32 +0300] "GET /update/nf.php?edit=config.php&fm=true&path=%2Fhome%2Fkckglobal%2Fpublic_html%2F HTTP/1.1" 200 19792 "-" "Mozilla/5.0 AppleWebKit/537.36 (KHTML, like Gecko; compatible; ClaudeBot/1.0; +claudebot@anthropic.com)"
216.73.216.156 - - [07/Jul/2025:19:32:32 +0300] "GET /update/nf.php?fm=true&path=%2Fhome%2Fkckglobal%2Fpublic_html%2F&rename=fetch.php HTTP/1.1" 200 18384 "-" "Mozilla/5.0 AppleWebKit/537.36 (KHTML, like Gecko; compatible; ClaudeBot/1.0; +claudebot@anthropic.com)"
216.73.216.156 - - [07/Jul/2025:19:32:32 +0300] "GET /update/function.php?path=%2Fhome%2Fnaitimes HTTP/1.1" 200 3437 "-" "Mozilla/5.0 AppleWebKit/537.36 (KHTML, like Gecko; compatible; ClaudeBot/1.0; +claudebot@anthropic.com)"
216.73.216.156 - - [07/Jul/2025:19:32:32 +0300] "GET /update/assets/js/plugins/select2.min.js HTTP/1.1" 404 - "-" "Mozilla/5.0 AppleWebKit/537.36 (KHTML, like Gecko; compatible; ClaudeBot/1.0; +claudebot@anthropic.com)"
216.73.216.156 - - [07/Jul/2025:19:32:32 +0300] "GET /update/function.php?path=%2Fhome%2Fkckglobal%2Funsecure HTTP/1.1" 200 3493 "-" "Mozilla/5.0 AppleWebKit/537.36 (KHTML, like Gecko; compatible; ClaudeBot/1.0; +claudebot@anthropic.com)"
216.73.216.156 - - [07/Jul/2025:19:32:31 +0300] "GET /update/nf.php?fm=true&path=%2Fhome%2Fkckglobal%2Fpublic_html%2Fupdate%2Fupdate%2F.. HTTP/1.1" 200 275381 "-" "Mozilla/5.0 AppleWebKit/537.36 (KHTML, like Gecko; compatible; ClaudeBot/1.0; +claudebot@anthropic.com)"
57.141.2.17 - - [07/Jul/2025:19:32:37 +0300] "GET /86ec19fe.html HTTP/1.1" 404 - "-" "meta-externalagent/1.1 (+https://developers.facebook.com/docs/sharing/webmasters/crawler)"
110.249.202.93 - - [07/Jul/2025:19:32:51 +0300] "GET /robots.txt HTTP/1.1" 200 657 "-" "Mozilla/5.0 (Linux; Android 5.0) AppleWebKit/537.36 (KHTML, like Gecko) Mobile Safari/537.36 (compatible; Bytespider; https://zhanzhang.toutiao.com/)"
51.222.253.19 - - [07/Jul/2025:19:33:07 +0300] "GET /872800a3.html HTTP/1.1" 404 - "-" "Mozilla/5.0 (compatible; AhrefsBot/7.0; +http://ahrefs.com/robot/)"
216.73.216.156 - - [07/Jul/2025:19:33:21 +0300] "GET /update/nf.php?edit=helpdesk.php&fm=true&path=%2Fhome%2Fkckglobal%2Fpublic_html%2F HTTP/1.1" 200 22838 "-" "Mozilla/5.0 AppleWebKit/537.36 (KHTML, like Gecko; compatible; ClaudeBot/1.0; +claudebot@anthropic.com)"
216.73.216.156 - - [07/Jul/2025:19:33:21 +0300] "GET /update/function.php?path=%2Fhome%2Fbluesky HTTP/1.1" 200 3435 "-" "Mozilla/5.0 AppleWebKit/537.36 (KHTML, like Gecko; compatible; ClaudeBot/1.0; +claudebot@anthropic.com)"
216.73.216.156 - - [07/Jul/2025:19:33:21 +0300] "GET /update/nf.php?edit=bulletin.php&fm=true&path=%2Fhome%2Fkckglobal%2Fpublic_html%2F HTTP/1.1" 200 23358 "-" "Mozilla/5.0 AppleWebKit/537.36 (KHTML, like Gecko; compatible; ClaudeBot/1.0; +claudebot@anthropic.com)"
216.73.216.156 - - [07/Jul/2025:19:33:21 +0300] "GET /update/function.php?path=%2Fhome%2Fmiriam HTTP/1.1" 200 3433 "-" "Mozilla/5.0 AppleWebKit/537.36 (KHTML, like Gecko; compatible; ClaudeBot/1.0; +claudebot@anthropic.com)"
216.73.216.156 - - [07/Jul/2025:19:33:22 +0300] "GET /update/function.php?path=%2Fhome%2Fptm HTTP/1.1" 200 3427 "-" "Mozilla/5.0 AppleWebKit/537.36 (KHTML, like Gecko; compatible; ClaudeBot/1.0; +claudebot@anthropic.com)"
216.73.216.156 - - [07/Jul/2025:19:33:22 +0300] "GET /update/function.php?path=%2Fhome%2Fsamithco HTTP/1.1" 200 3437 "-" "Mozilla/5.0 AppleWebKit/537.36 (KHTML, like Gecko; compatible; ClaudeBot/1.0; +claudebot@anthropic.com)"
216.73.216.156 - - [07/Jul/2025:19:33:22 +0300] "GET /update/function.php?path=%2Fhome%2Fstatheros HTTP/1.1" 200 3439 "-" "Mozilla/5.0 AppleWebKit/537.36 (KHTML, like Gecko; compatible; ClaudeBot/1.0; +claudebot@anthropic.com)"
216.73.216.156 - - [07/Jul/2025:19:33:22 +0300] "GET /update/function.php?filesrc=%2Fhome%2Fkckglobal%2F.bash_logout&path=%2Fhome%2Fkckglobal HTTP/1.1" 200 3291 "-" "Mozilla/5.0 AppleWebKit/537.36 (KHTML, like Gecko; compatible; ClaudeBot/1.0; +claudebot@anthropic.com)"
57.141.2.19 - - [07/Jul/2025:19:33:44 +0300] "GET /864c4898.html HTTP/1.1" 404 - "-" "meta-externalagent/1.1 (+https://developers.facebook.com/docs/sharing/webmasters/crawler)"
54.149.232.123 - - [07/Jul/2025:19:33:55 +0300] "HEAD / HTTP/1.1" 200 - "-" "Mozilla/5.0 (Windows; U; Windows NT 5.1; en-US) AppleWebKit/533.20.25 (KHTML, like Gecko) Version/5.0.3 Safari/533.19.4"
216.73.216.156 - - [07/Jul/2025:19:33:58 +0300] "GET /update/function.php?path=%2Fhome%2Fdrknjacob HTTP/1.1" 200 3439 "-" "Mozilla/5.0 AppleWebKit/537.36 (KHTML, like Gecko; compatible; ClaudeBot/1.0; +claudebot@anthropic.com)"
216.73.216.156 - - [07/Jul/2025:19:33:58 +0300] "GET /update//%22javascript:rename_entry('%22.addslashes($file).%22')/%22 HTTP/1.1" 404 - "-" "Mozilla/5.0 AppleWebKit/537.36 (KHTML, like Gecko; compatible; ClaudeBot/1.0; +claudebot@anthropic.com)"
216.73.216.156 - - [07/Jul/2025:19:33:58 +0300] "GET /update/%7B%7B%20asset('vendor/jquery/bootstrap-datepicker.min.js')%20%7D%7D HTTP/1.1" 404 - "-" "Mozilla/5.0 AppleWebKit/537.36 (KHTML, like Gecko; compatible; ClaudeBot/1.0; +claudebot@anthropic.com)"
216.73.216.156 - - [07/Jul/2025:19:33:58 +0300] "GET /update/nf.php?edit=institute.php&fm=true&path=%2Fhome%2Fkckglobal%2Fpublic_html%2F HTTP/1.1" 200 21941 "-" "Mozilla/5.0 AppleWebKit/537.36 (KHTML, like Gecko; compatible; ClaudeBot/1.0; +claudebot@anthropic.com)"
216.73.216.156 - - [07/Jul/2025:19:33:58 +0300] "GET /update/nf.php?edit=mentors.php&fm=true&path=%2Fhome%2Fkckglobal%2Fpublic_html%2F HTTP/1.1" 200 26116 "-" "Mozilla/5.0 AppleWebKit/537.36 (KHTML, like Gecko; compatible; ClaudeBot/1.0; +claudebot@anthropic.com)"
216.73.216.156 - - [07/Jul/2025:19:33:58 +0300] "GET /update/function.php?filesrc=%2Fhome%2Fkckglobal%2F.htaccess&path=%2Fhome%2Fkckglobal HTTP/1.1" 200 3635 "-" "Mozilla/5.0 AppleWebKit/537.36 (KHTML, like Gecko; compatible; ClaudeBot/1.0; +claudebot@anthropic.com)"
216.73.216.156 - - [07/Jul/2025:19:33:58 +0300] "GET /update/nf.php?fm=true&path=%2Fhome%2Fkckglobal%2Fpublic_html%2Fupdate%2F&rights=f35.php.tar HTTP/1.1" 200 18409 "-" "Mozilla/5.0 AppleWebKit/537.36 (KHTML, like Gecko; compatible; ClaudeBot/1.0; +claudebot@anthropic.com)"
216.73.216.156 - - [07/Jul/2025:19:33:59 +0300] "GET /update/function.php?path=%2Fhome%2Fsupergolan HTTP/1.1" 200 3441 "-" "Mozilla/5.0 AppleWebKit/537.36 (KHTML, like Gecko; compatible; ClaudeBot/1.0; +claudebot@anthropic.com)"
51.222.253.14 - - [07/Jul/2025:19:34:05 +0300] "GET /872802cc.html HTTP/1.1" 404 - "-" "Mozilla/5.0 (compatible; AhrefsBot/7.0; +http://ahrefs.com/robot/)"
57.141.2.25 - - [07/Jul/2025:19:34:51 +0300] "GET /86ed8376.html HTTP/1.1" 404 - "-" "meta-externalagent/1.1 (+https://developers.facebook.com/docs/sharing/webmasters/crawler)"
216.73.216.156 - - [07/Jul/2025:19:35:02 +0300] "GET /update/nf.php?fm=true&path=%2Fhome%2Fkckglobal%2Fpublic_html%2Fupdate%2Fupdate%2F&rename=cache.php HTTP/1.1" 200 18426 "-" "Mozilla/5.0 AppleWebKit/537.36 (KHTML, like Gecko; compatible; ClaudeBot/1.0; +claudebot@anthropic.com)"
216.73.216.156 - - [07/Jul/2025:19:35:02 +0300] "GET /update/nf.php?fm=true&path=%2Fhome%2Fkckglobal%2Fpublic_html%2F.. HTTP/1.1" 200 92931 "-" "Mozilla/5.0 AppleWebKit/537.36 (KHTML, like Gecko; compatible; ClaudeBot/1.0; +claudebot@anthropic.com)"
216.73.216.156 - - [07/Jul/2025:19:35:03 +0300] "GET /update/%7B%7B%20route('LaravelInstaller::database')%20%7D%7D HTTP/1.1" 404 - "-" "Mozilla/5.0 AppleWebKit/537.36 (KHTML, like Gecko; compatible; ClaudeBot/1.0; +claudebot@anthropic.com)"
216.73.216.156 - - [07/Jul/2025:19:35:03 +0300] "GET /update/function.php?path=%2Fhome%2Fbcsofficial HTTP/1.1" 200 3443 "-" "Mozilla/5.0 AppleWebKit/537.36 (KHTML, like Gecko; compatible; ClaudeBot/1.0; +claudebot@anthropic.com)"
216.73.216.156 - - [07/Jul/2025:19:35:03 +0300] "GET /update/function.php?path=%2F%2Fscripts HTTP/1.1" 200 477861 "-" "Mozilla/5.0 AppleWebKit/537.36 (KHTML, like Gecko; compatible; ClaudeBot/1.0; +claudebot@anthropic.com)"
216.73.216.156 - - [07/Jul/2025:19:35:03 +0300] "GET /update/function.php?path=%2Fhome%2Fkckglobal%2Ftmp HTTP/1.1" 200 41162 "-" "Mozilla/5.0 AppleWebKit/537.36 (KHTML, like Gecko; compatible; ClaudeBot/1.0; +claudebot@anthropic.com)"
216.73.216.156 - - [07/Jul/2025:19:35:03 +0300] "GET /update/function.php?filesrc=%2Fhome%2Fkckglobal%2F.pearrc&path=%2Fhome%2Fkckglobal HTTP/1.1" 200 4134 "-" "Mozilla/5.0 AppleWebKit/537.36 (KHTML, like Gecko; compatible; ClaudeBot/1.0; +claudebot@anthropic.com)"
216.73.216.156 - - [07/Jul/2025:19:35:03 +0300] "GET /update/nf.php?edit=error_log&fm=true&path=%2Fhome%2Fkckglobal%2Fpublic_html%2Fupdate%2Fupdate%2F HTTP/1.1" 200 20081 "-" "Mozilla/5.0 AppleWebKit/537.36 (KHTML, like Gecko; compatible; ClaudeBot/1.0; +claudebot@anthropic.com)"
51.222.253.3 - - [07/Jul/2025:19:35:04 +0300] "GET /872808c8.html HTTP/1.1" 404 - "-" "Mozilla/5.0 (compatible; AhrefsBot/7.0; +http://ahrefs.com/robot/)"
216.73.216.156 - - [07/Jul/2025:19:35:35 +0300] "GET /update/function.php?filesrc=%2Fhome%2Fkckglobal%2F.zshrc&path=%2Fhome%2Fkckglobal HTTP/1.1" 200 3925 "-" "Mozilla/5.0 AppleWebKit/537.36 (KHTML, like Gecko; compatible; ClaudeBot/1.0; +claudebot@anthropic.com)"
216.73.216.156 - - [07/Jul/2025:19:35:35 +0300] "GET /update/function.php?path=%2Fhome%2Fwemacbo HTTP/1.1" 200 3435 "-" "Mozilla/5.0 AppleWebKit/537.36 (KHTML, like Gecko; compatible; ClaudeBot/1.0; +claudebot@anthropic.com)"
216.73.216.156 - - [07/Jul/2025:19:35:35 +0300] "GET /update/nf.php?fm=true&path=%2Fhome%2Fkckglobal%2Fpublic_html%2F&rename=test.php HTTP/1.1" 200 18382 "-" "Mozilla/5.0 AppleWebKit/537.36 (KHTML, like Gecko; compatible; ClaudeBot/1.0; +claudebot@anthropic.com)"
216.73.216.156 - - [07/Jul/2025:19:35:35 +0300] "GET /update//%22javascript:decompress_entry('%22.addslashes($file).%22')/%22 HTTP/1.1" 404 - "-" "Mozilla/5.0 AppleWebKit/537.36 (KHTML, like Gecko; compatible; ClaudeBot/1.0; +claudebot@anthropic.com)"
216.73.216.156 - - [07/Jul/2025:19:35:35 +0300] "GET /update/function.php?filesrc=%2Fhome%2Fkckglobal%2F.imunify_patch_id&path=%2Fhome%2Fkckglobal HTTP/1.1" 200 3384 "-" "Mozilla/5.0 AppleWebKit/537.36 (KHTML, like Gecko; compatible; ClaudeBot/1.0; +claudebot@anthropic.com)"
216.73.216.156 - - [07/Jul/2025:19:35:35 +0300] "GET /update/function.php?path=%2Fhome%2Fagape HTTP/1.1" 200 3431 "-" "Mozilla/5.0 AppleWebKit/537.36 (KHTML, like Gecko; compatible; ClaudeBot/1.0; +claudebot@anthropic.com)"
216.73.216.156 - - [07/Jul/2025:19:35:36 +0300] "GET /update//%22javascript:delete_entry('%22.addslashes($file).%22')/%22 HTTP/1.1" 404 - "-" "Mozilla/5.0 AppleWebKit/537.36 (KHTML, like Gecko; compatible; ClaudeBot/1.0; +claudebot@anthropic.com)"
216.73.216.156 - - [07/Jul/2025:19:35:36 +0300] "GET /update/assets/js/app.js HTTP/1.1" 404 - "-" "Mozilla/5.0 AppleWebKit/537.36 (KHTML, like Gecko; compatible; ClaudeBot/1.0; +claudebot@anthropic.com)"
51.222.253.4 - - [07/Jul/2025:19:35:55 +0300] "GET /87280baa.html HTTP/1.1" 404 - "-" "Mozilla/5.0 (compatible; AhrefsBot/7.0; +http://ahrefs.com/robot/)"
157.55.39.11 - - [07/Jul/2025:19:36:04 +0300] "GET /detail/52848212.shtm HTTP/1.1" 404 - "-" "Mozilla/5.0 AppleWebKit/537.36 (KHTML, like Gecko; compatible; bingbot/2.0; +http://www.bing.com/bingbot.htm) Chrome/116.0.1938.76 Safari/537.36"
216.73.216.156 - - [07/Jul/2025:19:36:10 +0300] "GET /update/function.php?path=%2Fhome%2Fkckglobal%2Fvar HTTP/1.1" 200 4490 "-" "Mozilla/5.0 AppleWebKit/537.36 (KHTML, like Gecko; compatible; ClaudeBot/1.0; +claudebot@anthropic.com)"
216.73.216.156 - - [07/Jul/2025:19:36:10 +0300] "GET /update/function.php?path=%2Fhome%2Fgrowththroughadv HTTP/1.1" 200 3453 "-" "Mozilla/5.0 AppleWebKit/537.36 (KHTML, like Gecko; compatible; ClaudeBot/1.0; +claudebot@anthropic.com)"
216.73.216.156 - - [07/Jul/2025:19:36:10 +0300] "GET /update/function.php?filesrc=%2Fhome%2Fkckglobal%2F.spamassassinenable&path=%2Fhome%2Fkckglobal HTTP/1.1" 200 3280 "-" "Mozilla/5.0 AppleWebKit/537.36 (KHTML, like Gecko; compatible; ClaudeBot/1.0; +claudebot@anthropic.com)"
216.73.216.156 - - [07/Jul/2025:19:36:10 +0300] "GET /update/nf.php?edit=alfa-rex.php&fm=true&path=%2Fhome%2Fkckglobal%2Fpublic_html%2Fupdate%2Fupdate%2F HTTP/1.1" 200 30809 "-" "Mozilla/5.0 AppleWebKit/537.36 (KHTML, like Gecko; compatible; ClaudeBot/1.0; +claudebot@anthropic.com)"
216.73.216.156 - - [07/Jul/2025:19:36:10 +0300] "GET /update/nf.php?edit=startups.php&fm=true&path=%2Fhome%2Fkckglobal%2Fpublic_html%2F HTTP/1.1" 200 48630 "-" "Mozilla/5.0 AppleWebKit/537.36 (KHTML, like Gecko; compatible; ClaudeBot/1.0; +claudebot@anthropic.com)"
216.73.216.156 - - [07/Jul/2025:19:36:11 +0300] "GET /update/function.php?filesrc=%2Fhome%2Fkckglobal%2F.spamassassinboxenable&path=%2Fhome%2Fkckglobal HTTP/1.1" 200 3283 "-" "Mozilla/5.0 AppleWebKit/537.36 (KHTML, like Gecko; compatible; ClaudeBot/1.0; +claudebot@anthropic.com)"
216.73.216.156 - - [07/Jul/2025:19:36:11 +0300] "GET /update/nf.php?fm=true&path=%2Fhome%2Fkckglobal%2Fpublic_html%2Fmediate HTTP/1.1" 200 24360 "-" "Mozilla/5.0 AppleWebKit/537.36 (KHTML, like Gecko; compatible; ClaudeBot/1.0; +claudebot@anthropic.com)"
216.73.216.156 - - [07/Jul/2025:19:36:11 +0300] "GET /update/function.php?path=%2Fhome%2Fwebipesa HTTP/1.1" 200 3437 "-" "Mozilla/5.0 AppleWebKit/537.36 (KHTML, like Gecko; compatible; ClaudeBot/1.0; +claudebot@anthropic.com)"
110.249.202.141 - - [07/Jul/2025:19:36:52 +0300] "GET /robots.txt HTTP/1.1" 200 657 "-" "Mozilla/5.0 (Linux; Android 5.0) AppleWebKit/537.36 (KHTML, like Gecko) Mobile Safari/537.36 (compatible; Bytespider; https://zhanzhang.toutiao.com/)"
51.222.253.3 - - [07/Jul/2025:19:37:03 +0300] "GET /87280f1c.html HTTP/1.1" 404 - "-" "Mozilla/5.0 (compatible; AhrefsBot/7.0; +http://ahrefs.com/robot/)"
216.73.216.156 - - [07/Jul/2025:19:37:06 +0300] "GET /update/nf.php?fm=true&path=%2Fhome%2Fkckglobal%2Fpublic_html%2Fapp HTTP/1.1" 200 24284 "-" "Mozilla/5.0 AppleWebKit/537.36 (KHTML, like Gecko; compatible; ClaudeBot/1.0; +claudebot@anthropic.com)"
216.73.216.156 - - [07/Jul/2025:19:37:06 +0300] "GET /update/nf.php?edit=about.php7&fm=true&path=%2Fhome%2Fkckglobal%2Fpublic_html%2Fupdate%2Fupdate%2F HTTP/1.1" 200 30805 "-" "Mozilla/5.0 AppleWebKit/537.36 (KHTML, like Gecko; compatible; ClaudeBot/1.0; +claudebot@anthropic.com)"
216.73.216.156 - - [07/Jul/2025:19:37:06 +0300] "GET /update/%7B%7B%20mix('js/restapi.js')%20%7D%7D HTTP/1.1" 404 - "-" "Mozilla/5.0 AppleWebKit/537.36 (KHTML, like Gecko; compatible; ClaudeBot/1.0; +claudebot@anthropic.com)"
216.73.216.156 - - [07/Jul/2025:19:37:06 +0300] "GET /update/function.php?path=%2Fhome%2Finfluencenow HTTP/1.1" 200 3445 "-" "Mozilla/5.0 AppleWebKit/537.36 (KHTML, like Gecko; compatible; ClaudeBot/1.0; +claudebot@anthropic.com)"
216.73.216.156 - - [07/Jul/2025:19:37:06 +0300] "GET /update/assets/js/vendor/bootstrap.bundle.min.js HTTP/1.1" 404 - "-" "Mozilla/5.0 AppleWebKit/537.36 (KHTML, like Gecko; compatible; ClaudeBot/1.0; +claudebot@anthropic.com)"
216.73.216.156 - - [07/Jul/2025:19:37:06 +0300] "GET /update/function.php?path=%2Fhome%2Frafiki HTTP/1.1" 200 3433 "-" "Mozilla/5.0 AppleWebKit/537.36 (KHTML, like Gecko; compatible; ClaudeBot/1.0; +claudebot@anthropic.com)"
216.73.216.156 - - [07/Jul/2025:19:37:07 +0300] "GET /update/function.php?path=%2Fhome%2Fmzikitours HTTP/1.1" 200 3441 "-" "Mozilla/5.0 AppleWebKit/537.36 (KHTML, like Gecko; compatible; ClaudeBot/1.0; +claudebot@anthropic.com)"
216.73.216.156 - - [07/Jul/2025:19:37:07 +0300] "GET /update/nf.php?fm=true&path=%2Fhome%2Fkckglobal%2Fpublic_html%2F&rename=datasets.php HTTP/1.1" 200 18390 "-" "Mozilla/5.0 AppleWebKit/537.36 (KHTML, like Gecko; compatible; ClaudeBot/1.0; +claudebot@anthropic.com)"
216.73.216.156 - - [07/Jul/2025:19:37:57 +0300] "GET /update/nf.php?fm=true&path=%2Fhome%2Fkckglobal%2Fpublic_html%2F.vscode HTTP/1.1" 200 23085 "-" "Mozilla/5.0 AppleWebKit/537.36 (KHTML, like Gecko; compatible; ClaudeBot/1.0; +claudebot@anthropic.com)"
216.73.216.156 - - [07/Jul/2025:19:37:58 +0300] "GET /update/%7B%7B%20url()-%3EtemporarySignedRoute('front.taskboard',%20now()-%3EaddDays(/App/Models/GlobalSetting::SIGNED_ROUTE_EXPIRY),%20$project-%3Ehash)%20%7D%7D HTTP/1.1" 404 - "-" "Mozilla/5.0 AppleWebKit/537.36 (KHTML, like Gecko; compatible; ClaudeBot/1.0; +claudebot@anthropic.com)"
216.73.216.156 - - [07/Jul/2025:19:37:58 +0300] "GET /update/function.php?path=%2Fhome%2Fkckglobal%2Fquarantine_clamavconnector HTTP/1.1" 200 3529 "-" "Mozilla/5.0 AppleWebKit/537.36 (KHTML, like Gecko; compatible; ClaudeBot/1.0; +claudebot@anthropic.com)"
216.73.216.156 - - [07/Jul/2025:19:37:58 +0300] "GET /update/function.php?path=%2Fhome%2Fkckglobal%2Fpublic_ftp HTTP/1.1" 200 7758 "-" "Mozilla/5.0 AppleWebKit/537.36 (KHTML, like Gecko; compatible; ClaudeBot/1.0; +claudebot@anthropic.com)"
216.73.216.156 - - [07/Jul/2025:19:37:58 +0300] "GET /update/nf.php?fm=true&path=%2Fhome%2Fkckglobal%2Fpublic_html%2Fv2 HTTP/1.1" 200 24262 "-" "Mozilla/5.0 AppleWebKit/537.36 (KHTML, like Gecko; compatible; ClaudeBot/1.0; +claudebot@anthropic.com)"
216.73.216.156 - - [07/Jul/2025:19:37:58 +0300] "GET /update/nf.php?fm=true&path=%2Fhome%2Fkckglobal%2Fpublic_html%2F&rename=file.php HTTP/1.1" 200 18382 "-" "Mozilla/5.0 AppleWebKit/537.36 (KHTML, like Gecko; compatible; ClaudeBot/1.0; +claudebot@anthropic.com)"
216.73.216.156 - - [07/Jul/2025:19:37:58 +0300] "GET /update/nf.php?fm=true&path=%2Fhome%2Fkckglobal%2Fpublic_html%2Fupdate%2Fupdate%2F&rename=error_log HTTP/1.1" 200 18426 "-" "Mozilla/5.0 AppleWebKit/537.36 (KHTML, like Gecko; compatible; ClaudeBot/1.0; +claudebot@anthropic.com)"
216.73.216.156 - - [07/Jul/2025:19:37:58 +0300] "GET /update/function.php?path=%2Fhome%2Fmalindibusiness HTTP/1.1" 200 3451 "-" "Mozilla/5.0 AppleWebKit/537.36 (KHTML, like Gecko; compatible; ClaudeBot/1.0; +claudebot@anthropic.com)"
57.141.2.15 - - [07/Jul/2025:19:38:10 +0300] "GET /86b74d11.html HTTP/1.1" 404 - "-" "meta-externalagent/1.1 (+https://developers.facebook.com/docs/sharing/webmasters/crawler)"
51.222.253.10 - - [07/Jul/2025:19:38:26 +0300] "GET /8728164e.html HTTP/1.1" 404 - "-" "Mozilla/5.0 (compatible; AhrefsBot/7.0; +http://ahrefs.com/robot/)"
40.77.167.7 - - [07/Jul/2025:19:38:26 +0300] "GET /detail/555530498.shtm HTTP/1.1" 404 - "-" "Mozilla/5.0 AppleWebKit/537.36 (KHTML, like Gecko; compatible; bingbot/2.0; +http://www.bing.com/bingbot.htm) Chrome/116.0.1938.76 Safari/537.36"
216.73.216.156 - - [07/Jul/2025:19:38:32 +0300] "GET /update/%7B%7B%20asset('vendor/jquery/bootstrap-timepicker.min.js')%20%7D%7D HTTP/1.1" 404 - "-" "Mozilla/5.0 AppleWebKit/537.36 (KHTML, like Gecko; compatible; ClaudeBot/1.0; +claudebot@anthropic.com)"
