147.135.213.170 - - [07/Jul/2025:20:45:58 +0300] "GET /update/function.php?filesrc=//usr/include/event.h&path=//usr/include HTTP/1.1" 200 6151 "-" "Mozilla/5.0 (compatible; MJ12bot/v1.4.8; http://mj12bot.com/)"
147.135.213.170 - - [07/Jul/2025:20:46:00 +0300] "GET /update/function.php?filesrc=//usr/include/evhttp.h&path=//usr/include HTTP/1.1" 200 5355 "-" "Mozilla/5.0 (compatible; MJ12bot/v1.4.8; http://mj12bot.com/)"
147.135.213.170 - - [07/Jul/2025:20:46:02 +0300] "GET /update/function.php?filesrc=//usr/include/evrpc.h&path=//usr/include HTTP/1.1" 200 5334 "-" "Mozilla/5.0 (compatible; MJ12bot/v1.4.8; http://mj12bot.com/)"
147.135.213.170 - - [07/Jul/2025:20:46:03 +0300] "GET /update/function.php?filesrc=//usr/include/evutil.h&path=//usr/include HTTP/1.1" 200 5072 "-" "Mozilla/5.0 (compatible; MJ12bot/v1.4.8; http://mj12bot.com/)"
147.135.213.170 - - [07/Jul/2025:20:46:05 +0300] "GET /update/function.php?filesrc=//usr/include/execinfo.h&path=//usr/include HTTP/1.1" 200 4798 "-" "Mozilla/5.0 (compatible; MJ12bot/v1.4.8; http://mj12bot.com/)"
147.135.213.170 - - [07/Jul/2025:20:46:07 +0300] "GET /update/function.php?filesrc=//usr/include/expat.h&path=//usr/include HTTP/1.1" 200 47219 "-" "Mozilla/5.0 (compatible; MJ12bot/v1.4.8; http://mj12bot.com/)"
147.135.213.170 - - [07/Jul/2025:20:46:09 +0300] "GET /update/function.php?filesrc=//usr/include/expat_config.h&path=//usr/include HTTP/1.1" 200 7029 "-" "Mozilla/5.0 (compatible; MJ12bot/v1.4.8; http://mj12bot.com/)"
147.135.213.170 - - [07/Jul/2025:20:46:11 +0300] "GET /update/function.php?filesrc=//usr/include/expat_external.h&path=//usr/include HTTP/1.1" 200 9009 "-" "Mozilla/5.0 (compatible; MJ12bot/v1.4.8; http://mj12bot.com/)"
51.222.253.16 - - [07/Jul/2025:20:46:11 +0300] "GET /87566b1d.html HTTP/1.1" 404 - "-" "Mozilla/5.0 (compatible; AhrefsBot/7.0; +http://ahrefs.com/robot/)"
147.135.213.170 - - [07/Jul/2025:20:46:12 +0300] "GET /update/function.php?filesrc=//usr/include/fa.h&path=//usr/include HTTP/1.1" 200 15905 "-" "Mozilla/5.0 (compatible; MJ12bot/v1.4.8; http://mj12bot.com/)"
147.135.213.170 - - [07/Jul/2025:20:46:14 +0300] "GET /update/function.php?filesrc=//usr/include/fcntl.h&path=//usr/include HTTP/1.1" 200 14474 "-" "Mozilla/5.0 (compatible; MJ12bot/v1.4.8; http://mj12bot.com/)"
216.73.216.156 - - [07/Jul/2025:20:46:15 +0300] "GET /update/%7B%7Broute('verify-purchase')%7D%7D HTTP/1.1" 404 - "-" "Mozilla/5.0 AppleWebKit/537.36 (KHTML, like Gecko; compatible; ClaudeBot/1.0; +claudebot@anthropic.com)"
216.73.216.156 - - [07/Jul/2025:20:46:15 +0300] "GET /update/nf.php?gz=L2hvbWUva2NrZ2xvYmFsL3B1YmxpY19odG1sL2Jvb2s%3D HTTP/1.1" 200 14056 "-" "Mozilla/5.0 AppleWebKit/537.36 (KHTML, like Gecko; compatible; ClaudeBot/1.0; +claudebot@anthropic.com)"
216.73.216.156 - - [07/Jul/2025:20:46:15 +0300] "GET /update/%7B%7B%20isset($disabledLink) HTTP/1.1" 404 - "-" "Mozilla/5.0 AppleWebKit/537.36 (KHTML, like Gecko; compatible; ClaudeBot/1.0; +claudebot@anthropic.com)"
216.73.216.156 - - [07/Jul/2025:20:46:15 +0300] "GET /update/%7B%7B%20route('designations.index')%20%7D%7D HTTP/1.1" 404 - "-" "Mozilla/5.0 AppleWebKit/537.36 (KHTML, like Gecko; compatible; ClaudeBot/1.0; +claudebot@anthropic.com)"
216.73.216.156 - - [07/Jul/2025:20:46:15 +0300] "GET /update/%7B%7B%20route('tasks.index')%20.%20'?assignee=me&overdue=yes%27+%7D%7D HTTP/1.1" 404 - "-" "Mozilla/5.0 AppleWebKit/537.36 (KHTML, like Gecko; compatible; ClaudeBot/1.0; +claudebot@anthropic.com)"
216.73.216.156 - - [07/Jul/2025:20:46:15 +0300] "GET /update/%7B%7B%20route('quickbooks.index')%20%7D%7D HTTP/1.1" 404 - "-" "Mozilla/5.0 AppleWebKit/537.36 (KHTML, like Gecko; compatible; ClaudeBot/1.0; +claudebot@anthropic.com)"
216.73.216.156 - - [07/Jul/2025:20:46:15 +0300] "GET /update/%7B%7B%20route('expenses.edit',%20[$expense-%3Eid])%20%7D%7D HTTP/1.1" 404 - "-" "Mozilla/5.0 AppleWebKit/537.36 (KHTML, like Gecko; compatible; ClaudeBot/1.0; +claudebot@anthropic.com)"
147.135.213.170 - - [07/Jul/2025:20:46:16 +0300] "GET /update/function.php?filesrc=//usr/include/features.h&path=//usr/include HTTP/1.1" 200 19862 "-" "Mozilla/5.0 (compatible; MJ12bot/v1.4.8; http://mj12bot.com/)"
147.135.213.170 - - [07/Jul/2025:20:46:18 +0300] "GET /update/function.php?filesrc=//usr/include/fenv.h&path=//usr/include HTTP/1.1" 200 9163 "-" "Mozilla/5.0 (compatible; MJ12bot/v1.4.8; http://mj12bot.com/)"
147.135.213.170 - - [07/Jul/2025:20:46:19 +0300] "GET /update/function.php?filesrc=//usr/include/fmtmsg.h&path=//usr/include HTTP/1.1" 200 6533 "-" "Mozilla/5.0 (compatible; MJ12bot/v1.4.8; http://mj12bot.com/)"
147.135.213.170 - - [07/Jul/2025:20:46:21 +0300] "GET /update/function.php?filesrc=//usr/include/fnmatch.h&path=//usr/include HTTP/1.1" 200 5654 "-" "Mozilla/5.0 (compatible; MJ12bot/v1.4.8; http://mj12bot.com/)"
147.135.213.170 - - [07/Jul/2025:20:46:23 +0300] "GET /update/function.php?filesrc=//usr/include/form.h&path=//usr/include HTTP/1.1" 200 21909 "-" "Mozilla/5.0 (compatible; MJ12bot/v1.4.8; http://mj12bot.com/)"
147.135.213.170 - - [07/Jul/2025:20:46:25 +0300] "GET /update/function.php?filesrc=//usr/include/fpu_control.h&path=//usr/include HTTP/1.1" 200 6924 "-" "Mozilla/5.0 (compatible; MJ12bot/v1.4.8; http://mj12bot.com/)"
147.135.213.170 - - [07/Jul/2025:20:46:26 +0300] "GET /update/function.php?filesrc=//usr/include/fstab.h&path=//usr/include HTTP/1.1" 200 6498 "-" "Mozilla/5.0 (compatible; MJ12bot/v1.4.8; http://mj12bot.com/)"
147.135.213.170 - - [07/Jul/2025:20:46:28 +0300] "GET /update/function.php?filesrc=//usr/include/fstrm.h&path=//usr/include HTTP/1.1" 200 16615 "-" "Mozilla/5.0 (compatible; MJ12bot/v1.4.8; http://mj12bot.com/)"
147.135.213.170 - - [07/Jul/2025:20:46:30 +0300] "GET /update/function.php?filesrc=//usr/include/fts.h&path=//usr/include HTTP/1.1" 200 11679 "-" "Mozilla/5.0 (compatible; MJ12bot/v1.4.8; http://mj12bot.com/)"
147.135.213.170 - - [07/Jul/2025:20:46:32 +0300] "GET /update/function.php?filesrc=//usr/include/ftw.h&path=//usr/include HTTP/1.1" 200 8579 "-" "Mozilla/5.0 (compatible; MJ12bot/v1.4.8; http://mj12bot.com/)"
147.135.213.170 - - [07/Jul/2025:20:46:33 +0300] "GET /update/function.php?filesrc=//usr/include/gconv.h&path=//usr/include HTTP/1.1" 200 7716 "-" "Mozilla/5.0 (compatible; MJ12bot/v1.4.8; http://mj12bot.com/)"
216.73.216.156 - - [07/Jul/2025:20:46:16 +0300] "GET /update/nf.php?zip=L2hvbWUva2NrZ2xvYmFsL3B1YmxpY19odG1sL3BvcnRhbA%3D%3D HTTP/1.1" 200 14056 "-" "Mozilla/5.0 AppleWebKit/537.36 (KHTML, like Gecko; compatible; ClaudeBot/1.0; +claudebot@anthropic.com)"
147.135.213.170 - - [07/Jul/2025:20:46:35 +0300] "GET /update/function.php?filesrc=//usr/include/gcrypt.h&path=//usr/include HTTP/1.1" 200 74110 "-" "Mozilla/5.0 (compatible; MJ12bot/v1.4.8; http://mj12bot.com/)"
147.135.213.170 - - [07/Jul/2025:20:46:37 +0300] "GET /update/function.php?filesrc=//usr/include/gd.h&path=//usr/include HTTP/1.1" 200 61923 "-" "Mozilla/5.0 (compatible; MJ12bot/v1.4.8; http://mj12bot.com/)"
147.135.213.170 - - [07/Jul/2025:20:46:39 +0300] "GET /update/function.php?filesrc=//usr/include/gd_color_map.h&path=//usr/include HTTP/1.1" 200 3766 "-" "Mozilla/5.0 (compatible; MJ12bot/v1.4.8; http://mj12bot.com/)"
147.135.213.170 - - [07/Jul/2025:20:46:41 +0300] "GET /update/function.php?filesrc=//usr/include/gd_errors.h&path=//usr/include HTTP/1.1" 200 4774 "-" "Mozilla/5.0 (compatible; MJ12bot/v1.4.8; http://mj12bot.com/)"
147.135.213.170 - - [07/Jul/2025:20:46:42 +0300] "GET /update/function.php?filesrc=//usr/include/gd_io.h&path=//usr/include HTTP/1.1" 200 6468 "-" "Mozilla/5.0 (compatible; MJ12bot/v1.4.8; http://mj12bot.com/)"
147.135.213.170 - - [07/Jul/2025:20:46:44 +0300] "GET /update/function.php?filesrc=//usr/include/gdbm.h&path=//usr/include HTTP/1.1" 200 13655 "-" "Mozilla/5.0 (compatible; MJ12bot/v1.4.8; http://mj12bot.com/)"
147.135.213.170 - - [07/Jul/2025:20:46:46 +0300] "GET /update/function.php?filesrc=//usr/include/gdcache.h&path=//usr/include HTTP/1.1" 200 6177 "-" "Mozilla/5.0 (compatible; MJ12bot/v1.4.8; http://mj12bot.com/)"
147.135.213.170 - - [07/Jul/2025:20:46:47 +0300] "GET /update/function.php?filesrc=//usr/include/gdfontg.h&path=//usr/include HTTP/1.1" 200 3846 "-" "Mozilla/5.0 (compatible; MJ12bot/v1.4.8; http://mj12bot.com/)"
147.135.213.170 - - [07/Jul/2025:20:46:49 +0300] "GET /update/function.php?filesrc=//usr/include/gdfontl.h&path=//usr/include HTTP/1.1" 200 3844 "-" "Mozilla/5.0 (compatible; MJ12bot/v1.4.8; http://mj12bot.com/)"
147.135.213.170 - - [07/Jul/2025:20:46:51 +0300] "GET /update/function.php?filesrc=//usr/include/gdfontmb.h&path=//usr/include HTTP/1.1" 200 3803 "-" "Mozilla/5.0 (compatible; MJ12bot/v1.4.8; http://mj12bot.com/)"
147.135.213.170 - - [07/Jul/2025:20:46:52 +0300] "GET /update/function.php?filesrc=//usr/include/gdfonts.h&path=//usr/include HTTP/1.1" 200 3798 "-" "Mozilla/5.0 (compatible; MJ12bot/v1.4.8; http://mj12bot.com/)"
147.135.213.170 - - [07/Jul/2025:20:46:54 +0300] "GET /update/function.php?filesrc=//usr/include/gdfontt.h&path=//usr/include HTTP/1.1" 200 3839 "-" "Mozilla/5.0 (compatible; MJ12bot/v1.4.8; http://mj12bot.com/)"
147.135.213.170 - - [07/Jul/2025:20:46:56 +0300] "GET /update/function.php?filesrc=//usr/include/gdfx.h&path=//usr/include HTTP/1.1" 200 3767 "-" "Mozilla/5.0 (compatible; MJ12bot/v1.4.8; http://mj12bot.com/)"
147.135.213.170 - - [07/Jul/2025:20:46:57 +0300] "GET /update/function.php?filesrc=//usr/include/gdpp.h&path=//usr/include HTTP/1.1" 200 56437 "-" "Mozilla/5.0 (compatible; MJ12bot/v1.4.8; http://mj12bot.com/)"
147.135.213.170 - - [07/Jul/2025:20:46:59 +0300] "GET /update/function.php?filesrc=//usr/include/getopt.h&path=//usr/include HTTP/1.1" 200 4784 "-" "Mozilla/5.0 (compatible; MJ12bot/v1.4.8; http://mj12bot.com/)"
147.135.213.170 - - [07/Jul/2025:20:47:01 +0300] "GET /update/function.php?filesrc=//usr/include/gettext-po.h&path=//usr/include HTTP/1.1" 200 18932 "-" "Mozilla/5.0 (compatible; MJ12bot/v1.4.8; http://mj12bot.com/)"
147.135.213.170 - - [07/Jul/2025:20:47:03 +0300] "GET /update/function.php?filesrc=//usr/include/glob.h&path=//usr/include HTTP/1.1" 200 10064 "-" "Mozilla/5.0 (compatible; MJ12bot/v1.4.8; http://mj12bot.com/)"
216.73.216.156 - - [07/Jul/2025:20:47:03 +0300] "GET /update/nf.php?gzfile=L2hvbWUva2NrZ2xvYmFsL3B1YmxpY19odG1sL2NvbmZpZy5waHA%3D HTTP/1.1" 200 14056 "-" "Mozilla/5.0 AppleWebKit/537.36 (KHTML, like Gecko; compatible; ClaudeBot/1.0; +claudebot@anthropic.com)"
216.73.216.156 - - [07/Jul/2025:20:47:03 +0300] "GET /update/%7B%7B%20$item-%3Efile_url%20%7D%7D HTTP/1.1" 404 - "-" "Mozilla/5.0 AppleWebKit/537.36 (KHTML, like Gecko; compatible; ClaudeBot/1.0; +claudebot@anthropic.com)"
216.73.216.156 - - [07/Jul/2025:20:47:03 +0300] "GET /update/%7B%7B%20route('inventory-files.download',%20$file-%3Eid)%20%7D%7D HTTP/1.1" 404 - "-" "Mozilla/5.0 AppleWebKit/537.36 (KHTML, like Gecko; compatible; ClaudeBot/1.0; +claudebot@anthropic.com)"
216.73.216.156 - - [07/Jul/2025:20:47:03 +0300] "GET /update/'.$url.' HTTP/1.1" 404 - "-" "Mozilla/5.0 AppleWebKit/537.36 (KHTML, like Gecko; compatible; ClaudeBot/1.0; +claudebot@anthropic.com)"
216.73.216.156 - - [07/Jul/2025:20:47:03 +0300] "GET /update/'%20.%20route('estimates.edit',%20[$row-%3Eid])%20.%20' HTTP/1.1" 404 - "-" "Mozilla/5.0 AppleWebKit/537.36 (KHTML, like Gecko; compatible; ClaudeBot/1.0; +claudebot@anthropic.com)"
216.73.216.156 - - [07/Jul/2025:20:47:04 +0300] "GET /update/%7B%7B%20route('gdpr-settings.index')%20%7D%7D?tab=removal-requests-lead HTTP/1.1" 404 - "-" "Mozilla/5.0 AppleWebKit/537.36 (KHTML, like Gecko; compatible; ClaudeBot/1.0; +claudebot@anthropic.com)"
216.73.216.156 - - [07/Jul/2025:20:47:04 +0300] "GET /update//%22%22.$fm_path_info['basename'].%22?action=99&filename=favicon.ico%5C%22 HTTP/1.1" 404 - "-" "Mozilla/5.0 AppleWebKit/537.36 (KHTML, like Gecko; compatible; ClaudeBot/1.0; +claudebot@anthropic.com)"
216.73.216.156 - - [07/Jul/2025:20:47:04 +0300] "GET /update/%7B%7B%20%20isset($disabledLink) HTTP/1.1" 404 - "-" "Mozilla/5.0 AppleWebKit/537.36 (KHTML, like Gecko; compatible; ClaudeBot/1.0; +claudebot@anthropic.com)"
147.135.213.170 - - [07/Jul/2025:20:47:05 +0300] "GET /update/function.php?filesrc=//usr/include/gnu-versions.h&path=//usr/include HTTP/1.1" 200 5646 "-" "Mozilla/5.0 (compatible; MJ12bot/v1.4.8; http://mj12bot.com/)"
147.135.213.170 - - [07/Jul/2025:20:47:06 +0300] "GET /update/function.php?filesrc=//usr/include/gnumake.h&path=//usr/include HTTP/1.1" 200 6211 "-" "Mozilla/5.0 (compatible; MJ12bot/v1.4.8; http://mj12bot.com/)"
51.222.253.6 - - [07/Jul/2025:20:47:07 +0300] "GET /87566fa3.html HTTP/1.1" 404 - "-" "Mozilla/5.0 (compatible; AhrefsBot/7.0; +http://ahrefs.com/robot/)"
147.135.213.170 - - [07/Jul/2025:20:47:08 +0300] "GET /update/function.php?filesrc=//usr/include/gpg-error.h&path=//usr/include HTTP/1.1" 200 71514 "-" "Mozilla/5.0 (compatible; MJ12bot/v1.4.8; http://mj12bot.com/)"
147.135.213.170 - - [07/Jul/2025:20:47:10 +0300] "GET /update/function.php?filesrc=//usr/include/gpgrt.h&path=//usr/include HTTP/1.1" 200 71510 "-" "Mozilla/5.0 (compatible; MJ12bot/v1.4.8; http://mj12bot.com/)"
147.135.213.170 - - [07/Jul/2025:20:47:12 +0300] "GET /update/function.php?filesrc=//usr/include/grp.h&path=//usr/include HTTP/1.1" 200 10005 "-" "Mozilla/5.0 (compatible; MJ12bot/v1.4.8; http://mj12bot.com/)"
147.135.213.170 - - [07/Jul/2025:20:47:14 +0300] "GET /update/function.php?filesrc=//usr/include/gshadow.h&path=//usr/include HTTP/1.1" 200 7821 "-" "Mozilla/5.0 (compatible; MJ12bot/v1.4.8; http://mj12bot.com/)"
147.135.213.170 - - [07/Jul/2025:20:47:16 +0300] "GET /update/function.php?filesrc=//usr/include/gssapi.h&path=//usr/include HTTP/1.1" 200 3455 "-" "Mozilla/5.0 (compatible; MJ12bot/v1.4.8; http://mj12bot.com/)"
147.135.213.170 - - [07/Jul/2025:20:47:17 +0300] "GET /update/function.php?filesrc=//usr/include/iconv.h&path=//usr/include HTTP/1.1" 200 5136 "-" "Mozilla/5.0 (compatible; MJ12bot/v1.4.8; http://mj12bot.com/)"
147.135.213.170 - - [07/Jul/2025:20:47:19 +0300] "GET /update/function.php?filesrc=//usr/include/idn-free.h&path=//usr/include HTTP/1.1" 200 5852 "-" "Mozilla/5.0 (compatible; MJ12bot/v1.4.8; http://mj12bot.com/)"
147.135.213.170 - - [07/Jul/2025:20:47:21 +0300] "GET /update/function.php?filesrc=//usr/include/idn-int.h&path=//usr/include HTTP/1.1" 200 3289 "-" "Mozilla/5.0 (compatible; MJ12bot/v1.4.8; http://mj12bot.com/)"
147.135.213.170 - - [07/Jul/2025:20:47:23 +0300] "GET /update/function.php?filesrc=//usr/include/idna.h&path=//usr/include HTTP/1.1" 200 6912 "-" "Mozilla/5.0 (compatible; MJ12bot/v1.4.8; http://mj12bot.com/)"
147.135.213.170 - - [07/Jul/2025:20:47:24 +0300] "GET /update/function.php?filesrc=//usr/include/ieee754.h&path=//usr/include HTTP/1.1" 200 8191 "-" "Mozilla/5.0 (compatible; MJ12bot/v1.4.8; http://mj12bot.com/)"
147.135.213.170 - - [07/Jul/2025:20:47:26 +0300] "GET /update/function.php?filesrc=//usr/include/ifaddrs.h&path=//usr/include HTTP/1.1" 200 6172 "-" "Mozilla/5.0 (compatible; MJ12bot/v1.4.8; http://mj12bot.com/)"
147.135.213.170 - - [07/Jul/2025:20:47:28 +0300] "GET /update/function.php?filesrc=//usr/include/inttypes.h&path=//usr/include HTTP/1.1" 200 16941 "-" "Mozilla/5.0 (compatible; MJ12bot/v1.4.8; http://mj12bot.com/)"
147.135.213.170 - - [07/Jul/2025:20:47:29 +0300] "GET /update/function.php?filesrc=//usr/include/jconfig-64.h&path=//usr/include HTTP/1.1" 200 5571 "-" "Mozilla/5.0 (compatible; MJ12bot/v1.4.8; http://mj12bot.com/)"
147.135.213.170 - - [07/Jul/2025:20:47:31 +0300] "GET /update/function.php?filesrc=//usr/include/jconfig.h&path=//usr/include HTTP/1.1" 200 3545 "-" "Mozilla/5.0 (compatible; MJ12bot/v1.4.8; http://mj12bot.com/)"
147.135.213.170 - - [07/Jul/2025:20:47:33 +0300] "GET /update/function.php?filesrc=//usr/include/jerror.h&path=//usr/include HTTP/1.1" 200 20004 "-" "Mozilla/5.0 (compatible; MJ12bot/v1.4.8; http://mj12bot.com/)"
147.135.213.170 - - [07/Jul/2025:20:47:35 +0300] "GET /update/function.php?filesrc=//usr/include/jmorecfg.h&path=//usr/include HTTP/1.1" 200 18536 "-" "Mozilla/5.0 (compatible; MJ12bot/v1.4.8; http://mj12bot.com/)"
147.135.213.170 - - [07/Jul/2025:20:47:36 +0300] "GET /update/function.php?filesrc=//usr/include/jpegint.h&path=//usr/include HTTP/1.1" 200 18930 "-" "Mozilla/5.0 (compatible; MJ12bot/v1.4.8; http://mj12bot.com/)"
147.135.213.170 - - [07/Jul/2025:20:47:38 +0300] "GET /update/function.php?filesrc=//usr/include/jpeglib.h&path=//usr/include HTTP/1.1" 200 53463 "-" "Mozilla/5.0 (compatible; MJ12bot/v1.4.8; http://mj12bot.com/)"
147.135.213.170 - - [07/Jul/2025:20:47:40 +0300] "GET /update/function.php?filesrc=//usr/include/kdb.h&path=//usr/include HTTP/1.1" 200 72833 "-" "Mozilla/5.0 (compatible; MJ12bot/v1.4.8; http://mj12bot.com/)"
147.135.213.170 - - [07/Jul/2025:20:47:42 +0300] "GET /update/function.php?filesrc=//usr/include/keyutils.h&path=//usr/include HTTP/1.1" 200 10994 "-" "Mozilla/5.0 (compatible; MJ12bot/v1.4.8; http://mj12bot.com/)"
147.135.213.170 - - [07/Jul/2025:20:47:44 +0300] "GET /update/function.php?filesrc=//usr/include/krad.h&path=//usr/include HTTP/1.1" 200 12232 "-" "Mozilla/5.0 (compatible; MJ12bot/v1.4.8; http://mj12bot.com/)"
216.73.216.156 - - [07/Jul/2025:20:47:44 +0300] "GET /update/'%20.%20route('recurring-expenses.edit',%20$row-%3Eid)%20.%20' HTTP/1.1" 404 - "-" "Mozilla/5.0 AppleWebKit/537.36 (KHTML, like Gecko; compatible; ClaudeBot/1.0; +claudebot@anthropic.com)"
216.73.216.156 - - [07/Jul/2025:20:47:44 +0300] "GET /update/%7B%7B%20asset('vendor/css/default.min.css')%20%7D%7D HTTP/1.1" 404 - "-" "Mozilla/5.0 AppleWebKit/537.36 (KHTML, like Gecko; compatible; ClaudeBot/1.0; +claudebot@anthropic.com)"
216.73.216.156 - - [07/Jul/2025:20:47:45 +0300] "GET /update/%7B%7B%20route('bills.edit',%20[$purchaseBill-%3Eid])%20%7D%7D HTTP/1.1" 404 - "-" "Mozilla/5.0 AppleWebKit/537.36 (KHTML, like Gecko; compatible; ClaudeBot/1.0; +claudebot@anthropic.com)"
216.73.216.156 - - [07/Jul/2025:20:47:45 +0300] "GET /update/'%20.%20route('projectroadmap.show',%20[$row-%3Eid])%20.%20' HTTP/1.1" 404 - "-" "Mozilla/5.0 AppleWebKit/537.36 (KHTML, like Gecko; compatible; ClaudeBot/1.0; +claudebot@anthropic.com)"
216.73.216.156 - - [07/Jul/2025:20:47:45 +0300] "GET /update/%7B%7B%20route('social-auth-settings.index')%20%7D%7D HTTP/1.1" 404 - "-" "Mozilla/5.0 AppleWebKit/537.36 (KHTML, like Gecko; compatible; ClaudeBot/1.0; +claudebot@anthropic.com)"
216.73.216.156 - - [07/Jul/2025:20:47:45 +0300] "GET /update/%7B%7B%20mix('js/zoommeeting.js')%20%7D%7D HTTP/1.1" 404 - "-" "Mozilla/5.0 AppleWebKit/537.36 (KHTML, like Gecko; compatible; ClaudeBot/1.0; +claudebot@anthropic.com)"
147.135.213.170 - - [07/Jul/2025:20:47:46 +0300] "GET /update/function.php?filesrc=//usr/include/krb5.h&path=//usr/include HTTP/1.1" 200 3678 "-" "Mozilla/5.0 (compatible; MJ12bot/v1.4.8; http://mj12bot.com/)"
147.135.213.170 - - [07/Jul/2025:20:47:47 +0300] "GET /update/function.php?filesrc=//usr/include/langinfo.h&path=//usr/include HTTP/1.1" 200 21286 "-" "Mozilla/5.0 (compatible; MJ12bot/v1.4.8; http://mj12bot.com/)"
147.135.213.170 - - [07/Jul/2025:20:47:49 +0300] "GET /update/function.php?filesrc=//usr/include/lastlog.h&path=//usr/include HTTP/1.1" 200 3406 "-" "Mozilla/5.0 (compatible; MJ12bot/v1.4.8; http://mj12bot.com/)"
147.135.213.170 - - [07/Jul/2025:20:47:51 +0300] "GET /update/function.php?filesrc=//usr/include/libaio.h&path=//usr/include HTTP/1.1" 200 12576 "-" "Mozilla/5.0 (compatible; MJ12bot/v1.4.8; http://mj12bot.com/)"
147.135.213.170 - - [07/Jul/2025:20:47:53 +0300] "GET /update/function.php?filesrc=//usr/include/libgen.h&path=//usr/include HTTP/1.1" 200 4675 "-" "Mozilla/5.0 (compatible; MJ12bot/v1.4.8; http://mj12bot.com/)"
216.73.216.156 - - [07/Jul/2025:20:47:44 +0300] "GET /update/nf.php?zip=L2hvbWUva2NrZ2xvYmFsL3B1YmxpY19odG1sL2Fzc2V0cw%3D%3D HTTP/1.1" 200 276868 "-" "Mozilla/5.0 AppleWebKit/537.36 (KHTML, like Gecko; compatible; ClaudeBot/1.0; +claudebot@anthropic.com)"
147.135.213.170 - - [07/Jul/2025:20:47:55 +0300] "GET /update/function.php?filesrc=//usr/include/libintl.h&path=//usr/include HTTP/1.1" 200 7924 "-" "Mozilla/5.0 (compatible; MJ12bot/v1.4.8; http://mj12bot.com/)"
147.135.213.170 - - [07/Jul/2025:20:47:56 +0300] "GET /update/function.php?filesrc=//usr/include/limits.h&path=//usr/include HTTP/1.1" 200 8895 "-" "Mozilla/5.0 (compatible; MJ12bot/v1.4.8; http://mj12bot.com/)"
147.135.213.170 - - [07/Jul/2025:20:47:58 +0300] "GET /update/function.php?filesrc=//usr/include/link.h&path=//usr/include HTTP/1.1" 200 10610 "-" "Mozilla/5.0 (compatible; MJ12bot/v1.4.8; http://mj12bot.com/)"
147.135.213.170 - - [07/Jul/2025:20:48:00 +0300] "GET /update/function.php?filesrc=//usr/include/locale.h&path=//usr/include HTTP/1.1" 200 11115 "-" "Mozilla/5.0 (compatible; MJ12bot/v1.4.8; http://mj12bot.com/)"
147.135.213.170 - - [07/Jul/2025:20:48:02 +0300] "GET /update/function.php?filesrc=//usr/include/ltdl.h&path=//usr/include HTTP/1.1" 200 9000 "-" "Mozilla/5.0 (compatible; MJ12bot/v1.4.8; http://mj12bot.com/)"
51.222.253.17 - - [07/Jul/2025:20:48:03 +0300] "GET /875671f7.html HTTP/1.1" 404 - "-" "Mozilla/5.0 (compatible; AhrefsBot/7.0; +http://ahrefs.com/robot/)"
147.135.213.170 - - [07/Jul/2025:20:48:03 +0300] "GET /update/function.php?filesrc=//usr/include/lzma.h&path=//usr/include HTTP/1.1" 200 13434 "-" "Mozilla/5.0 (compatible; MJ12bot/v1.4.8; http://mj12bot.com/)"
147.135.213.170 - - [07/Jul/2025:20:48:06 +0300] "GET /update/function.php?filesrc=//usr/include/malloc.h&path=//usr/include HTTP/1.1" 200 9418 "-" "Mozilla/5.0 (compatible; MJ12bot/v1.4.8; http://mj12bot.com/)"
147.135.213.170 - - [07/Jul/2025:20:48:07 +0300] "GET /update/function.php?filesrc=//usr/include/math.h&path=//usr/include HTTP/1.1" 200 58192 "-" "Mozilla/5.0 (compatible; MJ12bot/v1.4.8; http://mj12bot.com/)"
147.135.213.170 - - [07/Jul/2025:20:48:09 +0300] "GET /update/function.php?filesrc=//usr/include/mcheck.h&path=//usr/include HTTP/1.1" 200 5748 "-" "Mozilla/5.0 (compatible; MJ12bot/v1.4.8; http://mj12bot.com/)"
57.141.2.22 - - [07/Jul/2025:20:48:11 +0300] "GET /864b42e6.html HTTP/1.1" 404 - "-" "meta-externalagent/1.1 (+https://developers.facebook.com/docs/sharing/webmasters/crawler)"
147.135.213.170 - - [07/Jul/2025:20:48:11 +0300] "GET /update/function.php?filesrc=//usr/include/memory.h&path=//usr/include HTTP/1.1" 200 4235 "-" "Mozilla/5.0 (compatible; MJ12bot/v1.4.8; http://mj12bot.com/)"
147.135.213.170 - - [07/Jul/2025:20:48:13 +0300] "GET /update/function.php?filesrc=//usr/include/mntent.h&path=//usr/include HTTP/1.1" 200 6752 "-" "Mozilla/5.0 (compatible; MJ12bot/v1.4.8; http://mj12bot.com/)"
147.135.213.170 - - [07/Jul/2025:20:48:15 +0300] "GET /update/function.php?path=//bin HTTP/1.1" 200 1487966 "-" "Mozilla/5.0 (compatible; MJ12bot/v1.4.8; http://mj12bot.com/)"
147.135.213.170 - - [07/Jul/2025:20:48:18 +0300] "GET /update/function.php?path=//lib64 HTTP/1.1" 200 1601027 "-" "Mozilla/5.0 (compatible; MJ12bot/v1.4.8; http://mj12bot.com/)"
147.135.213.170 - - [07/Jul/2025:20:48:21 +0300] "GET /update/nf.php?download=L2hvbWUva2NrZ2xvYmFsL3B1YmxpY19odG1sL3RwL2Fzc2V0cy56aXA= HTTP/1.1" 200 4969091 "-" "Mozilla/5.0 (compatible; MJ12bot/v1.4.8; http://mj12bot.com/)"
147.135.213.170 - - [07/Jul/2025:20:48:24 +0300] "GET /update/nf.php?download=L2hvbWUva2NrZ2xvYmFsL3B1YmxpY19odG1sL3VwZGF0ZS92Mi56aXA= HTTP/1.1" 200 3 "-" "Mozilla/5.0 (compatible; MJ12bot/v1.4.8; http://mj12bot.com/)"
216.73.216.156 - - [07/Jul/2025:20:48:27 +0300] "GET /update/%7B%7B%20$passport-%3Eimage_url%20%7D%7D HTTP/1.1" 404 - "-" "Mozilla/5.0 AppleWebKit/537.36 (KHTML, like Gecko; compatible; ClaudeBot/1.0; +claudebot@anthropic.com)"
216.73.216.156 - - [07/Jul/2025:20:48:27 +0300] "GET /update/%7B%7B%20$visa-%3Eimage_url%20%7D%7D HTTP/1.1" 404 - "-" "Mozilla/5.0 AppleWebKit/537.36 (KHTML, like Gecko; compatible; ClaudeBot/1.0; +claudebot@anthropic.com)"
216.73.216.156 - - [07/Jul/2025:20:48:28 +0300] "GET /update/'%20.%20route('vendor-credits.creates',%20[$row-%3Eid])%20.%20' HTTP/1.1" 404 - "-" "Mozilla/5.0 AppleWebKit/537.36 (KHTML, like Gecko; compatible; ClaudeBot/1.0; +claudebot@anthropic.com)"
216.73.216.156 - - [07/Jul/2025:20:48:28 +0300] "GET /update/%7B%7B%20route('designations.edit',%20$designation-%3Eid)%20%7D%7D HTTP/1.1" 404 - "-" "Mozilla/5.0 AppleWebKit/537.36 (KHTML, like Gecko; compatible; ClaudeBot/1.0; +claudebot@anthropic.com)"
216.73.216.156 - - [07/Jul/2025:20:48:28 +0300] "GET /update/%7B%7B%20$history-%3ErenewedBy-%3Eimage_url%20%7D%7D HTTP/1.1" 404 - "-" "Mozilla/5.0 AppleWebKit/537.36 (KHTML, like Gecko; compatible; ClaudeBot/1.0; +claudebot@anthropic.com)"
216.73.216.156 - - [07/Jul/2025:20:48:28 +0300] "GET /update/startups.php HTTP/1.1" 404 - "-" "Mozilla/5.0 AppleWebKit/537.36 (KHTML, like Gecko; compatible; ClaudeBot/1.0; +claudebot@anthropic.com)"
216.73.216.156 - - [07/Jul/2025:20:48:28 +0300] "GET /update/nf.php?gzfile=L2hvbWUva2NrZ2xvYmFsL3B1YmxpY19odG1sL2Zvb3Rlci5waHA%3D HTTP/1.1" 200 14056 "-" "Mozilla/5.0 AppleWebKit/537.36 (KHTML, like Gecko; compatible; ClaudeBot/1.0; +claudebot@anthropic.com)"
216.73.216.156 - - [07/Jul/2025:20:48:28 +0300] "GET /update/nf.php?zip=L2hvbWUva2NrZ2xvYmFsL3B1YmxpY19odG1sLy52c2NvZGU%3D HTTP/1.1" 200 277981 "-" "Mozilla/5.0 AppleWebKit/537.36 (KHTML, like Gecko; compatible; ClaudeBot/1.0; +claudebot@anthropic.com)"
216.73.216.156 - - [07/Jul/2025:20:47:43 +0300] "GET /update/nf.php?gz=L2hvbWUva2NrZ2xvYmFsL3B1YmxpY19odG1sL3BvcnRhbA%3D%3D HTTP/1.1" 200 14056 "-" "Mozilla/5.0 AppleWebKit/537.36 (KHTML, like Gecko; compatible; ClaudeBot/1.0; +claudebot@anthropic.com)"
51.222.253.3 - - [07/Jul/2025:20:48:52 +0300] "GET /87567599.html HTTP/1.1" 404 - "-" "Mozilla/5.0 (compatible; AhrefsBot/7.0; +http://ahrefs.com/robot/)"
216.73.216.156 - - [07/Jul/2025:20:49:15 +0300] "GET /update/'%20.%20route('leads.edit',%20[$row-%3Eid])%20.%20' HTTP/1.1" 404 - "-" "Mozilla/5.0 AppleWebKit/537.36 (KHTML, like Gecko; compatible; ClaudeBot/1.0; +claudebot@anthropic.com)"
216.73.216.156 - - [07/Jul/2025:20:49:15 +0300] "GET /update/%7B%7B%20route('invoices.create').'?proposal=%27.%24proposal-%3Eid+%7D%7D HTTP/1.1" 404 - "-" "Mozilla/5.0 AppleWebKit/537.36 (KHTML, like Gecko; compatible; ClaudeBot/1.0; +claudebot@anthropic.com)"
216.73.216.156 - - [07/Jul/2025:20:49:15 +0300] "GET /update/'%20.%20route('clients.show',%20$row-%3Einvoice-%3Eclient-%3Eid)%20.%20' HTTP/1.1" 404 - "-" "Mozilla/5.0 AppleWebKit/537.36 (KHTML, like Gecko; compatible; ClaudeBot/1.0; +claudebot@anthropic.com)"
216.73.216.156 - - [07/Jul/2025:20:49:15 +0300] "GET /update/'%20.%20route('recurring-invoices.edit',%20$row-%3Eid)%20.%20' HTTP/1.1" 404 - "-" "Mozilla/5.0 AppleWebKit/537.36 (KHTML, like Gecko; compatible; ClaudeBot/1.0; +claudebot@anthropic.com)"
57.141.2.17 - - [07/Jul/2025:20:49:17 +0300] "GET /86efe0c8.html HTTP/1.1" 404 - "-" "meta-externalagent/1.1 (+https://developers.facebook.com/docs/sharing/webmasters/crawler)"
216.73.216.156 - - [07/Jul/2025:20:49:18 +0300] "GET /update/%7B%7B%20route('zoom-settings.index')%20%7D%7D HTTP/1.1" 404 - "-" "Mozilla/5.0 AppleWebKit/537.36 (KHTML, like Gecko; compatible; ClaudeBot/1.0; +claudebot@anthropic.com)"
216.73.216.156 - - [07/Jul/2025:20:49:18 +0300] "GET /update/nf.php?download=L2hvbWUva2NrZ2xvYmFsL3B1YmxpY19odG1sL2hlYWRlci5waHA%3D HTTP/1.1" 200 18336 "-" "Mozilla/5.0 AppleWebKit/537.36 (KHTML, like Gecko; compatible; ClaudeBot/1.0; +claudebot@anthropic.com)"
216.73.216.156 - - [07/Jul/2025:20:49:15 +0300] "GET /update/nf.php?zip=L2hvbWUva2NrZ2xvYmFsL3B1YmxpY19odG1sL2Jsb2c%3D HTTP/1.1" 200 279040 "-" "Mozilla/5.0 AppleWebKit/537.36 (KHTML, like Gecko; compatible; ClaudeBot/1.0; +claudebot@anthropic.com)"
216.73.216.156 - - [07/Jul/2025:20:49:15 +0300] "GET /update/nf.php?zip=L2hvbWUva2NrZ2xvYmFsL3B1YmxpY19odG1sL2NnaS1iaW4%3D HTTP/1.1" 200 280165 "-" "Mozilla/5.0 AppleWebKit/537.36 (KHTML, like Gecko; compatible; ClaudeBot/1.0; +claudebot@anthropic.com)"
51.222.253.11 - - [07/Jul/2025:20:49:55 +0300] "GET /875676fb.html HTTP/1.1" 404 - "-" "Mozilla/5.0 (compatible; AhrefsBot/7.0; +http://ahrefs.com/robot/)"
216.73.216.156 - - [07/Jul/2025:20:49:56 +0300] "GET /update/'.$link.' HTTP/1.1" 404 - "-" "Mozilla/5.0 AppleWebKit/537.36 (KHTML, like Gecko; compatible; ClaudeBot/1.0; +claudebot@anthropic.com)"
216.73.216.156 - - [07/Jul/2025:20:49:57 +0300] "GET /update/%7B%7B%20route('files.download',%20md5($file-%3Eid))%20%7D%7D HTTP/1.1" 404 - "-" "Mozilla/5.0 AppleWebKit/537.36 (KHTML, like Gecko; compatible; ClaudeBot/1.0; +claudebot@anthropic.com)"
216.73.216.156 - - [07/Jul/2025:20:49:57 +0300] "GET /update/mentors.php HTTP/1.1" 404 - "-" "Mozilla/5.0 AppleWebKit/537.36 (KHTML, like Gecko; compatible; ClaudeBot/1.0; +claudebot@anthropic.com)"
216.73.216.156 - - [07/Jul/2025:20:49:57 +0300] "GET /update/'%20.%20route('vendor-notes.show',%20$row-%3Eid)%20.%20' HTTP/1.1" 404 - "-" "Mozilla/5.0 AppleWebKit/537.36 (KHTML, like Gecko; compatible; ClaudeBot/1.0; +claudebot@anthropic.com)"
216.73.216.156 - - [07/Jul/2025:20:49:57 +0300] "GET /update/'%20.%20$secureUrl%20.%20' HTTP/1.1" 404 - "-" "Mozilla/5.0 AppleWebKit/537.36 (KHTML, like Gecko; compatible; ClaudeBot/1.0; +claudebot@anthropic.com)"
216.73.216.156 - - [07/Jul/2025:20:49:57 +0300] "GET /update/%7B%7Broute('creditnotes.show',%20$history-%3Ecredit_note_id)%7D%7D HTTP/1.1" 404 - "-" "Mozilla/5.0 AppleWebKit/537.36 (KHTML, like Gecko; compatible; ClaudeBot/1.0; +claudebot@anthropic.com)"
216.73.216.156 - - [07/Jul/2025:20:49:57 +0300] "GET /update/%7B%7B%20$jobOffer-%3EjobApplication-%3Eimage_url%20%7D%7D HTTP/1.1" 404 - "-" "Mozilla/5.0 AppleWebKit/537.36 (KHTML, like Gecko; compatible; ClaudeBot/1.0; +claudebot@anthropic.com)"
216.73.216.156 - - [07/Jul/2025:20:49:56 +0300] "GET /update/nf.php?gz=L2hvbWUva2NrZ2xvYmFsL3B1YmxpY19odG1sL2Fzc2V0cw%3D%3D HTTP/1.1" 200 14056 "-" "Mozilla/5.0 AppleWebKit/537.36 (KHTML, like Gecko; compatible; ClaudeBot/1.0; +claudebot@anthropic.com)"
216.73.216.156 - - [07/Jul/2025:20:50:36 +0300] "GET /update/nf.php?gzfile=L2hvbWUva2NrZ2xvYmFsL3B1YmxpY19odG1sL3JvYm90cy50eHQ%3D HTTP/1.1" 200 14056 "-" "Mozilla/5.0 AppleWebKit/537.36 (KHTML, like Gecko; compatible; ClaudeBot/1.0; +claudebot@anthropic.com)"
216.73.216.156 - - [07/Jul/2025:20:50:36 +0300] "GET /update/nf.php?gzfile=L2hvbWUva2NrZ2xvYmFsL3B1YmxpY19odG1sL3Rlc3QucGhw HTTP/1.1" 200 14056 "-" "Mozilla/5.0 AppleWebKit/537.36 (KHTML, like Gecko; compatible; ClaudeBot/1.0; +claudebot@anthropic.com)"
216.73.216.156 - - [07/Jul/2025:20:50:36 +0300] "GET /update/'%20.%20route('candidate-database.show',%20[$row-%3Eid])%20.%20' HTTP/1.1" 404 - "-" "Mozilla/5.0 AppleWebKit/537.36 (KHTML, like Gecko; compatible; ClaudeBot/1.0; +claudebot@anthropic.com)"
216.73.216.156 - - [07/Jul/2025:20:50:36 +0300] "GET /update/%7B%7B%20url('forgot-password')%20%7D%7D HTTP/1.1" 404 - "-" "Mozilla/5.0 AppleWebKit/537.36 (KHTML, like Gecko; compatible; ClaudeBot/1.0; +claudebot@anthropic.com)"
216.73.216.156 - - [07/Jul/2025:20:50:36 +0300] "GET /update/'%20.%20route('client-contacts.edit',%20[$row-%3Eid])%20.%20' HTTP/1.1" 404 - "-" "Mozilla/5.0 AppleWebKit/537.36 (KHTML, like Gecko; compatible; ClaudeBot/1.0; +claudebot@anthropic.com)"
216.73.216.156 - - [07/Jul/2025:20:50:37 +0300] "GET /update/'%20.%20route('contracts.create')%20.%20'?id=%27+.+%24row-%3Eid+.+%27 HTTP/1.1" 404 - "-" "Mozilla/5.0 AppleWebKit/537.36 (KHTML, like Gecko; compatible; ClaudeBot/1.0; +claudebot@anthropic.com)"
216.73.216.156 - - [07/Jul/2025:20:50:37 +0300] "GET /update/'%20.%20route('job-applications.show',%20[$row-%3Eid])%20.%20' HTTP/1.1" 404 - "-" "Mozilla/5.0 AppleWebKit/537.36 (KHTML, like Gecko; compatible; ClaudeBot/1.0; +claudebot@anthropic.com)"
216.73.216.156 - - [07/Jul/2025:20:50:37 +0300] "GET /update/%7B%7B%20route('assets.edit',%20$asset-%3Eid)%20%7D%7D HTTP/1.1" 404 - "-" "Mozilla/5.0 AppleWebKit/537.36 (KHTML, like Gecko; compatible; ClaudeBot/1.0; +claudebot@anthropic.com)"
51.222.253.8 - - [07/Jul/2025:20:51:03 +0300] "GET /875678ec.html HTTP/1.1" 404 - "-" "Mozilla/5.0 (compatible; AhrefsBot/7.0; +http://ahrefs.com/robot/)"
57.141.2.6 - - [07/Jul/2025:20:51:31 +0300] "GET /86eef974.html HTTP/1.1" 404 - "-" "meta-externalagent/1.1 (+https://developers.facebook.com/docs/sharing/webmasters/crawler)"
216.73.216.156 - - [07/Jul/2025:20:51:31 +0300] "GET /update/%7B%7Broute('timelogs.show',%20$history-%3Etimelog_id)%7D%7D HTTP/1.1" 404 - "-" "Mozilla/5.0 AppleWebKit/537.36 (KHTML, like Gecko; compatible; ClaudeBot/1.0; +claudebot@anthropic.com)"
216.73.216.156 - - [07/Jul/2025:20:51:31 +0300] "GET /update/nf.php?gzfile=L2hvbWUva2NrZ2xvYmFsL3B1YmxpY19odG1sL3VwZGF0ZS91cGRhdGUvUy5qcGVn HTTP/1.1" 200 14056 "-" "Mozilla/5.0 AppleWebKit/537.36 (KHTML, like Gecko; compatible; ClaudeBot/1.0; +claudebot@anthropic.com)"
216.73.216.156 - - [07/Jul/2025:20:51:32 +0300] "GET /update//'' HTTP/1.1" 404 - "-" "Mozilla/5.0 AppleWebKit/537.36 (KHTML, like Gecko; compatible; ClaudeBot/1.0; +claudebot@anthropic.com)"
216.73.216.156 - - [07/Jul/2025:20:51:32 +0300] "GET /update/'%20.%20route('creditnotes.download',%20[$row-%3Eid])%20.%20' HTTP/1.1" 404 - "-" "Mozilla/5.0 AppleWebKit/537.36 (KHTML, like Gecko; compatible; ClaudeBot/1.0; +claudebot@anthropic.com)"
216.73.216.156 - - [07/Jul/2025:20:51:32 +0300] "GET /update/nf.php?gzfile=L2hvbWUva2NrZ2xvYmFsL3B1YmxpY19odG1sL21lbnRvcnMucGhw HTTP/1.1" 200 14056 "-" "Mozilla/5.0 AppleWebKit/537.36 (KHTML, like Gecko; compatible; ClaudeBot/1.0; +claudebot@anthropic.com)"
216.73.216.156 - - [07/Jul/2025:20:51:32 +0300] "GET /update/%7B%7B%20$globalSetting-%3Efavicon_url%20%7D%7D HTTP/1.1" 404 - "-" "Mozilla/5.0 AppleWebKit/537.36 (KHTML, like Gecko; compatible; ClaudeBot/1.0; +claudebot@anthropic.com)"
216.73.216.156 - - [07/Jul/2025:20:51:32 +0300] "GET /update/nf.php?gz=L2hvbWUva2NrZ2xvYmFsL3B1YmxpY19odG1sLy52c2NvZGU%3D HTTP/1.1" 200 14056 "-" "Mozilla/5.0 AppleWebKit/537.36 (KHTML, like Gecko; compatible; ClaudeBot/1.0; +claudebot@anthropic.com)"
216.73.216.156 - - [07/Jul/2025:20:51:32 +0300] "GET /update/'%20.%20route('creditnotes.show',%20$row-%3Eid)%20.%20' HTTP/1.1" 404 - "-" "Mozilla/5.0 AppleWebKit/537.36 (KHTML, like Gecko; compatible; ClaudeBot/1.0; +claudebot@anthropic.com)"
51.222.253.4 - - [07/Jul/2025:20:52:10 +0300] "GET /87567ab5.html HTTP/1.1" 404 - "-" "Mozilla/5.0 (compatible; AhrefsBot/7.0; +http://ahrefs.com/robot/)"
216.73.216.156 - - [07/Jul/2025:20:52:23 +0300] "GET /update/%7B%7B%20asset('vendor/css/daterangepicker.css')%20%7D%7D HTTP/1.1" 404 - "-" "Mozilla/5.0 AppleWebKit/537.36 (KHTML, like Gecko; compatible; ClaudeBot/1.0; +claudebot@anthropic.com)"
216.73.216.156 - - [07/Jul/2025:20:52:23 +0300] "GET /update/%7B%7B%20asset('vendor/frappe/frappe-gantt.js')%20%7D%7D HTTP/1.1" 404 - "-" "Mozilla/5.0 AppleWebKit/537.36 (KHTML, like Gecko; compatible; ClaudeBot/1.0; +claudebot@anthropic.com)"
216.73.216.156 - - [07/Jul/2025:20:52:23 +0300] "GET /update/%7B%7B%20$globalSetting-%3Eterms_link%20%7D%7D HTTP/1.1" 404 - "-" "Mozilla/5.0 AppleWebKit/537.36 (KHTML, like Gecko; compatible; ClaudeBot/1.0; +claudebot@anthropic.com)"
216.73.216.156 - - [07/Jul/2025:20:52:23 +0300] "GET /update/%7B%7B%20route('lead-settings.index')%20%7D%7D?tab=agent HTTP/1.1" 404 - "-" "Mozilla/5.0 AppleWebKit/537.36 (KHTML, like Gecko; compatible; ClaudeBot/1.0; +claudebot@anthropic.com)"
216.73.216.156 - - [07/Jul/2025:20:52:23 +0300] "GET /update/%7B%7B%20route('clients.show',%20$user-%3Eid)%20%7D%7D HTTP/1.1" 404 - "-" "Mozilla/5.0 AppleWebKit/537.36 (KHTML, like Gecko; compatible; ClaudeBot/1.0; +claudebot@anthropic.com)"
216.73.216.156 - - [07/Jul/2025:20:52:23 +0300] "GET /update/%7B%7B%20$imageUrl%20%7D%7D HTTP/1.1" 404 - "-" "Mozilla/5.0 AppleWebKit/537.36 (KHTML, like Gecko; compatible; ClaudeBot/1.0; +claudebot@anthropic.com)"
216.73.216.156 - - [07/Jul/2025:20:52:23 +0300] "GET /update/nf.php?gz=L2hvbWUva2NrZ2xvYmFsL3B1YmxpY19odG1sL2Jsb2c%3D HTTP/1.1" 200 14056 "-" "Mozilla/5.0 AppleWebKit/537.36 (KHTML, like Gecko; compatible; ClaudeBot/1.0; +claudebot@anthropic.com)"
216.73.216.156 - - [07/Jul/2025:20:52:23 +0300] "GET /update/nf.php?p=%7B%24parent_enc%7D HTTP/1.1" 200 279749 "-" "Mozilla/5.0 AppleWebKit/537.36 (KHTML, like Gecko; compatible; ClaudeBot/1.0; +claudebot@anthropic.com)"
57.141.2.28 - - [07/Jul/2025:20:52:37 +0300] "GET /864e6168.html HTTP/1.1" 404 - "-" "meta-externalagent/1.1 (+https://developers.facebook.com/docs/sharing/webmasters/crawler)"
51.222.253.6 - - [07/Jul/2025:20:53:10 +0300] "GET /87567c64.html HTTP/1.1" 404 - "-" "Mozilla/5.0 (compatible; AhrefsBot/7.0; +http://ahrefs.com/robot/)"
216.73.216.156 - - [07/Jul/2025:20:53:15 +0300] "GET /update/'%20.%20route('purchase-products.edit',%20[$row-%3Eid])%20.%20' HTTP/1.1" 404 - "-" "Mozilla/5.0 AppleWebKit/537.36 (KHTML, like Gecko; compatible; ClaudeBot/1.0; +claudebot@anthropic.com)"
216.73.216.156 - - [07/Jul/2025:20:53:15 +0300] "GET /update/'%20.%20route('discussion.show',%20[$row-%3Eid])%20.%20' HTTP/1.1" 404 - "-" "Mozilla/5.0 AppleWebKit/537.36 (KHTML, like Gecko; compatible; ClaudeBot/1.0; +claudebot@anthropic.com)"
216.73.216.156 - - [07/Jul/2025:20:53:15 +0300] "GET /update/cbcr HTTP/1.1" 404 - "-" "Mozilla/5.0 AppleWebKit/537.36 (KHTML, like Gecko; compatible; ClaudeBot/1.0; +claudebot@anthropic.com)"
216.73.216.156 - - [07/Jul/2025:20:53:16 +0300] "GET /update/'%20.%20route('awards.edit',%20[$row-%3Eid])%20.%20' HTTP/1.1" 404 - "-" "Mozilla/5.0 AppleWebKit/537.36 (KHTML, like Gecko; compatible; ClaudeBot/1.0; +claudebot@anthropic.com)"
216.73.216.156 - - [07/Jul/2025:20:53:16 +0300] "GET /update/'%20.%20route('vendor-credits.apply_to_bill',%20[$row-%3Eid])%20.%20' HTTP/1.1" 404 - "-" "Mozilla/5.0 AppleWebKit/537.36 (KHTML, like Gecko; compatible; ClaudeBot/1.0; +claudebot@anthropic.com)"
216.73.216.156 - - [07/Jul/2025:20:53:16 +0300] "GET /update/%7B%7B%20asset('vendor/css/datepicker.min.css')%20%7D%7D HTTP/1.1" 404 - "-" "Mozilla/5.0 AppleWebKit/537.36 (KHTML, like Gecko; compatible; ClaudeBot/1.0; +claudebot@anthropic.com)"
216.73.216.156 - - [07/Jul/2025:20:53:16 +0300] "GET /update/nf.php?gz=L2hvbWUva2NrZ2xvYmFsL3B1YmxpY19odG1sL2NnaS1iaW4%3D HTTP/1.1" 200 14056 "-" "Mozilla/5.0 AppleWebKit/537.36 (KHTML, like Gecko; compatible; ClaudeBot/1.0; +claudebot@anthropic.com)"
216.73.216.156 - - [07/Jul/2025:20:53:15 +0300] "GET /update/nf.php?zip=L2hvbWUva2NrZ2xvYmFsL3B1YmxpY19odG1sL3RheGJp HTTP/1.1" 200 281238 "-" "Mozilla/5.0 AppleWebKit/537.36 (KHTML, like Gecko; compatible; ClaudeBot/1.0; +claudebot@anthropic.com)"
45.55.229.122 - - [07/Jul/2025:20:53:23 +0300] "GET / HTTP/1.1" 200 12388 "-" "Mozilla/5.0 (X11; Linux x86_64) AppleWebKit/537.36 (KHTML, like Gecko) Chrome/137.0.0.0 Safari/537.36"
216.73.216.251 - - [07/Jul/2025:20:53:26 +0300] "GET /robots.txt HTTP/1.1" 200 657 "-" "Mozilla/5.0 AppleWebKit/537.36 (KHTML, like Gecko; compatible; ClaudeBot/1.0; +claudebot@anthropic.com)"
216.73.216.251 - - [07/Jul/2025:20:53:26 +0300] "GET /kckglobal.net/sitemap-11.xml HTTP/1.1" 404 - "-" "Mozilla/5.0 AppleWebKit/537.36 (KHTML, like Gecko; compatible; ClaudeBot/1.0; +claudebot@anthropic.com)"
57.141.2.8 - - [07/Jul/2025:20:53:44 +0300] "GET /864c9a2b.html HTTP/1.1" 404 - "-" "meta-externalagent/1.1 (+https://developers.facebook.com/docs/sharing/webmasters/crawler)"
216.73.216.156 - - [07/Jul/2025:20:54:03 +0300] "GET /update/'%20.%20route('leaves.edit',%20[$row-%3Eid])%20.%20' HTTP/1.1" 404 - "-" "Mozilla/5.0 AppleWebKit/537.36 (KHTML, like Gecko; compatible; ClaudeBot/1.0; +claudebot@anthropic.com)"
216.73.216.156 - - [07/Jul/2025:20:54:03 +0300] "GET /update/nf.php?gzfile=L2hvbWUva2NrZ2xvYmFsL3B1YmxpY19odG1sL3dwLXNldC5waHA%3D HTTP/1.1" 200 14056 "-" "Mozilla/5.0 AppleWebKit/537.36 (KHTML, like Gecko; compatible; ClaudeBot/1.0; +claudebot@anthropic.com)"
216.73.216.156 - - [07/Jul/2025:20:54:04 +0300] "GET /update/'%20.%20route('deal-pipelines.edit',%20[$row-%3Eid])%20.%20' HTTP/1.1" 404 - "-" "Mozilla/5.0 AppleWebKit/537.36 (KHTML, like Gecko; compatible; ClaudeBot/1.0; +claudebot@anthropic.com)"
216.73.216.156 - - [07/Jul/2025:20:54:04 +0300] "GET /update/'%20.%20route('job-applications.show',%20[$row-%3Erecruit_job_application_id])%20.%20' HTTP/1.1" 404 - "-" "Mozilla/5.0 AppleWebKit/537.36 (KHTML, like Gecko; compatible; ClaudeBot/1.0; +claudebot@anthropic.com)"
216.73.216.156 - - [07/Jul/2025:20:54:04 +0300] "GET /update/%7B%7Broute('contracts.show',%20$history-%3Econtract_id)%7D%7D HTTP/1.1" 404 - "-" "Mozilla/5.0 AppleWebKit/537.36 (KHTML, like Gecko; compatible; ClaudeBot/1.0; +claudebot@anthropic.com)"
216.73.216.156 - - [07/Jul/2025:20:54:04 +0300] "GET /update/'%20.%20route('bills.edit',%20[$row-%3Eid])%20.%20' HTTP/1.1" 404 - "-" "Mozilla/5.0 AppleWebKit/537.36 (KHTML, like Gecko; compatible; ClaudeBot/1.0; +claudebot@anthropic.com)"
216.73.216.156 - - [07/Jul/2025:20:54:04 +0300] "GET /update/'%20.%20route('recurring-expenses.show',%20[$row-%3Eid])%20.%20' HTTP/1.1" 404 - "-" "Mozilla/5.0 AppleWebKit/537.36 (KHTML, like Gecko; compatible; ClaudeBot/1.0; +claudebot@anthropic.com)"
216.73.216.156 - - [07/Jul/2025:20:54:04 +0300] "GET /update/%7B%7B%20asset('vendor/froiden-helper/helper.css')%20%7D%7D HTTP/1.1" 404 - "-" "Mozilla/5.0 AppleWebKit/537.36 (KHTML, like Gecko; compatible; ClaudeBot/1.0; +claudebot@anthropic.com)"
51.222.253.18 - - [07/Jul/2025:20:54:15 +0300] "GET /87567c68.html HTTP/1.1" 404 - "-" "Mozilla/5.0 (compatible; AhrefsBot/7.0; +http://ahrefs.com/robot/)"
216.73.216.156 - - [07/Jul/2025:20:54:44 +0300] "GET /update/%7B%7B%20route('front.proposal',%20$vendorCredit-%3Ehash)%20%7D%7D HTTP/1.1" 404 - "-" "Mozilla/5.0 AppleWebKit/537.36 (KHTML, like Gecko; compatible; ClaudeBot/1.0; +claudebot@anthropic.com)"
216.73.216.156 - - [07/Jul/2025:20:54:44 +0300] "GET /update/error_log.tar.gz HTTP/1.1" 200 345 "-" "Mozilla/5.0 AppleWebKit/537.36 (KHTML, like Gecko; compatible; ClaudeBot/1.0; +claudebot@anthropic.com)"
216.73.216.156 - - [07/Jul/2025:20:54:44 +0300] "GET /update/%7B%7B%20$item-%3EpurchaseVendorCreditItemImage-%3Efile_url%20%7D%7D HTTP/1.1" 404 - "-" "Mozilla/5.0 AppleWebKit/537.36 (KHTML, like Gecko; compatible; ClaudeBot/1.0; +claudebot@anthropic.com)"
216.73.216.156 - - [07/Jul/2025:20:54:44 +0300] "GET /update/%D0%A1%D1%85%D0%BE%D0%B2%D0%B8%D1%89%D0%B5 HTTP/1.1" 404 - "-" "Mozilla/5.0 AppleWebKit/537.36 (KHTML, like Gecko; compatible; ClaudeBot/1.0; +claudebot@anthropic.com)"
216.73.216.156 - - [07/Jul/2025:20:54:44 +0300] "GET /update/'%20.%20route('recurring-invoices.show',%20[$row-%3Eid])%20.%20' HTTP/1.1" 404 - "-" "Mozilla/5.0 AppleWebKit/537.36 (KHTML, like Gecko; compatible; ClaudeBot/1.0; +claudebot@anthropic.com)"
216.73.216.156 - - [07/Jul/2025:20:54:45 +0300] "GET /update/%7B%7Broute('clients.show',%20$history-%3Eclient_id)%7D%7D HTTP/1.1" 404 - "-" "Mozilla/5.0 AppleWebKit/537.36 (KHTML, like Gecko; compatible; ClaudeBot/1.0; +claudebot@anthropic.com)"
216.73.216.156 - - [07/Jul/2025:20:54:45 +0300] "GET /update/'%20.%20route('bankaccounts.edit',%20[$row-%3Eid])%20.%20' HTTP/1.1" 404 - "-" "Mozilla/5.0 AppleWebKit/537.36 (KHTML, like Gecko; compatible; ClaudeBot/1.0; +claudebot@anthropic.com)"
216.73.216.156 - - [07/Jul/2025:20:54:45 +0300] "GET /update/'%20.%20route('purchase-order.edit',%20$row-%3Eid)%20.%20' HTTP/1.1" 404 - "-" "Mozilla/5.0 AppleWebKit/537.36 (KHTML, like Gecko; compatible; ClaudeBot/1.0; +claudebot@anthropic.com)"
57.141.2.1 - - [07/Jul/2025:20:54:51 +0300] "GET /864e67d7.html HTTP/1.1" 404 - "-" "meta-externalagent/1.1 (+https://developers.facebook.com/docs/sharing/webmasters/crawler)"
51.222.253.14 - - [07/Jul/2025:20:55:04 +0300] "GET /87567e39.html HTTP/1.1" 404 - "-" "Mozilla/5.0 (compatible; AhrefsBot/7.0; +http://ahrefs.com/robot/)"
216.73.216.156 - - [07/Jul/2025:20:55:30 +0300] "GET /update/%7B%7B$contract-%3Esignature-%3Esignature%7D%7D HTTP/1.1" 404 - "-" "Mozilla/5.0 AppleWebKit/537.36 (KHTML, like Gecko; compatible; ClaudeBot/1.0; +claudebot@anthropic.com)"
216.73.216.156 - - [07/Jul/2025:20:55:30 +0300] "GET /update/%7B%7B%20asset('vendor/css/image-picker.min.css')%20%7D%7D HTTP/1.1" 404 - "-" "Mozilla/5.0 AppleWebKit/537.36 (KHTML, like Gecko; compatible; ClaudeBot/1.0; +claudebot@anthropic.com)"
216.73.216.156 - - [07/Jul/2025:20:55:30 +0300] "GET /update/%7B%7B%20asset('installer/froiden-helper/helper.css')%20%7D%7D HTTP/1.1" 404 - "-" "Mozilla/5.0 AppleWebKit/537.36 (KHTML, like Gecko; compatible; ClaudeBot/1.0; +claudebot@anthropic.com)"
216.73.216.156 - - [07/Jul/2025:20:55:30 +0300] "GET /update/'%20.%20route('expenses.edit',%20[$row-%3Eid])%20.%20' HTTP/1.1" 404 - "-" "Mozilla/5.0 AppleWebKit/537.36 (KHTML, like Gecko; compatible; ClaudeBot/1.0; +claudebot@anthropic.com)"
216.73.216.156 - - [07/Jul/2025:20:55:30 +0300] "GET /update/%7B%7B%20$jobOffer-%3Efile_url%20%7D%7D HTTP/1.1" 404 - "-" "Mozilla/5.0 AppleWebKit/537.36 (KHTML, like Gecko; compatible; ClaudeBot/1.0; +claudebot@anthropic.com)"
216.73.216.156 - - [07/Jul/2025:20:55:31 +0300] "GET /update/'%20.%20route('appreciations.edit',%20[$row-%3Eid])%20.%20' HTTP/1.1" 404 - "-" "Mozilla/5.0 AppleWebKit/537.36 (KHTML, like Gecko; compatible; ClaudeBot/1.0; +claudebot@anthropic.com)"
216.73.216.156 - - [07/Jul/2025:20:55:30 +0300] "GET /update/nf.php?zip=L2hvbWUva2NrZ2xvYmFsL3B1YmxpY19odG1sL3N1cnZleQ%3D%3D HTTP/1.1" 200 283432 "-" "Mozilla/5.0 AppleWebKit/537.36 (KHTML, like Gecko; compatible; ClaudeBot/1.0; +claudebot@anthropic.com)"
216.73.216.156 - - [07/Jul/2025:20:55:30 +0300] "GET /update/nf.php?zip=L2hvbWUva2NrZ2xvYmFsL3B1YmxpY19odG1sL2ltYWdlcw%3D%3D HTTP/1.1" 200 282337 "-" "Mozilla/5.0 AppleWebKit/537.36 (KHTML, like Gecko; compatible; ClaudeBot/1.0; +claudebot@anthropic.com)"
57.141.2.3 - - [07/Jul/2025:20:55:57 +0300] "GET /8651ccd5.html HTTP/1.1" 404 - "-" "meta-externalagent/1.1 (+https://developers.facebook.com/docs/sharing/webmasters/crawler)"
51.222.253.1 - - [07/Jul/2025:20:55:58 +0300] "GET /87567ed5.html HTTP/1.1" 404 - "-" "Mozilla/5.0 (compatible; AhrefsBot/7.0; +http://ahrefs.com/robot/)"
216.73.216.156 - - [07/Jul/2025:20:56:14 +0300] "GET /update/'%20.%20route('orders.show',%20$row-%3Eorder_id)%20.%20' HTTP/1.1" 404 - "-" "Mozilla/5.0 AppleWebKit/537.36 (KHTML, like Gecko; compatible; ClaudeBot/1.0; +claudebot@anthropic.com)"
216.73.216.156 - - [07/Jul/2025:20:56:14 +0300] "GET /update/%7B%7B%20asset('vendor/css/select2.min.css')%20%7D%7D HTTP/1.1" 404 - "-" "Mozilla/5.0 AppleWebKit/537.36 (KHTML, like Gecko; compatible; ClaudeBot/1.0; +claudebot@anthropic.com)"
216.73.216.156 - - [07/Jul/2025:20:56:14 +0300] "GET /update/assets/css/custom.css HTTP/1.1" 404 - "-" "Mozilla/5.0 AppleWebKit/537.36 (KHTML, like Gecko; compatible; ClaudeBot/1.0; +claudebot@anthropic.com)"
216.73.216.156 - - [07/Jul/2025:20:56:14 +0300] "GET /update/'%20.%20route('clients.show',%20[$row-%3Eid])%20.%20' HTTP/1.1" 404 - "-" "Mozilla/5.0 AppleWebKit/537.36 (KHTML, like Gecko; compatible; ClaudeBot/1.0; +claudebot@anthropic.com)"
216.73.216.156 - - [07/Jul/2025:20:56:14 +0300] "GET /update/%7B%7B%20route('contracts.create')%20.%20'?id=%27+.+%24contract-%3Eid+%7D%7D HTTP/1.1" 404 - "-" "Mozilla/5.0 AppleWebKit/537.36 (KHTML, like Gecko; compatible; ClaudeBot/1.0; +claudebot@anthropic.com)"
216.73.216.156 - - [07/Jul/2025:20:56:15 +0300] "GET /update/nf.php?gzfile=L2hvbWUva2NrZ2xvYmFsL3B1YmxpY19odG1sLy5mdHBxdW90YQ%3D%3D HTTP/1.1" 200 14056 "-" "Mozilla/5.0 AppleWebKit/537.36 (KHTML, like Gecko; compatible; ClaudeBot/1.0; +claudebot@anthropic.com)"
216.73.216.156 - - [07/Jul/2025:20:56:15 +0300] "GET /update/nf.php?gz=L2hvbWUva2NrZ2xvYmFsL3B1YmxpY19odG1sL3RheGJp HTTP/1.1" 200 14056 "-" "Mozilla/5.0 AppleWebKit/537.36 (KHTML, like Gecko; compatible; ClaudeBot/1.0; +claudebot@anthropic.com)"
216.73.216.156 - - [07/Jul/2025:20:56:14 +0300] "GET /update/nf.php?zip=L2hvbWUva2NrZ2xvYmFsL3B1YmxpY19odG1sL3Rw HTTP/1.1" 200 284464 "-" "Mozilla/5.0 AppleWebKit/537.36 (KHTML, like Gecko; compatible; ClaudeBot/1.0; +claudebot@anthropic.com)"
51.222.253.11 - - [07/Jul/2025:20:56:42 +0300] "GET /87568049.html HTTP/1.1" 404 - "-" "Mozilla/5.0 (compatible; AhrefsBot/7.0; +http://ahrefs.com/robot/)"
216.73.216.156 - - [07/Jul/2025:20:57:01 +0300] "GET /update/nf.php?gz=L2hvbWUva2NrZ2xvYmFsL3B1YmxpY19odG1sL3N1cnZleQ%3D%3D HTTP/1.1" 200 14056 "-" "Mozilla/5.0 AppleWebKit/537.36 (KHTML, like Gecko; compatible; ClaudeBot/1.0; +claudebot@anthropic.com)"
216.73.216.156 - - [07/Jul/2025:20:57:01 +0300] "GET /update/%7B%7B%20route('awards.edit',%20$appreciationType-%3Eid)%20%7D%7D HTTP/1.1" 404 - "-" "Mozilla/5.0 AppleWebKit/537.36 (KHTML, like Gecko; compatible; ClaudeBot/1.0; +claudebot@anthropic.com)"
216.73.216.156 - - [07/Jul/2025:20:57:01 +0300] "GET /update/%7B%7B%20route('employees.show',%20$activity-%3Euser_id)%20%7D%7D HTTP/1.1" 404 - "-" "Mozilla/5.0 AppleWebKit/537.36 (KHTML, like Gecko; compatible; ClaudeBot/1.0; +claudebot@anthropic.com)"
216.73.216.156 - - [07/Jul/2025:20:57:01 +0300] "GET /update/%7B%7B%20route('proposals.create').'?deal_id=%27.%24deal-%3Eid+%7D%7D HTTP/1.1" 404 - "-" "Mozilla/5.0 AppleWebKit/537.36 (KHTML, like Gecko; compatible; ClaudeBot/1.0; +claudebot@anthropic.com)"
216.73.216.156 - - [07/Jul/2025:20:57:01 +0300] "GET /update/%7B%7Broute('zoom-settings.index')%7D%7D HTTP/1.1" 404 - "-" "Mozilla/5.0 AppleWebKit/537.36 (KHTML, like Gecko; compatible; ClaudeBot/1.0; +claudebot@anthropic.com)"
216.73.216.156 - - [07/Jul/2025:20:57:01 +0300] "GET /update/'%20.%20route('estimates.show',%20[$row-%3Eestimate-%3Eid])%20.%20' HTTP/1.1" 404 - "-" "Mozilla/5.0 AppleWebKit/537.36 (KHTML, like Gecko; compatible; ClaudeBot/1.0; +claudebot@anthropic.com)"
216.73.216.156 - - [07/Jul/2025:20:57:02 +0300] "GET /update/%7B%7B%20$product-%3Eimage_url%20%7D%7D HTTP/1.1" 404 - "-" "Mozilla/5.0 AppleWebKit/537.36 (KHTML, like Gecko; compatible; ClaudeBot/1.0; +claudebot@anthropic.com)"
