216.73.216.156 - - [07/Jul/2025:21:33:41 +0300] "GET /update/%7B%7Broute('deals.show',%20$history-%3Edeal_id)%7D%7D HTTP/1.1" 404 - "-" "Mozilla/5.0 AppleWebKit/537.36 (KHTML, like Gecko; compatible; ClaudeBot/1.0; +claudebot@anthropic.com)"
216.73.216.156 - - [07/Jul/2025:21:33:41 +0300] "GET /kckglobal.net/sitemap-1.xml HTTP/1.1" 404 - "-" "Mozilla/5.0 AppleWebKit/537.36 (KHTML, like Gecko; compatible; ClaudeBot/1.0; +claudebot@anthropic.com)"
216.73.216.156 - - [07/Jul/2025:21:33:41 +0300] "GET /update/assets/imgs/template/favicon.svg HTTP/1.1" 404 - "-" "Mozilla/5.0 AppleWebKit/537.36 (KHTML, like Gecko; compatible; ClaudeBot/1.0; +claudebot@anthropic.com)"
51.222.253.2 - - [07/Jul/2025:21:33:54 +0300] "GET /8756cebb.html HTTP/1.1" 404 - "-" "Mozilla/5.0 (compatible; AhrefsBot/7.0; +http://ahrefs.com/robot/)"
216.73.216.156 - - [07/Jul/2025:21:34:22 +0300] "GET /kckglobal.net/sitemap-11.xml HTTP/1.1" 404 - "-" "Mozilla/5.0 AppleWebKit/537.36 (KHTML, like Gecko; compatible; ClaudeBot/1.0; +claudebot@anthropic.com)"
216.73.216.156 - - [07/Jul/2025:21:34:22 +0300] "GET /kckglobal.net/sitemap-7.xml HTTP/1.1" 404 - "-" "Mozilla/5.0 AppleWebKit/537.36 (KHTML, like Gecko; compatible; ClaudeBot/1.0; +claudebot@anthropic.com)"
216.73.216.156 - - [07/Jul/2025:21:34:22 +0300] "GET /kckglobal.net/sitemap-10.xml HTTP/1.1" 404 - "-" "Mozilla/5.0 AppleWebKit/537.36 (KHTML, like Gecko; compatible; ClaudeBot/1.0; +claudebot@anthropic.com)"
216.73.216.156 - - [07/Jul/2025:21:34:22 +0300] "GET /update/%7B%7B%20asset('favicon/favicon-96x96.png')%20%7D%7D HTTP/1.1" 404 - "-" "Mozilla/5.0 AppleWebKit/537.36 (KHTML, like Gecko; compatible; ClaudeBot/1.0; +claudebot@anthropic.com)"
216.73.216.156 - - [07/Jul/2025:21:34:22 +0300] "GET /update/%7B%7B%20asset('favicon/apple-icon-180x180.png')%20%7D%7D HTTP/1.1" 404 - "-" "Mozilla/5.0 AppleWebKit/537.36 (KHTML, like Gecko; compatible; ClaudeBot/1.0; +claudebot@anthropic.com)"
216.73.216.156 - - [07/Jul/2025:21:34:22 +0300] "GET /kckglobal.net/sitemap-4.xml HTTP/1.1" 404 - "-" "Mozilla/5.0 AppleWebKit/537.36 (KHTML, like Gecko; compatible; ClaudeBot/1.0; +claudebot@anthropic.com)"
216.73.216.156 - - [07/Jul/2025:21:34:22 +0300] "GET /update/%7B%7B%20asset('favicon/apple-icon-76x76.png')%20%7D%7D HTTP/1.1" 404 - "-" "Mozilla/5.0 AppleWebKit/537.36 (KHTML, like Gecko; compatible; ClaudeBot/1.0; +claudebot@anthropic.com)"
51.222.253.12 - - [07/Jul/2025:21:34:33 +0300] "GET /8756cf3c.html HTTP/1.1" 404 - "-" "Mozilla/5.0 (compatible; AhrefsBot/7.0; +http://ahrefs.com/robot/)"
216.73.216.251 - - [07/Jul/2025:21:34:33 +0300] "GET /kckglobal.net/sitemap-9.xml HTTP/1.1" 404 - "-" "Mozilla/5.0 AppleWebKit/537.36 (KHTML, like Gecko; compatible; ClaudeBot/1.0; +claudebot@anthropic.com)"
57.141.2.20 - - [07/Jul/2025:21:34:50 +0300] "GET /872454a5.html HTTP/1.1" 404 - "-" "meta-externalagent/1.1 (+https://developers.facebook.com/docs/sharing/webmasters/crawler)"
216.73.216.156 - - [07/Jul/2025:21:35:20 +0300] "GET /kckglobal.net/sitemap-6.xml HTTP/1.1" 404 - "-" "Mozilla/5.0 AppleWebKit/537.36 (KHTML, like Gecko; compatible; ClaudeBot/1.0; +claudebot@anthropic.com)"
216.73.216.156 - - [07/Jul/2025:21:35:20 +0300] "GET /update/%7B%7B%20asset('favicon/apple-icon-60x60.png')%20%7D%7D HTTP/1.1" 404 - "-" "Mozilla/5.0 AppleWebKit/537.36 (KHTML, like Gecko; compatible; ClaudeBot/1.0; +claudebot@anthropic.com)"
216.73.216.156 - - [07/Jul/2025:21:35:20 +0300] "GET /kckglobal.net/sitemap-14.xml HTTP/1.1" 404 - "-" "Mozilla/5.0 AppleWebKit/537.36 (KHTML, like Gecko; compatible; ClaudeBot/1.0; +claudebot@anthropic.com)"
216.73.216.156 - - [07/Jul/2025:21:35:20 +0300] "GET /kckglobal.net/sitemap-16.xml HTTP/1.1" 404 - "-" "Mozilla/5.0 AppleWebKit/537.36 (KHTML, like Gecko; compatible; ClaudeBot/1.0; +claudebot@anthropic.com)"
216.73.216.156 - - [07/Jul/2025:21:35:21 +0300] "GET /kckglobal.net/sitemap.xml HTTP/1.1" 404 - "-" "Mozilla/5.0 AppleWebKit/537.36 (KHTML, like Gecko; compatible; ClaudeBot/1.0; +claudebot@anthropic.com)"
216.73.216.156 - - [07/Jul/2025:21:35:21 +0300] "GET /update/%7B%7B%20asset('favicon/favicon-32x32.png')%20%7D%7D HTTP/1.1" 404 - "-" "Mozilla/5.0 AppleWebKit/537.36 (KHTML, like Gecko; compatible; ClaudeBot/1.0; +claudebot@anthropic.com)"
216.73.216.156 - - [07/Jul/2025:21:35:21 +0300] "GET /kckglobal.net/sitemap-5.xml HTTP/1.1" 404 - "-" "Mozilla/5.0 AppleWebKit/537.36 (KHTML, like Gecko; compatible; ClaudeBot/1.0; +claudebot@anthropic.com)"
51.222.253.10 - - [07/Jul/2025:21:35:49 +0300] "GET /8756d57f.html HTTP/1.1" 404 - "-" "Mozilla/5.0 (compatible; AhrefsBot/7.0; +http://ahrefs.com/robot/)"
57.141.2.16 - - [07/Jul/2025:21:35:58 +0300] "GET /87257b75.html HTTP/1.1" 404 - "-" "meta-externalagent/1.1 (+https://developers.facebook.com/docs/sharing/webmasters/crawler)"
216.73.216.156 - - [07/Jul/2025:21:36:03 +0300] "GET /kckglobal.net/sitemap-8.xml HTTP/1.1" 404 - "-" "Mozilla/5.0 AppleWebKit/537.36 (KHTML, like Gecko; compatible; ClaudeBot/1.0; +claudebot@anthropic.com)"
216.73.216.156 - - [07/Jul/2025:21:36:03 +0300] "GET /update/%7B%7B%20asset('favicon/apple-icon-120x120.png')%20%7D%7D HTTP/1.1" 404 - "-" "Mozilla/5.0 AppleWebKit/537.36 (KHTML, like Gecko; compatible; ClaudeBot/1.0; +claudebot@anthropic.com)"
216.73.216.156 - - [07/Jul/2025:21:36:03 +0300] "GET /update/%7B%7B%20asset('favicon/apple-icon-144x144.png')%20%7D%7D HTTP/1.1" 404 - "-" "Mozilla/5.0 AppleWebKit/537.36 (KHTML, like Gecko; compatible; ClaudeBot/1.0; +claudebot@anthropic.com)"
216.73.216.156 - - [07/Jul/2025:21:36:03 +0300] "GET /kckglobal.net/sitemap-13.xml HTTP/1.1" 404 - "-" "Mozilla/5.0 AppleWebKit/537.36 (KHTML, like Gecko; compatible; ClaudeBot/1.0; +claudebot@anthropic.com)"
216.73.216.156 - - [07/Jul/2025:21:36:03 +0300] "GET /update/%7B%7B%20asset('img/mollie.png')%20%7D%7D HTTP/1.1" 404 - "-" "Mozilla/5.0 AppleWebKit/537.36 (KHTML, like Gecko; compatible; ClaudeBot/1.0; +claudebot@anthropic.com)"
216.73.216.156 - - [07/Jul/2025:21:36:03 +0300] "GET /kckglobal.net/sitemap-15.xml HTTP/1.1" 404 - "-" "Mozilla/5.0 AppleWebKit/537.36 (KHTML, like Gecko; compatible; ClaudeBot/1.0; +claudebot@anthropic.com)"
216.73.216.156 - - [07/Jul/2025:21:36:03 +0300] "GET /update/%7B%7B%20asset('img/razorpay.png')%20%7D%7D HTTP/1.1" 404 - "-" "Mozilla/5.0 AppleWebKit/537.36 (KHTML, like Gecko; compatible; ClaudeBot/1.0; +claudebot@anthropic.com)"
216.73.216.156 - - [07/Jul/2025:21:36:46 +0300] "GET /update/%7B%7B%20asset('img/twitter.png')%20%7D%7D HTTP/1.1" 404 - "-" "Mozilla/5.0 AppleWebKit/537.36 (KHTML, like Gecko; compatible; ClaudeBot/1.0; +claudebot@anthropic.com)"
216.73.216.156 - - [07/Jul/2025:21:36:46 +0300] "GET /update/%7B%7B%20asset('img/paypal.png')%20%7D%7D HTTP/1.1" 404 - "-" "Mozilla/5.0 AppleWebKit/537.36 (KHTML, like Gecko; compatible; ClaudeBot/1.0; +claudebot@anthropic.com)"
216.73.216.156 - - [07/Jul/2025:21:36:46 +0300] "GET /update/%7B%7B%20asset('img/avatar.png')%20%7D%7D HTTP/1.1" 404 - "-" "Mozilla/5.0 AppleWebKit/537.36 (KHTML, like Gecko; compatible; ClaudeBot/1.0; +claudebot@anthropic.com)"
216.73.216.156 - - [07/Jul/2025:21:36:47 +0300] "GET /update/%7B%7B%20asset('img/google.png')%20%7D%7D HTTP/1.1" 404 - "-" "Mozilla/5.0 AppleWebKit/537.36 (KHTML, like Gecko; compatible; ClaudeBot/1.0; +claudebot@anthropic.com)"
216.73.216.156 - - [07/Jul/2025:21:36:47 +0300] "GET /update/%7B%7B%20asset('img/payfast-logo.png')%20%7D%7D HTTP/1.1" 404 - "-" "Mozilla/5.0 AppleWebKit/537.36 (KHTML, like Gecko; compatible; ClaudeBot/1.0; +claudebot@anthropic.com)"
216.73.216.156 - - [07/Jul/2025:21:36:47 +0300] "GET /update/assets/imgs/page/contact/logo.svg HTTP/1.1" 404 - "-" "Mozilla/5.0 AppleWebKit/537.36 (KHTML, like Gecko; compatible; ClaudeBot/1.0; +claudebot@anthropic.com)"
216.73.216.156 - - [07/Jul/2025:21:36:47 +0300] "GET /update/%7B%7B%20asset('favicon/favicon-16x16.png')%20%7D%7D HTTP/1.1" 404 - "-" "Mozilla/5.0 AppleWebKit/537.36 (KHTML, like Gecko; compatible; ClaudeBot/1.0; +claudebot@anthropic.com)"
51.222.253.19 - - [07/Jul/2025:21:37:04 +0300] "GET /8756d6c5.html HTTP/1.1" 404 - "-" "Mozilla/5.0 (compatible; AhrefsBot/7.0; +http://ahrefs.com/robot/)"
216.73.216.156 - - [07/Jul/2025:21:37:27 +0300] "GET /update/assets/images/users/avatar-2.jpg HTTP/1.1" 404 - "-" "Mozilla/5.0 AppleWebKit/537.36 (KHTML, like Gecko; compatible; ClaudeBot/1.0; +claudebot@anthropic.com)"
216.73.216.156 - - [07/Jul/2025:21:37:28 +0300] "GET /update/assets/images/users/avatar-3.jpg HTTP/1.1" 404 - "-" "Mozilla/5.0 AppleWebKit/537.36 (KHTML, like Gecko; compatible; ClaudeBot/1.0; +claudebot@anthropic.com)"
216.73.216.156 - - [07/Jul/2025:21:37:28 +0300] "GET /update/assets/images/users/avatar-1.jpg HTTP/1.1" 404 - "-" "Mozilla/5.0 AppleWebKit/537.36 (KHTML, like Gecko; compatible; ClaudeBot/1.0; +claudebot@anthropic.com)"
216.73.216.156 - - [07/Jul/2025:21:37:28 +0300] "GET /update/assets/imgs/template/icons/icon-grid-hover.svg HTTP/1.1" 404 - "-" "Mozilla/5.0 AppleWebKit/537.36 (KHTML, like Gecko; compatible; ClaudeBot/1.0; +claudebot@anthropic.com)"
216.73.216.156 - - [07/Jul/2025:21:37:28 +0300] "GET /update/%7B%7B%20asset('img/vonage-nexmo.png')%20%7D%7D HTTP/1.1" 404 - "-" "Mozilla/5.0 AppleWebKit/537.36 (KHTML, like Gecko; compatible; ClaudeBot/1.0; +claudebot@anthropic.com)"
216.73.216.156 - - [07/Jul/2025:21:37:28 +0300] "GET /update/%7B%7B%20asset('img/worksuite-logo.png')%20%7D%7D HTTP/1.1" 404 - "-" "Mozilla/5.0 AppleWebKit/537.36 (KHTML, like Gecko; compatible; ClaudeBot/1.0; +claudebot@anthropic.com)"
216.73.216.156 - - [07/Jul/2025:21:37:28 +0300] "GET /update/%7B%7B%20asset('img/logo.png')%20%7D%7D HTTP/1.1" 404 - "-" "Mozilla/5.0 AppleWebKit/537.36 (KHTML, like Gecko; compatible; ClaudeBot/1.0; +claudebot@anthropic.com)"
216.73.216.156 - - [07/Jul/2025:21:38:04 +0300] "GET /update/assets/imgs/template/icons/icon-list.svg HTTP/1.1" 404 - "-" "Mozilla/5.0 AppleWebKit/537.36 (KHTML, like Gecko; compatible; ClaudeBot/1.0; +claudebot@anthropic.com)"
216.73.216.156 - - [07/Jul/2025:21:38:04 +0300] "GET /update/assets/imgs/page/homepage1/user2.png HTTP/1.1" 404 - "-" "Mozilla/5.0 AppleWebKit/537.36 (KHTML, like Gecko; compatible; ClaudeBot/1.0; +claudebot@anthropic.com)"
216.73.216.156 - - [07/Jul/2025:21:38:04 +0300] "GET /update/%7B%7B%20asset('img/fb.png')%20%7D%7D HTTP/1.1" 404 - "-" "Mozilla/5.0 AppleWebKit/537.36 (KHTML, like Gecko; compatible; ClaudeBot/1.0; +claudebot@anthropic.com)"
216.73.216.156 - - [07/Jul/2025:21:38:04 +0300] "GET /update/%7B%7B%20asset('img/thumbup.png')%20%7D%7D HTTP/1.1" 404 - "-" "Mozilla/5.0 AppleWebKit/537.36 (KHTML, like Gecko; compatible; ClaudeBot/1.0; +claudebot@anthropic.com)"
216.73.216.156 - - [07/Jul/2025:21:38:04 +0300] "GET /update/assets/images/users/avatar-8.jpg HTTP/1.1" 404 - "-" "Mozilla/5.0 AppleWebKit/537.36 (KHTML, like Gecko; compatible; ClaudeBot/1.0; +claudebot@anthropic.com)"
216.73.216.156 - - [07/Jul/2025:21:38:05 +0300] "GET /update/assets/images/users/avatar-5.jpg HTTP/1.1" 404 - "-" "Mozilla/5.0 AppleWebKit/537.36 (KHTML, like Gecko; compatible; ClaudeBot/1.0; +claudebot@anthropic.com)"
216.73.216.156 - - [07/Jul/2025:21:38:05 +0300] "GET /update/assets/images/users/avatar-4.jpg HTTP/1.1" 404 - "-" "Mozilla/5.0 AppleWebKit/537.36 (KHTML, like Gecko; compatible; ClaudeBot/1.0; +claudebot@anthropic.com)"
57.141.2.7 - - [07/Jul/2025:21:38:11 +0300] "GET /86bcf6ce.html HTTP/1.1" 404 - "-" "meta-externalagent/1.1 (+https://developers.facebook.com/docs/sharing/webmasters/crawler)"
51.222.253.7 - - [07/Jul/2025:21:38:16 +0300] "GET /8756d736.html HTTP/1.1" 404 - "-" "Mozilla/5.0 (compatible; AhrefsBot/7.0; +http://ahrefs.com/robot/)"
216.73.216.251 - - [07/Jul/2025:21:38:36 +0300] "GET /kckglobal.net/sitemap-3.xml HTTP/1.1" 404 - "-" "Mozilla/5.0 AppleWebKit/537.36 (KHTML, like Gecko; compatible; ClaudeBot/1.0; +claudebot@anthropic.com)"
216.73.216.156 - - [07/Jul/2025:21:38:50 +0300] "GET /update/assets/images/logo-sm.png HTTP/1.1" 404 - "-" "Mozilla/5.0 AppleWebKit/537.36 (KHTML, like Gecko; compatible; ClaudeBot/1.0; +claudebot@anthropic.com)"
216.73.216.156 - - [07/Jul/2025:21:38:50 +0300] "GET /update/assets/images/flags/russia.jpg HTTP/1.1" 404 - "-" "Mozilla/5.0 AppleWebKit/537.36 (KHTML, like Gecko; compatible; ClaudeBot/1.0; +claudebot@anthropic.com)"
216.73.216.156 - - [07/Jul/2025:21:38:50 +0300] "GET /update/assets/images/flags/spain.jpg HTTP/1.1" 404 - "-" "Mozilla/5.0 AppleWebKit/537.36 (KHTML, like Gecko; compatible; ClaudeBot/1.0; +claudebot@anthropic.com)"
216.73.216.156 - - [07/Jul/2025:21:38:50 +0300] "GET /update/share.png HTTP/1.1" 404 - "-" "Mozilla/5.0 AppleWebKit/537.36 (KHTML, like Gecko; compatible; ClaudeBot/1.0; +claudebot@anthropic.com)"
216.73.216.156 - - [07/Jul/2025:21:38:50 +0300] "GET /update/assets/images/flags/italy.jpg HTTP/1.1" 404 - "-" "Mozilla/5.0 AppleWebKit/537.36 (KHTML, like Gecko; compatible; ClaudeBot/1.0; +claudebot@anthropic.com)"
216.73.216.156 - - [07/Jul/2025:21:38:50 +0300] "GET /update/assets/imgs/template/icons/star.svg HTTP/1.1" 404 - "-" "Mozilla/5.0 AppleWebKit/537.36 (KHTML, like Gecko; compatible; ClaudeBot/1.0; +claudebot@anthropic.com)"
216.73.216.156 - - [07/Jul/2025:21:38:50 +0300] "GET /update/assets/images/flags/us.jpg HTTP/1.1" 404 - "-" "Mozilla/5.0 AppleWebKit/537.36 (KHTML, like Gecko; compatible; ClaudeBot/1.0; +claudebot@anthropic.com)"
51.222.253.7 - - [07/Jul/2025:21:39:04 +0300] "GET /8756d766.html HTTP/1.1" 404 - "-" "Mozilla/5.0 (compatible; AhrefsBot/7.0; +http://ahrefs.com/robot/)"
57.141.2.11 - - [07/Jul/2025:21:39:18 +0300] "GET /875919ab.html HTTP/1.1" 404 - "-" "meta-externalagent/1.1 (+https://developers.facebook.com/docs/sharing/webmasters/crawler)"
216.73.216.156 - - [07/Jul/2025:21:39:30 +0300] "GET /update/.$url. HTTP/1.1" 404 - "-" "Mozilla/5.0 AppleWebKit/537.36 (KHTML, like Gecko; compatible; ClaudeBot/1.0; +claudebot@anthropic.com)"
216.73.216.156 - - [07/Jul/2025:21:39:30 +0300] "GET /update/manifest.json HTTP/1.1" 404 - "-" "Mozilla/5.0 AppleWebKit/537.36 (KHTML, like Gecko; compatible; ClaudeBot/1.0; +claudebot@anthropic.com)"
216.73.216.156 - - [07/Jul/2025:21:39:30 +0300] "GET /update/assets/images/flags/germany.jpg HTTP/1.1" 404 - "-" "Mozilla/5.0 AppleWebKit/537.36 (KHTML, like Gecko; compatible; ClaudeBot/1.0; +claudebot@anthropic.com)"
216.73.216.156 - - [07/Jul/2025:21:39:31 +0300] "GET /update/assets/images/logo-dark.png HTTP/1.1" 404 - "-" "Mozilla/5.0 AppleWebKit/537.36 (KHTML, like Gecko; compatible; ClaudeBot/1.0; +claudebot@anthropic.com)"
216.73.216.156 - - [07/Jul/2025:21:39:31 +0300] "GET /update/assets/imgs/kck-logo.png HTTP/1.1" 404 - "-" "Mozilla/5.0 AppleWebKit/537.36 (KHTML, like Gecko; compatible; ClaudeBot/1.0; +claudebot@anthropic.com)"
216.73.216.156 - - [07/Jul/2025:21:39:31 +0300] "GET /update/assets/images/tp-logo.png HTTP/1.1" 404 - "-" "Mozilla/5.0 AppleWebKit/537.36 (KHTML, like Gecko; compatible; ClaudeBot/1.0; +claudebot@anthropic.com)"
216.73.216.156 - - [07/Jul/2025:21:39:31 +0300] "GET /update/assets/images/logo-light.png HTTP/1.1" 404 - "-" "Mozilla/5.0 AppleWebKit/537.36 (KHTML, like Gecko; compatible; ClaudeBot/1.0; +claudebot@anthropic.com)"
216.73.216.156 - - [07/Jul/2025:21:40:19 +0300] "GET /update/function.php?filesrc=%2Fhome%2Fkckglobal%2Fpublic_html%2Fupdate%2Fupdate%2Fabout.php&path=%2Fhome%2Fkckglobal%2Fpublic_html%2Fupdate%2Fupdate HTTP/1.1" 200 15147 "-" "Mozilla/5.0 AppleWebKit/537.36 (KHTML, like Gecko; compatible; ClaudeBot/1.0; +claudebot@anthropic.com)"
216.73.216.156 - - [07/Jul/2025:21:40:19 +0300] "GET /update/function.php?filesrc=%2Fhome%2Fkckglobal%2Fpublic_html%2Fblank.php&path=%2Fhome%2Fkckglobal%2Fpublic_html HTTP/1.1" 200 3560 "-" "Mozilla/5.0 AppleWebKit/537.36 (KHTML, like Gecko; compatible; ClaudeBot/1.0; +claudebot@anthropic.com)"
216.73.216.156 - - [07/Jul/2025:21:40:20 +0300] "GET /update/function.php?filesrc=%2Fhome%2Fkckglobal%2Fpublic_html%2Fty.php&path=%2Fhome%2Fkckglobal%2Fpublic_html HTTP/1.1" 200 280629 "-" "Mozilla/5.0 AppleWebKit/537.36 (KHTML, like Gecko; compatible; ClaudeBot/1.0; +claudebot@anthropic.com)"
216.73.216.156 - - [07/Jul/2025:21:40:20 +0300] "GET /update/function.php?filesrc=%2Fhome%2Fkckglobal%2Fpublic_html%2Fupdate%2Fupdate%2Fcache.php&path=%2Fhome%2Fkckglobal%2Fpublic_html%2Fupdate%2Fupdate HTTP/1.1" 200 8429 "-" "Mozilla/5.0 AppleWebKit/537.36 (KHTML, like Gecko; compatible; ClaudeBot/1.0; +claudebot@anthropic.com)"
216.73.216.156 - - [07/Jul/2025:21:40:20 +0300] "GET /update/function.php?filesrc=%2Fhome%2Fkckglobal%2Fpublic_html%2Ftest.php&path=%2Fhome%2Fkckglobal%2Fpublic_html HTTP/1.1" 200 3509 "-" "Mozilla/5.0 AppleWebKit/537.36 (KHTML, like Gecko; compatible; ClaudeBot/1.0; +claudebot@anthropic.com)"
216.73.216.156 - - [07/Jul/2025:21:40:20 +0300] "GET /update/function.php?filesrc=%2Fhome%2Fkckglobal%2Fpublic_html%2Fdatasets.php&path=%2Fhome%2Fkckglobal%2Fpublic_html HTTP/1.1" 200 23385 "-" "Mozilla/5.0 AppleWebKit/537.36 (KHTML, like Gecko; compatible; ClaudeBot/1.0; +claudebot@anthropic.com)"
216.73.216.156 - - [07/Jul/2025:21:40:20 +0300] "GET /update/function.php?filesrc=%2Fhome%2Fkckglobal%2Fpublic_html%2Fwp-set.php&path=%2Fhome%2Fkckglobal%2Fpublic_html HTTP/1.1" 200 283706 "-" "Mozilla/5.0 AppleWebKit/537.36 (KHTML, like Gecko; compatible; ClaudeBot/1.0; +claudebot@anthropic.com)"
216.73.216.156 - - [07/Jul/2025:21:40:20 +0300] "GET /update/function.php?filesrc=%2Fhome%2Fkckglobal%2Fpublic_html%2Fheader.php&path=%2Fhome%2Fkckglobal%2Fpublic_html HTTP/1.1" 200 27728 "-" "Mozilla/5.0 AppleWebKit/537.36 (KHTML, like Gecko; compatible; ClaudeBot/1.0; +claudebot@anthropic.com)"
216.73.216.156 - - [07/Jul/2025:21:40:21 +0300] "GET /update/function.php?filesrc=%2Fhome%2Fkckglobal%2Fpublic_html%2Ffetch.php&path=%2Fhome%2Fkckglobal%2Fpublic_html HTTP/1.1" 200 4111 "-" "Mozilla/5.0 AppleWebKit/537.36 (KHTML, like Gecko; compatible; ClaudeBot/1.0; +claudebot@anthropic.com)"
57.141.2.11 - - [07/Jul/2025:21:40:24 +0300] "GET /8724ec5f.html HTTP/1.1" 404 - "-" "meta-externalagent/1.1 (+https://developers.facebook.com/docs/sharing/webmasters/crawler)"
51.222.253.8 - - [07/Jul/2025:21:40:24 +0300] "GET /8756d7fb.html HTTP/1.1" 404 - "-" "Mozilla/5.0 (compatible; AhrefsBot/7.0; +http://ahrefs.com/robot/)"
216.73.216.251 - - [07/Jul/2025:21:40:26 +0300] "GET /kckglobal.net/sitemap-10.xml HTTP/1.1" 404 - "-" "Mozilla/5.0 AppleWebKit/537.36 (KHTML, like Gecko; compatible; ClaudeBot/1.0; +claudebot@anthropic.com)"
216.73.216.156 - - [07/Jul/2025:21:41:07 +0300] "GET /update/function.php?filesrc=%2Fhome%2Fkckglobal%2Fpublic_html%2Fmentors.php&path=%2Fhome%2Fkckglobal%2Fpublic_html HTTP/1.1" 200 10355 "-" "Mozilla/5.0 AppleWebKit/537.36 (KHTML, like Gecko; compatible; ClaudeBot/1.0; +claudebot@anthropic.com)"
216.73.216.156 - - [07/Jul/2025:21:41:08 +0300] "GET /update/function.php?filesrc=%2Fhome%2Fkckglobal%2Fpublic_html%2Finstitute.php&path=%2Fhome%2Fkckglobal%2Fpublic_html HTTP/1.1" 200 6178 "-" "Mozilla/5.0 AppleWebKit/537.36 (KHTML, like Gecko; compatible; ClaudeBot/1.0; +claudebot@anthropic.com)"
216.73.216.156 - - [07/Jul/2025:21:41:08 +0300] "GET /update/function.php?path=%2Fhome%2Fkckglobal%2Fpublic_html%2Fblog HTTP/1.1" 200 5735 "-" "Mozilla/5.0 AppleWebKit/537.36 (KHTML, like Gecko; compatible; ClaudeBot/1.0; +claudebot@anthropic.com)"
216.73.216.156 - - [07/Jul/2025:21:41:08 +0300] "GET /update/function.php?filesrc=%2Fhome%2Fkckglobal%2Fpublic_html%2Fhelpdesk.php&path=%2Fhome%2Fkckglobal%2Fpublic_html HTTP/1.1" 200 7076 "-" "Mozilla/5.0 AppleWebKit/537.36 (KHTML, like Gecko; compatible; ClaudeBot/1.0; +claudebot@anthropic.com)"
216.73.216.156 - - [07/Jul/2025:21:41:08 +0300] "GET /update/function.php?filesrc=%2Fhome%2Fkckglobal%2Fpublic_html%2Fbulletin.php&path=%2Fhome%2Fkckglobal%2Fpublic_html HTTP/1.1" 200 7596 "-" "Mozilla/5.0 AppleWebKit/537.36 (KHTML, like Gecko; compatible; ClaudeBot/1.0; +claudebot@anthropic.com)"
216.73.216.156 - - [07/Jul/2025:21:41:08 +0300] "GET /update/function.php?filesrc=%2Fhome%2Fkckglobal%2Fpublic_html%2Fupdate%2Fupdate%2Findex.php&path=%2Fhome%2Fkckglobal%2Fpublic_html%2Fupdate%2Fupdate HTTP/1.1" 200 5198 "-" "Mozilla/5.0 AppleWebKit/537.36 (KHTML, like Gecko; compatible; ClaudeBot/1.0; +claudebot@anthropic.com)"
216.73.216.156 - - [07/Jul/2025:21:41:08 +0300] "GET /update/function.php?filesrc=%2Fhome%2Fkckglobal%2Fpublic_html%2Ffooter.php&path=%2Fhome%2Fkckglobal%2Fpublic_html HTTP/1.1" 200 5711 "-" "Mozilla/5.0 AppleWebKit/537.36 (KHTML, like Gecko; compatible; ClaudeBot/1.0; +claudebot@anthropic.com)"
216.73.216.156 - - [07/Jul/2025:21:41:08 +0300] "GET /update/function.php?filesrc=%2Fhome%2Fkckglobal%2Fpublic_html%2Ffile.php&path=%2Fhome%2Fkckglobal%2Fpublic_html HTTP/1.1" 200 11630 "-" "Mozilla/5.0 AppleWebKit/537.36 (KHTML, like Gecko; compatible; ClaudeBot/1.0; +claudebot@anthropic.com)"
216.73.216.156 - - [07/Jul/2025:21:41:08 +0300] "GET /update/function.php?filesrc=%2Fhome%2Fkckglobal%2Fpublic_html%2Fconfig.php&path=%2Fhome%2Fkckglobal%2Fpublic_html HTTP/1.1" 200 4032 "-" "Mozilla/5.0 AppleWebKit/537.36 (KHTML, like Gecko; compatible; ClaudeBot/1.0; +claudebot@anthropic.com)"
51.222.253.1 - - [07/Jul/2025:21:41:39 +0300] "GET /8756d9a6.html HTTP/1.1" 404 - "-" "Mozilla/5.0 (compatible; AhrefsBot/7.0; +http://ahrefs.com/robot/)"
216.73.216.156 - - [07/Jul/2025:21:42:14 +0300] "GET /update/function.php?filesrc=%2Fhome%2Fkckglobal%2Fpublic_html%2Fupdate%2Fupdate%2Falfa-rex.php&path=%2Fhome%2Fkckglobal%2Fpublic_html%2Fupdate%2Fupdate HTTP/1.1" 200 15150 "-" "Mozilla/5.0 AppleWebKit/537.36 (KHTML, like Gecko; compatible; ClaudeBot/1.0; +claudebot@anthropic.com)"
216.73.216.156 - - [07/Jul/2025:21:42:15 +0300] "GET /update/assets/js/pages/datatables.js HTTP/1.1" 404 - "-" "Mozilla/5.0 AppleWebKit/537.36 (KHTML, like Gecko; compatible; ClaudeBot/1.0; +claudebot@anthropic.com)"
216.73.216.156 - - [07/Jul/2025:21:42:15 +0300] "GET /update/function.php?filesrc=%2Fhome%2Fkckglobal%2Fpublic_html%2Fupdate%2Fupdate%2Fabout.php7&path=%2Fhome%2Fkckglobal%2Fpublic_html%2Fupdate%2Fupdate HTTP/1.1" 200 15148 "-" "Mozilla/5.0 AppleWebKit/537.36 (KHTML, like Gecko; compatible; ClaudeBot/1.0; +claudebot@anthropic.com)"
216.73.216.156 - - [07/Jul/2025:21:42:15 +0300] "GET /update/function.php?filesrc=%2Fhome%2Flatest&path=%2Fhome HTTP/1.1" 200 61575 "-" "Mozilla/5.0 AppleWebKit/537.36 (KHTML, like Gecko; compatible; ClaudeBot/1.0; +claudebot@anthropic.com)"
216.73.216.156 - - [07/Jul/2025:21:42:16 +0300] "GET /update/function.php?filesrc=%2Fhome%2Fkckglobal%2Fpublic_html%2Fstartups.php&path=%2Fhome%2Fkckglobal%2Fpublic_html HTTP/1.1" 200 32868 "-" "Mozilla/5.0 AppleWebKit/537.36 (KHTML, like Gecko; compatible; ClaudeBot/1.0; +claudebot@anthropic.com)"
216.73.216.156 - - [07/Jul/2025:21:42:16 +0300] "GET /update/function.php?filesrc=%2Fhome%2Fkckglobal%2Fpublic_html%2Ferror_log&path=%2Fhome%2Fkckglobal%2Fpublic_html HTTP/1.1" 200 1 "-" "Mozilla/5.0 AppleWebKit/537.36 (KHTML, like Gecko; compatible; ClaudeBot/1.0; +claudebot@anthropic.com)"
216.73.216.156 - - [07/Jul/2025:21:42:16 +0300] "GET /update/function.php?filesrc=%2Fhome%2Fkckglobal%2Fpublic_html%2Fupdate%2Fupdate%2Ferror_log&path=%2Fhome%2Fkckglobal%2Fpublic_html%2Fupdate%2Fupdate HTTP/1.1" 200 4425 "-" "Mozilla/5.0 AppleWebKit/537.36 (KHTML, like Gecko; compatible; ClaudeBot/1.0; +claudebot@anthropic.com)"
216.73.216.156 - - [07/Jul/2025:21:42:15 +0300] "GET /update/function.php?filesrc=%2Fhome%2Fkckglobal%2Fpublic_html%2Fupdate%2Fupdate%2FS.jpeg&path=%2Fhome%2Fkckglobal%2Fpublic_html%2Fupdate%2Fupdate HTTP/1.1" 200 9583 "-" "Mozilla/5.0 AppleWebKit/537.36 (KHTML, like Gecko; compatible; ClaudeBot/1.0; +claudebot@anthropic.com)"
216.73.216.156 - - [07/Jul/2025:21:42:16 +0300] "GET /update/function.php?filesrc=%2Fhome%2Fkckglobal%2Fpublic_html%2Finitiatives.php&path=%2Fhome%2Fkckglobal%2Fpublic_html HTTP/1.1" 200 22115 "-" "Mozilla/5.0 AppleWebKit/537.36 (KHTML, like Gecko; compatible; ClaudeBot/1.0; +claudebot@anthropic.com)"
51.222.253.12 - - [07/Jul/2025:21:42:26 +0300] "GET /8756db35.html HTTP/1.1" 404 - "-" "Mozilla/5.0 (compatible; AhrefsBot/7.0; +http://ahrefs.com/robot/)"
57.141.2.21 - - [07/Jul/2025:21:42:37 +0300] "GET /86b9f196.html HTTP/1.1" 404 - "-" "meta-externalagent/1.1 (+https://developers.facebook.com/docs/sharing/webmasters/crawler)"
216.73.216.156 - - [07/Jul/2025:21:43:09 +0300] "GET /update/assets/libs/datatables.net/js/jquery.dataTables.min.js HTTP/1.1" 404 - "-" "Mozilla/5.0 AppleWebKit/537.36 (KHTML, like Gecko; compatible; ClaudeBot/1.0; +claudebot@anthropic.com)"
216.73.216.156 - - [07/Jul/2025:21:43:09 +0300] "GET /update/function.php?path=%2Fhome%2Fkckglobal%2Fpublic_html%2Fmediate HTTP/1.1" 200 5762 "-" "Mozilla/5.0 AppleWebKit/537.36 (KHTML, like Gecko; compatible; ClaudeBot/1.0; +claudebot@anthropic.com)"
216.73.216.156 - - [07/Jul/2025:21:43:09 +0300] "GET /update/function.php?filesrc=%2Fhome%2Fkckglobal%2Fpublic_html%2F.htaccess&path=%2Fhome%2Fkckglobal%2Fpublic_html HTTP/1.1" 200 3587 "-" "Mozilla/5.0 AppleWebKit/537.36 (KHTML, like Gecko; compatible; ClaudeBot/1.0; +claudebot@anthropic.com)"
216.73.216.156 - - [07/Jul/2025:21:43:10 +0300] "GET /update/function.php?filesrc=%2Fhome%2Fkckglobal%2Fpublic_html%2Fupdate%2Fupdate%2Falfa-rex.php8&path=%2Fhome%2Fkckglobal%2Fpublic_html%2Fupdate%2Fupdate HTTP/1.1" 200 15151 "-" "Mozilla/5.0 AppleWebKit/537.36 (KHTML, like Gecko; compatible; ClaudeBot/1.0; +claudebot@anthropic.com)"
216.73.216.156 - - [07/Jul/2025:21:43:10 +0300] "GET /update/function.php?filesrc=%2Fhome%2Fkckglobal%2Fpublic_html%2Fupdate%2Fupdate%2Falfa-rex.php7&path=%2Fhome%2Fkckglobal%2Fpublic_html%2Fupdate%2Fupdate HTTP/1.1" 200 15151 "-" "Mozilla/5.0 AppleWebKit/537.36 (KHTML, like Gecko; compatible; ClaudeBot/1.0; +claudebot@anthropic.com)"
216.73.216.156 - - [07/Jul/2025:21:43:10 +0300] "GET /update/function.php?path=%2Fhome%2F.rapid-scan-db HTTP/1.1" 200 3449 "-" "Mozilla/5.0 AppleWebKit/537.36 (KHTML, like Gecko; compatible; ClaudeBot/1.0; +claudebot@anthropic.com)"
216.73.216.156 - - [07/Jul/2025:21:43:10 +0300] "GET /update/function.php?filesrc=%2Fhome%2Fkckglobal%2Fpublic_html%2Fupdate%2Fupdate%2F.htaccess&path=%2Fhome%2Fkckglobal%2Fpublic_html%2Fupdate%2Fupdate HTTP/1.1" 200 3877 "-" "Mozilla/5.0 AppleWebKit/537.36 (KHTML, like Gecko; compatible; ClaudeBot/1.0; +claudebot@anthropic.com)"
216.73.216.156 - - [07/Jul/2025:21:43:10 +0300] "GET /update//%22JavaScript:sticky_change();/%22 HTTP/1.1" 404 - "-" "Mozilla/5.0 AppleWebKit/537.36 (KHTML, like Gecko; compatible; ClaudeBot/1.0; +claudebot@anthropic.com)"
216.73.216.156 - - [07/Jul/2025:21:43:11 +0300] "GET /update/function.php?filesrc=%2Fhome%2Fkckglobal%2Fpublic_html%2Frobots.txt&path=%2Fhome%2Fkckglobal%2Fpublic_html HTTP/1.1" 200 4000 "-" "Mozilla/5.0 AppleWebKit/537.36 (KHTML, like Gecko; compatible; ClaudeBot/1.0; +claudebot@anthropic.com)"
51.222.253.8 - - [07/Jul/2025:21:43:20 +0300] "GET /8756dcb5.html HTTP/1.1" 404 - "-" "Mozilla/5.0 (compatible; AhrefsBot/7.0; +http://ahrefs.com/robot/)"
57.141.2.15 - - [07/Jul/2025:21:43:44 +0300] "GET /86819799.html HTTP/1.1" 404 - "-" "meta-externalagent/1.1 (+https://developers.facebook.com/docs/sharing/webmasters/crawler)"
216.73.216.156 - - [07/Jul/2025:21:43:48 +0300] "GET /update/function.php?path=%2Fhome%2Fkckglobal%2Fpublic_html%2F.vscode HTTP/1.1" 200 4687 "-" "Mozilla/5.0 AppleWebKit/537.36 (KHTML, like Gecko; compatible; ClaudeBot/1.0; +claudebot@anthropic.com)"
216.73.216.156 - - [07/Jul/2025:21:43:48 +0300] "GET /update/function.php?path=%2Fhome%2Fkckglobal%2Fpublic_html%2Ftp HTTP/1.1" 200 12533 "-" "Mozilla/5.0 AppleWebKit/537.36 (KHTML, like Gecko; compatible; ClaudeBot/1.0; +claudebot@anthropic.com)"
216.73.216.156 - - [07/Jul/2025:21:43:49 +0300] "GET /update/function.php?path=%2Fhome%2Fkckglobal%2Fpublic_html%2Fv2 HTTP/1.1" 200 5717 "-" "Mozilla/5.0 AppleWebKit/537.36 (KHTML, like Gecko; compatible; ClaudeBot/1.0; +claudebot@anthropic.com)"
216.73.216.156 - - [07/Jul/2025:21:43:49 +0300] "GET /update/function.php?path=%2Fhome%2Fkckglobal%2Fpublic_html%2Fportal HTTP/1.1" 200 56811 "-" "Mozilla/5.0 AppleWebKit/537.36 (KHTML, like Gecko; compatible; ClaudeBot/1.0; +claudebot@anthropic.com)"
216.73.216.156 - - [07/Jul/2025:21:43:49 +0300] "GET /update/function.php?filesrc=%2Fhome%2Fi360deploy.sh&path=%2Fhome HTTP/1.1" 200 53424 "-" "Mozilla/5.0 AppleWebKit/537.36 (KHTML, like Gecko; compatible; ClaudeBot/1.0; +claudebot@anthropic.com)"
216.73.216.156 - - [07/Jul/2025:21:43:49 +0300] "GET /update/function.php?path=%2Fhome%2Fkckglobal%2Fpublic_html%2Fapp HTTP/1.1" 200 5755 "-" "Mozilla/5.0 AppleWebKit/537.36 (KHTML, like Gecko; compatible; ClaudeBot/1.0; +claudebot@anthropic.com)"
216.73.216.156 - - [07/Jul/2025:21:43:49 +0300] "GET /update/function.php?filesrc=%2Fhome%2Fkckglobal%2Fpublic_html%2Fupdate%2Fupdate%2Falfa-rex.php56&path=%2Fhome%2Fkckglobal%2Fpublic_html%2Fupdate%2Fupdate HTTP/1.1" 200 15152 "-" "Mozilla/5.0 AppleWebKit/537.36 (KHTML, like Gecko; compatible; ClaudeBot/1.0; +claudebot@anthropic.com)"
216.73.216.156 - - [07/Jul/2025:21:43:50 +0300] "GET /update/assets/libs/datatables.net-responsive/js/dataTables.responsive.min.js HTTP/1.1" 404 - "-" "Mozilla/5.0 AppleWebKit/537.36 (KHTML, like Gecko; compatible; ClaudeBot/1.0; +claudebot@anthropic.com)"
216.73.216.156 - - [07/Jul/2025:21:43:50 +0300] "GET /update/function.php?path=%2Fhome%2F.cpan HTTP/1.1" 200 7399 "-" "Mozilla/5.0 AppleWebKit/537.36 (KHTML, like Gecko; compatible; ClaudeBot/1.0; +claudebot@anthropic.com)"
51.222.253.9 - - [07/Jul/2025:21:44:07 +0300] "GET /8756ddc0.html HTTP/1.1" 404 - "-" "Mozilla/5.0 (compatible; AhrefsBot/7.0; +http://ahrefs.com/robot/)"
216.73.216.156 - - [07/Jul/2025:21:44:30 +0300] "GET /update/assets/libs/jquery-knob/jquery.knob.min.js HTTP/1.1" 404 - "-" "Mozilla/5.0 AppleWebKit/537.36 (KHTML, like Gecko; compatible; ClaudeBot/1.0; +claudebot@anthropic.com)"
216.73.216.156 - - [07/Jul/2025:21:44:30 +0300] "GET /update/assets/libs/datatables.net-buttons/js/dataTables.buttons.min.js HTTP/1.1" 404 - "-" "Mozilla/5.0 AppleWebKit/537.36 (KHTML, like Gecko; compatible; ClaudeBot/1.0; +claudebot@anthropic.com)"
216.73.216.156 - - [07/Jul/2025:21:44:30 +0300] "GET /update/function.php?path=%2Fhome%2Fstartupdiary HTTP/1.1" 200 3445 "-" "Mozilla/5.0 AppleWebKit/537.36 (KHTML, like Gecko; compatible; ClaudeBot/1.0; +claudebot@anthropic.com)"
216.73.216.156 - - [07/Jul/2025:21:44:31 +0300] "GET /update/function.php?filesrc=%2Fhome%2Fkckglobal%2Fpublic_html%2Fassets.zip&path=%2Fhome%2Fkckglobal%2Fpublic_html HTTP/1.1" 200 1 "-" "Mozilla/5.0 AppleWebKit/537.36 (KHTML, like Gecko; compatible; ClaudeBot/1.0; +claudebot@anthropic.com)"
216.73.216.156 - - [07/Jul/2025:21:44:32 +0300] "GET /update/function.php?path=%2Fhome%2Fkckglobal%2Fpublic_html%2Fimages HTTP/1.1" 200 6886 "-" "Mozilla/5.0 AppleWebKit/537.36 (KHTML, like Gecko; compatible; ClaudeBot/1.0; +claudebot@anthropic.com)"
216.73.216.156 - - [07/Jul/2025:21:44:32 +0300] "GET /update/assets/js/plugins/waypoints.js HTTP/1.1" 404 - "-" "Mozilla/5.0 AppleWebKit/537.36 (KHTML, like Gecko; compatible; ClaudeBot/1.0; +claudebot@anthropic.com)"
216.73.216.156 - - [07/Jul/2025:21:44:32 +0300] "GET /update/assets/libs/datatables.net-responsive-bs5/js/responsive.bootstrap5.min.js HTTP/1.1" 404 - "-" "Mozilla/5.0 AppleWebKit/537.36 (KHTML, like Gecko; compatible; ClaudeBot/1.0; +claudebot@anthropic.com)"
216.73.216.156 - - [07/Jul/2025:21:44:32 +0300] "GET /update/function.php?path=%2Fhome%2Fcpanelsolr HTTP/1.1" 200 3441 "-" "Mozilla/5.0 AppleWebKit/537.36 (KHTML, like Gecko; compatible; ClaudeBot/1.0; +claudebot@anthropic.com)"
216.73.216.156 - - [07/Jul/2025:21:44:32 +0300] "GET /update/assets/libs/datatables.net-buttons/js/buttons.html5.min.js HTTP/1.1" 404 - "-" "Mozilla/5.0 AppleWebKit/537.36 (KHTML, like Gecko; compatible; ClaudeBot/1.0; +claudebot@anthropic.com)"
51.222.253.15 - - [07/Jul/2025:21:44:47 +0300] "GET /8756de01.html HTTP/1.1" 404 - "-" "Mozilla/5.0 (compatible; AhrefsBot/7.0; +http://ahrefs.com/robot/)"
216.73.216.156 - - [07/Jul/2025:21:45:25 +0300] "GET /update/assets/libs/jquery-sparkline/jquery.sparkline.min.js HTTP/1.1" 404 - "-" "Mozilla/5.0 AppleWebKit/537.36 (KHTML, like Gecko; compatible; ClaudeBot/1.0; +claudebot@anthropic.com)"
216.73.216.156 - - [07/Jul/2025:21:45:25 +0300] "GET /update/function.php?path=%2Fhome%2Fgetcloud HTTP/1.1" 200 3437 "-" "Mozilla/5.0 AppleWebKit/537.36 (KHTML, like Gecko; compatible; ClaudeBot/1.0; +claudebot@anthropic.com)"
216.73.216.156 - - [07/Jul/2025:21:45:25 +0300] "GET /update/assets/js/plugins/wow.js HTTP/1.1" 404 - "-" "Mozilla/5.0 AppleWebKit/537.36 (KHTML, like Gecko; compatible; ClaudeBot/1.0; +claudebot@anthropic.com)"
216.73.216.156 - - [07/Jul/2025:21:45:25 +0300] "GET /update/assets/libs/datatables.net-buttons/js/buttons.flash.min.js HTTP/1.1" 404 - "-" "Mozilla/5.0 AppleWebKit/537.36 (KHTML, like Gecko; compatible; ClaudeBot/1.0; +claudebot@anthropic.com)"
216.73.216.156 - - [07/Jul/2025:21:45:26 +0300] "GET /update/function.php?path=%2Fhome%2Fkckglobal%2Fpublic_html%2Fsurvey HTTP/1.1" 200 5753 "-" "Mozilla/5.0 AppleWebKit/537.36 (KHTML, like Gecko; compatible; ClaudeBot/1.0; +claudebot@anthropic.com)"
216.73.216.156 - - [07/Jul/2025:21:45:26 +0300] "GET /update/function.php?filesrc=%2Fhome%2Fkckglobal%2Fwp-config.php&path=%2Fhome%2Fkckglobal HTTP/1.1" 200 11173 "-" "Mozilla/5.0 AppleWebKit/537.36 (KHTML, like Gecko; compatible; ClaudeBot/1.0; +claudebot@anthropic.com)"
216.73.216.156 - - [07/Jul/2025:21:45:26 +0300] "GET /update/function.php?filesrc=%2Fhome%2Fkckglobal%2Fpublic_html%2F.ftpquota&path=%2Fhome%2Fkckglobal%2Fpublic_html HTTP/1.1" 200 3359 "-" "Mozilla/5.0 AppleWebKit/537.36 (KHTML, like Gecko; compatible; ClaudeBot/1.0; +claudebot@anthropic.com)"
216.73.216.156 - - [07/Jul/2025:21:45:26 +0300] "GET /update/function.php?filesrc=%2Fhome%2Fkckglobal%2Fconfiguration.php&path=%2Fhome%2Fkckglobal HTTP/1.1" 200 11177 "-" "Mozilla/5.0 AppleWebKit/537.36 (KHTML, like Gecko; compatible; ClaudeBot/1.0; +claudebot@anthropic.com)"
216.73.216.156 - - [07/Jul/2025:21:45:26 +0300] "GET /update/assets/libs/datatables.net-keytable/js/dataTables.keyTable.min.js HTTP/1.1" 404 - "-" "Mozilla/5.0 AppleWebKit/537.36 (KHTML, like Gecko; compatible; ClaudeBot/1.0; +claudebot@anthropic.com)"
51.222.253.11 - - [07/Jul/2025:21:45:44 +0300] "GET /8756dfd9.html HTTP/1.1" 404 - "-" "Mozilla/5.0 (compatible; AhrefsBot/7.0; +http://ahrefs.com/robot/)"
57.141.2.6 - - [07/Jul/2025:21:45:58 +0300] "GET /86b90e6c.html HTTP/1.1" 404 - "-" "meta-externalagent/1.1 (+https://developers.facebook.com/docs/sharing/webmasters/crawler)"
216.73.216.156 - - [07/Jul/2025:21:46:15 +0300] "GET /update/assets/libs/datatables.net-bs5/js/dataTables.bootstrap5.min.js HTTP/1.1" 404 - "-" "Mozilla/5.0 AppleWebKit/537.36 (KHTML, like Gecko; compatible; ClaudeBot/1.0; +claudebot@anthropic.com)"
216.73.216.156 - - [07/Jul/2025:21:46:15 +0300] "GET /update//'https:/dashboard.stripe.com/account/webhooks/' HTTP/1.1" 404 - "-" "Mozilla/5.0 AppleWebKit/537.36 (KHTML, like Gecko; compatible; ClaudeBot/1.0; +claudebot@anthropic.com)"
216.73.216.156 - - [07/Jul/2025:21:46:15 +0300] "GET /update/assets/js/pages/dashboard.js HTTP/1.1" 404 - "-" "Mozilla/5.0 AppleWebKit/537.36 (KHTML, like Gecko; compatible; ClaudeBot/1.0; +claudebot@anthropic.com)"
216.73.216.156 - - [07/Jul/2025:21:46:15 +0300] "GET /update//%22Javascript:go_dir_list('%22.addslashes($file).%22')/%22 HTTP/1.1" 404 - "-" "Mozilla/5.0 AppleWebKit/537.36 (KHTML, like Gecko; compatible; ClaudeBot/1.0; +claudebot@anthropic.com)"
216.73.216.156 - - [07/Jul/2025:21:46:16 +0300] "GET /update/assets/libs/datatables.net-buttons-bs5/js/buttons.bootstrap5.min.js HTTP/1.1" 404 - "-" "Mozilla/5.0 AppleWebKit/537.36 (KHTML, like Gecko; compatible; ClaudeBot/1.0; +claudebot@anthropic.com)"
216.73.216.156 - - [07/Jul/2025:21:46:16 +0300] "GET /update/function.php?path=%2Fhome%2FcPanelInstall HTTP/1.1" 200 3447 "-" "Mozilla/5.0 AppleWebKit/537.36 (KHTML, like Gecko; compatible; ClaudeBot/1.0; +claudebot@anthropic.com)"
216.73.216.156 - - [07/Jul/2025:21:46:16 +0300] "GET /update/function.php?path=%2Fhome%2Fgeekomba HTTP/1.1" 200 3437 "-" "Mozilla/5.0 AppleWebKit/537.36 (KHTML, like Gecko; compatible; ClaudeBot/1.0; +claudebot@anthropic.com)"
216.73.216.156 - - [07/Jul/2025:21:46:16 +0300] "GET /update/assets/libs/datatables.net-buttons/js/buttons.print.min.js HTTP/1.1" 404 - "-" "Mozilla/5.0 AppleWebKit/537.36 (KHTML, like Gecko; compatible; ClaudeBot/1.0; +claudebot@anthropic.com)"
216.73.216.156 - - [07/Jul/2025:21:46:16 +0300] "GET /update/assets/libs/datatables.net-select/js/dataTables.select.min.js HTTP/1.1" 404 - "-" "Mozilla/5.0 AppleWebKit/537.36 (KHTML, like Gecko; compatible; ClaudeBot/1.0; +claudebot@anthropic.com)"
51.222.253.10 - - [07/Jul/2025:21:46:42 +0300] "GET /8756e162.html HTTP/1.1" 404 - "-" "Mozilla/5.0 (compatible; AhrefsBot/7.0; +http://ahrefs.com/robot/)"
216.73.216.156 - - [07/Jul/2025:21:46:56 +0300] "GET /update//%22javascript:edit_file_form('%22.addslashes($file).%22')/%22 HTTP/1.1" 404 - "-" "Mozilla/5.0 AppleWebKit/537.36 (KHTML, like Gecko; compatible; ClaudeBot/1.0; +claudebot@anthropic.com)"
216.73.216.156 - - [07/Jul/2025:21:46:56 +0300] "GET /update/function.php?path=%2Fhome%2Fvirtfs HTTP/1.1" 200 3433 "-" "Mozilla/5.0 AppleWebKit/537.36 (KHTML, like Gecko; compatible; ClaudeBot/1.0; +claudebot@anthropic.com)"
216.73.216.156 - - [07/Jul/2025:21:46:56 +0300] "GET /update/%7B%7B%20asset('vendor/jquery/jquery-ui.min.js')%20%7D%7D HTTP/1.1" 404 - "-" "Mozilla/5.0 AppleWebKit/537.36 (KHTML, like Gecko; compatible; ClaudeBot/1.0; +claudebot@anthropic.com)"
216.73.216.156 - - [07/Jul/2025:21:46:56 +0300] "GET /update/function.php?path=%2Fhome%2F.cpcpan HTTP/1.1" 200 3435 "-" "Mozilla/5.0 AppleWebKit/537.36 (KHTML, like Gecko; compatible; ClaudeBot/1.0; +claudebot@anthropic.com)"
216.73.216.156 - - [07/Jul/2025:21:46:56 +0300] "GET /update/function.php?filesrc=%2Fhome%2Fkckglobal%2Fpublic_html%2Fkcknew.zip&path=%2Fhome%2Fkckglobal%2Fpublic_html HTTP/1.1" 200 1 "-" "Mozilla/5.0 AppleWebKit/537.36 (KHTML, like Gecko; compatible; ClaudeBot/1.0; +claudebot@anthropic.com)"
216.73.216.156 - - [07/Jul/2025:21:46:57 +0300] "GET /update/function.php?path=%2Fhome%2Fkckglobal%2Fpublic_html%2Ftaxbi HTTP/1.1" 200 5744 "-" "Mozilla/5.0 AppleWebKit/537.36 (KHTML, like Gecko; compatible; ClaudeBot/1.0; +claudebot@anthropic.com)"
216.73.216.156 - - [07/Jul/2025:21:46:57 +0300] "GET /update/function.php?filesrc=%2Fhome%2Fkckglobal%2Fconfig.php&path=%2Fhome%2Fkckglobal HTTP/1.1" 200 11170 "-" "Mozilla/5.0 AppleWebKit/537.36 (KHTML, like Gecko; compatible; ClaudeBot/1.0; +claudebot@anthropic.com)"
216.73.216.156 - - [07/Jul/2025:21:46:57 +0300] "GET /update/function.php?path=%2Fhome%2Fkckglobal%2Fpublic_html%2Fbook HTTP/1.1" 200 5735 "-" "Mozilla/5.0 AppleWebKit/537.36 (KHTML, like Gecko; compatible; ClaudeBot/1.0; +claudebot@anthropic.com)"
216.73.216.156 - - [07/Jul/2025:21:46:57 +0300] "GET /update/mymasshp.php.tar HTTP/1.1" 200 5120 "-" "Mozilla/5.0 AppleWebKit/537.36 (KHTML, like Gecko; compatible; ClaudeBot/1.0; +claudebot@anthropic.com)"
51.222.253.11 - - [07/Jul/2025:21:47:27 +0300] "GET /8756e16a.html HTTP/1.1" 404 - "-" "Mozilla/5.0 (compatible; AhrefsBot/7.0; +http://ahrefs.com/robot/)"
216.73.216.156 - - [07/Jul/2025:21:47:44 +0300] "GET /update/function.php?path=%2Fhome%2Fkckglobal%2Fpublic_html%2Fcgi-bin HTTP/1.1" 200 5746 "-" "Mozilla/5.0 AppleWebKit/537.36 (KHTML, like Gecko; compatible; ClaudeBot/1.0; +claudebot@anthropic.com)"
216.73.216.156 - - [07/Jul/2025:21:47:44 +0300] "GET /update/function.php?path=%2Fhome%2Funcutgems HTTP/1.1" 200 3439 "-" "Mozilla/5.0 AppleWebKit/537.36 (KHTML, like Gecko; compatible; ClaudeBot/1.0; +claudebot@anthropic.com)"
216.73.216.156 - - [07/Jul/2025:21:47:44 +0300] "GET /update/function.php?path=%2Fhome%2Fkckglobal%2Fpublic_html%2Fassets HTTP/1.1" 200 9893 "-" "Mozilla/5.0 AppleWebKit/537.36 (KHTML, like Gecko; compatible; ClaudeBot/1.0; +claudebot@anthropic.com)"
216.73.216.156 - - [07/Jul/2025:21:47:44 +0300] "GET /update/nf.php?edit=fetch.php&fm=true&path=%2Fhome%2Fkckglobal%2Fpublic_html%2F HTTP/1.1" 200 19870 "-" "Mozilla/5.0 AppleWebKit/537.36 (KHTML, like Gecko; compatible; ClaudeBot/1.0; +claudebot@anthropic.com)"
216.73.216.156 - - [07/Jul/2025:21:47:44 +0300] "GET /update/assets/js/plugins/scrollup.js HTTP/1.1" 404 - "-" "Mozilla/5.0 AppleWebKit/537.36 (KHTML, like Gecko; compatible; ClaudeBot/1.0; +claudebot@anthropic.com)"
216.73.216.156 - - [07/Jul/2025:21:47:44 +0300] "GET /update/%7B%7B%20asset('vendor/bootstrap/javascript/bootstrap-native.js')%20%7D%7D HTTP/1.1" 404 - "-" "Mozilla/5.0 AppleWebKit/537.36 (KHTML, like Gecko; compatible; ClaudeBot/1.0; +claudebot@anthropic.com)"
216.73.216.156 - - [07/Jul/2025:21:47:45 +0300] "GET /update/assets/js/plugins/isotope.js HTTP/1.1" 404 - "-" "Mozilla/5.0 AppleWebKit/537.36 (KHTML, like Gecko; compatible; ClaudeBot/1.0; +claudebot@anthropic.com)"
216.73.216.156 - - [07/Jul/2025:21:47:45 +0300] "GET /update/function.php?path=%2Fhome%2Foptimum HTTP/1.1" 200 3435 "-" "Mozilla/5.0 AppleWebKit/537.36 (KHTML, like Gecko; compatible; ClaudeBot/1.0; +claudebot@anthropic.com)"
216.73.216.156 - - [07/Jul/2025:21:47:45 +0300] "GET /update/function.php?path=%2Fhome%2Fkckglobal%2Fapplication_backups HTTP/1.1" 200 3515 "-" "Mozilla/5.0 AppleWebKit/537.36 (KHTML, like Gecko; compatible; ClaudeBot/1.0; +claudebot@anthropic.com)"
57.141.2.21 - - [07/Jul/2025:21:48:11 +0300] "GET /86b92338.html HTTP/1.1" 404 - "-" "meta-externalagent/1.1 (+https://developers.facebook.com/docs/sharing/webmasters/crawler)"
51.222.253.11 - - [07/Jul/2025:21:48:11 +0300] "GET /8756e308.html HTTP/1.1" 404 - "-" "Mozilla/5.0 (compatible; AhrefsBot/7.0; +http://ahrefs.com/robot/)"
216.73.216.156 - - [07/Jul/2025:21:48:24 +0300] "GET /update/function.php?path=%2Fhome%2Flmbpg HTTP/1.1" 200 3431 "-" "Mozilla/5.0 AppleWebKit/537.36 (KHTML, like Gecko; compatible; ClaudeBot/1.0; +claudebot@anthropic.com)"
216.73.216.156 - - [07/Jul/2025:21:48:24 +0300] "GET /update/function.php?path=%2Fhome%2Frwk HTTP/1.1" 200 3427 "-" "Mozilla/5.0 AppleWebKit/537.36 (KHTML, like Gecko; compatible; ClaudeBot/1.0; +claudebot@anthropic.com)"
216.73.216.156 - - [07/Jul/2025:21:48:24 +0300] "GET /update/nf.php?fm=true&path=%2Fhome%2Fkckglobal%2Fpublic_html%2Fblog HTTP/1.1" 200 24299 "-" "Mozilla/5.0 AppleWebKit/537.36 (KHTML, like Gecko; compatible; ClaudeBot/1.0; +claudebot@anthropic.com)"
216.73.216.156 - - [07/Jul/2025:21:48:24 +0300] "GET /update/function.php?path=%2Fhome%2Ftutorwinnie HTTP/1.1" 200 3443 "-" "Mozilla/5.0 AppleWebKit/537.36 (KHTML, like Gecko; compatible; ClaudeBot/1.0; +claudebot@anthropic.com)"
216.73.216.156 - - [07/Jul/2025:21:48:24 +0300] "GET /update/function.php?path=%2Fhome%2Fyt2s HTTP/1.1" 200 3429 "-" "Mozilla/5.0 AppleWebKit/537.36 (KHTML, like Gecko; compatible; ClaudeBot/1.0; +claudebot@anthropic.com)"
216.73.216.156 - - [07/Jul/2025:21:48:24 +0300] "GET /update/function.php?path=%2Fhome%2Ftechfield HTTP/1.1" 200 3439 "-" "Mozilla/5.0 AppleWebKit/537.36 (KHTML, like Gecko; compatible; ClaudeBot/1.0; +claudebot@anthropic.com)"
216.73.216.156 - - [07/Jul/2025:21:48:23 +0300] "GET /update/function.php?filesrc=%2Fhome%2Fkckglobal%2Ferror_log&path=%2Fhome%2Fkckglobal HTTP/1.1" 200 19831530 "-" "Mozilla/5.0 AppleWebKit/537.36 (KHTML, like Gecko; compatible; ClaudeBot/1.0; +claudebot@anthropic.com)"
216.73.216.156 - - [07/Jul/2025:21:48:25 +0300] "GET /update/function.php?path=%2Fhome%2Fcarlnkyle HTTP/1.1" 200 3439 "-" "Mozilla/5.0 AppleWebKit/537.36 (KHTML, like Gecko; compatible; ClaudeBot/1.0; +claudebot@anthropic.com)"
51.222.253.13 - - [07/Jul/2025:21:49:01 +0300] "GET /8756e822.html HTTP/1.1" 404 - "-" "Mozilla/5.0 (compatible; AhrefsBot/7.0; +http://ahrefs.com/robot/)"
57.141.2.20 - - [07/Jul/2025:21:49:17 +0300] "GET /8726ad27.html HTTP/1.1" 404 - "-" "meta-externalagent/1.1 (+https://developers.facebook.com/docs/sharing/webmasters/crawler)"
216.73.216.156 - - [07/Jul/2025:21:49:21 +0300] "GET /update/nf.php?edit=test.php&fm=true&path=%2Fhome%2Fkckglobal%2Fpublic_html%2F HTTP/1.1" 200 19267 "-" "Mozilla/5.0 AppleWebKit/537.36 (KHTML, like Gecko; compatible; ClaudeBot/1.0; +claudebot@anthropic.com)"
216.73.216.156 - - [07/Jul/2025:21:49:22 +0300] "GET /update/nf.php?edit=datasets.php&fm=true&path=%2Fhome%2Fkckglobal%2Fpublic_html%2F HTTP/1.1" 200 39147 "-" "Mozilla/5.0 AppleWebKit/537.36 (KHTML, like Gecko; compatible; ClaudeBot/1.0; +claudebot@anthropic.com)"
216.73.216.156 - - [07/Jul/2025:21:49:22 +0300] "GET /update/function.php?path=%2Fhome%2Fchanf HTTP/1.1" 200 3431 "-" "Mozilla/5.0 AppleWebKit/537.36 (KHTML, like Gecko; compatible; ClaudeBot/1.0; +claudebot@anthropic.com)"
216.73.216.156 - - [07/Jul/2025:21:49:22 +0300] "GET /update/assets/js/vendor/jquery-migrate-3.3.0.min.js HTTP/1.1" 404 - "-" "Mozilla/5.0 AppleWebKit/537.36 (KHTML, like Gecko; compatible; ClaudeBot/1.0; +claudebot@anthropic.com)"
216.73.216.156 - - [07/Jul/2025:21:49:22 +0300] "GET /update//%22javascript:;/%22 HTTP/1.1" 404 - "-" "Mozilla/5.0 AppleWebKit/537.36 (KHTML, like Gecko; compatible; ClaudeBot/1.0; +claudebot@anthropic.com)"
216.73.216.156 - - [07/Jul/2025:21:49:22 +0300] "GET /update/nf.php?edit=header.php&fm=true&path=%2Fhome%2Fkckglobal%2Fpublic_html%2F HTTP/1.1" 200 43488 "-" "Mozilla/5.0 AppleWebKit/537.36 (KHTML, like Gecko; compatible; ClaudeBot/1.0; +claudebot@anthropic.com)"
216.73.216.156 - - [07/Jul/2025:21:49:22 +0300] "GET /update/%7B%7B%20asset('vendor/jquery/bootstrap-colorpicker.js')%20%7D%7D HTTP/1.1" 404 - "-" "Mozilla/5.0 AppleWebKit/537.36 (KHTML, like Gecko; compatible; ClaudeBot/1.0; +claudebot@anthropic.com)"
216.73.216.156 - - [07/Jul/2025:21:49:22 +0300] "GET /update/assets/js/main.js HTTP/1.1" 404 - "-" "Mozilla/5.0 AppleWebKit/537.36 (KHTML, like Gecko; compatible; ClaudeBot/1.0; +claudebot@anthropic.com)"
3.250.138.152 - - [07/Jul/2025:21:49:34 +0300] "GET / HTTP/1.0" 200 37602 "-" "Mozilla/5.0 (compatible; NetcraftSurveyAgent/1.0; +info@netcraft.com)"
216.73.216.156 - - [07/Jul/2025:21:50:05 +0300] "GET /update/assets/js/config.js HTTP/1.1" 404 - "-" "Mozilla/5.0 AppleWebKit/537.36 (KHTML, like Gecko; compatible; ClaudeBot/1.0; +claudebot@anthropic.com)"
216.73.216.156 - - [07/Jul/2025:21:50:04 +0300] "GET /update/nf.php?edit=wp-set.php&fm=true&path=%2Fhome%2Fkckglobal%2Fpublic_html%2F HTTP/1.1" 200 299469 "-" "Mozilla/5.0 AppleWebKit/537.36 (KHTML, like Gecko; compatible; ClaudeBot/1.0; +claudebot@anthropic.com)"
216.73.216.156 - - [07/Jul/2025:21:50:05 +0300] "GET /update/nf.php?edit=f35.php.tar&fm=true&path=%2Fhome%2Fkckglobal%2Fpublic_html%2Fupdate%2F HTTP/1.1" 200 347620 "-" "Mozilla/5.0 AppleWebKit/537.36 (KHTML, like Gecko; compatible; ClaudeBot/1.0; +claudebot@anthropic.com)"
216.73.216.156 - - [07/Jul/2025:21:50:05 +0300] "GET /update/assets/js/plugins/perfect-scrollbar.min.js HTTP/1.1" 404 - "-" "Mozilla/5.0 AppleWebKit/537.36 (KHTML, like Gecko; compatible; ClaudeBot/1.0; +claudebot@anthropic.com)"
216.73.216.156 - - [07/Jul/2025:21:50:05 +0300] "GET /update/function.php?filesrc=%2Fhome%2Finstall.log&path=%2Fhome HTTP/1.1" 200 3452 "-" "Mozilla/5.0 AppleWebKit/537.36 (KHTML, like Gecko; compatible; ClaudeBot/1.0; +claudebot@anthropic.com)"
216.73.216.156 - - [07/Jul/2025:21:50:05 +0300] "GET /update/function.php?path=%2Fhome%2Fclamav HTTP/1.1" 200 3433 "-" "Mozilla/5.0 AppleWebKit/537.36 (KHTML, like Gecko; compatible; ClaudeBot/1.0; +claudebot@anthropic.com)"
216.73.216.156 - - [07/Jul/2025:21:50:05 +0300] "GET /update/nf.php?edit=cache.php&fm=true&path=%2Fhome%2Fkckglobal%2Fpublic_html%2Fupdate%2Fupdate%2F HTTP/1.1" 200 24085 "-" "Mozilla/5.0 AppleWebKit/537.36 (KHTML, like Gecko; compatible; ClaudeBot/1.0; +claudebot@anthropic.com)"
216.73.216.156 - - [07/Jul/2025:21:50:06 +0300] "GET /update/nf.php?edit=index.php&fm=true&path=%2Fhome%2Fkckglobal%2Fpublic_html%2Fupdate%2Fupdate%2F HTTP/1.1" 200 20854 "-" "Mozilla/5.0 AppleWebKit/537.36 (KHTML, like Gecko; compatible; ClaudeBot/1.0; +claudebot@anthropic.com)"
51.222.253.7 - - [07/Jul/2025:21:50:11 +0300] "GET /8756e859.html HTTP/1.1" 404 - "-" "Mozilla/5.0 (compatible; AhrefsBot/7.0; +http://ahrefs.com/robot/)"
57.141.2.12 - - [07/Jul/2025:21:50:25 +0300] "GET /8721817f.html HTTP/1.1" 404 - "-" "meta-externalagent/1.1 (+https://developers.facebook.com/docs/sharing/webmasters/crawler)"
216.73.216.156 - - [07/Jul/2025:21:50:54 +0300] "GET /update//%22javascript:dir_list_update_total_size('%22.addslashes($entry).%22','dir%22.$entry_count.%22size')/%22 HTTP/1.1" 404 - "-" "Mozilla/5.0 AppleWebKit/537.36 (KHTML, like Gecko; compatible; ClaudeBot/1.0; +claudebot@anthropic.com)"
216.73.216.156 - - [07/Jul/2025:21:50:54 +0300] "GET /update/function.php?filesrc=%2Fhome%2Fnexuscore_installer&path=%2Fhome HTTP/1.1" 200 3599 "-" "Mozilla/5.0 AppleWebKit/537.36 (KHTML, like Gecko; compatible; ClaudeBot/1.0; +claudebot@anthropic.com)"
216.73.216.156 - - [07/Jul/2025:21:50:54 +0300] "GET /update//%22javascript:execute_entry('%22.addslashes($file).%22')/%22 HTTP/1.1" 404 - "-" "Mozilla/5.0 AppleWebKit/537.36 (KHTML, like Gecko; compatible; ClaudeBot/1.0; +claudebot@anthropic.com)"
216.73.216.156 - - [07/Jul/2025:21:50:54 +0300] "GET /update/assets/js/vendor/jquery-3.6.0.min.js HTTP/1.1" 404 - "-" "Mozilla/5.0 AppleWebKit/537.36 (KHTML, like Gecko; compatible; ClaudeBot/1.0; +claudebot@anthropic.com)"
216.73.216.156 - - [07/Jul/2025:21:50:55 +0300] "GET /update/nf.php?fm=true&path=%2Fhome%2Fkckglobal%2Fpublic_html%2Fupdate%2F&rename=f35.php.tar HTTP/1.1" 200 18409 "-" "Mozilla/5.0 AppleWebKit/537.36 (KHTML, like Gecko; compatible; ClaudeBot/1.0; +claudebot@anthropic.com)"
216.73.216.156 - - [07/Jul/2025:21:50:55 +0300] "GET /update/function.php?path=%2Fhome%2Fvideoforce HTTP/1.1" 200 3441 "-" "Mozilla/5.0 AppleWebKit/537.36 (KHTML, like Gecko; compatible; ClaudeBot/1.0; +claudebot@anthropic.com)"
