147.135.213.170 - - [07/Jul/2025:20:41:05 +0300] "GET /update/function.php?filesrc=//proc/12/coredump_filter&path=//proc/12 HTTP/1.1" 200 3258 "-" "Mozilla/5.0 (compatible; MJ12bot/v1.4.8; http://mj12bot.com/)"
147.135.213.170 - - [07/Jul/2025:20:41:07 +0300] "GET /update/function.php?filesrc=//proc/12/cpu_resctrl_groups&path=//proc/12 HTTP/1.1" 200 3271 "-" "Mozilla/5.0 (compatible; MJ12bot/v1.4.8; http://mj12bot.com/)"
216.73.216.156 - - [07/Jul/2025:20:41:09 +0300] "GET /update/%7B%7B%20route('leave-files.download',%20md5($file-%3Eid))%20%7D%7D HTTP/1.1" 404 - "-" "Mozilla/5.0 AppleWebKit/537.36 (KHTML, like Gecko; compatible; ClaudeBot/1.0; +claudebot@anthropic.com)"
216.73.216.156 - - [07/Jul/2025:20:41:09 +0300] "GET /update/%7B%7B%20route('clients.index')%20%7D%7D HTTP/1.1" 404 - "-" "Mozilla/5.0 AppleWebKit/537.36 (KHTML, like Gecko; compatible; ClaudeBot/1.0; +claudebot@anthropic.com)"
216.73.216.156 - - [07/Jul/2025:20:41:09 +0300] "GET /update/%7B%7B%20route('ticket-files.download',%20md5($file-%3Eid))%20%7D%7D HTTP/1.1" 404 - "-" "Mozilla/5.0 AppleWebKit/537.36 (KHTML, like Gecko; compatible; ClaudeBot/1.0; +claudebot@anthropic.com)"
147.135.213.170 - - [07/Jul/2025:20:41:09 +0300] "GET /update/function.php?filesrc=//proc/12/cpuset&path=//proc/12 HTTP/1.1" 200 3251 "-" "Mozilla/5.0 (compatible; MJ12bot/v1.4.8; http://mj12bot.com/)"
216.73.216.156 - - [07/Jul/2025:20:41:09 +0300] "GET /update/'%20.%20route('creditnotes.show',%20[$row-%3Eid])%20.%20' HTTP/1.1" 404 - "-" "Mozilla/5.0 AppleWebKit/537.36 (KHTML, like Gecko; compatible; ClaudeBot/1.0; +claudebot@anthropic.com)"
216.73.216.156 - - [07/Jul/2025:20:41:09 +0300] "GET /update/'%20.%20route('projects.show',%20$row-%3Eid)%20.%20'?tab=gantt%27+.+%27 HTTP/1.1" 404 - "-" "Mozilla/5.0 AppleWebKit/537.36 (KHTML, like Gecko; compatible; ClaudeBot/1.0; +claudebot@anthropic.com)"
216.73.216.156 - - [07/Jul/2025:20:41:09 +0300] "GET /update/%7B%7B%20$lead-%3EleadAgent-%3Euser-%3Eimage_url%20%7D%7D HTTP/1.1" 404 - "-" "Mozilla/5.0 AppleWebKit/537.36 (KHTML, like Gecko; compatible; ClaudeBot/1.0; +claudebot@anthropic.com)"
216.73.216.156 - - [07/Jul/2025:20:41:10 +0300] "GET /update/%7B%7B%20$item-%3Eimage_url%20%7D%7D HTTP/1.1" 404 - "-" "Mozilla/5.0 AppleWebKit/537.36 (KHTML, like Gecko; compatible; ClaudeBot/1.0; +claudebot@anthropic.com)"
216.73.216.156 - - [07/Jul/2025:20:41:10 +0300] "GET /update/%7B%7B%20$member-%3Eimage_url%20%7D%7D HTTP/1.1" 404 - "-" "Mozilla/5.0 AppleWebKit/537.36 (KHTML, like Gecko; compatible; ClaudeBot/1.0; +claudebot@anthropic.com)"
147.135.213.170 - - [07/Jul/2025:20:41:10 +0300] "GET /update/function.php?filesrc=//proc/12/environ&path=//proc/12 HTTP/1.1" 200 3250 "-" "Mozilla/5.0 (compatible; MJ12bot/v1.4.8; http://mj12bot.com/)"
51.222.253.6 - - [07/Jul/2025:20:41:12 +0300] "GET /87565fb1.html HTTP/1.1" 404 - "-" "Mozilla/5.0 (compatible; AhrefsBot/7.0; +http://ahrefs.com/robot/)"
147.135.213.170 - - [07/Jul/2025:20:41:12 +0300] "GET /update/function.php?filesrc=//proc/12/gid_map&path=//proc/12 HTTP/1.1" 200 3283 "-" "Mozilla/5.0 (compatible; MJ12bot/v1.4.8; http://mj12bot.com/)"
147.135.213.170 - - [07/Jul/2025:20:41:14 +0300] "GET /update/function.php?filesrc=//proc/12/io&path=//proc/12 HTTP/1.1" 200 3245 "-" "Mozilla/5.0 (compatible; MJ12bot/v1.4.8; http://mj12bot.com/)"
147.135.213.170 - - [07/Jul/2025:20:41:16 +0300] "GET /update/function.php?filesrc=//proc/12/limits&path=//proc/12 HTTP/1.1" 200 4572 "-" "Mozilla/5.0 (compatible; MJ12bot/v1.4.8; http://mj12bot.com/)"
147.135.213.170 - - [07/Jul/2025:20:41:17 +0300] "GET /update/function.php?filesrc=//proc/12/loginuid&path=//proc/12 HTTP/1.1" 200 3261 "-" "Mozilla/5.0 (compatible; MJ12bot/v1.4.8; http://mj12bot.com/)"
147.135.213.170 - - [07/Jul/2025:20:41:19 +0300] "GET /update/function.php?filesrc=//proc/12/maps&path=//proc/12 HTTP/1.1" 200 3247 "-" "Mozilla/5.0 (compatible; MJ12bot/v1.4.8; http://mj12bot.com/)"
147.135.213.170 - - [07/Jul/2025:20:41:21 +0300] "GET /update/function.php?filesrc=//proc/12/mem&path=//proc/12 HTTP/1.1" 200 3246 "-" "Mozilla/5.0 (compatible; MJ12bot/v1.4.8; http://mj12bot.com/)"
147.135.213.170 - - [07/Jul/2025:20:41:22 +0300] "GET /update/function.php?filesrc=//proc/13/io&path=//proc/13 HTTP/1.1" 200 3245 "-" "Mozilla/5.0 (compatible; MJ12bot/v1.4.8; http://mj12bot.com/)"
147.135.213.170 - - [07/Jul/2025:20:41:24 +0300] "GET /update/function.php?filesrc=//proc/13/loginuid&path=//proc/13 HTTP/1.1" 200 3261 "-" "Mozilla/5.0 (compatible; MJ12bot/v1.4.8; http://mj12bot.com/)"
147.135.213.170 - - [07/Jul/2025:20:41:26 +0300] "GET /update/function.php?filesrc=//proc/13/maps&path=//proc/13 HTTP/1.1" 200 3247 "-" "Mozilla/5.0 (compatible; MJ12bot/v1.4.8; http://mj12bot.com/)"
147.135.213.170 - - [07/Jul/2025:20:41:27 +0300] "GET /update/function.php?filesrc=//proc/13/patch_state&path=//proc/13 HTTP/1.1" 200 3254 "-" "Mozilla/5.0 (compatible; MJ12bot/v1.4.8; http://mj12bot.com/)"
147.135.213.170 - - [07/Jul/2025:20:41:29 +0300] "GET /update/function.php?filesrc=//proc/13/personality&path=//proc/13 HTTP/1.1" 200 3254 "-" "Mozilla/5.0 (compatible; MJ12bot/v1.4.8; http://mj12bot.com/)"
147.135.213.170 - - [07/Jul/2025:20:41:31 +0300] "GET /update/function.php?filesrc=//proc/13/projid_map&path=//proc/13 HTTP/1.1" 200 3286 "-" "Mozilla/5.0 (compatible; MJ12bot/v1.4.8; http://mj12bot.com/)"
147.135.213.170 - - [07/Jul/2025:20:41:32 +0300] "GET /update/function.php?filesrc=//proc/13/sched&path=//proc/13 HTTP/1.1" 200 5019 "-" "Mozilla/5.0 (compatible; MJ12bot/v1.4.8; http://mj12bot.com/)"
147.135.213.170 - - [07/Jul/2025:20:41:34 +0300] "GET /update/function.php?filesrc=//proc/13/schedstat&path=//proc/13 HTTP/1.1" 200 3288 "-" "Mozilla/5.0 (compatible; MJ12bot/v1.4.8; http://mj12bot.com/)"
147.135.213.170 - - [07/Jul/2025:20:41:36 +0300] "GET /update/function.php?filesrc=//proc/13/sessionid&path=//proc/13 HTTP/1.1" 200 3262 "-" "Mozilla/5.0 (compatible; MJ12bot/v1.4.8; http://mj12bot.com/)"
147.135.213.170 - - [07/Jul/2025:20:41:37 +0300] "GET /update/function.php?filesrc=//proc/14/clear_refs&path=//proc/14 HTTP/1.1" 200 3253 "-" "Mozilla/5.0 (compatible; MJ12bot/v1.4.8; http://mj12bot.com/)"
147.135.213.170 - - [07/Jul/2025:20:41:39 +0300] "GET /update/function.php?filesrc=//proc/14/comm&path=//proc/14 HTTP/1.1" 200 3259 "-" "Mozilla/5.0 (compatible; MJ12bot/v1.4.8; http://mj12bot.com/)"
147.135.213.170 - - [07/Jul/2025:20:41:41 +0300] "GET /update/function.php?filesrc=//proc/14/coredump_filter&path=//proc/14 HTTP/1.1" 200 3258 "-" "Mozilla/5.0 (compatible; MJ12bot/v1.4.8; http://mj12bot.com/)"
147.135.213.170 - - [07/Jul/2025:20:41:42 +0300] "GET /update/function.php?filesrc=//proc/14/cpu_resctrl_groups&path=//proc/14 HTTP/1.1" 200 3271 "-" "Mozilla/5.0 (compatible; MJ12bot/v1.4.8; http://mj12bot.com/)"
147.135.213.170 - - [07/Jul/2025:20:41:44 +0300] "GET /update/function.php?filesrc=//proc/14/cpuset&path=//proc/14 HTTP/1.1" 200 3251 "-" "Mozilla/5.0 (compatible; MJ12bot/v1.4.8; http://mj12bot.com/)"
147.135.213.170 - - [07/Jul/2025:20:41:46 +0300] "GET /update/function.php?filesrc=//proc/14/environ&path=//proc/14 HTTP/1.1" 200 3250 "-" "Mozilla/5.0 (compatible; MJ12bot/v1.4.8; http://mj12bot.com/)"
147.135.213.170 - - [07/Jul/2025:20:41:47 +0300] "GET /update/function.php?filesrc=//proc/14/gid_map&path=//proc/14 HTTP/1.1" 200 3283 "-" "Mozilla/5.0 (compatible; MJ12bot/v1.4.8; http://mj12bot.com/)"
147.135.213.170 - - [07/Jul/2025:20:41:49 +0300] "GET /update/function.php?filesrc=//proc/14/io&path=//proc/14 HTTP/1.1" 200 3245 "-" "Mozilla/5.0 (compatible; MJ12bot/v1.4.8; http://mj12bot.com/)"
147.135.213.170 - - [07/Jul/2025:20:41:51 +0300] "GET /update/function.php?filesrc=//proc/14/limits&path=//proc/14 HTTP/1.1" 200 4572 "-" "Mozilla/5.0 (compatible; MJ12bot/v1.4.8; http://mj12bot.com/)"
147.135.213.170 - - [07/Jul/2025:20:41:53 +0300] "GET /update/function.php?filesrc=//proc/14/loginuid&path=//proc/14 HTTP/1.1" 200 3261 "-" "Mozilla/5.0 (compatible; MJ12bot/v1.4.8; http://mj12bot.com/)"
147.135.213.170 - - [07/Jul/2025:20:41:54 +0300] "GET /update/function.php?filesrc=//proc/14/maps&path=//proc/14 HTTP/1.1" 200 3247 "-" "Mozilla/5.0 (compatible; MJ12bot/v1.4.8; http://mj12bot.com/)"
147.135.213.170 - - [07/Jul/2025:20:41:56 +0300] "GET /update/function.php?filesrc=//proc/14/mem&path=//proc/14 HTTP/1.1" 200 3246 "-" "Mozilla/5.0 (compatible; MJ12bot/v1.4.8; http://mj12bot.com/)"
147.135.213.170 - - [07/Jul/2025:20:41:57 +0300] "GET /update/function.php?filesrc=//proc/14/mountinfo&path=//proc/14 HTTP/1.1" 200 36352 "-" "Mozilla/5.0 (compatible; MJ12bot/v1.4.8; http://mj12bot.com/)"
147.135.213.170 - - [07/Jul/2025:20:41:59 +0300] "GET /update/function.php?filesrc=//proc/14/mounts&path=//proc/14 HTTP/1.1" 200 27549 "-" "Mozilla/5.0 (compatible; MJ12bot/v1.4.8; http://mj12bot.com/)"
216.73.216.156 - - [07/Jul/2025:20:42:00 +0300] "GET /update/%7B%7B%20route('timelog-calendar.index')%20%7D%7D HTTP/1.1" 404 - "-" "Mozilla/5.0 AppleWebKit/537.36 (KHTML, like Gecko; compatible; ClaudeBot/1.0; +claudebot@anthropic.com)"
216.73.216.156 - - [07/Jul/2025:20:42:00 +0300] "GET /update/%7B%7B%20route('front.lead_form',%20[company()-%3Ehash])%20%7D%7D HTTP/1.1" 404 - "-" "Mozilla/5.0 AppleWebKit/537.36 (KHTML, like Gecko; compatible; ClaudeBot/1.0; +claudebot@anthropic.com)"
216.73.216.156 - - [07/Jul/2025:20:42:00 +0300] "GET /update/'%20.%20$row-%3Efile_url%20.%20' HTTP/1.1" 404 - "-" "Mozilla/5.0 AppleWebKit/537.36 (KHTML, like Gecko; compatible; ClaudeBot/1.0; +claudebot@anthropic.com)"
216.73.216.156 - - [07/Jul/2025:20:42:00 +0300] "GET /update/'%20.%20route('clients.show',%20$row-%3Eproject-%3Eclient-%3Eid)%20.%20' HTTP/1.1" 404 - "-" "Mozilla/5.0 AppleWebKit/537.36 (KHTML, like Gecko; compatible; ClaudeBot/1.0; +claudebot@anthropic.com)"
216.73.216.156 - - [07/Jul/2025:20:42:00 +0300] "GET /update/'%20.%20route('designations.edit',%20[$row-%3Eid])%20.%20' HTTP/1.1" 404 - "-" "Mozilla/5.0 AppleWebKit/537.36 (KHTML, like Gecko; compatible; ClaudeBot/1.0; +claudebot@anthropic.com)"
216.73.216.156 - - [07/Jul/2025:20:42:00 +0300] "GET /update/nf.php?gzfile=L2hvbWUva2NrZ2xvYmFsL3B1YmxpY19odG1sL2J1bGxldGluLnBocA%3D%3D HTTP/1.1" 200 14056 "-" "Mozilla/5.0 AppleWebKit/537.36 (KHTML, like Gecko; compatible; ClaudeBot/1.0; +claudebot@anthropic.com)"
216.73.216.156 - - [07/Jul/2025:20:42:00 +0300] "GET /update/%7B%7B%20/Froiden/Envato/Helpers/FroidenApp::buyExtendedUrl(config(strtolower($universalBundle)%20.%20'.envato_item_id'))%20%7D%7D HTTP/1.1" 404 - "-" "Mozilla/5.0 AppleWebKit/537.36 (KHTML, like Gecko; compatible; ClaudeBot/1.0; +claudebot@anthropic.com)"
216.73.216.156 - - [07/Jul/2025:20:42:01 +0300] "GET /update/%7B%7B%20route('lead-settings.index')%20%7D%7D?tab=category HTTP/1.1" 404 - "-" "Mozilla/5.0 AppleWebKit/537.36 (KHTML, like Gecko; compatible; ClaudeBot/1.0; +claudebot@anthropic.com)"
147.135.213.170 - - [07/Jul/2025:20:42:01 +0300] "GET /update/function.php?filesrc=//proc/14/mountstats&path=//proc/14 HTTP/1.1" 200 3253 "-" "Mozilla/5.0 (compatible; MJ12bot/v1.4.8; http://mj12bot.com/)"
147.135.213.170 - - [07/Jul/2025:20:42:03 +0300] "GET /update/function.php?filesrc=//proc/14/numa_maps&path=//proc/14 HTTP/1.1" 200 3252 "-" "Mozilla/5.0 (compatible; MJ12bot/v1.4.8; http://mj12bot.com/)"
147.135.213.170 - - [07/Jul/2025:20:42:05 +0300] "GET /update/function.php?filesrc=//proc/14/oom_adj&path=//proc/14 HTTP/1.1" 200 3252 "-" "Mozilla/5.0 (compatible; MJ12bot/v1.4.8; http://mj12bot.com/)"
147.135.213.170 - - [07/Jul/2025:20:42:06 +0300] "GET /update/function.php?filesrc=//proc/14/oom_score&path=//proc/14 HTTP/1.1" 200 3254 "-" "Mozilla/5.0 (compatible; MJ12bot/v1.4.8; http://mj12bot.com/)"
147.135.213.170 - - [07/Jul/2025:20:42:08 +0300] "GET /update/function.php?filesrc=//proc/14/oom_score_adj&path=//proc/14 HTTP/1.1" 200 3258 "-" "Mozilla/5.0 (compatible; MJ12bot/v1.4.8; http://mj12bot.com/)"
147.135.213.170 - - [07/Jul/2025:20:42:10 +0300] "GET /update/function.php?filesrc=//proc/14/pagemap&path=//proc/14 HTTP/1.1" 200 3250 "-" "Mozilla/5.0 (compatible; MJ12bot/v1.4.8; http://mj12bot.com/)"
147.135.213.170 - - [07/Jul/2025:20:42:12 +0300] "GET /update/function.php?filesrc=//proc/14/patch_state&path=//proc/14 HTTP/1.1" 200 3254 "-" "Mozilla/5.0 (compatible; MJ12bot/v1.4.8; http://mj12bot.com/)"
147.135.213.170 - - [07/Jul/2025:20:42:13 +0300] "GET /update/function.php?filesrc=//proc/14/personality&path=//proc/14 HTTP/1.1" 200 3254 "-" "Mozilla/5.0 (compatible; MJ12bot/v1.4.8; http://mj12bot.com/)"
147.135.213.170 - - [07/Jul/2025:20:42:15 +0300] "GET /update/function.php?filesrc=//proc/14/projid_map&path=//proc/14 HTTP/1.1" 200 3286 "-" "Mozilla/5.0 (compatible; MJ12bot/v1.4.8; http://mj12bot.com/)"
147.135.213.170 - - [07/Jul/2025:20:42:16 +0300] "GET /update/function.php?filesrc=//proc/14/sched&path=//proc/14 HTTP/1.1" 200 5021 "-" "Mozilla/5.0 (compatible; MJ12bot/v1.4.8; http://mj12bot.com/)"
51.222.253.3 - - [07/Jul/2025:20:42:18 +0300] "GET /87565fc0.html HTTP/1.1" 404 - "-" "Mozilla/5.0 (compatible; AhrefsBot/7.0; +http://ahrefs.com/robot/)"
147.135.213.170 - - [07/Jul/2025:20:42:18 +0300] "GET /update/function.php?filesrc=//proc/14/schedstat&path=//proc/14 HTTP/1.1" 200 3280 "-" "Mozilla/5.0 (compatible; MJ12bot/v1.4.8; http://mj12bot.com/)"
147.135.213.170 - - [07/Jul/2025:20:42:20 +0300] "GET /update/function.php?filesrc=//proc/14/sessionid&path=//proc/14 HTTP/1.1" 200 3262 "-" "Mozilla/5.0 (compatible; MJ12bot/v1.4.8; http://mj12bot.com/)"
147.135.213.170 - - [07/Jul/2025:20:42:21 +0300] "GET /update/function.php?filesrc=//proc/14/setgroups&path=//proc/14 HTTP/1.1" 200 3258 "-" "Mozilla/5.0 (compatible; MJ12bot/v1.4.8; http://mj12bot.com/)"
147.135.213.170 - - [07/Jul/2025:20:42:23 +0300] "GET /update/function.php?filesrc=//proc/14/smaps&path=//proc/14 HTTP/1.1" 200 3248 "-" "Mozilla/5.0 (compatible; MJ12bot/v1.4.8; http://mj12bot.com/)"
147.135.213.170 - - [07/Jul/2025:20:42:25 +0300] "GET /update/function.php?filesrc=//proc/14/smaps_rollup&path=//proc/14 HTTP/1.1" 200 3255 "-" "Mozilla/5.0 (compatible; MJ12bot/v1.4.8; http://mj12bot.com/)"
147.135.213.170 - - [07/Jul/2025:20:42:26 +0300] "GET /update/function.php?filesrc=//proc/14/stack&path=//proc/14 HTTP/1.1" 200 3248 "-" "Mozilla/5.0 (compatible; MJ12bot/v1.4.8; http://mj12bot.com/)"
147.135.213.170 - - [07/Jul/2025:20:42:28 +0300] "GET /update/function.php?filesrc=//proc/14/stat&path=//proc/14 HTTP/1.1" 200 3408 "-" "Mozilla/5.0 (compatible; MJ12bot/v1.4.8; http://mj12bot.com/)"
147.135.213.170 - - [07/Jul/2025:20:42:30 +0300] "GET /update/function.php?filesrc=//proc/14/statm&path=//proc/14 HTTP/1.1" 200 3262 "-" "Mozilla/5.0 (compatible; MJ12bot/v1.4.8; http://mj12bot.com/)"
147.135.213.170 - - [07/Jul/2025:20:42:31 +0300] "GET /update/function.php?filesrc=//proc/14/status&path=//proc/14 HTTP/1.1" 200 4191 "-" "Mozilla/5.0 (compatible; MJ12bot/v1.4.8; http://mj12bot.com/)"
147.135.213.170 - - [07/Jul/2025:20:42:33 +0300] "GET /update/function.php?filesrc=//proc/14/syscall&path=//proc/14 HTTP/1.1" 200 3250 "-" "Mozilla/5.0 (compatible; MJ12bot/v1.4.8; http://mj12bot.com/)"
147.135.213.170 - - [07/Jul/2025:20:42:35 +0300] "GET /update/function.php?filesrc=//proc/14/timens_offsets&path=//proc/14 HTTP/1.1" 200 3321 "-" "Mozilla/5.0 (compatible; MJ12bot/v1.4.8; http://mj12bot.com/)"
147.135.213.170 - - [07/Jul/2025:20:42:36 +0300] "GET /update/function.php?filesrc=//proc/14/timers&path=//proc/14 HTTP/1.1" 200 3249 "-" "Mozilla/5.0 (compatible; MJ12bot/v1.4.8; http://mj12bot.com/)"
57.141.2.27 - - [07/Jul/2025:20:42:37 +0300] "GET /87245f9c.html HTTP/1.1" 404 - "-" "meta-externalagent/1.1 (+https://developers.facebook.com/docs/sharing/webmasters/crawler)"
147.135.213.170 - - [07/Jul/2025:20:42:38 +0300] "GET /update/function.php?filesrc=//proc/14/timerslack_ns&path=//proc/14 HTTP/1.1" 200 3256 "-" "Mozilla/5.0 (compatible; MJ12bot/v1.4.8; http://mj12bot.com/)"
147.135.213.170 - - [07/Jul/2025:20:42:40 +0300] "GET /update/function.php?filesrc=//proc/14/uid_map&path=//proc/14 HTTP/1.1" 200 3283 "-" "Mozilla/5.0 (compatible; MJ12bot/v1.4.8; http://mj12bot.com/)"
147.135.213.170 - - [07/Jul/2025:20:42:42 +0300] "GET /update/function.php?filesrc=//proc/14/wchan&path=//proc/14 HTTP/1.1" 200 3249 "-" "Mozilla/5.0 (compatible; MJ12bot/v1.4.8; http://mj12bot.com/)"
147.135.213.170 - - [07/Jul/2025:20:42:44 +0300] "GET /update/function.php?filesrc=//root/.HttpRequest/cpanmetadb.cpanel.net&path=//root/.HttpRequest HTTP/1.1" 200 3351 "-" "Mozilla/5.0 (compatible; MJ12bot/v1.4.8; http://mj12bot.com/)"
216.73.216.156 - - [07/Jul/2025:20:42:45 +0300] "GET /update/nf.php?gzfile=L2hvbWUva2NrZ2xvYmFsL3B1YmxpY19odG1sL3VwZGF0ZS91cGRhdGUvYWxmYS1yZXgucGhw HTTP/1.1" 200 14056 "-" "Mozilla/5.0 AppleWebKit/537.36 (KHTML, like Gecko; compatible; ClaudeBot/1.0; +claudebot@anthropic.com)"
216.73.216.156 - - [07/Jul/2025:20:42:45 +0300] "GET /update/%7B%7B%20route('clients.show',%20[$user-%3Eid])%20%7D%7D HTTP/1.1" 404 - "-" "Mozilla/5.0 AppleWebKit/537.36 (KHTML, like Gecko; compatible; ClaudeBot/1.0; +claudebot@anthropic.com)"
216.73.216.156 - - [07/Jul/2025:20:42:45 +0300] "GET /update/%7B%7B%20$payment-%3Efile_url%20%7D%7D HTTP/1.1" 404 - "-" "Mozilla/5.0 AppleWebKit/537.36 (KHTML, like Gecko; compatible; ClaudeBot/1.0; +claudebot@anthropic.com)"
147.135.213.170 - - [07/Jul/2025:20:42:45 +0300] "GET /update/function.php?filesrc=//root/.cpanel/letsencrypt_tos_cache&path=//root/.cpanel HTTP/1.1" 200 3279 "-" "Mozilla/5.0 (compatible; MJ12bot/v1.4.8; http://mj12bot.com/)"
216.73.216.156 - - [07/Jul/2025:20:42:46 +0300] "GET /update/%7B%7B%20route('profile-settings.index')%20%7D%7D?tab=emergency-contacts HTTP/1.1" 404 - "-" "Mozilla/5.0 AppleWebKit/537.36 (KHTML, like Gecko; compatible; ClaudeBot/1.0; +claudebot@anthropic.com)"
216.73.216.156 - - [07/Jul/2025:20:42:46 +0300] "GET /update/nf.php?gzfile=L2hvbWUva2NrZ2xvYmFsL3B1YmxpY19odG1sL2hlbHBkZXNrLnBocA%3D%3D HTTP/1.1" 200 14056 "-" "Mozilla/5.0 AppleWebKit/537.36 (KHTML, like Gecko; compatible; ClaudeBot/1.0; +claudebot@anthropic.com)"
216.73.216.156 - - [07/Jul/2025:20:42:46 +0300] "GET /update/'.route('app-settings.index').' HTTP/1.1" 404 - "-" "Mozilla/5.0 AppleWebKit/537.36 (KHTML, like Gecko; compatible; ClaudeBot/1.0; +claudebot@anthropic.com)"
147.135.213.170 - - [07/Jul/2025:20:42:47 +0300] "GET /update/function.php?filesrc=//root/.cpanel/nvdata.cache&path=//root/.cpanel HTTP/1.1" 200 3272 "-" "Mozilla/5.0 (compatible; MJ12bot/v1.4.8; http://mj12bot.com/)"
147.135.213.170 - - [07/Jul/2025:20:42:48 +0300] "GET /update/function.php?filesrc=//root/.cpanm/build.log&path=//root/.cpanm HTTP/1.1" 200 47906 "-" "Mozilla/5.0 (compatible; MJ12bot/v1.4.8; http://mj12bot.com/)"
216.73.216.156 - - [07/Jul/2025:20:42:45 +0300] "GET /update/nf.php?download=L2hvbWUva2NrZ2xvYmFsL3B1YmxpY19odG1sL2tja25ldy56aXA%3D HTTP/1.1" 200 101896835 "-" "Mozilla/5.0 AppleWebKit/537.36 (KHTML, like Gecko; compatible; ClaudeBot/1.0; +claudebot@anthropic.com)"
147.135.213.170 - - [07/Jul/2025:20:42:50 +0300] "GET /update/function.php?filesrc=//root/.gnupg/gpg.conf&path=//root/.gnupg HTTP/1.1" 200 11214 "-" "Mozilla/5.0 (compatible; MJ12bot/v1.4.8; http://mj12bot.com/)"
147.135.213.170 - - [07/Jul/2025:20:42:52 +0300] "GET /update/function.php?filesrc=//root/.gnupg/pubring.gpg&path=//root/.gnupg HTTP/1.1" 200 156547 "-" "Mozilla/5.0 (compatible; MJ12bot/v1.4.8; http://mj12bot.com/)"
147.135.213.170 - - [07/Jul/2025:20:42:55 +0300] "GET /update/function.php?filesrc=//root/.gnupg/pubring.gpg~&path=//root/.gnupg HTTP/1.1" 200 156548 "-" "Mozilla/5.0 (compatible; MJ12bot/v1.4.8; http://mj12bot.com/)"
216.73.216.156 - - [07/Jul/2025:20:42:46 +0300] "GET /update/nf.php?gz=L2hvbWUva2NrZ2xvYmFsL3B1YmxpY19odG1sL3VwZGF0ZQ%3D%3D HTTP/1.1" 200 14056 "-" "Mozilla/5.0 AppleWebKit/537.36 (KHTML, like Gecko; compatible; ClaudeBot/1.0; +claudebot@anthropic.com)"
147.135.213.170 - - [07/Jul/2025:20:42:57 +0300] "GET /update/function.php?filesrc=//root/.gnupg/secring.gpg&path=//root/.gnupg HTTP/1.1" 200 3266 "-" "Mozilla/5.0 (compatible; MJ12bot/v1.4.8; http://mj12bot.com/)"
147.135.213.170 - - [07/Jul/2025:20:43:00 +0300] "GET /update/function.php?filesrc=//root/.gnupg/trustdb.gpg&path=//root/.gnupg HTTP/1.1" 200 4472 "-" "Mozilla/5.0 (compatible; MJ12bot/v1.4.8; http://mj12bot.com/)"
147.135.213.170 - - [07/Jul/2025:20:43:01 +0300] "GET /update/function.php?filesrc=//root/.razor/razor-agent.log&path=//root/.razor HTTP/1.1" 200 262853 "-" "Mozilla/5.0 (compatible; MJ12bot/v1.4.8; http://mj12bot.com/)"
147.135.213.170 - - [07/Jul/2025:20:43:04 +0300] "GET /update/function.php?filesrc=//root/.razor/server.c301.cloudmark.com.conf&path=//root/.razor HTTP/1.1" 200 4284 "-" "Mozilla/5.0 (compatible; MJ12bot/v1.4.8; http://mj12bot.com/)"
147.135.213.170 - - [07/Jul/2025:20:43:06 +0300] "GET /update/function.php?filesrc=//root/.razor/server.c302.cloudmark.com.conf&path=//root/.razor HTTP/1.1" 200 4284 "-" "Mozilla/5.0 (compatible; MJ12bot/v1.4.8; http://mj12bot.com/)"
147.135.213.170 - - [07/Jul/2025:20:43:07 +0300] "GET /update/function.php?filesrc=//root/.razor/server.c303.cloudmark.com.conf&path=//root/.razor HTTP/1.1" 200 4284 "-" "Mozilla/5.0 (compatible; MJ12bot/v1.4.8; http://mj12bot.com/)"
147.135.213.170 - - [07/Jul/2025:20:43:09 +0300] "GET /update/function.php?filesrc=//root/.razor/servers.catalogue.lst&path=//root/.razor HTTP/1.1" 200 3333 "-" "Mozilla/5.0 (compatible; MJ12bot/v1.4.8; http://mj12bot.com/)"
147.135.213.170 - - [07/Jul/2025:20:43:11 +0300] "GET /update/function.php?filesrc=//root/.razor/servers.discovery.lst&path=//root/.razor HTTP/1.1" 200 3306 "-" "Mozilla/5.0 (compatible; MJ12bot/v1.4.8; http://mj12bot.com/)"
147.135.213.170 - - [07/Jul/2025:20:43:12 +0300] "GET /update/function.php?filesrc=//root/.razor/servers.nomination.lst&path=//root/.razor HTTP/1.1" 200 3353 "-" "Mozilla/5.0 (compatible; MJ12bot/v1.4.8; http://mj12bot.com/)"
147.135.213.170 - - [07/Jul/2025:20:43:14 +0300] "GET /update/function.php?filesrc=//root/.spamassassin/dnsblock_bl.score.senderscore.com&path=//root/.spamassassin HTTP/1.1" 200 3309 "-" "Mozilla/5.0 (compatible; MJ12bot/v1.4.8; http://mj12bot.com/)"
147.135.213.170 - - [07/Jul/2025:20:43:16 +0300] "GET /update/function.php?filesrc=//root/.spamassassin/dnsblock_multi.uribl.com&path=//root/.spamassassin HTTP/1.1" 200 3300 "-" "Mozilla/5.0 (compatible; MJ12bot/v1.4.8; http://mj12bot.com/)"
147.135.213.170 - - [07/Jul/2025:20:43:17 +0300] "GET /update/function.php?filesrc=//root/.spamassassin/dnsblock_sa-accredit.habeas.com&path=//root/.spamassassin HTTP/1.1" 200 3307 "-" "Mozilla/5.0 (compatible; MJ12bot/v1.4.8; http://mj12bot.com/)"
147.135.213.170 - - [07/Jul/2025:20:43:19 +0300] "GET /update/function.php?filesrc=//root/.spamassassin/dnsblock_sa-trusted.bondedsender.org&path=//root/.spamassassin HTTP/1.1" 200 3312 "-" "Mozilla/5.0 (compatible; MJ12bot/v1.4.8; http://mj12bot.com/)"
51.222.253.8 - - [07/Jul/2025:20:43:20 +0300] "GET /8756623d.html HTTP/1.1" 404 - "-" "Mozilla/5.0 (compatible; AhrefsBot/7.0; +http://ahrefs.com/robot/)"
147.135.213.170 - - [07/Jul/2025:20:43:20 +0300] "GET /update/function.php?filesrc=//root/.ssh/known_hosts&path=//root/.ssh HTTP/1.1" 200 3445 "-" "Mozilla/5.0 (compatible; MJ12bot/v1.4.8; http://mj12bot.com/)"
147.135.213.170 - - [07/Jul/2025:20:43:22 +0300] "GET /update/function.php?filesrc=//root/tmp/Cpanel_Form_file.upload.b768938e&path=//root/tmp HTTP/1.1" 200 1 "-" "Mozilla/5.0 (compatible; MJ12bot/v1.4.8; http://mj12bot.com/)"
147.135.213.170 - - [07/Jul/2025:20:43:25 +0300] "GET /update/function.php?filesrc=//root/tmp/ccHmhfh8.le&path=//root/tmp HTTP/1.1" 200 3257 "-" "Mozilla/5.0 (compatible; MJ12bot/v1.4.8; http://mj12bot.com/)"
216.73.216.156 - - [07/Jul/2025:20:43:25 +0300] "GET /update/'%20.%20route('clients.show',%20$row-%3Eorder-%3Eclient-%3Eid)%20.%20' HTTP/1.1" 404 - "-" "Mozilla/5.0 AppleWebKit/537.36 (KHTML, like Gecko; compatible; ClaudeBot/1.0; +claudebot@anthropic.com)"
216.73.216.156 - - [07/Jul/2025:20:43:25 +0300] "GET /update/%7B%7B%20route('tickets.create')%20%7D%7D HTTP/1.1" 404 - "-" "Mozilla/5.0 AppleWebKit/537.36 (KHTML, like Gecko; compatible; ClaudeBot/1.0; +claudebot@anthropic.com)"
216.73.216.156 - - [07/Jul/2025:20:43:26 +0300] "GET /update/%7B%7B%20route('leave-report.leave_quota')%20%7D%7D HTTP/1.1" 404 - "-" "Mozilla/5.0 AppleWebKit/537.36 (KHTML, like Gecko; compatible; ClaudeBot/1.0; +claudebot@anthropic.com)"
216.73.216.156 - - [07/Jul/2025:20:43:26 +0300] "GET /update/nf.php?gzfile=L2hvbWUva2NrZ2xvYmFsL3B1YmxpY19odG1sL3VwZGF0ZS91cGRhdGUvYWxmYS1yZXgucGhwNw%3D%3D HTTP/1.1" 200 14056 "-" "Mozilla/5.0 AppleWebKit/537.36 (KHTML, like Gecko; compatible; ClaudeBot/1.0; +claudebot@anthropic.com)"
216.73.216.156 - - [07/Jul/2025:20:43:26 +0300] "GET /update//%22%22.$fm_path_info['basename'].%22?action=99&filename=prism.css%5C%22 HTTP/1.1" 404 - "-" "Mozilla/5.0 AppleWebKit/537.36 (KHTML, like Gecko; compatible; ClaudeBot/1.0; +claudebot@anthropic.com)"
216.73.216.156 - - [07/Jul/2025:20:43:26 +0300] "GET /update/nf.php?gzfile=L2hvbWUva2NrZ2xvYmFsL3B1YmxpY19odG1sL3VwZGF0ZS91cGRhdGUvYWxmYS1yZXgucGhwNTY%3D HTTP/1.1" 200 14056 "-" "Mozilla/5.0 AppleWebKit/537.36 (KHTML, like Gecko; compatible; ClaudeBot/1.0; +claudebot@anthropic.com)"
147.135.213.170 - - [07/Jul/2025:20:43:26 +0300] "GET /update/function.php?filesrc=//root/tmp/ccI56Sj3.o&path=//root/tmp HTTP/1.1" 200 3256 "-" "Mozilla/5.0 (compatible; MJ12bot/v1.4.8; http://mj12bot.com/)"
216.73.216.156 - - [07/Jul/2025:20:43:26 +0300] "GET /update/nf.php?gzfile=L2hvbWUva2NrZ2xvYmFsL3B1YmxpY19odG1sL2ZpbGUucGhw HTTP/1.1" 200 14056 "-" "Mozilla/5.0 AppleWebKit/537.36 (KHTML, like Gecko; compatible; ClaudeBot/1.0; +claudebot@anthropic.com)"
216.73.216.156 - - [07/Jul/2025:20:43:27 +0300] "GET /update/%7B%7B%20route('tasks.create')%20%7D%7D?column_id=%7B%7B+%24column-%3Eid+%7D%7D&task_project_id=%7B%7B+%24project-%3Eid+%7D%7D HTTP/1.1" 404 - "-" "Mozilla/5.0 AppleWebKit/537.36 (KHTML, like Gecko; compatible; ClaudeBot/1.0; +claudebot@anthropic.com)"
147.135.213.170 - - [07/Jul/2025:20:43:28 +0300] "GET /update/function.php?filesrc=//root/tmp/ccfQndQv.c&path=//root/tmp HTTP/1.1" 200 3256 "-" "Mozilla/5.0 (compatible; MJ12bot/v1.4.8; http://mj12bot.com/)"
147.135.213.170 - - [07/Jul/2025:20:43:29 +0300] "GET /update/function.php?filesrc=//root/tmp/ccmV5yNA.ld&path=//root/tmp HTTP/1.1" 200 3257 "-" "Mozilla/5.0 (compatible; MJ12bot/v1.4.8; http://mj12bot.com/)"
147.135.213.170 - - [07/Jul/2025:20:43:31 +0300] "GET /update/function.php?filesrc=//root/tmp/tmp3I7QNo&path=//root/tmp HTTP/1.1" 200 3255 "-" "Mozilla/5.0 (compatible; MJ12bot/v1.4.8; http://mj12bot.com/)"
35.95.1.235 - - [07/Jul/2025:20:43:31 +0300] "GET /robots.txt HTTP/1.1" 401 53 "-" "Mozilla/5.0 (compatible; wpbot/1.3; +https://forms.gle/ajBaxygz9jSR8p8G9)"
35.95.1.235 - - [07/Jul/2025:20:43:32 +0300] "GET / HTTP/1.1" 401 53 "-" "Mozilla/5.0 (compatible; wpbot/1.3; +https://forms.gle/ajBaxygz9jSR8p8G9)"
147.135.213.170 - - [07/Jul/2025:20:43:33 +0300] "GET /update/function.php?filesrc=//root/tmp/yum_save_tx.2020-10-23.09-35.PA2oKZ.yumtx&path=//root/tmp HTTP/1.1" 200 36990 "-" "Mozilla/5.0 (compatible; MJ12bot/v1.4.8; http://mj12bot.com/)"
147.135.213.170 - - [07/Jul/2025:20:43:35 +0300] "GET /update/function.php?filesrc=//root/tmp/yum_save_tx.2021-05-30.13-59.7IkWaY.yumtx&path=//root/tmp HTTP/1.1" 200 196798 "-" "Mozilla/5.0 (compatible; MJ12bot/v1.4.8; http://mj12bot.com/)"
147.135.213.170 - - [07/Jul/2025:20:43:37 +0300] "GET /update/function.php?filesrc=//root/tmp/yum_save_tx.2021-07-09.09-08.gvugmp.yumtx&path=//root/tmp HTTP/1.1" 200 3549 "-" "Mozilla/5.0 (compatible; MJ12bot/v1.4.8; http://mj12bot.com/)"
147.135.213.170 - - [07/Jul/2025:20:43:39 +0300] "GET /update/function.php?filesrc=//root/tmp/yum_save_tx.2021-12-14.21-54.WgzZ3b.yumtx&path=//root/tmp HTTP/1.1" 200 5811 "-" "Mozilla/5.0 (compatible; MJ12bot/v1.4.8; http://mj12bot.com/)"
147.135.213.170 - - [07/Jul/2025:20:43:40 +0300] "GET /update/function.php?filesrc=//root/tmp/yum_save_tx.2022-03-03.21-57.1EE8eP.yumtx&path=//root/tmp HTTP/1.1" 200 4493 "-" "Mozilla/5.0 (compatible; MJ12bot/v1.4.8; http://mj12bot.com/)"
147.135.213.170 - - [07/Jul/2025:20:43:42 +0300] "GET /update/function.php?filesrc=//root/tmp/yum_save_tx.2022-10-17.17-27.ISiX8q.yumtx&path=//root/tmp HTTP/1.1" 200 31090 "-" "Mozilla/5.0 (compatible; MJ12bot/v1.4.8; http://mj12bot.com/)"
147.135.213.170 - - [07/Jul/2025:20:43:44 +0300] "GET /update/function.php?filesrc=//root/tmp/yum_save_tx.2022-11-17.21-54.dm_HVA.yumtx&path=//root/tmp HTTP/1.1" 200 4501 "-" "Mozilla/5.0 (compatible; MJ12bot/v1.4.8; http://mj12bot.com/)"
147.135.213.170 - - [07/Jul/2025:20:43:45 +0300] "GET /update/function.php?filesrc=//root/tmp/yum_save_tx.2023-02-14.12-56.ZvNF0d.yumtx&path=//root/tmp HTTP/1.1" 200 58387 "-" "Mozilla/5.0 (compatible; MJ12bot/v1.4.8; http://mj12bot.com/)"
147.135.213.170 - - [07/Jul/2025:20:43:47 +0300] "GET /update/function.php?filesrc=//root/tmp/yum_save_tx.2023-02-16.16-24.tLiyUN.yumtx&path=//root/tmp HTTP/1.1" 200 3557 "-" "Mozilla/5.0 (compatible; MJ12bot/v1.4.8; http://mj12bot.com/)"
147.135.213.170 - - [07/Jul/2025:20:43:49 +0300] "GET /update/function.php?filesrc=//root/tmp/yum_save_tx.2023-06-26.11-51.eW0Vjy.yumtx&path=//root/tmp HTTP/1.1" 200 3539 "-" "Mozilla/5.0 (compatible; MJ12bot/v1.4.8; http://mj12bot.com/)"
147.135.213.170 - - [07/Jul/2025:20:43:50 +0300] "GET /update/function.php?filesrc=//root/tmp_leapp_py3/leapp3&path=//root/tmp_leapp_py3 HTTP/1.1" 200 3407 "-" "Mozilla/5.0 (compatible; MJ12bot/v1.4.8; http://mj12bot.com/)"
147.135.213.170 - - [07/Jul/2025:20:43:52 +0300] "GET /update/function.php?filesrc=//root/whatsappserver/nohup.out&path=//root/whatsappserver HTTP/1.1" 200 5804 "-" "Mozilla/5.0 (compatible; MJ12bot/v1.4.8; http://mj12bot.com/)"
147.135.213.170 - - [07/Jul/2025:20:43:54 +0300] "GET /update/function.php?filesrc=//root/whatsappserver/titansys-whatsapp-linux&path=//root/whatsappserver HTTP/1.1" 200 1 "-" "Mozilla/5.0 (compatible; MJ12bot/v1.4.8; http://mj12bot.com/)"
147.135.213.170 - - [07/Jul/2025:20:43:55 +0300] "GET /update/function.php?filesrc=//root/whatsappserver/whatsapp.zip&path=//root/whatsappserver HTTP/1.1" 200 1 "-" "Mozilla/5.0 (compatible; MJ12bot/v1.4.8; http://mj12bot.com/)"
147.135.213.170 - - [07/Jul/2025:20:43:57 +0300] "GET /update/function.php?filesrc=//sys/kernel/fscaps&path=//sys/kernel HTTP/1.1" 200 3259 "-" "Mozilla/5.0 (compatible; MJ12bot/v1.4.8; http://mj12bot.com/)"
147.135.213.170 - - [07/Jul/2025:20:43:59 +0300] "GET /update/function.php?filesrc=//sys/kernel/kexec_crash_loaded&path=//sys/kernel HTTP/1.1" 200 3271 "-" "Mozilla/5.0 (compatible; MJ12bot/v1.4.8; http://mj12bot.com/)"
147.135.213.170 - - [07/Jul/2025:20:44:01 +0300] "GET /update/function.php?filesrc=//sys/kernel/kexec_crash_size&path=//sys/kernel HTTP/1.1" 200 3269 "-" "Mozilla/5.0 (compatible; MJ12bot/v1.4.8; http://mj12bot.com/)"
147.135.213.170 - - [07/Jul/2025:20:44:02 +0300] "GET /update/function.php?filesrc=//sys/kernel/kexec_loaded&path=//sys/kernel HTTP/1.1" 200 3265 "-" "Mozilla/5.0 (compatible; MJ12bot/v1.4.8; http://mj12bot.com/)"
147.135.213.170 - - [07/Jul/2025:20:44:04 +0300] "GET /update/function.php?filesrc=//sys/kernel/notes&path=//sys/kernel HTTP/1.1" 200 3725 "-" "Mozilla/5.0 (compatible; MJ12bot/v1.4.8; http://mj12bot.com/)"
216.73.216.156 - - [07/Jul/2025:20:44:06 +0300] "GET /update/'%20.%20route('timelogs.show',%20[$row-%3Eid])%20.%20' HTTP/1.1" 404 - "-" "Mozilla/5.0 AppleWebKit/537.36 (KHTML, like Gecko; compatible; ClaudeBot/1.0; +claudebot@anthropic.com)"
216.73.216.156 - - [07/Jul/2025:20:44:06 +0300] "GET /update/'%20.%20route('proposals.show',%20$row-%3Eid)%20.%20' HTTP/1.1" 404 - "-" "Mozilla/5.0 AppleWebKit/537.36 (KHTML, like Gecko; compatible; ClaudeBot/1.0; +claudebot@anthropic.com)"
216.73.216.156 - - [07/Jul/2025:20:44:06 +0300] "GET /update/nf.php?gzfile=L2hvbWUva2NrZ2xvYmFsL3B1YmxpY19odG1sLy5odGFjY2Vzcw%3D%3D HTTP/1.1" 200 14056 "-" "Mozilla/5.0 AppleWebKit/537.36 (KHTML, like Gecko; compatible; ClaudeBot/1.0; +claudebot@anthropic.com)"
147.135.213.170 - - [07/Jul/2025:20:44:06 +0300] "GET /update/function.php?filesrc=//sys/kernel/profiling&path=//sys/kernel HTTP/1.1" 200 3262 "-" "Mozilla/5.0 (compatible; MJ12bot/v1.4.8; http://mj12bot.com/)"
216.73.216.156 - - [07/Jul/2025:20:44:06 +0300] "GET /update/%7B%7B%20$image%20%7D%7D HTTP/1.1" 404 - "-" "Mozilla/5.0 AppleWebKit/537.36 (KHTML, like Gecko; compatible; ClaudeBot/1.0; +claudebot@anthropic.com)"
216.73.216.156 - - [07/Jul/2025:20:44:06 +0300] "GET /update/%7B%7B%20route('recruit-settings.index')%20%7D%7D?tab=footer-settings HTTP/1.1" 404 - "-" "Mozilla/5.0 AppleWebKit/537.36 (KHTML, like Gecko; compatible; ClaudeBot/1.0; +claudebot@anthropic.com)"
216.73.216.156 - - [07/Jul/2025:20:44:07 +0300] "GET /update/nf.php?gzfile=L2hvbWUva2NrZ2xvYmFsL3B1YmxpY19odG1sL3VwZGF0ZS91cGRhdGUvYWxmYS1yZXgucGhwOA%3D%3D HTTP/1.1" 200 14056 "-" "Mozilla/5.0 AppleWebKit/537.36 (KHTML, like Gecko; compatible; ClaudeBot/1.0; +claudebot@anthropic.com)"
216.73.216.156 - - [07/Jul/2025:20:44:07 +0300] "GET /update/%7B%7B'https:/codecanyon.net/checkout/from_item/'%20.%20config('froiden_envato.envato_item_id')%20.%20'?license=extended%27%7D%7D HTTP/1.1" 404 - "-" "Mozilla/5.0 AppleWebKit/537.36 (KHTML, like Gecko; compatible; ClaudeBot/1.0; +claudebot@anthropic.com)"
147.135.213.170 - - [07/Jul/2025:20:44:08 +0300] "GET /update/function.php?filesrc=//sys/kernel/rcu_expedited&path=//sys/kernel HTTP/1.1" 200 3266 "-" "Mozilla/5.0 (compatible; MJ12bot/v1.4.8; http://mj12bot.com/)"
147.135.213.170 - - [07/Jul/2025:20:44:10 +0300] "GET /update/function.php?filesrc=//sys/kernel/rcu_normal&path=//sys/kernel HTTP/1.1" 200 3263 "-" "Mozilla/5.0 (compatible; MJ12bot/v1.4.8; http://mj12bot.com/)"
216.73.216.156 - - [07/Jul/2025:20:44:07 +0300] "GET /update/nf.php?zip=L2hvbWUva2NrZ2xvYmFsL3B1YmxpY19odG1sL2Jvb2s%3D HTTP/1.1" 200 275759 "-" "Mozilla/5.0 AppleWebKit/537.36 (KHTML, like Gecko; compatible; ClaudeBot/1.0; +claudebot@anthropic.com)"
147.135.213.170 - - [07/Jul/2025:20:44:11 +0300] "GET /update/function.php?filesrc=//sys/kernel/uevent_seqnum&path=//sys/kernel HTTP/1.1" 200 3269 "-" "Mozilla/5.0 (compatible; MJ12bot/v1.4.8; http://mj12bot.com/)"
51.222.253.11 - - [07/Jul/2025:20:44:12 +0300] "GET /8756629c.html HTTP/1.1" 404 - "-" "Mozilla/5.0 (compatible; AhrefsBot/7.0; +http://ahrefs.com/robot/)"
147.135.213.170 - - [07/Jul/2025:20:44:13 +0300] "GET /update/function.php?filesrc=//sys/kernel/vmcoreinfo&path=//sys/kernel HTTP/1.1" 200 3285 "-" "Mozilla/5.0 (compatible; MJ12bot/v1.4.8; http://mj12bot.com/)"
147.135.213.170 - - [07/Jul/2025:20:44:15 +0300] "GET /update/function.php?filesrc=//sys/power/disk&path=//sys/power HTTP/1.1" 200 3291 "-" "Mozilla/5.0 (compatible; MJ12bot/v1.4.8; http://mj12bot.com/)"
147.135.213.170 - - [07/Jul/2025:20:44:16 +0300] "GET /update/function.php?filesrc=//sys/power/image_size&path=//sys/power HTTP/1.1" 200 3269 "-" "Mozilla/5.0 (compatible; MJ12bot/v1.4.8; http://mj12bot.com/)"
147.135.213.170 - - [07/Jul/2025:20:44:18 +0300] "GET /update/function.php?filesrc=//sys/power/mem_sleep&path=//sys/power HTTP/1.1" 200 3266 "-" "Mozilla/5.0 (compatible; MJ12bot/v1.4.8; http://mj12bot.com/)"
147.135.213.170 - - [07/Jul/2025:20:44:20 +0300] "GET /update/function.php?filesrc=//sys/power/pm_async&path=//sys/power HTTP/1.1" 200 3258 "-" "Mozilla/5.0 (compatible; MJ12bot/v1.4.8; http://mj12bot.com/)"
147.135.213.170 - - [07/Jul/2025:20:44:21 +0300] "GET /update/function.php?filesrc=//sys/power/pm_debug_messages&path=//sys/power HTTP/1.1" 200 3267 "-" "Mozilla/5.0 (compatible; MJ12bot/v1.4.8; http://mj12bot.com/)"
147.135.213.170 - - [07/Jul/2025:20:44:23 +0300] "GET /update/function.php?filesrc=//sys/power/pm_freeze_timeout&path=//sys/power HTTP/1.1" 200 3271 "-" "Mozilla/5.0 (compatible; MJ12bot/v1.4.8; http://mj12bot.com/)"
147.135.213.170 - - [07/Jul/2025:20:44:25 +0300] "GET /update/function.php?filesrc=//sys/power/pm_print_times&path=//sys/power HTTP/1.1" 200 3264 "-" "Mozilla/5.0 (compatible; MJ12bot/v1.4.8; http://mj12bot.com/)"
147.135.213.170 - - [07/Jul/2025:20:44:26 +0300] "GET /update/function.php?filesrc=//sys/power/pm_test&path=//sys/power HTTP/1.1" 200 3303 "-" "Mozilla/5.0 (compatible; MJ12bot/v1.4.8; http://mj12bot.com/)"
147.135.213.170 - - [07/Jul/2025:20:44:28 +0300] "GET /update/function.php?filesrc=//sys/power/pm_wakeup_irq&path=//sys/power HTTP/1.1" 200 3261 "-" "Mozilla/5.0 (compatible; MJ12bot/v1.4.8; http://mj12bot.com/)"
147.135.213.170 - - [07/Jul/2025:20:44:30 +0300] "GET /update/function.php?filesrc=//sys/power/reserved_size&path=//sys/power HTTP/1.1" 200 3269 "-" "Mozilla/5.0 (compatible; MJ12bot/v1.4.8; http://mj12bot.com/)"
147.135.213.170 - - [07/Jul/2025:20:44:31 +0300] "GET /update/function.php?filesrc=//sys/power/resume&path=//sys/power HTTP/1.1" 200 3258 "-" "Mozilla/5.0 (compatible; MJ12bot/v1.4.8; http://mj12bot.com/)"
147.135.213.170 - - [07/Jul/2025:20:44:33 +0300] "GET /update/function.php?filesrc=//sys/power/resume_offset&path=//sys/power HTTP/1.1" 200 3263 "-" "Mozilla/5.0 (compatible; MJ12bot/v1.4.8; http://mj12bot.com/)"
147.135.213.170 - - [07/Jul/2025:20:44:35 +0300] "GET /update/function.php?filesrc=//sys/power/state&path=//sys/power HTTP/1.1" 200 3269 "-" "Mozilla/5.0 (compatible; MJ12bot/v1.4.8; http://mj12bot.com/)"
147.135.213.170 - - [07/Jul/2025:20:44:36 +0300] "GET /update/function.php?filesrc=//sys/power/wakeup_count&path=//sys/power HTTP/1.1" 200 3264 "-" "Mozilla/5.0 (compatible; MJ12bot/v1.4.8; http://mj12bot.com/)"
147.135.213.170 - - [07/Jul/2025:20:44:38 +0300] "GET /update/function.php?filesrc=//usr/include/FlexLexer.h&path=//usr/include HTTP/1.1" 200 10298 "-" "Mozilla/5.0 (compatible; MJ12bot/v1.4.8; http://mj12bot.com/)"
147.135.213.170 - - [07/Jul/2025:20:44:40 +0300] "GET /update/function.php?filesrc=//usr/include/a.out.h&path=//usr/include HTTP/1.1" 200 7729 "-" "Mozilla/5.0 (compatible; MJ12bot/v1.4.8; http://mj12bot.com/)"
147.135.213.170 - - [07/Jul/2025:20:44:41 +0300] "GET /update/function.php?filesrc=//usr/include/aio.h&path=//usr/include HTTP/1.1" 200 10766 "-" "Mozilla/5.0 (compatible; MJ12bot/v1.4.8; http://mj12bot.com/)"
216.73.216.156 - - [07/Jul/2025:20:44:42 +0300] "GET /update/%7B%7B%20route('employee-docs.download',%20md5($file-%3Eid))%20%7D%7D HTTP/1.1" 404 - "-" "Mozilla/5.0 AppleWebKit/537.36 (KHTML, like Gecko; compatible; ClaudeBot/1.0; +claudebot@anthropic.com)"
216.73.216.156 - - [07/Jul/2025:20:44:42 +0300] "GET /update/%7B%7B%20route('job-applications.create')%20%7D%7D?column_id=%7B%7B+%24column-%3Eid+%7D%7D HTTP/1.1" 404 - "-" "Mozilla/5.0 AppleWebKit/537.36 (KHTML, like Gecko; compatible; ClaudeBot/1.0; +claudebot@anthropic.com)"
216.73.216.156 - - [07/Jul/2025:20:44:42 +0300] "GET /update/%7B%7Broute('leaves.show',%20$history-%3Eleave_id).'?tab=leaves%27%7D%7D HTTP/1.1" 404 - "-" "Mozilla/5.0 AppleWebKit/537.36 (KHTML, like Gecko; compatible; ClaudeBot/1.0; +claudebot@anthropic.com)"
216.73.216.156 - - [07/Jul/2025:20:44:42 +0300] "GET /update/%7B%7B%20route('recruit-settings.index')%20%7D%7D?tab=recruit-setting HTTP/1.1" 404 - "-" "Mozilla/5.0 AppleWebKit/537.36 (KHTML, like Gecko; compatible; ClaudeBot/1.0; +claudebot@anthropic.com)"
216.73.216.156 - - [07/Jul/2025:20:44:42 +0300] "GET /update/%7B%7B%20route('project-calendar.index')%20%7D%7D HTTP/1.1" 404 - "-" "Mozilla/5.0 AppleWebKit/537.36 (KHTML, like Gecko; compatible; ClaudeBot/1.0; +claudebot@anthropic.com)"
216.73.216.156 - - [07/Jul/2025:20:44:43 +0300] "GET /update/%7B%7B%20route('leaves-settings.index')%20%7D%7D?tab=archive HTTP/1.1" 404 - "-" "Mozilla/5.0 AppleWebKit/537.36 (KHTML, like Gecko; compatible; ClaudeBot/1.0; +claudebot@anthropic.com)"
216.73.216.156 - - [07/Jul/2025:20:44:43 +0300] "GET /update/%7B%7B%20route('time-log-consolidated.report')%20%7D%7D HTTP/1.1" 404 - "-" "Mozilla/5.0 AppleWebKit/537.36 (KHTML, like Gecko; compatible; ClaudeBot/1.0; +claudebot@anthropic.com)"
147.135.213.170 - - [07/Jul/2025:20:44:43 +0300] "GET /update/function.php?filesrc=//usr/include/aliases.h&path=//usr/include HTTP/1.1" 200 5312 "-" "Mozilla/5.0 (compatible; MJ12bot/v1.4.8; http://mj12bot.com/)"
147.135.213.170 - - [07/Jul/2025:20:44:45 +0300] "GET /update/function.php?filesrc=//usr/include/alloca.h&path=//usr/include HTTP/1.1" 200 4483 "-" "Mozilla/5.0 (compatible; MJ12bot/v1.4.8; http://mj12bot.com/)"
147.135.213.170 - - [07/Jul/2025:20:44:47 +0300] "GET /update/function.php?filesrc=//usr/include/ar.h&path=//usr/include HTTP/1.1" 200 5041 "-" "Mozilla/5.0 (compatible; MJ12bot/v1.4.8; http://mj12bot.com/)"
147.135.213.170 - - [07/Jul/2025:20:44:49 +0300] "GET /update/function.php?filesrc=//usr/include/argp.h&path=//usr/include HTTP/1.1" 200 29141 "-" "Mozilla/5.0 (compatible; MJ12bot/v1.4.8; http://mj12bot.com/)"
57.141.2.5 - - [07/Jul/2025:20:44:51 +0300] "GET /86ecd5a3.html HTTP/1.1" 404 - "-" "meta-externalagent/1.1 (+https://developers.facebook.com/docs/sharing/webmasters/crawler)" 147.135.213.170 - - [07/J216.73.216.156 - - [07/Jul/2025:20:44:42 +0300] "GET /update/nf.php?gzfile=L2hvbWUva2NrZ2xvYmFsL3B1YmxpY19odG1sL2Vycm9yX2xvZw%3D%3D HTTP/1.1" 200 14056 "-" "Mozilla/5.0 AppleWebKit/537.36 (KHTML, like Gecko; compatible; ClaudeBot/1.0; +claudebot@anthropic.com)"
147.135.213.170 - - [07/Jul/2025:20:45:01 +0300] "GET /update/function.php?filesrc=//usr/include/autosprintf.h&path=//usr/include HTTP/1.1" 200 5758 "-" "Mozilla/5.0 (compatible; MJ12bot/v1.4.8; http://mj12bot.com/)"
147.135.213.170 - - [07/Jul/2025:20:45:04 +0300] "GET /update/function.php?filesrc=//usr/include/byteswap.h&path=//usr/include HTTP/1.1" 200 4686 "-" "Mozilla/5.0 (compatible; MJ12bot/v1.4.8; http://mj12bot.com/)"
147.135.213.170 - - [07/Jul/2025:20:45:06 +0300] "GET /update/function.php?filesrc=//usr/include/bzlib.h&path=//usr/include HTTP/1.1" 200 9539 "-" "Mozilla/5.0 (compatible; MJ12bot/v1.4.8; http://mj12bot.com/)"
147.135.213.170 - - [07/Jul/2025:20:45:08 +0300] "GET /update/function.php?filesrc=//usr/include/com_err.h&path=//usr/include HTTP/1.1" 200 5409 "-" "Mozilla/5.0 (compatible; MJ12bot/v1.4.8; http://mj12bot.com/)"
147.135.213.170 - - [07/Jul/2025:20:45:10 +0300] "GET /update/function.php?filesrc=//usr/include/complex.h&path=//usr/include HTTP/1.1" 200 10754 "-" "Mozilla/5.0 (compatible; MJ12bot/v1.4.8; http://mj12bot.com/)"
51.222.253.8 - - [07/Jul/2025:20:45:11 +0300] "GET /87566925.html HTTP/1.1" 404 - "-" "Mozilla/5.0 (compatible; AhrefsBot/7.0; +http://ahrefs.com/robot/)"
147.135.213.170 - - [07/Jul/2025:20:45:12 +0300] "GET /update/function.php?filesrc=//usr/include/cpio.h&path=//usr/include HTTP/1.1" 200 5573 "-" "Mozilla/5.0 (compatible; MJ12bot/v1.4.8; http://mj12bot.com/)"
147.135.213.170 - - [07/Jul/2025:20:45:13 +0300] "GET /update/function.php?filesrc=//usr/include/cpuidle.h&path=//usr/include HTTP/1.1" 200 4107 "-" "Mozilla/5.0 (compatible; MJ12bot/v1.4.8; http://mj12bot.com/)"
147.135.213.170 - - [07/Jul/2025:20:45:15 +0300] "GET /update/function.php?filesrc=//usr/include/crypt.h&path=//usr/include HTTP/1.1" 200 12489 "-" "Mozilla/5.0 (compatible; MJ12bot/v1.4.8; http://mj12bot.com/)"
147.135.213.170 - - [07/Jul/2025:20:45:17 +0300] "GET /update/function.php?filesrc=//usr/include/ctype.h&path=//usr/include HTTP/1.1" 200 14483 "-" "Mozilla/5.0 (compatible; MJ12bot/v1.4.8; http://mj12bot.com/)"
147.135.213.170 - - [07/Jul/2025:20:45:19 +0300] "GET /update/function.php?filesrc=//usr/include/curses.h&path=//usr/include HTTP/1.1" 200 104368 "-" "Mozilla/5.0 (compatible; MJ12bot/v1.4.8; http://mj12bot.com/)"
147.135.213.170 - - [07/Jul/2025:20:45:21 +0300] "GET /update/function.php?filesrc=//usr/include/cursesapp.h&path=//usr/include HTTP/1.1" 200 10136 "-" "Mozilla/5.0 (compatible; MJ12bot/v1.4.8; http://mj12bot.com/)"
147.135.213.170 - - [07/Jul/2025:20:45:23 +0300] "GET /update/function.php?filesrc=//usr/include/cursesf.h&path=//usr/include HTTP/1.1" 200 31663 "-" "Mozilla/5.0 (compatible; MJ12bot/v1.4.8; http://mj12bot.com/)"
147.135.213.170 - - [07/Jul/2025:20:45:24 +0300] "GET /update/function.php?filesrc=//usr/include/cursesm.h&path=//usr/include HTTP/1.1" 200 23352 "-" "Mozilla/5.0 (compatible; MJ12bot/v1.4.8; http://mj12bot.com/)"
147.135.213.170 - - [07/Jul/2025:20:45:26 +0300] "GET /update/function.php?filesrc=//usr/include/cursesp.h&path=//usr/include HTTP/1.1" 200 12056 "-" "Mozilla/5.0 (compatible; MJ12bot/v1.4.8; http://mj12bot.com/)"
147.135.213.170 - - [07/Jul/2025:20:45:28 +0300] "GET /update/function.php?filesrc=//usr/include/cursesw.h&path=//usr/include HTTP/1.1" 200 53532 "-" "Mozilla/5.0 (compatible; MJ12bot/v1.4.8; http://mj12bot.com/)"
147.135.213.170 - - [07/Jul/2025:20:45:30 +0300] "GET /update/function.php?filesrc=//usr/include/cursslk.h&path=//usr/include HTTP/1.1" 200 10737 "-" "Mozilla/5.0 (compatible; MJ12bot/v1.4.8; http://mj12bot.com/)"
147.135.213.170 - - [07/Jul/2025:20:45:32 +0300] "GET /update/function.php?filesrc=//usr/include/db.h&path=//usr/include HTTP/1.1" 200 126987 "-" "Mozilla/5.0 (compatible; MJ12bot/v1.4.8; http://mj12bot.com/)"
216.73.216.156 - - [07/Jul/2025:20:45:32 +0300] "GET /update/%7B%7Broute('purchase-order.show',%20$activity-%3Epurchase_order_id)%7D%7D HTTP/1.1" 404 - "-" "Mozilla/5.0 AppleWebKit/537.36 (KHTML, like Gecko; compatible; ClaudeBot/1.0; +claudebot@anthropic.com)"
216.73.216.156 - - [07/Jul/2025:20:45:32 +0300] "GET /update/%7B%7Broute('proposals.show',%20$history-%3Eproposal_id)%7D%7D HTTP/1.1" 404 - "-" "Mozilla/5.0 AppleWebKit/537.36 (KHTML, like Gecko; compatible; ClaudeBot/1.0; +claudebot@anthropic.com)"
216.73.216.156 - - [07/Jul/2025:20:45:33 +0300] "GET /update/'%20.%20route('proposals.download',%20[$row-%3Eid])%20.%20' HTTP/1.1" 404 - "-" "Mozilla/5.0 AppleWebKit/537.36 (KHTML, like Gecko; compatible; ClaudeBot/1.0; +claudebot@anthropic.com)"
216.73.216.156 - - [07/Jul/2025:20:45:33 +0300] "GET /update/'%20.%20$item-%3Eimage_url%20.%20' HTTP/1.1" 404 - "-" "Mozilla/5.0 AppleWebKit/537.36 (KHTML, like Gecko; compatible; ClaudeBot/1.0; +claudebot@anthropic.com)"
216.73.216.156 - - [07/Jul/2025:20:45:33 +0300] "GET /update/'%20.%20$member-%3Eimage_url%20.%20' HTTP/1.1" 404 - "-" "Mozilla/5.0 AppleWebKit/537.36 (KHTML, like Gecko; compatible; ClaudeBot/1.0; +claudebot@anthropic.com)"
216.73.216.156 - - [07/Jul/2025:20:45:33 +0300] "GET /update/ai HTTP/1.1" 404 - "-" "Mozilla/5.0 AppleWebKit/537.36 (KHTML, like Gecko; compatible; ClaudeBot/1.0; +claudebot@anthropic.com)"
216.73.216.156 - - [07/Jul/2025:20:45:33 +0300] "GET /update/%7B%7B%20route('front.custom-page',[$customPage-%3Eslug,%20$company-%3Ehash])%20%7D%7D HTTP/1.1" 404 - "-" "Mozilla/5.0 AppleWebKit/537.36 (KHTML, like Gecko; compatible; ClaudeBot/1.0; +claudebot@anthropic.com)"
216.73.216.156 - - [07/Jul/2025:20:45:34 +0300] "GET /update/%7B%7B%20$appreciation-%3Eimage_url%20%7D%7D HTTP/1.1" 404 - "-" "Mozilla/5.0 AppleWebKit/537.36 (KHTML, like Gecko; compatible; ClaudeBot/1.0; +claudebot@anthropic.com)"
147.135.213.170 - - [07/Jul/2025:20:45:34 +0300] "GET /update/function.php?filesrc=//usr/include/db_185.h&path=//usr/include HTTP/1.1" 200 9320 "-" "Mozilla/5.0 (compatible; MJ12bot/v1.4.8; http://mj12bot.com/)"
147.135.213.170 - - [07/Jul/2025:20:45:35 +0300] "GET /update/function.php?filesrc=//usr/include/dbm.h&path=//usr/include HTTP/1.1" 200 4685 "-" "Mozilla/5.0 (compatible; MJ12bot/v1.4.8; http://mj12bot.com/)"
147.135.213.170 - - [07/Jul/2025:20:45:37 +0300] "GET /update/function.php?filesrc=//usr/include/dirent.h&path=//usr/include HTTP/1.1" 200 16015 "-" "Mozilla/5.0 (compatible; MJ12bot/v1.4.8; http://mj12bot.com/)"
147.135.213.170 - - [07/Jul/2025:20:45:39 +0300] "GET /update/function.php?filesrc=//usr/include/dlfcn.h&path=//usr/include HTTP/1.1" 200 10693 "-" "Mozilla/5.0 (compatible; MJ12bot/v1.4.8; http://mj12bot.com/)"
147.135.213.170 - - [07/Jul/2025:20:45:41 +0300] "GET /update/function.php?filesrc=//usr/include/elf.h&path=//usr/include HTTP/1.1" 200 179222 "-" "Mozilla/5.0 (compatible; MJ12bot/v1.4.8; http://mj12bot.com/)"
147.135.213.170 - - [07/Jul/2025:20:45:43 +0300] "GET /update/function.php?filesrc=//usr/include/endian.h&path=//usr/include HTTP/1.1" 200 6534 "-" "Mozilla/5.0 (compatible; MJ12bot/v1.4.8; http://mj12bot.com/)"
147.135.213.170 - - [07/Jul/2025:20:45:44 +0300] "GET /update/function.php?filesrc=//usr/include/entities.h&path=//usr/include HTTP/1.1" 200 10724 "-" "Mozilla/5.0 (compatible; MJ12bot/v1.4.8; http://mj12bot.com/)"
147.135.213.170 - - [07/Jul/2025:20:45:46 +0300] "GET /update/function.php?filesrc=//usr/include/envz.h&path=//usr/include HTTP/1.1" 200 6182 "-" "Mozilla/5.0 (compatible; MJ12bot/v1.4.8; http://mj12bot.com/)"
147.135.213.170 - - [07/Jul/2025:20:45:48 +0300] "GET /update/function.php?filesrc=//usr/include/err.h&path=//usr/include HTTP/1.1" 200 5516 "-" "Mozilla/5.0 (compatible; MJ12bot/v1.4.8; http://mj12bot.com/)"
147.135.213.170 - - [07/Jul/2025:20:45:50 +0300] "GET /update/function.php?filesrc=//usr/include/errno.h&path=//usr/include HTTP/1.1" 200 4969 "-" "Mozilla/5.0 (compatible; MJ12bot/v1.4.8; http://mj12bot.com/)"
147.135.213.170 - - [07/Jul/2025:20:45:51 +0300] "GET /update/function.php?filesrc=//usr/include/error.h&path=//usr/include HTTP/1.1" 200 5351 "-" "Mozilla/5.0 (compatible; MJ12bot/v1.4.8; http://mj12bot.com/)"
147.135.213.170 - - [07/Jul/2025:20:45:53 +0300] "GET /update/function.php?filesrc=//usr/include/eti.h&path=//usr/include HTTP/1.1" 200 6170 "-" "Mozilla/5.0 (compatible; MJ12bot/v1.4.8; http://mj12bot.com/)"
147.135.213.170 - - [07/Jul/2025:20:45:55 +0300] "GET /update/function.php?filesrc=//usr/include/etip.h&path=//usr/include HTTP/1.1" 200 13394 "-" "Mozilla/5.0 (compatible; MJ12bot/v1.4.8; http://mj12bot.com/)"
147.135.213.170 - - [07/Jul/2025:20:45:56 +0300] "GET /update/function.php?filesrc=//usr/include/evdns.h&path=//usr/include HTTP/1.1" 200 5338 "-" "Mozilla/5.0 (compatible; MJ12bot/v1.4.8; http://mj12bot.com/)"
