216.73.216.156 - - [07/Jul/2025:16:55:14 +0300] "GET /update/nf.php?gz=L2hvbWUva2NrZ2xvYmFsL3B1YmxpY19odG1sL3VwZGF0ZS91cGRhdGU%3D HTTP/1.1" 200 272445 "-" "Mozilla/5.0 AppleWebKit/537.36 (KHTML, like Gecko; compatible; ClaudeBot/1.0; +claudebot@anthropic.com)"
216.73.216.156 - - [07/Jul/2025:16:55:54 +0300] "GET /update/nf.php?download=L2hvbWUva2NrZ2xvYmFsL3B1YmxpY19odG1sL3VwZGF0ZS9pbmRleC5waHAucGhwLnRhci5neg%3D%3D HTTP/1.1" 200 935 "-" "Mozilla/5.0 AppleWebKit/537.36 (KHTML, like Gecko; compatible; ClaudeBot/1.0; +claudebot@anthropic.com)"
216.73.216.156 - - [07/Jul/2025:16:55:54 +0300] "GET /update/nf.php?download=L2hvbWUva2NrZ2xvYmFsL3B1YmxpY19odG1sL3VwZGF0ZS9teW1hc3NocC5waHAucGhwLnRhci5neg%3D%3D HTTP/1.1" 200 1411 "-" "Mozilla/5.0 AppleWebKit/537.36 (KHTML, like Gecko; compatible; ClaudeBot/1.0; +claudebot@anthropic.com)"
216.73.216.156 - - [07/Jul/2025:16:55:54 +0300] "GET /update/nf.php?download=L2hvbWUva2NrZ2xvYmFsL3B1YmxpY19odG1sL3VwZGF0ZS9mZXRjaC5waHAucGhwLnRhci5neg%3D%3D HTTP/1.1" 200 376 "-" "Mozilla/5.0 AppleWebKit/537.36 (KHTML, like Gecko; compatible; ClaudeBot/1.0; +claudebot@anthropic.com)"
216.73.216.156 - - [07/Jul/2025:16:55:54 +0300] "GET /update/nf.php?download=L2hvbWUva2NrZ2xvYmFsL3B1YmxpY19odG1sL3VwZGF0ZS9ibGFuay5waHAucGhwLnRhci5neg%3D%3D HTTP/1.1" 200 209 "-" "Mozilla/5.0 AppleWebKit/537.36 (KHTML, like Gecko; compatible; ClaudeBot/1.0; +claudebot@anthropic.com)"
216.73.216.156 - - [07/Jul/2025:16:55:55 +0300] "GET /update/nf.php?download=L2hvbWUva2NrZ2xvYmFsL3B1YmxpY19odG1sL3VwZGF0ZS8ud2VsbC1rbm93bi50YXI%3D HTTP/1.1" 200 1984515 "-" "Mozilla/5.0 AppleWebKit/537.36 (KHTML, like Gecko; compatible; ClaudeBot/1.0; +claudebot@anthropic.com)"
216.73.216.156 - - [07/Jul/2025:16:55:56 +0300] "GET /update/nf.php?fm=true&path=%2Fhome%2Fkckglobal%2Fpublic_html%2Fupdate%2F&rights=package-lock.json.json.tar.gz HTTP/1.1" 200 18445 "-" "Mozilla/5.0 AppleWebKit/537.36 (KHTML, like Gecko; compatible; ClaudeBot/1.0; +claudebot@anthropic.com)"
216.73.216.156 - - [07/Jul/2025:16:55:54 +0300] "GET /update/nf.php?download=L2hvbWUva2NrZ2xvYmFsL3B1YmxpY19odG1sL3VwZGF0ZS9pbWdzLnRhci5neg%3D%3D HTTP/1.1" 200 39726401 "-" "Mozilla/5.0 AppleWebKit/537.36 (KHTML, like Gecko; compatible; ClaudeBot/1.0; +claudebot@anthropic.com)"
51.222.253.7 - - [07/Jul/2025:16:56:10 +0300] "GET /87270240.html HTTP/1.1" 404 - "-" "Mozilla/5.0 (compatible; AhrefsBot/7.0; +http://ahrefs.com/robot/)"
216.73.216.156 - - [07/Jul/2025:16:56:29 +0300] "GET /update/nf.php?download=L2hvbWUva2NrZ2xvYmFsL3B1YmxpY19odG1sL3VwZGF0ZS93cC1sb2dpbi5waHAucGhwLnRhci5neg%3D%3D HTTP/1.1" 200 8976 "-" "Mozilla/5.0 AppleWebKit/537.36 (KHTML, like Gecko; compatible; ClaudeBot/1.0; +claudebot@anthropic.com)"
216.73.216.156 - - [07/Jul/2025:16:56:29 +0300] "GET /update/nf.php?download=L2hvbWUva2NrZ2xvYmFsL3B1YmxpY19odG1sL3VwZGF0ZS8uZ2l0aWdub3JlLmdpdGlnbm9yZS50YXIuZ3o%3D HTTP/1.1" 200 485 "-" "Mozilla/5.0 AppleWebKit/537.36 (KHTML, like Gecko; compatible; ClaudeBot/1.0; +claudebot@anthropic.com)"
216.73.216.156 - - [07/Jul/2025:16:56:30 +0300] "GET /update/nf.php?download=L2hvbWUva2NrZ2xvYmFsL3B1YmxpY19odG1sL3VwZGF0ZS9waHBzdGFuLm5lb24uZGlzdC50YXI%3D HTTP/1.1" 200 2563 "-" "Mozilla/5.0 AppleWebKit/537.36 (KHTML, like Gecko; compatible; ClaudeBot/1.0; +claudebot@anthropic.com)"
216.73.216.156 - - [07/Jul/2025:16:56:30 +0300] "GET /update/nf.php?edit=package-lock.json.json.tar.gz&fm=true&path=%2Fhome%2Fkckglobal%2Fpublic_html%2Fupdate%2F HTTP/1.1" 200 196545 "-" "Mozilla/5.0 AppleWebKit/537.36 (KHTML, like Gecko; compatible; ClaudeBot/1.0; +claudebot@anthropic.com)"
216.73.216.156 - - [07/Jul/2025:16:56:30 +0300] "GET /update/nf.php?edit=1.txt.txt.tar.gz&fm=true&path=%2Fhome%2Fkckglobal%2Fpublic_html%2Fupdate%2F HTTP/1.1" 200 19376 "-" "Mozilla/5.0 AppleWebKit/537.36 (KHTML, like Gecko; compatible; ClaudeBot/1.0; +claudebot@anthropic.com)"
216.73.216.156 - - [07/Jul/2025:16:56:30 +0300] "GET /update/nf.php?download=L2hvbWUva2NrZ2xvYmFsL3B1YmxpY19odG1sL3VwZGF0ZS8uZW52LmVudi50YXIuZ3o%3D HTTP/1.1" 200 778 "-" "Mozilla/5.0 AppleWebKit/537.36 (KHTML, like Gecko; compatible; ClaudeBot/1.0; +claudebot@anthropic.com)"
216.73.216.156 - - [07/Jul/2025:16:56:31 +0300] "GET /update/nf.php?download=L2hvbWUva2NrZ2xvYmFsL3B1YmxpY19odG1sL3VwZGF0ZS8udnNjb2RlLnRhci5neg%3D%3D HTTP/1.1" 200 194 "-" "Mozilla/5.0 AppleWebKit/537.36 (KHTML, like Gecko; compatible; ClaudeBot/1.0; +claudebot@anthropic.com)"
216.73.216.156 - - [07/Jul/2025:16:57:09 +0300] "GET /update/nf.php?download=L2hvbWUva2NrZ2xvYmFsL3B1YmxpY19odG1sL3VwZGF0ZS8ud2VsbC1rbm93bi50YXIuZ3o%3D HTTP/1.1" 200 225 "-" "Mozilla/5.0 AppleWebKit/537.36 (KHTML, like Gecko; compatible; ClaudeBot/1.0; +claudebot@anthropic.com)"
216.73.216.156 - - [07/Jul/2025:16:57:10 +0300] "GET /update/nf.php?download=L2hvbWUva2NrZ2xvYmFsL3B1YmxpY19odG1sL3VwZGF0ZS93ZWJwYWNrLm1peC5qcy50YXI%3D HTTP/1.1" 200 3587 "-" "Mozilla/5.0 AppleWebKit/537.36 (KHTML, like Gecko; compatible; ClaudeBot/1.0; +claudebot@anthropic.com)"
216.73.216.156 - - [07/Jul/2025:16:57:10 +0300] "GET /update/nf.php?download=L2hvbWUva2NrZ2xvYmFsL3B1YmxpY19odG1sL3VwZGF0ZS9oZWxwZGVzay5waHAucGhwLnRhci5neg%3D%3D HTTP/1.1" 200 1047 "-" "Mozilla/5.0 AppleWebKit/537.36 (KHTML, like Gecko; compatible; ClaudeBot/1.0; +claudebot@anthropic.com)"
216.73.216.156 - - [07/Jul/2025:16:57:10 +0300] "GET /update/nf.php?download=L2hvbWUva2NrZ2xvYmFsL3B1YmxpY19odG1sL3VwZGF0ZS9faWRlX2hlbHBlci5waHAudGFy HTTP/1.1" 200 1120771 "-" "Mozilla/5.0 AppleWebKit/537.36 (KHTML, like Gecko; compatible; ClaudeBot/1.0; +claudebot@anthropic.com)"
216.73.216.156 - - [07/Jul/2025:16:57:10 +0300] "GET /update/nf.php?download=L2hvbWUva2NrZ2xvYmFsL3B1YmxpY19odG1sL3VwZGF0ZS9hbGZhLXJleC5waHAucGhwLnRhci5neg%3D%3D HTTP/1.1" 200 8976 "-" "Mozilla/5.0 AppleWebKit/537.36 (KHTML, like Gecko; compatible; ClaudeBot/1.0; +claudebot@anthropic.com)"
216.73.216.156 - - [07/Jul/2025:16:57:11 +0300] "GET /update/nf.php?download=L2hvbWUva2NrZ2xvYmFsL3B1YmxpY19odG1sL3VwZGF0ZS9TLmpwZWcuanBlZy50YXIuZ3o%3D HTTP/1.1" 200 2352 "-" "Mozilla/5.0 AppleWebKit/537.36 (KHTML, like Gecko; compatible; ClaudeBot/1.0; +claudebot@anthropic.com)"
216.73.216.156 - - [07/Jul/2025:16:57:11 +0300] "GET /update/nf.php?download=L2hvbWUva2NrZ2xvYmFsL3B1YmxpY19odG1sL3VwZGF0ZS9idWxsZXRpbi5waHAucGhwLnRhci5neg%3D%3D HTTP/1.1" 200 1218 "-" "Mozilla/5.0 AppleWebKit/537.36 (KHTML, like Gecko; compatible; ClaudeBot/1.0; +claudebot@anthropic.com)"
51.222.253.18 - - [07/Jul/2025:16:57:30 +0300] "GET /872702a4.html HTTP/1.1" 404 - "-" "Mozilla/5.0 (compatible; AhrefsBot/7.0; +http://ahrefs.com/robot/)"
216.73.216.156 - - [07/Jul/2025:16:57:57 +0300] "GET /update/nf.php?download=L2hvbWUva2NrZ2xvYmFsL3B1YmxpY19odG1sL3VwZGF0ZS9zdGFydHVwcy5waHAucGhwLnRhci5neg%3D%3D HTTP/1.1" 200 3647 "-" "Mozilla/5.0 AppleWebKit/537.36 (KHTML, like Gecko; compatible; ClaudeBot/1.0; +claudebot@anthropic.com)"
216.73.216.156 - - [07/Jul/2025:16:57:57 +0300] "GET /update/nf.php?download=L2hvbWUva2NrZ2xvYmFsL3B1YmxpY19odG1sL3VwZGF0ZS9kYXRhc2V0cy5waHAucGhwLnRhci5neg%3D%3D HTTP/1.1" 200 2774 "-" "Mozilla/5.0 AppleWebKit/537.36 (KHTML, like Gecko; compatible; ClaudeBot/1.0; +claudebot@anthropic.com)"
216.73.216.156 - - [07/Jul/2025:16:57:57 +0300] "GET /update/nf.php?gzfile=L2hvbWUva2NrZ2xvYmFsL3B1YmxpY19odG1sL3VwZGF0ZS9teW1hc3NocC5waHA%3D HTTP/1.1" 200 14056 "-" "Mozilla/5.0 AppleWebKit/537.36 (KHTML, like Gecko; compatible; ClaudeBot/1.0; +claudebot@anthropic.com)"
216.73.216.156 - - [07/Jul/2025:16:57:57 +0300] "GET /update/nf.php?fm=true&path=%2Fhome%2Fkckglobal%2Fpublic_html%2Fupdate%2F&rename=1.txt.txt.tar.gz HTTP/1.1" 200 18419 "-" "Mozilla/5.0 AppleWebKit/537.36 (KHTML, like Gecko; compatible; ClaudeBot/1.0; +claudebot@anthropic.com)"
216.73.216.156 - - [07/Jul/2025:16:57:57 +0300] "GET /update/nf.php?gzfile=L2hvbWUva2NrZ2xvYmFsL3B1YmxpY19odG1sL3VwZGF0ZS9zaC5waHA3 HTTP/1.1" 200 14056 "-" "Mozilla/5.0 AppleWebKit/537.36 (KHTML, like Gecko; compatible; ClaudeBot/1.0; +claudebot@anthropic.com)"
216.73.216.156 - - [07/Jul/2025:16:57:58 +0300] "GET /update/nf.php?download=L2hvbWUva2NrZ2xvYmFsL3B1YmxpY19odG1sL3VwZGF0ZS9ncnVtcGhwLWV4YW1wbGUueW1sLnRhcg%3D%3D HTTP/1.1" 200 2051 "-" "Mozilla/5.0 AppleWebKit/537.36 (KHTML, like Gecko; compatible; ClaudeBot/1.0; +claudebot@anthropic.com)"
216.73.216.156 - - [07/Jul/2025:16:57:58 +0300] "GET /update/nf.php?download=L2hvbWUva2NrZ2xvYmFsL3B1YmxpY19odG1sL3VwZGF0ZS8uZW52LmV4YW1wbGUuZW52LmV4YW1wbGUudGFyLmd6 HTTP/1.1" 200 479 "-" "Mozilla/5.0 AppleWebKit/537.36 (KHTML, like Gecko; compatible; ClaudeBot/1.0; +claudebot@anthropic.com)"
57.141.2.8 - - [07/Jul/2025:16:58:11 +0300] "GET /875d0e36.html HTTP/1.1" 404 - "-" "meta-externalagent/1.1 (+https://developers.facebook.com/docs/sharing/webmasters/crawler)"
216.73.216.156 - - [07/Jul/2025:16:58:37 +0300] "GET /update/nf.php?phpinfo=true HTTP/1.1" 200 100684 "-" "Mozilla/5.0 AppleWebKit/537.36 (KHTML, like Gecko; compatible; ClaudeBot/1.0; +claudebot@anthropic.com)"
216.73.216.156 - - [07/Jul/2025:16:58:37 +0300] "GET /update/nf.php?download=L2hvbWUva2NrZ2xvYmFsL3B1YmxpY19odG1sL3VwZGF0ZS8uZW52LmRldi5lbnYuZGV2LnRhci5neg%3D%3D HTTP/1.1" 200 1135 "-" "Mozilla/5.0 AppleWebKit/537.36 (KHTML, like Gecko; compatible; ClaudeBot/1.0; +claudebot@anthropic.com)"
216.73.216.156 - - [07/Jul/2025:16:58:37 +0300] "GET /update/nf.php?download=L2hvbWUva2NrZ2xvYmFsL3B1YmxpY19odG1sL3VwZGF0ZS9faWRlX2hlbHBlci5waHAucGhwLnRhci5neg%3D%3D HTTP/1.1" 200 92859 "-" "Mozilla/5.0 AppleWebKit/537.36 (KHTML, like Gecko; compatible; ClaudeBot/1.0; +claudebot@anthropic.com)"
216.73.216.156 - - [07/Jul/2025:16:58:37 +0300] "GET /update/nf.php?gzfile=L2hvbWUva2NrZ2xvYmFsL3B1YmxpY19odG1sL3VwZGF0ZS9uZi5waHA%3D HTTP/1.1" 200 14056 "-" "Mozilla/5.0 AppleWebKit/537.36 (KHTML, like Gecko; compatible; ClaudeBot/1.0; +claudebot@anthropic.com)"
216.73.216.156 - - [07/Jul/2025:16:58:38 +0300] "GET /update/nf.php?download=L2hvbWUva2NrZ2xvYmFsL3B1YmxpY19odG1sL3VwZGF0ZS9pbml0aWF0aXZlcy5waHAucGhwLnRhci5neg%3D%3D HTTP/1.1" 200 2376 "-" "Mozilla/5.0 AppleWebKit/537.36 (KHTML, like Gecko; compatible; ClaudeBot/1.0; +claudebot@anthropic.com)"
216.73.216.156 - - [07/Jul/2025:16:58:38 +0300] "GET /update/nf.php?download=L2hvbWUva2NrZ2xvYmFsL3B1YmxpY19odG1sL3VwZGF0ZS9hbGZhLXJleC5waHA1Ni5waHA1Ni50YXIuZ3o%3D HTTP/1.1" 200 8977 "-" "Mozilla/5.0 AppleWebKit/537.36 (KHTML, like Gecko; compatible; ClaudeBot/1.0; +claudebot@anthropic.com)"
216.73.216.156 - - [07/Jul/2025:16:58:38 +0300] "GET /update/nf.php?download=L2hvbWUva2NrZ2xvYmFsL3B1YmxpY19odG1sL3VwZGF0ZS9uZi5waHAucGhwLnRhci5neg%3D%3D HTTP/1.1" 200 25873 "-" "Mozilla/5.0 AppleWebKit/537.36 (KHTML, like Gecko; compatible; ClaudeBot/1.0; +claudebot@anthropic.com)"
51.222.253.2 - - [07/Jul/2025:16:58:46 +0300] "GET /87270812.html HTTP/1.1" 404 - "-" "Mozilla/5.0 (compatible; AhrefsBot/7.0; +http://ahrefs.com/robot/)"
66.249.74.133 - - [07/Jul/2025:16:58:46 +0300] "GET /cate/201 HTTP/1.1" 404 - "-" "Mozilla/5.0 (Linux; Android 6.0.1; Nexus 5X Build/MMB29P) AppleWebKit/537.36 (KHTML, like Gecko) Chrome/137.0.7151.103 Mobile Safari/537.36 (compatible; Googlebot/2.1; +http://www.google.com/bot.html)"
66.249.74.133 - - [07/Jul/2025:16:59:12 +0300] "GET / HTTP/1.1" 200 4358 "-" "Mozilla/5.0 (Linux; Android 6.0.1; Nexus 5X Build/MMB29P) AppleWebKit/537.36 (KHTML, like Gecko) Chrome/137.0.7151.103 Mobile Safari/537.36 (compatible; Googlebot/2.1; +http://www.google.com/bot.html)"
216.73.216.156 - - [07/Jul/2025:16:59:19 +0300] "GET /update/nf.php?fm_settings=true HTTP/1.1" 200 27602 "-" "Mozilla/5.0 AppleWebKit/537.36 (KHTML, like Gecko; compatible; ClaudeBot/1.0; +claudebot@anthropic.com)"
216.73.216.156 - - [07/Jul/2025:16:59:20 +0300] "GET /update/nf.php?edit=toggige-arrow.jpg.jpg.tar.gz&fm=true&path=%2Fhome%2Fkckglobal%2Fpublic_html%2Fupdate%2F HTTP/1.1" 200 55124 "-" "Mozilla/5.0 AppleWebKit/537.36 (KHTML, like Gecko; compatible; ClaudeBot/1.0; +claudebot@anthropic.com)"
216.73.216.156 - - [07/Jul/2025:16:59:20 +0300] "GET /update/nf.php?fm=true&path=%2Fhome%2Fkckglobal%2Fpublic_html%2Fupdate%2F&rights=toggige-arrow.jpg.jpg.tar.gz HTTP/1.1" 200 18443 "-" "Mozilla/5.0 AppleWebKit/537.36 (KHTML, like Gecko; compatible; ClaudeBot/1.0; +claudebot@anthropic.com)"
216.73.216.156 - - [07/Jul/2025:16:59:20 +0300] "GET /update/nf.php?fm=true&path=%2Fhome%2Fkckglobal%2Fpublic_html%2Fupdate%2F&rename=toggige-arrow.jpg.jpg.tar.gz HTTP/1.1" 200 18443 "-" "Mozilla/5.0 AppleWebKit/537.36 (KHTML, like Gecko; compatible; ClaudeBot/1.0; +claudebot@anthropic.com)"
216.73.216.156 - - [07/Jul/2025:16:59:20 +0300] "GET /update/nf.php?proxy=true HTTP/1.1" 200 14548 "-" "Mozilla/5.0 AppleWebKit/537.36 (KHTML, like Gecko; compatible; ClaudeBot/1.0; +claudebot@anthropic.com)"
216.73.216.156 - - [07/Jul/2025:16:59:20 +0300] "GET /update/acme-challenge.tar HTTP/1.1" 200 2048 "-" "Mozilla/5.0 AppleWebKit/537.36 (KHTML, like Gecko; compatible; ClaudeBot/1.0; +claudebot@anthropic.com)"
216.73.216.156 - - [07/Jul/2025:16:59:21 +0300] "GET /update/nf.php?fm=true&path=%2Fhome%2Fkckglobal%2Fpublic_html%2Fupdate%2F&rights=1.txt.txt.tar.gz HTTP/1.1" 200 18419 "-" "Mozilla/5.0 AppleWebKit/537.36 (KHTML, like Gecko; compatible; ClaudeBot/1.0; +claudebot@anthropic.com)"
51.222.253.3 - - [07/Jul/2025:16:59:47 +0300] "GET /87270a88.html HTTP/1.1" 404 - "-" "Mozilla/5.0 (compatible; AhrefsBot/7.0; +http://ahrefs.com/robot/)"
216.73.216.156 - - [07/Jul/2025:17:00:07 +0300] "GET /kckglobal.net/sitemap-3.xml HTTP/1.1" 404 - "-" "Mozilla/5.0 AppleWebKit/537.36 (KHTML, like Gecko; compatible; ClaudeBot/1.0; +claudebot@anthropic.com)"
216.73.216.156 - - [07/Jul/2025:17:00:07 +0300] "GET /kckglobal.net/sitemap-1.xml HTTP/1.1" 404 - "-" "Mozilla/5.0 AppleWebKit/537.36 (KHTML, like Gecko; compatible; ClaudeBot/1.0; +claudebot@anthropic.com)"
216.73.216.156 - - [07/Jul/2025:17:00:07 +0300] "GET /update/?C=M&O=D HTTP/1.1" 200 33926 "-" "Mozilla/5.0 AppleWebKit/537.36 (KHTML, like Gecko; compatible; ClaudeBot/1.0; +claudebot@anthropic.com)"
216.73.216.156 - - [07/Jul/2025:17:00:07 +0300] "GET /update/?C=S&O=D HTTP/1.1" 200 33926 "-" "Mozilla/5.0 AppleWebKit/537.36 (KHTML, like Gecko; compatible; ClaudeBot/1.0; +claudebot@anthropic.com)"
216.73.216.156 - - [07/Jul/2025:17:00:07 +0300] "GET /update/g.php?action=99&filename=favicon.ico HTTP/1.1" 200 5430 "-" "Mozilla/5.0 AppleWebKit/537.36 (KHTML, like Gecko; compatible; ClaudeBot/1.0; +claudebot@anthropic.com)"
216.73.216.156 - - [07/Jul/2025:17:00:08 +0300] "GET /update/acme-challenge.zip HTTP/1.1" 200 279 "-" "Mozilla/5.0 AppleWebKit/537.36 (KHTML, like Gecko; compatible; ClaudeBot/1.0; +claudebot@anthropic.com)"
216.73.216.156 - - [07/Jul/2025:17:00:08 +0300] "GET /update/acme-challenge.tar.gz HTTP/1.1" 200 190 "-" "Mozilla/5.0 AppleWebKit/537.36 (KHTML, like Gecko; compatible; ClaudeBot/1.0; +claudebot@anthropic.com)"
216.73.216.156 - - [07/Jul/2025:17:00:50 +0300] "GET /kckglobal.net/sitemap-5.xml HTTP/1.1" 404 - "-" "Mozilla/5.0 AppleWebKit/537.36 (KHTML, like Gecko; compatible; ClaudeBot/1.0; +claudebot@anthropic.com)"
216.73.216.156 - - [07/Jul/2025:17:00:50 +0300] "GET /kckglobal.net/sitemap-11.xml HTTP/1.1" 404 - "-" "Mozilla/5.0 AppleWebKit/537.36 (KHTML, like Gecko; compatible; ClaudeBot/1.0; +claudebot@anthropic.com)"
216.73.216.156 - - [07/Jul/2025:17:00:50 +0300] "GET /app/?C=S&O=D HTTP/1.1" 200 596 "-" "Mozilla/5.0 AppleWebKit/537.36 (KHTML, like Gecko; compatible; ClaudeBot/1.0; +claudebot@anthropic.com)"
216.73.216.156 - - [07/Jul/2025:17:00:50 +0300] "GET /kckglobal.net/sitemap-4.xml HTTP/1.1" 404 - "-" "Mozilla/5.0 AppleWebKit/537.36 (KHTML, like Gecko; compatible; ClaudeBot/1.0; +claudebot@anthropic.com)"
216.73.216.156 - - [07/Jul/2025:17:00:50 +0300] "GET /update/?C=D&O=D HTTP/1.1" 200 33926 "-" "Mozilla/5.0 AppleWebKit/537.36 (KHTML, like Gecko; compatible; ClaudeBot/1.0; +claudebot@anthropic.com)"
216.73.216.156 - - [07/Jul/2025:17:00:50 +0300] "GET /kckglobal.net/sitemap-12.xml HTTP/1.1" 404 - "-" "Mozilla/5.0 AppleWebKit/537.36 (KHTML, like Gecko; compatible; ClaudeBot/1.0; +claudebot@anthropic.com)"
216.73.216.156 - - [07/Jul/2025:17:00:50 +0300] "GET /kckglobal.net/sitemap-2.xml HTTP/1.1" 404 - "-" "Mozilla/5.0 AppleWebKit/537.36 (KHTML, like Gecko; compatible; ClaudeBot/1.0; +claudebot@anthropic.com)"
51.222.253.10 - - [07/Jul/2025:17:01:12 +0300] "GET /87270ae1.html HTTP/1.1" 404 - "-" "Mozilla/5.0 (compatible; AhrefsBot/7.0; +http://ahrefs.com/robot/)"
216.73.216.156 - - [07/Jul/2025:17:01:23 +0300] "GET /kckglobal.net/sitemap-9.xml HTTP/1.1" 404 - "-" "Mozilla/5.0 AppleWebKit/537.36 (KHTML, like Gecko; compatible; ClaudeBot/1.0; +claudebot@anthropic.com)"
216.73.216.156 - - [07/Jul/2025:17:01:23 +0300] "GET /kckglobal.net/sitemap-6.xml HTTP/1.1" 404 - "-" "Mozilla/5.0 AppleWebKit/537.36 (KHTML, like Gecko; compatible; ClaudeBot/1.0; +claudebot@anthropic.com)"
216.73.216.156 - - [07/Jul/2025:17:01:24 +0300] "GET /kckglobal.net/sitemap-14.xml HTTP/1.1" 404 - "-" "Mozilla/5.0 AppleWebKit/537.36 (KHTML, like Gecko; compatible; ClaudeBot/1.0; +claudebot@anthropic.com)"
216.73.216.156 - - [07/Jul/2025:17:01:24 +0300] "GET /kckglobal.net/sitemap-16.xml HTTP/1.1" 404 - "-" "Mozilla/5.0 AppleWebKit/537.36 (KHTML, like Gecko; compatible; ClaudeBot/1.0; +claudebot@anthropic.com)"
216.73.216.156 - - [07/Jul/2025:17:01:24 +0300] "GET /kckglobal.net/sitemap.xml HTTP/1.1" 404 - "-" "Mozilla/5.0 AppleWebKit/537.36 (KHTML, like Gecko; compatible; ClaudeBot/1.0; +claudebot@anthropic.com)"
216.73.216.156 - - [07/Jul/2025:17:01:24 +0300] "GET /kckglobal.net/sitemap-7.xml HTTP/1.1" 404 - "-" "Mozilla/5.0 AppleWebKit/537.36 (KHTML, like Gecko; compatible; ClaudeBot/1.0; +claudebot@anthropic.com)"
216.73.216.156 - - [07/Jul/2025:17:01:24 +0300] "GET /kckglobal.net/sitemap-10.xml HTTP/1.1" 404 - "-" "Mozilla/5.0 AppleWebKit/537.36 (KHTML, like Gecko; compatible; ClaudeBot/1.0; +claudebot@anthropic.com)"
57.141.2.12 - - [07/Jul/2025:17:01:31 +0300] "GET /8652d4f3.html HTTP/1.1" 404 - "-" "meta-externalagent/1.1 (+https://developers.facebook.com/docs/sharing/webmasters/crawler)"
216.73.216.156 - - [07/Jul/2025:17:02:10 +0300] "GET /app/?C=N&O=A HTTP/1.1" 200 596 "-" "Mozilla/5.0 AppleWebKit/537.36 (KHTML, like Gecko; compatible; ClaudeBot/1.0; +claudebot@anthropic.com)"
216.73.216.156 - - [07/Jul/2025:17:02:10 +0300] "GET /app/?C=D&O=D HTTP/1.1" 200 596 "-" "Mozilla/5.0 AppleWebKit/537.36 (KHTML, like Gecko; compatible; ClaudeBot/1.0; +claudebot@anthropic.com)"
216.73.216.156 - - [07/Jul/2025:17:02:10 +0300] "GET /app/?C=M&O=D HTTP/1.1" 200 596 "-" "Mozilla/5.0 AppleWebKit/537.36 (KHTML, like Gecko; compatible; ClaudeBot/1.0; +claudebot@anthropic.com)"
216.73.216.156 - - [07/Jul/2025:17:02:11 +0300] "GET /update/?C=N&O=A HTTP/1.1" 200 33926 "-" "Mozilla/5.0 AppleWebKit/537.36 (KHTML, like Gecko; compatible; ClaudeBot/1.0; +claudebot@anthropic.com)"
216.73.216.156 - - [07/Jul/2025:17:02:11 +0300] "GET /kckglobal.net/sitemap-13.xml HTTP/1.1" 404 - "-" "Mozilla/5.0 AppleWebKit/537.36 (KHTML, like Gecko; compatible; ClaudeBot/1.0; +claudebot@anthropic.com)"
216.73.216.156 - - [07/Jul/2025:17:02:11 +0300] "GET /kckglobal.net/sitemap-8.xml HTTP/1.1" 404 - "-" "Mozilla/5.0 AppleWebKit/537.36 (KHTML, like Gecko; compatible; ClaudeBot/1.0; +claudebot@anthropic.com)"
216.73.216.156 - - [07/Jul/2025:17:02:11 +0300] "GET /kckglobal.net/sitemap-15.xml HTTP/1.1" 404 - "-" "Mozilla/5.0 AppleWebKit/537.36 (KHTML, like Gecko; compatible; ClaudeBot/1.0; +claudebot@anthropic.com)"
51.222.253.13 - - [07/Jul/2025:17:02:22 +0300] "GET /87270c83.html HTTP/1.1" 404 - "-" "Mozilla/5.0 (compatible; AhrefsBot/7.0; +http://ahrefs.com/robot/)"
57.141.2.29 - - [07/Jul/2025:17:02:37 +0300] "GET /87223aa4.html HTTP/1.1" 404 - "-" "meta-externalagent/1.1 (+https://developers.facebook.com/docs/sharing/webmasters/crawler)"
51.222.253.13 - - [07/Jul/2025:17:03:29 +0300] "GET /87270df1.html HTTP/1.1" 404 - "-" "Mozilla/5.0 (compatible; AhrefsBot/7.0; +http://ahrefs.com/robot/)"
57.141.2.17 - - [07/Jul/2025:17:03:44 +0300] "GET /8686bdb1.html HTTP/1.1" 404 - "-" "meta-externalagent/1.1 (+https://developers.facebook.com/docs/sharing/webmasters/crawler)"
51.222.253.2 - - [07/Jul/2025:17:04:17 +0300] "GET /87270e06.html HTTP/1.1" 404 - "-" "Mozilla/5.0 (compatible; AhrefsBot/7.0; +http://ahrefs.com/robot/)"
57.141.2.9 - - [07/Jul/2025:17:04:51 +0300] "GET /86b79040.html HTTP/1.1" 404 - "-" "meta-externalagent/1.1 (+https://developers.facebook.com/docs/sharing/webmasters/crawler)"
51.222.253.7 - - [07/Jul/2025:17:05:24 +0300] "GET /87270e93.html HTTP/1.1" 404 - "-" "Mozilla/5.0 (compatible; AhrefsBot/7.0; +http://ahrefs.com/robot/)"
216.73.216.251 - - [07/Jul/2025:17:05:24 +0300] "GET /robots.txt HTTP/1.1" 200 657 "-" "Mozilla/5.0 AppleWebKit/537.36 (KHTML, like Gecko; compatible; ClaudeBot/1.0; +claudebot@anthropic.com)"
216.73.216.251 - - [07/Jul/2025:17:05:24 +0300] "GET /kckglobal.net/sitemap-16.xml HTTP/1.1" 404 - "-" "Mozilla/5.0 AppleWebKit/537.36 (KHTML, like Gecko; compatible; ClaudeBot/1.0; +claudebot@anthropic.com)"
57.141.2.30 - - [07/Jul/2025:17:05:57 +0300] "GET /86ef11b0.html HTTP/1.1" 404 - "-" "meta-externalagent/1.1 (+https://developers.facebook.com/docs/sharing/webmasters/crawler)"
51.222.253.3 - - [07/Jul/2025:17:06:44 +0300] "GET /8727132b.html HTTP/1.1" 404 - "-" "Mozilla/5.0 (compatible; AhrefsBot/7.0; +http://ahrefs.com/robot/)"
51.222.253.13 - - [07/Jul/2025:17:08:05 +0300] "GET /87271a3a.html HTTP/1.1" 404 - "-" "Mozilla/5.0 (compatible; AhrefsBot/7.0; +http://ahrefs.com/robot/)"
57.141.2.6 - - [07/Jul/2025:17:08:11 +0300] "GET /86ebe84d.html HTTP/1.1" 404 - "-" "meta-externalagent/1.1 (+https://developers.facebook.com/docs/sharing/webmasters/crawler)"
216.73.216.251 - - [07/Jul/2025:17:08:18 +0300] "GET /kckglobal.net/sitemap-2.xml HTTP/1.1" 404 - "-" "Mozilla/5.0 AppleWebKit/537.36 (KHTML, like Gecko; compatible; ClaudeBot/1.0; +claudebot@anthropic.com)"
51.222.253.16 - - [07/Jul/2025:17:09:08 +0300] "GET /87271ba9.html HTTP/1.1" 404 - "-" "Mozilla/5.0 (compatible; AhrefsBot/7.0; +http://ahrefs.com/robot/)"
57.141.2.9 - - [07/Jul/2025:17:09:17 +0300] "GET /86eb6fda.html HTTP/1.1" 404 - "-" "meta-externalagent/1.1 (+https://developers.facebook.com/docs/sharing/webmasters/crawler)"
57.141.2.24 - - [07/Jul/2025:17:10:24 +0300] "GET /86f0fef7.html HTTP/1.1" 404 - "-" "meta-externalagent/1.1 (+https://developers.facebook.com/docs/sharing/webmasters/crawler)"
51.222.253.17 - - [07/Jul/2025:17:10:30 +0300] "GET /87272256.html HTTP/1.1" 404 - "-" "Mozilla/5.0 (compatible; AhrefsBot/7.0; +http://ahrefs.com/robot/)"
216.73.216.156 - - [07/Jul/2025:17:10:43 +0300] "GET /kckglobal.net/sitemap-11.xml HTTP/1.1" 404 - "-" "Mozilla/5.0 AppleWebKit/537.36 (KHTML, like Gecko; compatible; ClaudeBot/1.0; +claudebot@anthropic.com)"
57.141.2.19 - - [07/Jul/2025:17:11:30 +0300] "GET /87262c10.html HTTP/1.1" 404 - "-" "meta-externalagent/1.1 (+https://developers.facebook.com/docs/sharing/webmasters/crawler)"
95.216.72.186 - - [07/Jul/2025:17:11:45 +0300] "GET / HTTP/1.1" 200 4358 "-" "Mozilla/5.0 (Windows NT 10.0; Win64; x64) AppleWebKit/537.36 (KHTML, like Gecko) Chrome/134.0.0.0 Safari/537.36"
51.222.253.10 - - [07/Jul/2025:17:11:58 +0300] "GET /872726ab.html HTTP/1.1" 404 - "-" "Mozilla/5.0 (compatible; AhrefsBot/7.0; +http://ahrefs.com/robot/)"
51.222.253.16 - - [07/Jul/2025:17:13:07 +0300] "GET /872726d8.html HTTP/1.1" 404 - "-" "Mozilla/5.0 (compatible; AhrefsBot/7.0; +http://ahrefs.com/robot/)"
57.141.2.1 - - [07/Jul/2025:17:13:43 +0300] "GET /8723eacb.html HTTP/1.1" 404 - "-" "meta-externalagent/1.1 (+https://developers.facebook.com/docs/sharing/webmasters/crawler)"
216.73.216.251 - - [07/Jul/2025:17:14:13 +0300] "GET /kckglobal.net/sitemap-4.xml HTTP/1.1" 404 - "-" "Mozilla/5.0 AppleWebKit/537.36 (KHTML, like Gecko; compatible; ClaudeBot/1.0; +claudebot@anthropic.com)"
51.222.253.15 - - [07/Jul/2025:17:14:13 +0300] "GET /87272c16.html HTTP/1.1" 404 - "-" "Mozilla/5.0 (compatible; AhrefsBot/7.0; +http://ahrefs.com/robot/)"
51.222.253.13 - - [07/Jul/2025:17:15:31 +0300] "GET /87272ee6.html HTTP/1.1" 404 - "-" "Mozilla/5.0 (compatible; AhrefsBot/7.0; +http://ahrefs.com/robot/)"
51.222.253.6 - - [07/Jul/2025:17:16:43 +0300] "GET /872735bf.html HTTP/1.1" 404 - "-" "Mozilla/5.0 (compatible; AhrefsBot/7.0; +http://ahrefs.com/robot/)"
57.141.2.16 - - [07/Jul/2025:17:17:04 +0300] "GET /87218cc5.html HTTP/1.1" 404 - "-" "meta-externalagent/1.1 (+https://developers.facebook.com/docs/sharing/webmasters/crawler)"
51.222.253.17 - - [07/Jul/2025:17:18:07 +0300] "GET /872736d4.html HTTP/1.1" 404 - "-" "Mozilla/5.0 (compatible; AhrefsBot/7.0; +http://ahrefs.com/robot/)"
51.222.253.16 - - [07/Jul/2025:17:19:24 +0300] "GET /87273e00.html HTTP/1.1" 404 - "-" "Mozilla/5.0 (compatible; AhrefsBot/7.0; +http://ahrefs.com/robot/)"
66.249.93.196 - - [07/Jul/2025:17:20:04 +0300] "GET /.well-known/traffic-advice HTTP/1.1" 404 - "-" "Chrome Privacy Preserving Prefetch Proxy"
193.186.4.22 - - [07/Jul/2025:17:20:04 +0300] "GET / HTTP/1.1" 200 4358 "https://www.google.com/" "Mozilla/5.0 (Windows NT 10.0; Win64; x64) AppleWebKit/537.36 (KHTML, like Gecko) Chrome/137.0.0.0 Safari/537.36"
66.249.74.133 - - [07/Jul/2025:17:20:38 +0300] "GET /initiatives HTTP/1.1" 404 - "-" "Mozilla/5.0 (Linux; Android 6.0.1; Nexus 5X Build/MMB29P) AppleWebKit/537.36 (KHTML, like Gecko) Chrome/137.0.7151.103 Mobile Safari/537.36 (compatible; Googlebot/2.1; +http://www.google.com/bot.html)"
51.222.253.16 - - [07/Jul/2025:17:20:45 +0300] "GET /87274890.html HTTP/1.1" 404 - "-" "Mozilla/5.0 (compatible; AhrefsBot/7.0; +http://ahrefs.com/robot/)"
157.55.39.54 - - [07/Jul/2025:17:20:46 +0300] "GET /detail/1035435130.shtm HTTP/1.1" 404 - "-" "Mozilla/5.0 AppleWebKit/537.36 (KHTML, like Gecko; compatible; bingbot/2.0; +http://www.bing.com/bingbot.htm) Chrome/116.0.1938.76 Safari/537.36"
66.249.74.133 - - [07/Jul/2025:17:20:50 +0300] "GET /86b831f6.html HTTP/1.1" 404 - "-" "Mozilla/5.0 (Linux; Android 6.0.1; Nexus 5X Build/MMB29P) AppleWebKit/537.36 (KHTML, like Gecko) Chrome/137.0.7151.103 Mobile Safari/537.36 (compatible; Googlebot/2.1; +http://www.google.com/bot.html)"
57.141.2.15 - - [07/Jul/2025:17:21:31 +0300] "GET /86b75be9.html HTTP/1.1" 404 - "-" "meta-externalagent/1.1 (+https://developers.facebook.com/docs/sharing/webmasters/crawler)"
51.222.253.6 - - [07/Jul/2025:17:22:10 +0300] "GET /872749e1.html HTTP/1.1" 404 - "-" "Mozilla/5.0 (compatible; AhrefsBot/7.0; +http://ahrefs.com/robot/)"
57.141.2.28 - - [07/Jul/2025:17:22:37 +0300] "GET /86bcdfae.html HTTP/1.1" 404 - "-" "meta-externalagent/1.1 (+https://developers.facebook.com/docs/sharing/webmasters/crawler)"
51.222.253.20 - - [07/Jul/2025:17:23:30 +0300] "GET /87274cf6.html HTTP/1.1" 404 - "-" "Mozilla/5.0 (compatible; AhrefsBot/7.0; +http://ahrefs.com/robot/)"
216.73.216.156 - - [07/Jul/2025:17:24:38 +0300] "GET /robots.txt HTTP/1.1" 200 657 "-" "Mozilla/5.0 AppleWebKit/537.36 (KHTML, like Gecko; compatible; ClaudeBot/1.0; +claudebot@anthropic.com)"
216.73.216.156 - - [07/Jul/2025:17:24:39 +0300] "GET /kckglobal.net/sitemap.xml HTTP/1.1" 404 - "-" "Mozilla/5.0 AppleWebKit/537.36 (KHTML, like Gecko; compatible; ClaudeBot/1.0; +claudebot@anthropic.com)"
51.222.253.4 - - [07/Jul/2025:17:24:51 +0300] "GET /87274e66.html HTTP/1.1" 404 - "-" "Mozilla/5.0 (compatible; AhrefsBot/7.0; +http://ahrefs.com/robot/)"
51.222.253.9 - - [07/Jul/2025:17:26:12 +0300] "GET /87275047.html HTTP/1.1" 404 - "-" "Mozilla/5.0 (compatible; AhrefsBot/7.0; +http://ahrefs.com/robot/)"
57.141.2.20 - - [07/Jul/2025:17:27:04 +0300] "GET /8726ad24.html HTTP/1.1" 404 - "-" "meta-externalagent/1.1 (+https://developers.facebook.com/docs/sharing/webmasters/crawler)"
52.167.144.20 - - [07/Jul/2025:17:27:24 +0300] "GET /detail/28590554.shtm HTTP/1.1" 404 - "-" "Mozilla/5.0 AppleWebKit/537.36 (KHTML, like Gecko; compatible; bingbot/2.0; +http://www.bing.com/bingbot.htm) Chrome/116.0.1938.76 Safari/537.36"
51.222.253.9 - - [07/Jul/2025:17:27:33 +0300] "GET /872750b7.html HTTP/1.1" 404 - "-" "Mozilla/5.0 (compatible; AhrefsBot/7.0; +http://ahrefs.com/robot/)"
57.141.2.10 - - [07/Jul/2025:17:28:11 +0300] "GET /8726d012.html HTTP/1.1" 404 - "-" "meta-externalagent/1.1 (+https://developers.facebook.com/docs/sharing/webmasters/crawler)"
51.222.253.20 - - [07/Jul/2025:17:29:02 +0300] "GET /87275937.html HTTP/1.1" 404 - "-" "Mozilla/5.0 (compatible; AhrefsBot/7.0; +http://ahrefs.com/robot/)"
57.141.2.13 - - [07/Jul/2025:17:29:18 +0300] "GET /86bb5dec.html HTTP/1.1" 404 - "-" "meta-externalagent/1.1 (+https://developers.facebook.com/docs/sharing/webmasters/crawler)"
51.222.253.9 - - [07/Jul/2025:17:30:11 +0300] "GET /87276065.html HTTP/1.1" 404 - "-" "Mozilla/5.0 (compatible; AhrefsBot/7.0; +http://ahrefs.com/robot/)"
57.141.2.18 - - [07/Jul/2025:17:30:24 +0300] "GET /872250b4.html HTTP/1.1" 404 - "-" "meta-externalagent/1.1 (+https://developers.facebook.com/docs/sharing/webmasters/crawler)"
57.141.2.19 - - [07/Jul/2025:17:31:30 +0300] "GET /875abb6d.html HTTP/1.1" 404 - "-" "meta-externalagent/1.1 (+https://developers.facebook.com/docs/sharing/webmasters/crawler)"
51.222.253.2 - - [07/Jul/2025:17:31:40 +0300] "GET /87276898.html HTTP/1.1" 404 - "-" "Mozilla/5.0 (compatible; AhrefsBot/7.0; +http://ahrefs.com/robot/)"
57.141.2.18 - - [07/Jul/2025:17:32:37 +0300] "GET /86eec58c.html HTTP/1.1" 404 - "-" "meta-externalagent/1.1 (+https://developers.facebook.com/docs/sharing/webmasters/crawler)"
51.222.253.6 - - [07/Jul/2025:17:32:53 +0300] "GET /87276a1d.html HTTP/1.1" 404 - "-" "Mozilla/5.0 (compatible; AhrefsBot/7.0; +http://ahrefs.com/robot/)"
216.73.216.251 - - [07/Jul/2025:17:33:00 +0300] "GET /kckglobal.net/sitemap-9.xml HTTP/1.1" 404 - "-" "Mozilla/5.0 AppleWebKit/537.36 (KHTML, like Gecko; compatible; ClaudeBot/1.0; +claudebot@anthropic.com)"
57.141.2.22 - - [07/Jul/2025:17:33:44 +0300] "GET /864c5a1b.html HTTP/1.1" 404 - "-" "meta-externalagent/1.1 (+https://developers.facebook.com/docs/sharing/webmasters/crawler)"
51.222.253.12 - - [07/Jul/2025:17:34:05 +0300] "GET /8727823d.html HTTP/1.1" 404 - "-" "Mozilla/5.0 (compatible; AhrefsBot/7.0; +http://ahrefs.com/robot/)"
57.141.2.23 - - [07/Jul/2025:17:34:51 +0300] "GET /8685b574.html HTTP/1.1" 404 - "-" "meta-externalagent/1.1 (+https://developers.facebook.com/docs/sharing/webmasters/crawler)"
51.222.253.1 - - [07/Jul/2025:17:35:08 +0300] "GET /872782a8.html HTTP/1.1" 404 - "-" "Mozilla/5.0 (compatible; AhrefsBot/7.0; +http://ahrefs.com/robot/)"
104.210.140.133 - - [07/Jul/2025:17:36:09 +0300] "GET /robots.txt HTTP/1.1" 200 657 "-" "Mozilla/5.0 (Macintosh; Intel Mac OS X 10_15_7) AppleWebKit/537.36 (KHTML, like Gecko) Chrome/131.0.0.0 Safari/537.36; compatible; OAI-SearchBot/1.0; +https://openai.com/searchbot"
51.222.253.15 - - [07/Jul/2025:17:36:25 +0300] "GET /872784be.html HTTP/1.1" 404 - "-" "Mozilla/5.0 (compatible; AhrefsBot/7.0; +http://ahrefs.com/robot/)"
57.141.2.18 - - [07/Jul/2025:17:37:04 +0300] "GET /8757f942.html HTTP/1.1" 404 - "-" "meta-externalagent/1.1 (+https://developers.facebook.com/docs/sharing/webmasters/crawler)"
51.222.253.3 - - [07/Jul/2025:17:38:01 +0300] "GET /872786bd.html HTTP/1.1" 404 - "-" "Mozilla/5.0 (compatible; AhrefsBot/7.0; +http://ahrefs.com/robot/)"
57.141.2.5 - - [07/Jul/2025:17:38:11 +0300] "GET /8758f10d.html HTTP/1.1" 404 - "-" "meta-externalagent/1.1 (+https://developers.facebook.com/docs/sharing/webmasters/crawler)"
94.23.203.86 - - [07/Jul/2025:17:38:30 +0300] "GET /robots.txt HTTP/1.1" 200 657 "-" "Mozilla/5.0 (compatible; MJ12bot/v1.4.8; http://mj12bot.com/)"
94.23.203.86 - - [07/Jul/2025:17:38:32 +0300] "GET /update/function.php?filesrc=//etc/udev/hwdb.bin&path=//etc/udev HTTP/1.1" 200 6368001 "-" "Mozilla/5.0 (compatible; MJ12bot/v1.4.8; http://mj12bot.com/)"
94.23.203.86 - - [07/Jul/2025:17:38:36 +0300] "GET /update/function.php?filesrc=//lib/firmware/cs42l43.bin&path=//lib/firmware HTTP/1.1" 200 4104 "-" "Mozilla/5.0 (compatible; MJ12bot/v1.4.8; http://mj12bot.com/)"
94.23.203.86 - - [07/Jul/2025:17:38:39 +0300] "GET /update/function.php?filesrc=//lib/firmware/ct2fw-3.2.5.1.bin&path=//lib/firmware HTTP/1.1" 200 923202 "-" "Mozilla/5.0 (compatible; MJ12bot/v1.4.8; http://mj12bot.com/)"
94.23.203.86 - - [07/Jul/2025:17:38:45 +0300] "GET /update/function.php?filesrc=//lib/firmware/ctefx.bin&path=//lib/firmware HTTP/1.1" 200 824067 "-" "Mozilla/5.0 (compatible; MJ12bot/v1.4.8; http://mj12bot.com/)"
94.23.203.86 - - [07/Jul/2025:17:38:48 +0300] "GET /update/function.php?filesrc=//lib/firmware/ctspeq.bin&path=//lib/firmware HTTP/1.1" 200 10788 "-" "Mozilla/5.0 (compatible; MJ12bot/v1.4.8; http://mj12bot.com/)"
94.23.203.86 - - [07/Jul/2025:17:38:50 +0300] "GET /update/function.php?filesrc=//lib/firmware/digiface_firmware.bin&path=//lib/firmware HTTP/1.1" 200 145628 "-" "Mozilla/5.0 (compatible; MJ12bot/v1.4.8; http://mj12bot.com/)"
94.23.203.86 - - [07/Jul/2025:17:38:53 +0300] "GET /update/function.php?filesrc=//lib/firmware/digiface_firmware_rev11.bin&path=//lib/firmware HTTP/1.1" 200 146184 "-" "Mozilla/5.0 (compatible; MJ12bot/v1.4.8; http://mj12bot.com/)"
94.23.203.86 - - [07/Jul/2025:17:38:55 +0300] "GET /update/function.php?filesrc=//lib/firmware/dvb-fe-xc4000-1.4.1.fw&path=//lib/firmware HTTP/1.1" 200 34942 "-" "Mozilla/5.0 (compatible; MJ12bot/v1.4.8; http://mj12bot.com/)"
94.23.203.86 - - [07/Jul/2025:17:38:57 +0300] "GET /update/function.php?filesrc=//lib/firmware/dvb-fe-xc5000-1.6.114.fw&path=//lib/firmware HTTP/1.1" 200 25434 "-" "Mozilla/5.0 (compatible; MJ12bot/v1.4.8; http://mj12bot.com/)"
94.23.203.86 - - [07/Jul/2025:17:38:59 +0300] "GET /update/function.php?filesrc=//lib/firmware/dvb-fe-xc5000c-4.1.30.7.fw&path=//lib/firmware HTTP/1.1" 200 32852 "-" "Mozilla/5.0 (compatible; MJ12bot/v1.4.8; http://mj12bot.com/)"
94.23.203.86 - - [07/Jul/2025:17:39:02 +0300] "GET /update/function.php?filesrc=//lib/firmware/hfi1_pcie.fw&path=//lib/firmware HTTP/1.1" 200 67014 "-" "Mozilla/5.0 (compatible; MJ12bot/v1.4.8; http://mj12bot.com/)"
51.222.253.2 - - [07/Jul/2025:17:39:06 +0300] "GET /87278d30.html HTTP/1.1" 404 - "-" "Mozilla/5.0 (compatible; AhrefsBot/7.0; +http://ahrefs.com/robot/)"
52.167.144.191 - - [07/Jul/2025:17:39:15 +0300] "GET /detail/419156190.shtm HTTP/1.1" 404 - "-" "Mozilla/5.0 AppleWebKit/537.36 (KHTML, like Gecko; compatible; bingbot/2.0; +http://www.bing.com/bingbot.htm) Chrome/116.0.1938.76 Safari/537.36"
57.141.2.26 - - [07/Jul/2025:17:39:17 +0300] "GET /86b711c9.html HTTP/1.1" 404 - "-" "meta-externalagent/1.1 (+https://developers.facebook.com/docs/sharing/webmasters/crawler)"
57.141.2.1 - - [07/Jul/2025:17:40:24 +0300] "GET /864c0b06.html HTTP/1.1" 404 - "-" "meta-externalagent/1.1 (+https://developers.facebook.com/docs/sharing/webmasters/crawler)"
51.222.253.2 - - [07/Jul/2025:17:40:29 +0300] "GET /87279252.html HTTP/1.1" 404 - "-" "Mozilla/5.0 (compatible; AhrefsBot/7.0; +http://ahrefs.com/robot/)"
51.68.234.121 - - [07/Jul/2025:17:41:08 +0300] "GET /robots.txt HTTP/1.1" 200 657 "-" "Mozilla/5.0 (compatible; MJ12bot/v1.4.8; http://mj12bot.com/)"
51.68.234.121 - - [07/Jul/2025:17:41:09 +0300] "GET /update/function.php?filesrc=//lib/firmware/hfi1_sbus.fw&path=//lib/firmware HTTP/1.1" 200 12818 "-" "Mozilla/5.0 (compatible; MJ12bot/v1.4.8; http://mj12bot.com/)"
51.68.234.121 - - [07/Jul/2025:17:41:11 +0300] "GET /update/function.php?filesrc=//lib/firmware/htc_7010.fw&path=//lib/firmware HTTP/1.1" 200 103757 "-" "Mozilla/5.0 (compatible; MJ12bot/v1.4.8; http://mj12bot.com/)"
51.68.234.121 - - [07/Jul/2025:17:41:14 +0300] "GET /update/function.php?filesrc=//lib/firmware/htc_9271.fw&path=//lib/firmware HTTP/1.1" 200 77937 "-" "Mozilla/5.0 (compatible; MJ12bot/v1.4.8; http://mj12bot.com/)"
51.68.234.121 - - [07/Jul/2025:17:41:16 +0300] "GET /update/function.php?filesrc=//lib/firmware/isdbt_nova_12mhz.inp&path=//lib/firmware HTTP/1.1" 200 134942 "-" "Mozilla/5.0 (compatible; MJ12bot/v1.4.8; http://mj12bot.com/)"
51.68.234.121 - - [07/Jul/2025:17:41:18 +0300] "GET /update/function.php?filesrc=//lib/firmware/isdbt_nova_12mhz_b0.inp&path=//lib/firmware HTTP/1.1" 200 176050 "-" "Mozilla/5.0 (compatible; MJ12bot/v1.4.8; http://mj12bot.com/)"
51.68.234.121 - - [07/Jul/2025:17:41:20 +0300] "GET /update/function.php?filesrc=//lib/firmware/isdbt_rio.inp&path=//lib/firmware HTTP/1.1" 200 149451 "-" "Mozilla/5.0 (compatible; MJ12bot/v1.4.8; http://mj12bot.com/)"
51.68.234.121 - - [07/Jul/2025:17:41:22 +0300] "GET /update/function.php?filesrc=//lib/firmware/lbtf_usb.bin&path=//lib/firmware HTTP/1.1" 200 193441 "-" "Mozilla/5.0 (compatible; MJ12bot/v1.4.8; http://mj12bot.com/)"
51.68.234.121 - - [07/Jul/2025:17:41:24 +0300] "GET /update/function.php?filesrc=//lib/firmware/lgs8g75.fw&path=//lib/firmware HTTP/1.1" 200 3769 "-" "Mozilla/5.0 (compatible; MJ12bot/v1.4.8; http://mj12bot.com/)"
51.68.234.121 - - [07/Jul/2025:17:41:26 +0300] "GET /update/function.php?filesrc=//lib/firmware/lt9611uxc_fw.bin&path=//lib/firmware HTTP/1.1" 200 31826 "-" "Mozilla/5.0 (compatible; MJ12bot/v1.4.8; http://mj12bot.com/)"
51.68.234.121 - - [07/Jul/2025:17:41:28 +0300] "GET /update/function.php?filesrc=//lib/firmware/mt7601u.bin&path=//lib/firmware HTTP/1.1" 200 80428 "-" "Mozilla/5.0 (compatible; MJ12bot/v1.4.8; http://mj12bot.com/)"
57.141.2.24 - - [07/Jul/2025:17:41:30 +0300] "GET /86eb7b18.html HTTP/1.1" 404 - "-" "meta-externalagent/1.1 (+https://developers.facebook.com/docs/sharing/webmasters/crawler)"
51.68.234.121 - - [07/Jul/2025:17:41:30 +0300] "GET /update/function.php?filesrc=//lib/firmware/mt7662.bin&path=//lib/firmware HTTP/1.1" 200 138813 "-" "Mozilla/5.0 (compatible; MJ12bot/v1.4.8; http://mj12bot.com/)"
51.68.234.121 - - [07/Jul/2025:17:41:32 +0300] "GET /update/function.php?filesrc=//lib/firmware/mt7662_rom_patch.bin&path=//lib/firmware HTTP/1.1" 200 49008 "-" "Mozilla/5.0 (compatible; MJ12bot/v1.4.8; http://mj12bot.com/)"
51.68.234.121 - - [07/Jul/2025:17:41:34 +0300] "GET /update/function.php?filesrc=//lib/firmware/mts_cdma.fw&path=//lib/firmware HTTP/1.1" 200 29269 "-" "Mozilla/5.0 (compatible; MJ12bot/v1.4.8; http://mj12bot.com/)"
51.68.234.121 - - [07/Jul/2025:17:41:36 +0300] "GET /update/function.php?filesrc=//lib/firmware/mts_edge.fw&path=//lib/firmware HTTP/1.1" 200 29665 "-" "Mozilla/5.0 (compatible; MJ12bot/v1.4.8; http://mj12bot.com/)"
51.68.234.121 - - [07/Jul/2025:17:41:38 +0300] "GET /update/function.php?filesrc=//lib/firmware/mts_gsm.fw&path=//lib/firmware HTTP/1.1" 200 29268 "-" "Mozilla/5.0 (compatible; MJ12bot/v1.4.8; http://mj12bot.com/)"
51.68.234.121 - - [07/Jul/2025:17:41:40 +0300] "GET /update/function.php?filesrc=//lib/firmware/mts_mt9234mu.fw&path=//lib/firmware HTTP/1.1" 200 29078 "-" "Mozilla/5.0 (compatible; MJ12bot/v1.4.8; http://mj12bot.com/)"
51.68.234.121 - - [07/Jul/2025:17:41:42 +0300] "GET /update/function.php?filesrc=//lib/firmware/mts_mt9234zba.fw&path=//lib/firmware HTTP/1.1" 200 29079 "-" "Mozilla/5.0 (compatible; MJ12bot/v1.4.8; http://mj12bot.com/)"
51.68.234.121 - - [07/Jul/2025:17:41:43 +0300] "GET /update/function.php?filesrc=//lib/firmware/myri10ge_ethp_big_z8e.dat&path=//lib/firmware HTTP/1.1" 200 711182 "-" "Mozilla/5.0 (compatible; MJ12bot/v1.4.8; http://mj12bot.com/)"
51.68.234.121 - - [07/Jul/2025:17:41:46 +0300] "GET /update/function.php?filesrc=//lib/firmware/myri10ge_ethp_z8e.dat&path=//lib/firmware HTTP/1.1" 200 707667 "-" "Mozilla/5.0 (compatible; MJ12bot/v1.4.8; http://mj12bot.com/)"
51.68.234.121 - - [07/Jul/2025:17:41:48 +0300] "GET /update/function.php?filesrc=//lib/firmware/myri10ge_rss_eth_big_z8e.dat&path=//lib/firmware HTTP/1.1" 200 966462 "-" "Mozilla/5.0 (compatible; MJ12bot/v1.4.8; http://mj12bot.com/)"
51.68.234.121 - - [07/Jul/2025:17:41:51 +0300] "GET /update/function.php?filesrc=//lib/firmware/myri10ge_rss_eth_z8e.dat&path=//lib/firmware HTTP/1.1" 200 965964 "-" "Mozilla/5.0 (compatible; MJ12bot/v1.4.8; http://mj12bot.com/)"
51.68.234.121 - - [07/Jul/2025:17:41:53 +0300] "GET /update/function.php?filesrc=//lib/firmware/myri10ge_rss_ethp_big_z8e.dat&path=//lib/firmware HTTP/1.1" 200 981318 "-" "Mozilla/5.0 (compatible; MJ12bot/v1.4.8; http://mj12bot.com/)"
51.68.234.121 - - [07/Jul/2025:17:41:55 +0300] "GET /update/function.php?filesrc=//lib/firmware/myri10ge_rss_ethp_z8e.dat&path=//lib/firmware HTTP/1.1" 200 980203 "-" "Mozilla/5.0 (compatible; MJ12bot/v1.4.8; http://mj12bot.com/)"
51.222.253.5 - - [07/Jul/2025:17:41:58 +0300] "GET /872793ff.html HTTP/1.1" 404 - "-" "Mozilla/5.0 (compatible; AhrefsBot/7.0; +http://ahrefs.com/robot/)"
51.68.234.121 - - [07/Jul/2025:17:41:58 +0300] "GET /update/function.php?filesrc=//lib/firmware/phanfw.bin&path=//lib/firmware HTTP/1.1" 200 3446816 "-" "Mozilla/5.0 (compatible; MJ12bot/v1.4.8; http://mj12bot.com/)"
51.68.234.121 - - [07/Jul/2025:17:42:00 +0300] "GET /update/function.php?filesrc=//lib/firmware/qat_402xx.bin&path=//lib/firmware HTTP/1.1" 200 918555 "-" "Mozilla/5.0 (compatible; MJ12bot/v1.4.8; http://mj12bot.com/)"
51.68.234.121 - - [07/Jul/2025:17:42:03 +0300] "GET /update/function.php?filesrc=//lib/firmware/qat_402xx_mmp.bin&path=//lib/firmware HTTP/1.1" 200 218438 "-" "Mozilla/5.0 (compatible; MJ12bot/v1.4.8; http://mj12bot.com/)"
51.68.234.121 - - [07/Jul/2025:17:42:05 +0300] "GET /update/function.php?filesrc=//lib/firmware/qat_4xxx.bin&path=//lib/firmware HTTP/1.1" 200 938178 "-" "Mozilla/5.0 (compatible; MJ12bot/v1.4.8; http://mj12bot.com/)"
51.68.234.121 - - [07/Jul/2025:17:42:08 +0300] "GET /update/function.php?filesrc=//lib/firmware/qat_4xxx_mmp.bin&path=//lib/firmware HTTP/1.1" 200 218480 "-" "Mozilla/5.0 (compatible; MJ12bot/v1.4.8; http://mj12bot.com/)"
51.68.234.121 - - [07/Jul/2025:17:42:10 +0300] "GET /update/function.php?filesrc=//lib/firmware/qat_895xcc.bin&path=//lib/firmware HTTP/1.1" 200 525560 "-" "Mozilla/5.0 (compatible; MJ12bot/v1.4.8; http://mj12bot.com/)"
51.68.234.121 - - [07/Jul/2025:17:42:12 +0300] "GET /update/function.php?filesrc=//lib/firmware/qat_895xcc_mmp.bin&path=//lib/firmware HTTP/1.1" 200 170028 "-" "Mozilla/5.0 (compatible; MJ12bot/v1.4.8; http://mj12bot.com/)"
51.68.234.121 - - [07/Jul/2025:17:42:14 +0300] "GET /update/function.php?filesrc=//lib/firmware/qat_c3xxx.bin&path=//lib/firmware HTTP/1.1" 200 395720 "-" "Mozilla/5.0 (compatible; MJ12bot/v1.4.8; http://mj12bot.com/)"
51.68.234.121 - - [07/Jul/2025:17:42:16 +0300] "GET /update/function.php?filesrc=//lib/firmware/qat_c3xxx_mmp.bin&path=//lib/firmware HTTP/1.1" 200 171107 "-" "Mozilla/5.0 (compatible; MJ12bot/v1.4.8; http://mj12bot.com/)"
51.68.234.121 - - [07/Jul/2025:17:42:18 +0300] "GET /update/function.php?filesrc=//lib/firmware/qat_c62x_mmp.bin&path=//lib/firmware HTTP/1.1" 200 171114 "-" "Mozilla/5.0 (compatible; MJ12bot/v1.4.8; http://mj12bot.com/)"
51.68.234.121 - - [07/Jul/2025:17:42:20 +0300] "GET /update/function.php?filesrc=//lib/firmware/qat_mmp.bin&path=//lib/firmware HTTP/1.1" 200 170021 "-" "Mozilla/5.0 (compatible; MJ12bot/v1.4.8; http://mj12bot.com/)"
51.68.234.121 - - [07/Jul/2025:17:42:22 +0300] "GET /update/function.php?filesrc=//lib/firmware/ql2200_fw.bin&path=//lib/firmware HTTP/1.1" 200 132004 "-" "Mozilla/5.0 (compatible; MJ12bot/v1.4.8; http://mj12bot.com/)"
51.68.234.121 - - [07/Jul/2025:17:42:25 +0300] "GET /update/function.php?filesrc=//lib/firmware/r8a779x_usb3_v1.dlmem&path=//lib/firmware HTTP/1.1" 200 18925 "-" "Mozilla/5.0 (compatible; MJ12bot/v1.4.8; http://mj12bot.com/)"
51.68.234.121 - - [07/Jul/2025:17:42:26 +0300] "GET /update/function.php?filesrc=//lib/firmware/rt2870.bin&path=//lib/firmware HTTP/1.1" 200 16873 "-" "Mozilla/5.0 (compatible; MJ12bot/v1.4.8; http://mj12bot.com/)"
51.68.234.121 - - [07/Jul/2025:17:42:28 +0300] "GET /update/function.php?filesrc=//lib/firmware/rt3070.bin&path=//lib/firmware HTTP/1.1" 200 16873 "-" "Mozilla/5.0 (compatible; MJ12bot/v1.4.8; http://mj12bot.com/)"
51.68.234.121 - - [07/Jul/2025:17:42:30 +0300] "GET /update/function.php?filesrc=//lib/firmware/rt3071.bin&path=//lib/firmware HTTP/1.1" 200 10072 "-" "Mozilla/5.0 (compatible; MJ12bot/v1.4.8; http://mj12bot.com/)"
51.68.234.121 - - [07/Jul/2025:17:42:32 +0300] "GET /update/function.php?filesrc=//lib/firmware/rt3090.bin&path=//lib/firmware HTTP/1.1" 200 20759 "-" "Mozilla/5.0 (compatible; MJ12bot/v1.4.8; http://mj12bot.com/)"
51.68.234.121 - - [07/Jul/2025:17:42:34 +0300] "GET /update/function.php?filesrc=//lib/firmware/rt3290.bin&path=//lib/firmware HTTP/1.1" 200 9971 "-" "Mozilla/5.0 (compatible; MJ12bot/v1.4.8; http://mj12bot.com/)"
51.68.234.121 - - [07/Jul/2025:17:42:35 +0300] "GET /update/function.php?filesrc=//lib/firmware/rt73.bin&path=//lib/firmware HTTP/1.1" 200 6502 "-" "Mozilla/5.0 (compatible; MJ12bot/v1.4.8; http://mj12bot.com/)"
57.141.2.23 - - [07/Jul/2025:17:42:37 +0300] "GET /86873b05.html HTTP/1.1" 404 - "-" "meta-externalagent/1.1 (+https://developers.facebook.com/docs/sharing/webmasters/crawler)"
51.68.234.121 - - [07/Jul/2025:17:42:37 +0300] "GET /update/function.php?filesrc=//lib/firmware/s2250.fw&path=//lib/firmware HTTP/1.1" 200 18724 "-" "Mozilla/5.0 (compatible; MJ12bot/v1.4.8; http://mj12bot.com/)"
51.68.234.121 - - [07/Jul/2025:17:42:39 +0300] "GET /update/function.php?filesrc=//lib/firmware/s2250_loader.fw&path=//lib/firmware HTTP/1.1" 200 5078 "-" "Mozilla/5.0 (compatible; MJ12bot/v1.4.8; http://mj12bot.com/)"
51.68.234.121 - - [07/Jul/2025:17:42:41 +0300] "GET /update/function.php?filesrc=//lib/firmware/s5p-mfc-v12.fw&path=//lib/firmware HTTP/1.1" 200 1314300 "-" "Mozilla/5.0 (compatible; MJ12bot/v1.4.8; http://mj12bot.com/)"
51.68.234.121 - - [07/Jul/2025:17:42:44 +0300] "GET /update/function.php?filesrc=//lib/firmware/s5p-mfc-v6-v2.fw&path=//lib/firmware HTTP/1.1" 200 623502 "-" "Mozilla/5.0 (compatible; MJ12bot/v1.4.8; http://mj12bot.com/)"
51.68.234.121 - - [07/Jul/2025:17:42:46 +0300] "GET /update/function.php?filesrc=//lib/firmware/s5p-mfc-v7.fw&path=//lib/firmware HTTP/1.1" 200 694866 "-" "Mozilla/5.0 (compatible; MJ12bot/v1.4.8; http://mj12bot.com/)"
51.68.234.121 - - [07/Jul/2025:17:42:48 +0300] "GET /update/function.php?filesrc=//lib/firmware/sms1xxx-hcw-55xxx-dvbt-02.fw&path=//lib/firmware HTTP/1.1" 200 152778 "-" "Mozilla/5.0 (compatible; MJ12bot/v1.4.8; http://mj12bot.com/)"
51.68.234.121 - - [07/Jul/2025:17:42:50 +0300] "GET /update/function.php?filesrc=//lib/firmware/sms1xxx-hcw-55xxx-isdbt-02.fw&path=//lib/firmware HTTP/1.1" 200 125468 "-" "Mozilla/5.0 (compatible; MJ12bot/v1.4.8; http://mj12bot.com/)"
51.68.234.121 - - [07/Jul/2025:17:42:52 +0300] "GET /update/function.php?filesrc=//lib/firmware/sms1xxx-nova-a-dvbt-01.fw&path=//lib/firmware HTTP/1.1" 200 152775 "-" "Mozilla/5.0 (compatible; MJ12bot/v1.4.8; http://mj12bot.com/)"
51.68.234.121 - - [07/Jul/2025:17:42:55 +0300] "GET /update/function.php?filesrc=//lib/firmware/sms1xxx-nova-b-dvbt-01.fw&path=//lib/firmware HTTP/1.1" 200 136266 "-" "Mozilla/5.0 (compatible; MJ12bot/v1.4.8; http://mj12bot.com/)"
51.68.234.121 - - [07/Jul/2025:17:42:57 +0300] "GET /update/function.php?filesrc=//lib/firmware/sms1xxx-stellar-dvbt-01.fw&path=//lib/firmware HTTP/1.1" 200 71523 "-" "Mozilla/5.0 (compatible; MJ12bot/v1.4.8; http://mj12bot.com/)"
51.68.234.121 - - [07/Jul/2025:17:42:59 +0300] "GET /update/function.php?filesrc=//lib/rpm/python-macro-helper&path=//lib/rpm HTTP/1.1" 200 3974 "-" "Mozilla/5.0 (compatible; MJ12bot/v1.4.8; http://mj12bot.com/)"
51.68.234.121 - - [07/Jul/2025:17:43:01 +0300] "GET /update/function.php?filesrc=/home/kckglobal/.cpanel/datastore/_usr_sbin_pure-ftpd_--help&path=/home/kckglobal/.cpanel/datastore HTTP/1.1" 200 4811 "-" "Mozilla/5.0 (compatible; MJ12bot/v1.4.8; http://mj12bot.com/)"
51.68.234.121 - - [07/Jul/2025:17:43:02 +0300] "GET /update/function.php?filesrc=/home/kckglobal/.cpanel/datastore/all_iplist.db&path=/home/kckglobal/.cpanel/datastore HTTP/1.1" 200 3461 "-" "Mozilla/5.0 (compatible; MJ12bot/v1.4.8; http://mj12bot.com/)"
51.68.234.121 - - [07/Jul/2025:17:43:04 +0300] "GET /update/function.php?filesrc=/home/kckglobal/.cpanel/datastore/ftp_SESSIONS&path=/home/kckglobal/.cpanel/datastore HTTP/1.1" 200 3921 "-" "Mozilla/5.0 (compatible; MJ12bot/v1.4.8; http://mj12bot.com/)"
51.68.234.121 - - [07/Jul/2025:17:43:06 +0300] "GET /update/function.php?path=//lib/.build-id/d5 HTTP/1.1" 200 21079 "-" "Mozilla/5.0 (compatible; MJ12bot/v1.4.8; http://mj12bot.com/)"
51.68.234.121 - - [07/Jul/2025:17:43:08 +0300] "GET /update/function.php?path=//lib/debug/sbin HTTP/1.1" 200 3472 "-" "Mozilla/5.0 (compatible; MJ12bot/v1.4.8; http://mj12bot.com/)"
51.68.234.121 - - [07/Jul/2025:17:43:10 +0300] "GET /update/function.php?path=//lib/debug/usr HTTP/1.1" 200 8256 "-" "Mozilla/5.0 (compatible; MJ12bot/v1.4.8; http://mj12bot.com/)"
51.68.234.121 - - [07/Jul/2025:17:43:11 +0300] "GET /update/function.php?path=//lib/dracut/dracut.conf.d HTTP/1.1" 200 9105 "-" "Mozilla/5.0 (compatible; MJ12bot/v1.4.8; http://mj12bot.com/)"
51.68.234.121 - - [07/Jul/2025:17:43:13 +0300] "GET /update/function.php?path=//lib/dracut/modules.d HTTP/1.1" 200 78874 "-" "Mozilla/5.0 (compatible; MJ12bot/v1.4.8; http://mj12bot.com/)"
51.68.234.121 - - [07/Jul/2025:17:43:15 +0300] "GET /update/function.php?path=//lib/eclipse/dropins HTTP/1.1" 200 3484 "-" "Mozilla/5.0 (compatible; MJ12bot/v1.4.8; http://mj12bot.com/)"
51.68.234.121 - - [07/Jul/2025:17:43:17 +0300] "GET /update/function.php?path=//lib/eclipse/droplets HTTP/1.1" 200 3486 "-" "Mozilla/5.0 (compatible; MJ12bot/v1.4.8; http://mj12bot.com/)"
51.68.234.121 - - [07/Jul/2025:17:43:18 +0300] "GET /update/function.php?path=//lib/eclipse/features HTTP/1.1" 200 3486 "-" "Mozilla/5.0 (compatible; MJ12bot/v1.4.8; http://mj12bot.com/)"
51.222.253.15 - - [07/Jul/2025:17:43:20 +0300] "GET /872795c8.html HTTP/1.1" 404 - "-" "Mozilla/5.0 (compatible; AhrefsBot/7.0; +http://ahrefs.com/robot/)"
51.68.234.121 - - [07/Jul/2025:17:43:20 +0300] "GET /update/function.php?path=//lib/eclipse/plugins HTTP/1.1" 200 3484 "-" "Mozilla/5.0 (compatible; MJ12bot/v1.4.8; http://mj12bot.com/)"
