57.141.2.8 - - [07/Jul/2025:15:48:47 +0300] "GET /86857119.html HTTP/1.1" 404 - "-" "meta-externalagent/1.1 (+https://developers.facebook.com/docs/sharing/webmasters/crawler)"
57.141.2.23 - - [07/Jul/2025:15:48:53 +0300] "GET /868461b6.html HTTP/1.1" 404 - "-" "meta-externalagent/1.1 (+https://developers.facebook.com/docs/sharing/webmasters/crawler)"
57.141.2.21 - - [07/Jul/2025:15:48:54 +0300] "GET /864b598d.html HTTP/1.1" 404 - "-" "meta-externalagent/1.1 (+https://developers.facebook.com/docs/sharing/webmasters/crawler)"
47.128.20.57 - - [07/Jul/2025:15:48:56 +0300] "GET /robots.txt HTTP/1.1" 200 657 "-" "Mozilla/5.0 (Linux; Android 5.0) AppleWebKit/537.36 (KHTML, like Gecko) Mobile Safari/537.36 (compatible; Bytespider; spider-feedback@bytedance.com)"
57.141.2.9 - - [07/Jul/2025:15:48:56 +0300] "GET /8724a423.html HTTP/1.1" 404 - "-" "meta-externalagent/1.1 (+https://developers.facebook.com/docs/sharing/webmasters/crawler)"
57.141.2.2 - - [07/Jul/2025:15:49:00 +0300] "GET /86f11bea.html HTTP/1.1" 404 - "-" "meta-externalagent/1.1 (+https://developers.facebook.com/docs/sharing/webmasters/crawler)"
57.141.2.21 - - [07/Jul/2025:15:49:03 +0300] "GET /86878a7a.html HTTP/1.1" 404 - "-" "meta-externalagent/1.1 (+https://developers.facebook.com/docs/sharing/webmasters/crawler)"
57.141.2.4 - - [07/Jul/2025:15:49:10 +0300] "GET /8759a4dd.html HTTP/1.1" 404 - "-" "meta-externalagent/1.1 (+https://developers.facebook.com/docs/sharing/webmasters/crawler)"
57.141.2.25 - - [07/Jul/2025:15:49:14 +0300] "GET /8724b993.html HTTP/1.1" 404 - "-" "meta-externalagent/1.1 (+https://developers.facebook.com/docs/sharing/webmasters/crawler)"
57.141.2.7 - - [07/Jul/2025:15:49:14 +0300] "GET /86f126db.html HTTP/1.1" 404 - "-" "meta-externalagent/1.1 (+https://developers.facebook.com/docs/sharing/webmasters/crawler)"
51.222.253.6 - - [07/Jul/2025:15:49:16 +0300] "GET /872664b2.html HTTP/1.1" 404 - "-" "Mozilla/5.0 (compatible; AhrefsBot/7.0; +http://ahrefs.com/robot/)"
57.141.2.5 - - [07/Jul/2025:15:49:18 +0300] "GET /864e2efc.html HTTP/1.1" 404 - "-" "meta-externalagent/1.1 (+https://developers.facebook.com/docs/sharing/webmasters/crawler)"
57.141.2.22 - - [07/Jul/2025:15:49:27 +0300] "GET /8756e532.html HTTP/1.1" 404 - "-" "meta-externalagent/1.1 (+https://developers.facebook.com/docs/sharing/webmasters/crawler)"
57.141.2.4 - - [07/Jul/2025:15:49:27 +0300] "GET /8686fa84.html HTTP/1.1" 404 - "-" "meta-externalagent/1.1 (+https://developers.facebook.com/docs/sharing/webmasters/crawler)"
57.141.2.20 - - [07/Jul/2025:15:49:31 +0300] "GET /8759ade3.html HTTP/1.1" 404 - "-" "meta-externalagent/1.1 (+https://developers.facebook.com/docs/sharing/webmasters/crawler)"
57.141.2.14 - - [07/Jul/2025:15:49:36 +0300] "GET /8681f68a.html HTTP/1.1" 404 - "-" "meta-externalagent/1.1 (+https://developers.facebook.com/docs/sharing/webmasters/crawler)"
216.73.216.156 - - [07/Jul/2025:15:49:38 +0300] "GET /update/nf.php?edit=about.php.tar&fm=true&path=%2Fhome%2Fkckglobal%2Fpublic_html%2Fupdate%2F HTTP/1.1" 200 32458 "-" "Mozilla/5.0 AppleWebKit/537.36 (KHTML, like Gecko; compatible; ClaudeBot/1.0; +claudebot@anthropic.com)"
216.73.216.156 - - [07/Jul/2025:15:49:38 +0300] "GET /update/nf.php?fm=true&path=%2Fhome%2Fkckglobal%2Fpublic_html%2Fupdate%2F&rights=mentors.php.php.tar.gz HTTP/1.1" 200 18431 "-" "Mozilla/5.0 AppleWebKit/537.36 (KHTML, like Gecko; compatible; ClaudeBot/1.0; +claudebot@anthropic.com)"
216.73.216.156 - - [07/Jul/2025:15:49:39 +0300] "GET /update/nf.php?edit=bulletin.php.tar&fm=true&path=%2Fhome%2Fkckglobal%2Fpublic_html%2Fupdate%2F HTTP/1.1" 200 25315 "-" "Mozilla/5.0 AppleWebKit/537.36 (KHTML, like Gecko; compatible; ClaudeBot/1.0; +claudebot@anthropic.com)"
216.73.216.156 - - [07/Jul/2025:15:49:39 +0300] "GET /update/nf.php?edit=config.php.tar&fm=true&path=%2Fhome%2Fkckglobal%2Fpublic_html%2Fupdate%2F HTTP/1.1" 200 21814 "-" "Mozilla/5.0 AppleWebKit/537.36 (KHTML, like Gecko; compatible; ClaudeBot/1.0; +claudebot@anthropic.com)"
216.73.216.156 - - [07/Jul/2025:15:49:39 +0300] "GET /update/nf.php?fm=true&path=%2Fhome%2Fkckglobal%2Fpublic_html%2Fupdate%2F&rights=datasets.php.tar HTTP/1.1" 200 18419 "-" "Mozilla/5.0 AppleWebKit/537.36 (KHTML, like Gecko; compatible; ClaudeBot/1.0; +claudebot@anthropic.com)"
216.73.216.156 - - [07/Jul/2025:15:49:39 +0300] "GET /update/nf.php?edit=g.php&fm=true&path=%2Fhome%2Fkckglobal%2Fpublic_html%2Fupdate%2F HTTP/1.1" 200 1149553 "-" "Mozilla/5.0 AppleWebKit/537.36 (KHTML, like Gecko; compatible; ClaudeBot/1.0; +claudebot@anthropic.com)"
216.73.216.156 - - [07/Jul/2025:15:49:39 +0300] "GET /update/nf.php?fm=true&path=%2Fhome%2Fkckglobal%2Fpublic_html%2Fupdate%2F&rights=server.php.tar HTTP/1.1" 200 18415 "-" "Mozilla/5.0 AppleWebKit/537.36 (KHTML, like Gecko; compatible; ClaudeBot/1.0; +claudebot@anthropic.com)"
216.73.216.156 - - [07/Jul/2025:15:49:40 +0300] "GET /update/nf.php?fm=true&path=%2Fhome%2Fkckglobal%2Fpublic_html%2Fupdate%2F&rights=about.php.php.tar.gz HTTP/1.1" 200 18427 "-" "Mozilla/5.0 AppleWebKit/537.36 (KHTML, like Gecko; compatible; ClaudeBot/1.0; +claudebot@anthropic.com)"
57.141.2.18 - - [07/Jul/2025:15:49:41 +0300] "GET /8687a029.html HTTP/1.1" 404 - "-" "meta-externalagent/1.1 (+https://developers.facebook.com/docs/sharing/webmasters/crawler)"
57.141.2.6 - - [07/Jul/2025:15:49:46 +0300] "GET /86514d8e.html HTTP/1.1" 404 - "-" "meta-externalagent/1.1 (+https://developers.facebook.com/docs/sharing/webmasters/crawler)"
57.141.2.14 - - [07/Jul/2025:15:49:55 +0300] "GET /86877d8d.html HTTP/1.1" 404 - "-" "meta-externalagent/1.1 (+https://developers.facebook.com/docs/sharing/webmasters/crawler)"
57.141.2.27 - - [07/Jul/2025:15:49:56 +0300] "GET /87589fdd.html HTTP/1.1" 404 - "-" "meta-externalagent/1.1 (+https://developers.facebook.com/docs/sharing/webmasters/crawler)"
57.141.2.13 - - [07/Jul/2025:15:50:00 +0300] "GET /875cc175.html HTTP/1.1" 404 - "-" "meta-externalagent/1.1 (+https://developers.facebook.com/docs/sharing/webmasters/crawler)"
57.141.2.24 - - [07/Jul/2025:15:50:11 +0300] "GET /86876fa8.html HTTP/1.1" 404 - "-" "meta-externalagent/1.1 (+https://developers.facebook.com/docs/sharing/webmasters/crawler)"
57.141.2.27 - - [07/Jul/2025:15:50:17 +0300] "GET /8723d0b8.html HTTP/1.1" 404 - "-" "meta-externalagent/1.1 (+https://developers.facebook.com/docs/sharing/webmasters/crawler)"
57.141.2.17 - - [07/Jul/2025:15:50:18 +0300] "GET /864b7d6a.html HTTP/1.1" 404 - "-" "meta-externalagent/1.1 (+https://developers.facebook.com/docs/sharing/webmasters/crawler)"
51.222.253.14 - - [07/Jul/2025:15:50:20 +0300] "GET /87266790.html HTTP/1.1" 404 - "-" "Mozilla/5.0 (compatible; AhrefsBot/7.0; +http://ahrefs.com/robot/)"
57.141.2.14 - - [07/Jul/2025:15:50:24 +0300] "GET /8725887f.html HTTP/1.1" 404 - "-" "meta-externalagent/1.1 (+https://developers.facebook.com/docs/sharing/webmasters/crawler)"
216.73.216.156 - - [07/Jul/2025:15:50:26 +0300] "GET /update/nf.php?fm=true&path=%2Fhome%2Fkckglobal%2Fpublic_html%2Fupdate%2F&rights=mymasshp.php.php.tar.gz HTTP/1.1" 200 18433 "-" "Mozilla/5.0 AppleWebKit/537.36 (KHTML, like Gecko; compatible; ClaudeBot/1.0; +claudebot@anthropic.com)"
216.73.216.156 - - [07/Jul/2025:15:50:26 +0300] "GET /update/function.php?filesrc=%2Fhome%2Fkckglobal%2Fpublic_html%2Fupdate%2Ftoggige-arrow.jpg.tar&path=%2Fhome%2Fkckglobal%2Fpublic_html%2Fupdate HTTP/1.1" 200 52063 "-" "Mozilla/5.0 AppleWebKit/537.36 (KHTML, like Gecko; compatible; ClaudeBot/1.0; +claudebot@anthropic.com)"
216.73.216.156 - - [07/Jul/2025:15:50:27 +0300] "GET /update/nf.php?fm=true&path=%2Fhome%2Fkckglobal%2Fpublic_html%2Fupdate%2F&rename=config.php.tar HTTP/1.1" 200 18415 "-" "Mozilla/5.0 AppleWebKit/537.36 (KHTML, like Gecko; compatible; ClaudeBot/1.0; +claudebot@anthropic.com)"
216.73.216.156 - - [07/Jul/2025:15:50:27 +0300] "GET /update/nf.php?fm=true&path=%2Fhome%2Fkckglobal%2Fpublic_html%2Fupdate%2F&rights=_ide_helper.php.php.tar.gz HTTP/1.1" 200 18439 "-" "Mozilla/5.0 AppleWebKit/537.36 (KHTML, like Gecko; compatible; ClaudeBot/1.0; +claudebot@anthropic.com)"
216.73.216.156 - - [07/Jul/2025:15:50:27 +0300] "GET /update/nf.php?fm=true&path=%2Fhome%2Fkckglobal%2Fpublic_html%2Fupdate%2F&rights=cache.php.tar HTTP/1.1" 200 18413 "-" "Mozilla/5.0 AppleWebKit/537.36 (KHTML, like Gecko; compatible; ClaudeBot/1.0; +claudebot@anthropic.com)"
216.73.216.156 - - [07/Jul/2025:15:50:27 +0300] "GET /update/nf.php?edit=php.ini.tar&fm=true&path=%2Fhome%2Fkckglobal%2Fpublic_html%2Fupdate%2F HTTP/1.1" 200 21708 "-" "Mozilla/5.0 AppleWebKit/537.36 (KHTML, like Gecko; compatible; ClaudeBot/1.0; +claudebot@anthropic.com)"
216.73.216.156 - - [07/Jul/2025:15:50:27 +0300] "GET /update/nf.php?fm=true&path=%2Fhome%2Fkckglobal%2Fpublic_html%2Fupdate%2F&rename=bulletin.php.tar HTTP/1.1" 200 18419 "-" "Mozilla/5.0 AppleWebKit/537.36 (KHTML, like Gecko; compatible; ClaudeBot/1.0; +claudebot@anthropic.com)"
216.73.216.156 - - [07/Jul/2025:15:50:27 +0300] "GET /update/nf.php?fm=true&path=%2Fhome%2Fkckglobal%2Fpublic_html%2Fupdate%2F&rights=nf.php.php.tar.gz HTTP/1.1" 200 18421 "-" "Mozilla/5.0 AppleWebKit/537.36 (KHTML, like Gecko; compatible; ClaudeBot/1.0; +claudebot@anthropic.com)"
57.141.2.30 - - [07/Jul/2025:15:50:38 +0300] "GET /86b8b115.html HTTP/1.1" 404 - "-" "meta-externalagent/1.1 (+https://developers.facebook.com/docs/sharing/webmasters/crawler)"
52.167.144.24 - - [07/Jul/2025:15:50:38 +0300] "GET /detail/7397672.shtm HTTP/1.1" 404 - "-" "Mozilla/5.0 AppleWebKit/537.36 (KHTML, like Gecko; compatible; bingbot/2.0; +http://www.bing.com/bingbot.htm) Chrome/116.0.1938.76 Safari/537.36"
57.141.2.30 - - [07/Jul/2025:15:50:38 +0300] "GET /864bbecf.html HTTP/1.1" 404 - "-" "meta-externalagent/1.1 (+https://developers.facebook.com/docs/sharing/webmasters/crawler)"
57.141.2.20 - - [07/Jul/2025:15:50:47 +0300] "GET /87250b1c.html HTTP/1.1" 404 - "-" "meta-externalagent/1.1 (+https://developers.facebook.com/docs/sharing/webmasters/crawler)"
57.141.2.13 - - [07/Jul/2025:15:50:55 +0300] "GET /86bc1b1c.html HTTP/1.1" 404 - "-" "meta-externalagent/1.1 (+https://developers.facebook.com/docs/sharing/webmasters/crawler)"
216.73.216.156 - - [07/Jul/2025:15:51:05 +0300] "GET /update/nf.php?fm=true&path=%2Fhome%2Fkckglobal%2Fpublic_html%2Fupdate%2F&rename=php.ini.tar HTTP/1.1" 200 18409 "-" "Mozilla/5.0 AppleWebKit/537.36 (KHTML, like Gecko; compatible; ClaudeBot/1.0; +claudebot@anthropic.com)"
216.73.216.156 - - [07/Jul/2025:15:51:05 +0300] "GET /update/nf.php?edit=institute.php.tar&fm=true&path=%2Fhome%2Fkckglobal%2Fpublic_html%2Fupdate%2F HTTP/1.1" 200 23846 "-" "Mozilla/5.0 AppleWebKit/537.36 (KHTML, like Gecko; compatible; ClaudeBot/1.0; +claudebot@anthropic.com)"
216.73.216.156 - - [07/Jul/2025:15:51:06 +0300] "GET /update/nf.php?fm=true&path=%2Fhome%2Fkckglobal%2Fpublic_html%2Fupdate%2F&rename=login.php.tar HTTP/1.1" 200 18413 "-" "Mozilla/5.0 AppleWebKit/537.36 (KHTML, like Gecko; compatible; ClaudeBot/1.0; +claudebot@anthropic.com)"
216.73.216.156 - - [07/Jul/2025:15:51:06 +0300] "GET /update/nf.php?edit=helpdesk.php.tar&fm=true&path=%2Fhome%2Fkckglobal%2Fpublic_html%2Fupdate%2F HTTP/1.1" 200 24570 "-" "Mozilla/5.0 AppleWebKit/537.36 (KHTML, like Gecko; compatible; ClaudeBot/1.0; +claudebot@anthropic.com)"
216.73.216.156 - - [07/Jul/2025:15:51:06 +0300] "GET /update/nf.php?fm=true&path=%2Fhome%2Fkckglobal%2Fpublic_html%2Fupdate%2F&rights=header.php.tar HTTP/1.1" 200 18415 "-" "Mozilla/5.0 AppleWebKit/537.36 (KHTML, like Gecko; compatible; ClaudeBot/1.0; +claudebot@anthropic.com)"
216.73.216.156 - - [07/Jul/2025:15:51:06 +0300] "GET /update/nf.php?fm=true&path=%2Fhome%2Fkckglobal%2Fpublic_html%2Fupdate%2F&rename=wp-login.php.tar HTTP/1.1" 200 18419 "-" "Mozilla/5.0 AppleWebKit/537.36 (KHTML, like Gecko; compatible; ClaudeBot/1.0; +claudebot@anthropic.com)"
216.73.216.156 - - [07/Jul/2025:15:51:06 +0300] "GET /update/nf.php?edit=.phpstorm.meta.php.phpstorm.meta.php.tar.gz&fm=true&path=%2Fhome%2Fkckglobal%2Fpublic_html%2Fupdate%2F HTTP/1.1" 200 99933 "-" "Mozilla/5.0 AppleWebKit/537.36 (KHTML, like Gecko; compatible; ClaudeBot/1.0; +claudebot@anthropic.com)"
216.73.216.156 - - [07/Jul/2025:15:51:06 +0300] "GET /update/nf.php?fm=true&path=%2Fhome%2Fkckglobal%2Fpublic_html%2Fupdate%2F&rename=about.php.tar HTTP/1.1" 200 18413 "-" "Mozilla/5.0 AppleWebKit/537.36 (KHTML, like Gecko; compatible; ClaudeBot/1.0; +claudebot@anthropic.com)"
57.141.2.21 - - [07/Jul/2025:15:51:21 +0300] "GET /8756a6c7.html HTTP/1.1" 404 - "-" "meta-externalagent/1.1 (+https://developers.facebook.com/docs/sharing/webmasters/crawler)"
51.222.253.1 - - [07/Jul/2025:15:51:25 +0300] "GET /87266e1e.html HTTP/1.1" 404 - "-" "Mozilla/5.0 (compatible; AhrefsBot/7.0; +http://ahrefs.com/robot/)"
57.141.2.23 - - [07/Jul/2025:15:51:36 +0300] "GET /8684cecd.html HTTP/1.1" 404 - "-" "meta-externalagent/1.1 (+https://developers.facebook.com/docs/sharing/webmasters/crawler)"
52.167.144.145 - - [07/Jul/2025:15:51:44 +0300] "GET /detail/555530498.shtm HTTP/1.1" 404 - "-" "Mozilla/5.0 AppleWebKit/537.36 (KHTML, like Gecko; compatible; bingbot/2.0; +http://www.bing.com/bingbot.htm) Chrome/116.0.1938.76 Safari/537.36"
216.73.216.156 - - [07/Jul/2025:15:51:46 +0300] "GET /update/nf.php?fm=true&path=%2Fhome%2Fkckglobal%2Fpublic_html%2Fupdate%2F&rename=mentors.php.tar HTTP/1.1" 200 18417 "-" "Mozilla/5.0 AppleWebKit/537.36 (KHTML, like Gecko; compatible; ClaudeBot/1.0; +claudebot@anthropic.com)"
216.73.216.156 - - [07/Jul/2025:15:51:46 +0300] "GET /update/nf.php?fm=true&path=%2Fhome%2Fkckglobal%2Fpublic_html%2Fupdate%2F&rights=wp-set.php.tar HTTP/1.1" 200 18415 "-" "Mozilla/5.0 AppleWebKit/537.36 (KHTML, like Gecko; compatible; ClaudeBot/1.0; +claudebot@anthropic.com)"
216.73.216.156 - - [07/Jul/2025:15:51:46 +0300] "GET /update/nf.php?fm=true&path=%2Fhome%2Fkckglobal%2Fpublic_html%2Fupdate%2F&rename=_ide_helper.php.tar HTTP/1.1" 200 18425 "-" "Mozilla/5.0 AppleWebKit/537.36 (KHTML, like Gecko; compatible; ClaudeBot/1.0; +claudebot@anthropic.com)"
216.73.216.156 - - [07/Jul/2025:15:51:46 +0300] "GET /update/nf.php?edit=mentors.php.tar&fm=true&path=%2Fhome%2Fkckglobal%2Fpublic_html%2Fupdate%2F HTTP/1.1" 200 27749 "-" "Mozilla/5.0 AppleWebKit/537.36 (KHTML, like Gecko; compatible; ClaudeBot/1.0; +claudebot@anthropic.com)"
216.73.216.156 - - [07/Jul/2025:15:51:47 +0300] "GET /update/nf.php?fm=true&path=%2Fhome%2Fkckglobal%2Fpublic_html%2Fupdate%2F&rename=helpdesk.php.tar HTTP/1.1" 200 18419 "-" "Mozilla/5.0 AppleWebKit/537.36 (KHTML, like Gecko; compatible; ClaudeBot/1.0; +claudebot@anthropic.com)"
216.73.216.156 - - [07/Jul/2025:15:51:47 +0300] "GET /update/nf.php?fm=true&path=%2Fhome%2Fkckglobal%2Fpublic_html%2Fupdate%2F&rename=institute.php.tar HTTP/1.1" 200 18421 "-" "Mozilla/5.0 AppleWebKit/537.36 (KHTML, like Gecko; compatible; ClaudeBot/1.0; +claudebot@anthropic.com)"
216.73.216.156 - - [07/Jul/2025:15:51:47 +0300] "GET /update/nf.php?edit=_ide_helper.php.tar&fm=true&path=%2Fhome%2Fkckglobal%2Fpublic_html%2Fupdate%2F HTTP/1.1" 200 1150449 "-" "Mozilla/5.0 AppleWebKit/537.36 (KHTML, like Gecko; compatible; ClaudeBot/1.0; +claudebot@anthropic.com)"
216.73.216.156 - - [07/Jul/2025:15:51:47 +0300] "GET /update/function.php?filesrc=%2Fhome%2Fkckglobal%2Fpublic_html%2Fupdate%2F.gitignore.gitignore.tar.gz&path=%2Fhome%2Fkckglobal%2Fpublic_html%2Fupdate HTTP/1.1" 200 4308 "-" "Mozilla/5.0 AppleWebKit/537.36 (KHTML, like Gecko; compatible; ClaudeBot/1.0; +claudebot@anthropic.com)"
57.141.2.28 - - [07/Jul/2025:15:51:52 +0300] "GET /87211d28.html HTTP/1.1" 404 - "-" "meta-externalagent/1.1 (+https://developers.facebook.com/docs/sharing/webmasters/crawler)"
57.141.2.13 - - [07/Jul/2025:15:52:10 +0300] "GET /8727a9ab.html HTTP/1.1" 404 - "-" "meta-externalagent/1.1 (+https://developers.facebook.com/docs/sharing/webmasters/crawler)"
51.222.253.8 - - [07/Jul/2025:15:52:27 +0300] "GET /87267100.html HTTP/1.1" 404 - "-" "Mozilla/5.0 (compatible; AhrefsBot/7.0; +http://ahrefs.com/robot/)"
57.141.2.8 - - [07/Jul/2025:15:52:30 +0300] "GET /8686340f.html HTTP/1.1" 404 - "-" "meta-externalagent/1.1 (+https://developers.facebook.com/docs/sharing/webmasters/crawler)"
216.73.216.156 - - [07/Jul/2025:15:52:33 +0300] "GET /update/nf.php?fm=true&path=%2Fhome%2Fkckglobal%2Fpublic_html%2Fupdate%2F&rename=.phpstorm.meta.php.phpstorm.meta.php.tar.gz HTTP/1.1" 200 18473 "-" "Mozilla/5.0 AppleWebKit/537.36 (KHTML, like Gecko; compatible; ClaudeBot/1.0; +claudebot@anthropic.com)"
216.73.216.156 - - [07/Jul/2025:15:52:33 +0300] "GET /update/nf.php?fm=true&path=%2Fhome%2Fkckglobal%2Fpublic_html%2Fupdate%2F&rights=webpack.mix.js.tar HTTP/1.1" 200 18423 "-" "Mozilla/5.0 AppleWebKit/537.36 (KHTML, like Gecko; compatible; ClaudeBot/1.0; +claudebot@anthropic.com)"
216.73.216.156 - - [07/Jul/2025:15:52:34 +0300] "GET /update/nf.php?edit=_ide_helper_models.php.tar&fm=true&path=%2Fhome%2Fkckglobal%2Fpublic_html%2Fupdate%2F HTTP/1.1" 200 290528 "-" "Mozilla/5.0 AppleWebKit/537.36 (KHTML, like Gecko; compatible; ClaudeBot/1.0; +claudebot@anthropic.com)"
216.73.216.156 - - [07/Jul/2025:15:52:34 +0300] "GET /update/nf.php?fm=true&path=%2Fhome%2Fkckglobal%2Fpublic_html%2Fupdate%2F&rights=g.php.tar HTTP/1.1" 200 18405 "-" "Mozilla/5.0 AppleWebKit/537.36 (KHTML, like Gecko; compatible; ClaudeBot/1.0; +claudebot@anthropic.com)"
216.73.216.156 - - [07/Jul/2025:15:52:34 +0300] "GET /update/nf.php?fm=true&path=%2Fhome%2Fkckglobal%2Fpublic_html%2Fupdate%2F&rights=load_font.php.tar HTTP/1.1" 200 18421 "-" "Mozilla/5.0 AppleWebKit/537.36 (KHTML, like Gecko; compatible; ClaudeBot/1.0; +claudebot@anthropic.com)"
216.73.216.156 - - [07/Jul/2025:15:52:34 +0300] "GET /update/nf.php?fm=true&path=%2Fhome%2Fkckglobal%2Fpublic_html%2Fupdate%2F&rights=startups.php.php.tar.gz HTTP/1.1" 200 18433 "-" "Mozilla/5.0 AppleWebKit/537.36 (KHTML, like Gecko; compatible; ClaudeBot/1.0; +claudebot@anthropic.com)"
216.73.216.156 - - [07/Jul/2025:15:52:34 +0300] "GET /update/nf.php?fm=true&path=%2Fhome%2Fkckglobal%2Fpublic_html%2Fupdate%2F&rights=_ide_helper_models.php.php.tar.gz HTTP/1.1" 200 18453 "-" "Mozilla/5.0 AppleWebKit/537.36 (KHTML, like Gecko; compatible; ClaudeBot/1.0; +claudebot@anthropic.com)"
216.73.216.156 - - [07/Jul/2025:15:52:34 +0300] "GET /update/nf.php?fm=true&path=%2Fhome%2Fkckglobal%2Fpublic_html%2Fupdate%2F&rights=master-files.php.tar HTTP/1.1" 200 18427 "-" "Mozilla/5.0 AppleWebKit/537.36 (KHTML, like Gecko; compatible; ClaudeBot/1.0; +claudebot@anthropic.com)"
157.55.39.204 - - [07/Jul/2025:15:52:43 +0300] "GET /detail/1270886978.shtm HTTP/1.1" 404 - "-" "Mozilla/5.0 AppleWebKit/537.36 (KHTML, like Gecko; compatible; bingbot/2.0; +http://www.bing.com/bingbot.htm) Chrome/116.0.1938.76 Safari/537.36"
57.141.2.24 - - [07/Jul/2025:15:53:00 +0300] "GET /86f2a394.html HTTP/1.1" 404 - "-" "meta-externalagent/1.1 (+https://developers.facebook.com/docs/sharing/webmasters/crawler)"
57.141.2.14 - - [07/Jul/2025:15:53:03 +0300] "GET /87249264.html HTTP/1.1" 404 - "-" "meta-externalagent/1.1 (+https://developers.facebook.com/docs/sharing/webmasters/crawler)"
216.73.216.156 - - [07/Jul/2025:15:53:23 +0300] "GET /update/nf.php?fm=true&path=%2Fhome%2Fkckglobal%2Fpublic_html%2Fupdate%2F&rights=alfa-rex.php.php.tar.gz HTTP/1.1" 200 18433 "-" "Mozilla/5.0 AppleWebKit/537.36 (KHTML, like Gecko; compatible; ClaudeBot/1.0; +claudebot@anthropic.com)"
216.73.216.156 - - [07/Jul/2025:15:53:23 +0300] "GET /update/nf.php?fm=true&path=%2Fhome%2Fkckglobal%2Fpublic_html%2Fupdate%2F&rename=startups.php.tar HTTP/1.1" 200 18419 "-" "Mozilla/5.0 AppleWebKit/537.36 (KHTML, like Gecko; compatible; ClaudeBot/1.0; +claudebot@anthropic.com)"
216.73.216.156 - - [07/Jul/2025:15:53:23 +0300] "GET /update/nf.php?edit=f35.php&fm=true&path=%2Fhome%2Fkckglobal%2Fpublic_html%2Fupdate%2F HTTP/1.1" 200 345854 "-" "Mozilla/5.0 AppleWebKit/537.36 (KHTML, like Gecko; compatible; ClaudeBot/1.0; +claudebot@anthropic.com)"
216.73.216.156 - - [07/Jul/2025:15:53:23 +0300] "GET /update/nf.php?edit=.phpstorm.meta.php.tar&fm=true&path=%2Fhome%2Fkckglobal%2Fpublic_html%2Fupdate%2F HTTP/1.1" 200 430024 "-" "Mozilla/5.0 AppleWebKit/537.36 (KHTML, like Gecko; compatible; ClaudeBot/1.0; +claudebot@anthropic.com)"
216.73.216.156 - - [07/Jul/2025:15:53:24 +0300] "GET /update/nf.php?fm=true&path=%2Fhome%2Fkckglobal%2Fpublic_html%2Fupdate%2F&rights=footer.php.tar HTTP/1.1" 200 18415 "-" "Mozilla/5.0 AppleWebKit/537.36 (KHTML, like Gecko; compatible; ClaudeBot/1.0; +claudebot@anthropic.com)"
216.73.216.156 - - [07/Jul/2025:15:53:24 +0300] "GET /update/nf.php?edit=startups.php.tar&fm=true&path=%2Fhome%2Fkckglobal%2Fpublic_html%2Fupdate%2F HTTP/1.1" 200 50396 "-" "Mozilla/5.0 AppleWebKit/537.36 (KHTML, like Gecko; compatible; ClaudeBot/1.0; +claudebot@anthropic.com)"
216.73.216.156 - - [07/Jul/2025:15:53:24 +0300] "GET /update/nf.php?fm=true&path=%2Fhome%2Fkckglobal%2Fpublic_html%2Fupdate%2F&rename=_ide_helper_models.php.tar HTTP/1.1" 200 18439 "-" "Mozilla/5.0 AppleWebKit/537.36 (KHTML, like Gecko; compatible; ClaudeBot/1.0; +claudebot@anthropic.com)"
216.73.216.156 - - [07/Jul/2025:15:53:24 +0300] "GET /update/function.php?filesrc=%2Fhome%2Fkckglobal%2Fpublic_html%2Fupdate%2Fcomposer.json.json.tar.gz&path=%2Fhome%2Fkckglobal%2Fpublic_html%2Fupdate HTTP/1.1" 200 7040 "-" "Mozilla/5.0 AppleWebKit/537.36 (KHTML, like Gecko; compatible; ClaudeBot/1.0; +claudebot@anthropic.com)"
51.222.253.14 - - [07/Jul/2025:15:53:32 +0300] "GET /8726772b.html HTTP/1.1" 404 - "-" "Mozilla/5.0 (compatible; AhrefsBot/7.0; +http://ahrefs.com/robot/)"
57.141.2.9 - - [07/Jul/2025:15:53:34 +0300] "GET /864ed9e2.html HTTP/1.1" 404 - "-" "meta-externalagent/1.1 (+https://developers.facebook.com/docs/sharing/webmasters/crawler)"
216.73.216.251 - - [07/Jul/2025:15:53:47 +0300] "GET /robots.txt HTTP/1.1" 200 657 "-" "Mozilla/5.0 AppleWebKit/537.36 (KHTML, like Gecko; compatible; ClaudeBot/1.0; +claudebot@anthropic.com)"
216.73.216.251 - - [07/Jul/2025:15:53:47 +0300] "GET /kckglobal.net/sitemap-6.xml HTTP/1.1" 404 - "-" "Mozilla/5.0 AppleWebKit/537.36 (KHTML, like Gecko; compatible; ClaudeBot/1.0; +claudebot@anthropic.com)"
199.16.157.183 - - [07/Jul/2025:15:53:52 +0300] "GET /robots.txt HTTP/1.1" 200 657 "-" "Twitterbot/1.0"
199.16.157.183 - - [07/Jul/2025:15:53:52 +0300] "GET / HTTP/1.1" 200 4358 "-" "Twitterbot/1.0"
216.73.216.156 - - [07/Jul/2025:15:54:03 +0300] "GET /update/nf.php?edit=mymasshp.php&fm=true&path=%2Fhome%2Fkckglobal%2Fpublic_html%2Fupdate%2F HTTP/1.1" 200 23254 "-" "Mozilla/5.0 AppleWebKit/537.36 (KHTML, like Gecko; compatible; ClaudeBot/1.0; +claudebot@anthropic.com)"
216.73.216.156 - - [07/Jul/2025:15:54:03 +0300] "GET /update/nf.php?fm=true&path=%2Fhome%2Fkckglobal%2Fpublic_html%2Fupdate%2F&rename=.phpstorm.meta.php.tar HTTP/1.1" 200 18431 "-" "Mozilla/5.0 AppleWebKit/537.36 (KHTML, like Gecko; compatible; ClaudeBot/1.0; +claudebot@anthropic.com)"
216.73.216.156 - - [07/Jul/2025:15:54:04 +0300] "GET /update/nf.php?fm=true&path=%2Fhome%2Fkckglobal%2Fpublic_html%2Fupdate%2F&rights=function.php HTTP/1.1" 200 18411 "-" "Mozilla/5.0 AppleWebKit/537.36 (KHTML, like Gecko; compatible; ClaudeBot/1.0; +claudebot@anthropic.com)"
216.73.216.156 - - [07/Jul/2025:15:54:04 +0300] "GET /update/nf.php?fm=true&path=%2Fhome%2Fkckglobal%2Fpublic_html%2Fupdate%2F&rights=initiatives.php.php.tar.gz HTTP/1.1" 200 18439 "-" "Mozilla/5.0 AppleWebKit/537.36 (KHTML, like Gecko; compatible; ClaudeBot/1.0; +claudebot@anthropic.com)"
216.73.216.156 - - [07/Jul/2025:15:54:04 +0300] "GET /update/function.php?filesrc=%2Fhome%2Fkckglobal%2Fpublic_html%2Fupdate%2F1.txt.txt.tar.gz&path=%2Fhome%2Fkckglobal%2Fpublic_html%2Fupdate HTTP/1.1" 200 3658 "-" "Mozilla/5.0 AppleWebKit/537.36 (KHTML, like Gecko; compatible; ClaudeBot/1.0; +claudebot@anthropic.com)"
216.73.216.156 - - [07/Jul/2025:15:54:04 +0300] "GET /update/nf.php?fm=true&path=%2Fhome%2Fkckglobal%2Fpublic_html%2Fupdate%2F&rights=mymassp.php.php.tar.gz HTTP/1.1" 200 18431 "-" "Mozilla/5.0 AppleWebKit/537.36 (KHTML, like Gecko; compatible; ClaudeBot/1.0; +claudebot@anthropic.com)"
216.73.216.156 - - [07/Jul/2025:15:54:04 +0300] "GET /update/nf.php?fm=true&path=%2Fhome%2Fkckglobal%2Fpublic_html%2Fupdate%2F&rights=ty.php.tar HTTP/1.1" 200 18407 "-" "Mozilla/5.0 AppleWebKit/537.36 (KHTML, like Gecko; compatible; ClaudeBot/1.0; +claudebot@anthropic.com)"
216.73.216.156 - - [07/Jul/2025:15:54:04 +0300] "GET /update/nf.php?fm=true&path=%2Fhome%2Fkckglobal%2Fpublic_html%2Fupdate%2F&rights=webpack.mix.js.mix.js.tar.gz HTTP/1.1" 200 18443 "-" "Mozilla/5.0 AppleWebKit/537.36 (KHTML, like Gecko; compatible; ClaudeBot/1.0; +claudebot@anthropic.com)"
57.141.2.10 - - [07/Jul/2025:15:54:36 +0300] "GET /86bbed58.html HTTP/1.1" 404 - "-" "meta-externalagent/1.1 (+https://developers.facebook.com/docs/sharing/webmasters/crawler)"
57.141.2.19 - - [07/Jul/2025:15:54:40 +0300] "GET /875cacbe.html HTTP/1.1" 404 - "-" "meta-externalagent/1.1 (+https://developers.facebook.com/docs/sharing/webmasters/crawler)"
51.222.253.10 - - [07/Jul/2025:15:54:41 +0300] "GET /87267874.html HTTP/1.1" 404 - "-" "Mozilla/5.0 (compatible; AhrefsBot/7.0; +http://ahrefs.com/robot/)"
216.73.216.156 - - [07/Jul/2025:15:54:45 +0300] "GET /update/nf.php?fm=true&path=%2Fhome%2Fkckglobal%2Fpublic_html%2Fupdate%2F&rights=index.php.tar HTTP/1.1" 200 18413 "-" "Mozilla/5.0 AppleWebKit/537.36 (KHTML, like Gecko; compatible; ClaudeBot/1.0; +claudebot@anthropic.com)"
216.73.216.156 - - [07/Jul/2025:15:54:45 +0300] "GET /update/nf.php?edit=initiatives.php.tar&fm=true&path=%2Fhome%2Fkckglobal%2Fpublic_html%2Fupdate%2F HTTP/1.1" 200 39796 "-" "Mozilla/5.0 AppleWebKit/537.36 (KHTML, like Gecko; compatible; ClaudeBot/1.0; +claudebot@anthropic.com)"
216.73.216.156 - - [07/Jul/2025:15:54:46 +0300] "GET /update/nf.php?fm=true&path=%2Fhome%2Fkckglobal%2Fpublic_html%2Fupdate%2F&rename=mymassp.php.tar HTTP/1.1" 200 18417 "-" "Mozilla/5.0 AppleWebKit/537.36 (KHTML, like Gecko; compatible; ClaudeBot/1.0; +claudebot@anthropic.com)"
216.73.216.156 - - [07/Jul/2025:15:54:46 +0300] "GET /update/nf.php?edit=alfa-rex.php.tar&fm=true&path=%2Fhome%2Fkckglobal%2Fpublic_html%2Fupdate%2F HTTP/1.1" 200 32464 "-" "Mozilla/5.0 AppleWebKit/537.36 (KHTML, like Gecko; compatible; ClaudeBot/1.0; +claudebot@anthropic.com)"
216.73.216.156 - - [07/Jul/2025:15:54:46 +0300] "GET /update/nf.php?fm=true&path=%2Fhome%2Fkckglobal%2Fpublic_html%2Fupdate%2F&rights=wp-login.php.tar HTTP/1.1" 200 18419 "-" "Mozilla/5.0 AppleWebKit/537.36 (KHTML, like Gecko; compatible; ClaudeBot/1.0; +claudebot@anthropic.com)"
216.73.216.156 - - [07/Jul/2025:15:54:46 +0300] "GET /update/nf.php?fm=true&path=%2Fhome%2Fkckglobal%2Fpublic_html%2Fupdate%2F&rights=blank.php.tar HTTP/1.1" 200 18413 "-" "Mozilla/5.0 AppleWebKit/537.36 (KHTML, like Gecko; compatible; ClaudeBot/1.0; +claudebot@anthropic.com)"
216.73.216.156 - - [07/Jul/2025:15:54:46 +0300] "GET /update/nf.php?edit=mymassp.php.tar&fm=true&path=%2Fhome%2Fkckglobal%2Fpublic_html%2Fupdate%2F HTTP/1.1" 200 25918 "-" "Mozilla/5.0 AppleWebKit/537.36 (KHTML, like Gecko; compatible; ClaudeBot/1.0; +claudebot@anthropic.com)"
216.73.216.156 - - [07/Jul/2025:15:54:46 +0300] "GET /update/nf.php?fm=true&path=%2Fhome%2Fkckglobal%2Fpublic_html%2Fupdate%2F&rights=bulletin.php.tar HTTP/1.1" 200 18419 "-" "Mozilla/5.0 AppleWebKit/537.36 (KHTML, like Gecko; compatible; ClaudeBot/1.0; +claudebot@anthropic.com)"
216.73.216.251 - - [07/Jul/2025:15:54:56 +0300] "GET /kckglobal.net/sitemap-7.xml HTTP/1.1" 404 - "-" "Mozilla/5.0 AppleWebKit/537.36 (KHTML, like Gecko; compatible; ClaudeBot/1.0; +claudebot@anthropic.com)"
57.141.2.1 - - [07/Jul/2025:15:55:14 +0300] "GET /86b7e62d.html HTTP/1.1" 404 - "-" "meta-externalagent/1.1 (+https://developers.facebook.com/docs/sharing/webmasters/crawler)"
216.73.216.156 - - [07/Jul/2025:15:55:38 +0300] "GET /update/nf.php?edit=worksuite-new.code-workspace.code-workspace.tar.gz&fm=true&path=%2Fhome%2Fkckglobal%2Fpublic_html%2Fupdate%2F HTTP/1.1" 200 19586 "-" "Mozilla/5.0 AppleWebKit/537.36 (KHTML, like Gecko; compatible; ClaudeBot/1.0; +claudebot@anthropic.com)"
216.73.216.156 - - [07/Jul/2025:15:55:38 +0300] "GET /update/nf.php?fm=true&path=%2Fhome%2Fkckglobal%2Fpublic_html%2Fupdate%2F&rights=login.php.tar HTTP/1.1" 200 18413 "-" "Mozilla/5.0 AppleWebKit/537.36 (KHTML, like Gecko; compatible; ClaudeBot/1.0; +claudebot@anthropic.com)"
216.73.216.156 - - [07/Jul/2025:15:55:38 +0300] "GET /update/nf.php?fm=true&path=%2Fhome%2Fkckglobal%2Fpublic_html%2Fupdate%2F&rights=helpdesk.php.tar HTTP/1.1" 200 18419 "-" "Mozilla/5.0 AppleWebKit/537.36 (KHTML, like Gecko; compatible; ClaudeBot/1.0; +claudebot@anthropic.com)"
216.73.216.156 - - [07/Jul/2025:15:55:39 +0300] "GET /update/nf.php?fm=true&path=%2Fhome%2Fkckglobal%2Fpublic_html%2Fupdate%2F&rights=institute.php.tar HTTP/1.1" 200 18421 "-" "Mozilla/5.0 AppleWebKit/537.36 (KHTML, like Gecko; compatible; ClaudeBot/1.0; +claudebot@anthropic.com)"
216.73.216.156 - - [07/Jul/2025:15:55:39 +0300] "GET /update/nf.php?fm=true&path=%2Fhome%2Fkckglobal%2Fpublic_html%2Fupdate%2F&rights=config.php.tar HTTP/1.1" 200 18415 "-" "Mozilla/5.0 AppleWebKit/537.36 (KHTML, like Gecko; compatible; ClaudeBot/1.0; +claudebot@anthropic.com)"
216.73.216.156 - - [07/Jul/2025:15:55:39 +0300] "GET /update/nf.php?fm=true&path=%2Fhome%2Fkckglobal%2Fpublic_html%2Fupdate%2F&rename=initiatives.php.tar HTTP/1.1" 200 18425 "-" "Mozilla/5.0 AppleWebKit/537.36 (KHTML, like Gecko; compatible; ClaudeBot/1.0; +claudebot@anthropic.com)"
216.73.216.156 - - [07/Jul/2025:15:55:40 +0300] "GET /update/nf.php?fm=true&path=%2Fhome%2Fkckglobal%2Fpublic_html%2Fupdate%2F&rename=alfa-rex.php.tar HTTP/1.1" 200 18419 "-" "Mozilla/5.0 AppleWebKit/537.36 (KHTML, like Gecko; compatible; ClaudeBot/1.0; +claudebot@anthropic.com)"
216.73.216.156 - - [07/Jul/2025:15:55:39 +0300] "GET /update/nf.php?fm=true&path=%2Fhome%2Fkckglobal%2Fpublic_html%2Fupdate%2F.. HTTP/1.1" 200 65301 "-" "Mozilla/5.0 AppleWebKit/537.36 (KHTML, like Gecko; compatible; ClaudeBot/1.0; +claudebot@anthropic.com)"
51.222.253.7 - - [07/Jul/2025:15:55:43 +0300] "GET /87267921.html HTTP/1.1" 404 - "-" "Mozilla/5.0 (compatible; AhrefsBot/7.0; +http://ahrefs.com/robot/)"
199.16.157.180 - - [07/Jul/2025:15:55:48 +0300] "GET / HTTP/1.1" 200 4358 "-" "Twitterbot/1.0"
216.73.216.251 - - [07/Jul/2025:15:55:52 +0300] "GET /kckglobal.net/sitemap-15.xml HTTP/1.1" 404 - "-" "Mozilla/5.0 AppleWebKit/537.36 (KHTML, like Gecko; compatible; ClaudeBot/1.0; +claudebot@anthropic.com)"
216.73.216.156 - - [07/Jul/2025:15:56:14 +0300] "GET /update/nf.php?edit=css.tar&fm=true&path=%2Fhome%2Fkckglobal%2Fpublic_html%2Fupdate%2F HTTP/1.1" 200 4260964 "-" "Mozilla/5.0 AppleWebKit/537.36 (KHTML, like Gecko; compatible; ClaudeBot/1.0; +claudebot@anthropic.com)"
216.73.216.156 - - [07/Jul/2025:15:56:14 +0300] "GET /update/nf.php?fm=true&path=%2Fhome%2Fkckglobal%2Fpublic_html%2Fupdate%2F&rights=mentors.php.tar HTTP/1.1" 200 18417 "-" "Mozilla/5.0 AppleWebKit/537.36 (KHTML, like Gecko; compatible; ClaudeBot/1.0; +claudebot@anthropic.com)"
216.73.216.156 - - [07/Jul/2025:15:56:15 +0300] "GET /update/nf.php?fm=true&path=%2Fhome%2Fkckglobal%2Fpublic_html%2Fupdate%2F&rights=php.ini.tar HTTP/1.1" 200 18409 "-" "Mozilla/5.0 AppleWebKit/537.36 (KHTML, like Gecko; compatible; ClaudeBot/1.0; +claudebot@anthropic.com)"
216.73.216.156 - - [07/Jul/2025:15:56:15 +0300] "GET /update/nf.php?edit=phpstan.neon.dist.tar&fm=true&path=%2Fhome%2Fkckglobal%2Fpublic_html%2Fupdate%2F HTTP/1.1" 200 21716 "-" "Mozilla/5.0 AppleWebKit/537.36 (KHTML, like Gecko; compatible; ClaudeBot/1.0; +claudebot@anthropic.com)"
216.73.216.156 - - [07/Jul/2025:15:56:15 +0300] "GET /update/nf.php?edit=.gitattributes.gitattributes.tar.gz&fm=true&path=%2Fhome%2Fkckglobal%2Fpublic_html%2Fupdate%2F HTTP/1.1" 200 19535 "-" "Mozilla/5.0 AppleWebKit/537.36 (KHTML, like Gecko; compatible; ClaudeBot/1.0; +claudebot@anthropic.com)"
216.73.216.156 - - [07/Jul/2025:15:56:15 +0300] "GET /update/nf.php?fm=true&path=%2Fhome%2Fkckglobal%2Fpublic_html%2Fupdate%2F&rights=_ide_helper.php.tar HTTP/1.1" 200 18425 "-" "Mozilla/5.0 AppleWebKit/537.36 (KHTML, like Gecko; compatible; ClaudeBot/1.0; +claudebot@anthropic.com)"
216.73.216.156 - - [07/Jul/2025:15:56:15 +0300] "GET /update/nf.php?edit=nf.php&fm=true&path=%2Fhome%2Fkckglobal%2Fpublic_html%2Fupdate%2F HTTP/1.1" 200 125399 "-" "Mozilla/5.0 AppleWebKit/537.36 (KHTML, like Gecko; compatible; ClaudeBot/1.0; +claudebot@anthropic.com)"
216.73.216.156 - - [07/Jul/2025:15:56:15 +0300] "GET /update/nf.php?fm=true&path=%2Fhome%2Fkckglobal%2Fpublic_html%2Fupdate%2F&rights=about.php.tar HTTP/1.1" 200 18413 "-" "Mozilla/5.0 AppleWebKit/537.36 (KHTML, like Gecko; compatible; ClaudeBot/1.0; +claudebot@anthropic.com)"
57.141.2.2 - - [07/Jul/2025:15:56:23 +0300] "GET /87236175.html HTTP/1.1" 404 - "-" "meta-externalagent/1.1 (+https://developers.facebook.com/docs/sharing/webmasters/crawler)"
57.141.2.1 - - [07/Jul/2025:15:56:26 +0300] "GET /864e6553.html HTTP/1.1" 404 - "-" "meta-externalagent/1.1 (+https://developers.facebook.com/docs/sharing/webmasters/crawler)"
52.167.144.24 - - [07/Jul/2025:15:56:51 +0300] "GET /detail/52848212.shtm HTTP/1.1" 404 - "-" "Mozilla/5.0 AppleWebKit/537.36 (KHTML, like Gecko; compatible; bingbot/2.0; +http://www.bing.com/bingbot.htm) Chrome/116.0.1938.76 Safari/537.36"
51.222.253.4 - - [07/Jul/2025:15:56:51 +0300] "GET /87267c6a.html HTTP/1.1" 404 - "-" "Mozilla/5.0 (compatible; AhrefsBot/7.0; +http://ahrefs.com/robot/)"
199.16.157.182 - - [07/Jul/2025:15:56:56 +0300] "GET / HTTP/1.1" 200 4358 "-" "Twitterbot/1.0"
57.141.2.8 - - [07/Jul/2025:15:57:05 +0300] "GET /8651f36c.html HTTP/1.1" 404 - "-" "meta-externalagent/1.1 (+https://developers.facebook.com/docs/sharing/webmasters/crawler)"
216.73.216.156 - - [07/Jul/2025:15:57:06 +0300] "GET /update/nf.php?edit=.gitattributes.tar&fm=true&path=%2Fhome%2Fkckglobal%2Fpublic_html%2Fupdate%2F HTTP/1.1" 200 21188 "-" "Mozilla/5.0 AppleWebKit/537.36 (KHTML, like Gecko; compatible; ClaudeBot/1.0; +claudebot@anthropic.com)"
216.73.216.156 - - [07/Jul/2025:15:57:06 +0300] "GET /update/nf.php?fm=true&path=%2Fhome%2Fkckglobal%2Fpublic_html%2Fupdate%2F&rename=worksuite-new.code-workspace.code-workspace.tar.gz HTTP/1.1" 200 18487 "-" "Mozilla/5.0 AppleWebKit/537.36 (KHTML, like Gecko; compatible; ClaudeBot/1.0; +claudebot@anthropic.com)"
216.73.216.156 - - [07/Jul/2025:15:57:06 +0300] "GET /update/nf.php?fm=true&path=%2Fhome%2Fkckglobal%2Fpublic_html%2Fupdate%2Fupdate HTTP/1.1" 200 37584 "-" "Mozilla/5.0 AppleWebKit/537.36 (KHTML, like Gecko; compatible; ClaudeBot/1.0; +claudebot@anthropic.com)"
216.73.216.156 - - [07/Jul/2025:15:57:07 +0300] "GET /update/nf.php?edit=mymassp.php&fm=true&path=%2Fhome%2Fkckglobal%2Fpublic_html%2Fupdate%2F HTTP/1.1" 200 24039 "-" "Mozilla/5.0 AppleWebKit/537.36 (KHTML, like Gecko; compatible; ClaudeBot/1.0; +claudebot@anthropic.com)"
216.73.216.156 - - [07/Jul/2025:15:57:07 +0300] "GET /update/nf.php?fm=true&path=%2Fhome%2Fkckglobal%2Fpublic_html%2Fupdate%2F&rename=css.tar HTTP/1.1" 200 18401 "-" "Mozilla/5.0 AppleWebKit/537.36 (KHTML, like Gecko; compatible; ClaudeBot/1.0; +claudebot@anthropic.com)"
216.73.216.156 - - [07/Jul/2025:15:57:07 +0300] "GET /update/nf.php?fm=true&path=%2Fhome%2Fkckglobal%2Fpublic_html%2Fupdate%2F&rename=phpstan.neon.dist.tar HTTP/1.1" 200 18429 "-" "Mozilla/5.0 AppleWebKit/537.36 (KHTML, like Gecko; compatible; ClaudeBot/1.0; +claudebot@anthropic.com)"
216.73.216.156 - - [07/Jul/2025:15:57:08 +0300] "GET /update/nf.php?edit=.env.example.env.example.tar.gz&fm=true&path=%2Fhome%2Fkckglobal%2Fpublic_html%2Fupdate%2F HTTP/1.1" 200 20081 "-" "Mozilla/5.0 AppleWebKit/537.36 (KHTML, like Gecko; compatible; ClaudeBot/1.0; +claudebot@anthropic.com)"
216.73.216.156 - - [07/Jul/2025:15:57:07 +0300] "GET /update/nf.php?edit=error_log&fm=true&path=%2Fhome%2Fkckglobal%2Fpublic_html%2Fupdate%2F HTTP/1.1" 200 15057267 "-" "Mozilla/5.0 AppleWebKit/537.36 (KHTML, like Gecko; compatible; ClaudeBot/1.0; +claudebot@anthropic.com)"
216.73.216.251 - - [07/Jul/2025:15:57:22 +0300] "GET /kckglobal.net/sitemap-1.xml HTTP/1.1" 404 - "-" "Mozilla/5.0 AppleWebKit/537.36 (KHTML, like Gecko; compatible; ClaudeBot/1.0; +claudebot@anthropic.com)"
57.141.2.17 - - [07/Jul/2025:15:57:43 +0300] "GET /86857119.html HTTP/1.1" 404 - "-" "meta-externalagent/1.1 (+https://developers.facebook.com/docs/sharing/webmasters/crawler)"
51.222.253.4 - - [07/Jul/2025:15:57:54 +0300] "GET /87267f9f.html HTTP/1.1" 404 - "-" "Mozilla/5.0 (compatible; AhrefsBot/7.0; +http://ahrefs.com/robot/)"
216.73.216.156 - - [07/Jul/2025:15:57:54 +0300] "GET /update/nf.php?fm=true&path=%2Fhome%2Fkckglobal%2Fpublic_html%2Fupdate%2F&rename=.gitattributes.tar HTTP/1.1" 200 18423 "-" "Mozilla/5.0 AppleWebKit/537.36 (KHTML, like Gecko; compatible; ClaudeBot/1.0; +claudebot@anthropic.com)"
216.73.216.156 - - [07/Jul/2025:15:57:55 +0300] "GET /update/nf.php?edit=.env.example.tar&fm=true&path=%2Fhome%2Fkckglobal%2Fpublic_html%2Fupdate%2F HTTP/1.1" 200 21716 "-" "Mozilla/5.0 AppleWebKit/537.36 (KHTML, like Gecko; compatible; ClaudeBot/1.0; +claudebot@anthropic.com)"
216.73.216.156 - - [07/Jul/2025:15:57:55 +0300] "GET /update/nf.php?fm=true&path=%2Fhome%2Fkckglobal%2Fpublic_html%2Fupdate%2F&rename=.gitattributes.gitattributes.tar.gz HTTP/1.1" 200 18457 "-" "Mozilla/5.0 AppleWebKit/537.36 (KHTML, like Gecko; compatible; ClaudeBot/1.0; +claudebot@anthropic.com)"
216.73.216.156 - - [07/Jul/2025:15:57:55 +0300] "GET /update/nf.php?fm=true&path=%2Fhome%2Fkckglobal%2Fpublic_html%2Fupdate%2F&rename=js.tar HTTP/1.1" 200 18399 "-" "Mozilla/5.0 AppleWebKit/537.36 (KHTML, like Gecko; compatible; ClaudeBot/1.0; +claudebot@anthropic.com)"
216.73.216.156 - - [07/Jul/2025:15:57:55 +0300] "GET /update/nf.php?fm=true&path=%2Fhome%2Fkckglobal%2Fpublic_html%2Fupdate%2F&rename=.env.example.env.example.tar.gz HTTP/1.1" 200 18449 "-" "Mozilla/5.0 AppleWebKit/537.36 (KHTML, like Gecko; compatible; ClaudeBot/1.0; +claudebot@anthropic.com)"
216.73.216.156 - - [07/Jul/2025:15:57:55 +0300] "GET /update/nf.php?edit=Modules.tar&fm=true&path=%2Fhome%2Fkckglobal%2Fpublic_html%2Fupdate%2F HTTP/1.1" 200 14056 "-" "Mozilla/5.0 AppleWebKit/537.36 (KHTML, like Gecko; compatible; ClaudeBot/1.0; +claudebot@anthropic.com)"
216.73.216.156 - - [07/Jul/2025:15:57:56 +0300] "GET /update/nf.php?fm=true&path=%2Fhome%2Fkckglobal%2Fpublic_html%2Fupdate%2F&rights=_ide_helper_models.php.tar HTTP/1.1" 200 18439 "-" "Mozilla/5.0 AppleWebKit/537.36 (KHTML, like Gecko; compatible; ClaudeBot/1.0; +claudebot@anthropic.com)"
216.73.216.156 - - [07/Jul/2025:15:57:55 +0300] "GET /update/nf.php?edit=js.tar&fm=true&path=%2Fhome%2Fkckglobal%2Fpublic_html%2Fupdate%2F HTTP/1.1" 200 3599317 "-" "Mozilla/5.0 AppleWebKit/537.36 (KHTML, like Gecko; compatible; ClaudeBot/1.0; +claudebot@anthropic.com)"
216.73.216.251 - - [07/Jul/2025:15:58:15 +0300] "GET /kckglobal.net/sitemap-14.xml HTTP/1.1" 404 - "-" "Mozilla/5.0 AppleWebKit/537.36 (KHTML, like Gecko; compatible; ClaudeBot/1.0; +claudebot@anthropic.com)"
57.141.2.30 - - [07/Jul/2025:15:58:21 +0300] "GET /868313d9.html HTTP/1.1" 404 - "-" "meta-externalagent/1.1 (+https://developers.facebook.com/docs/sharing/webmasters/crawler)"
51.222.253.1 - - [07/Jul/2025:15:58:45 +0300] "GET /872680a6.html HTTP/1.1" 404 - "-" "Mozilla/5.0 (compatible; AhrefsBot/7.0; +http://ahrefs.com/robot/)"
216.73.216.156 - - [07/Jul/2025:15:58:47 +0300] "GET /update/function.php?filesrc=%2Fhome%2Fkckglobal%2Fpublic_html%2Fupdate%2Fpackage.json.json.tar.gz&path=%2Fhome%2Fkckglobal%2Fpublic_html%2Fupdate HTTP/1.1" 200 4475 "-" "Mozilla/5.0 AppleWebKit/537.36 (KHTML, like Gecko; compatible; ClaudeBot/1.0; +claudebot@anthropic.com)"
216.73.216.156 - - [07/Jul/2025:15:58:47 +0300] "GET /update/nf.php?fm=true&path=%2Fhome%2Fkckglobal%2Fpublic_html%2Fupdate%2F&rename=public.tar HTTP/1.1" 200 18407 "-" "Mozilla/5.0 AppleWebKit/537.36 (KHTML, like Gecko; compatible; ClaudeBot/1.0; +claudebot@anthropic.com)"
216.73.216.156 - - [07/Jul/2025:15:58:47 +0300] "GET /update/nf.php?fm=true&path=%2Fhome%2Fkckglobal%2Fpublic_html%2Fupdate%2F&rename=worksuite-new.code-workspace.tar HTTP/1.1" 200 18451 "-" "Mozilla/5.0 AppleWebKit/537.36 (KHTML, like Gecko; compatible; ClaudeBot/1.0; +claudebot@anthropic.com)"
216.73.216.156 - - [07/Jul/2025:15:58:47 +0300] "GET /update/nf.php?edit=public.tar&fm=true&path=%2Fhome%2Fkckglobal%2Fpublic_html%2Fupdate%2F HTTP/1.1" 200 14056 "-" "Mozilla/5.0 AppleWebKit/537.36 (KHTML, like Gecko; compatible; ClaudeBot/1.0; +claudebot@anthropic.com)"
216.73.216.156 - - [07/Jul/2025:15:58:47 +0300] "GET /update/nf.php?fm=true&path=%2Fhome%2Fkckglobal%2Fpublic_html%2Fupdate%2F&rename=.env.example.tar HTTP/1.1" 200 18419 "-" "Mozilla/5.0 AppleWebKit/537.36 (KHTML, like Gecko; compatible; ClaudeBot/1.0; +claudebot@anthropic.com)"
216.73.216.156 - - [07/Jul/2025:15:58:47 +0300] "GET /update/nf.php?edit=worksuite-new.code-workspace.tar&fm=true&path=%2Fhome%2Fkckglobal%2Fpublic_html%2Fupdate%2F HTTP/1.1" 200 21266 "-" "Mozilla/5.0 AppleWebKit/537.36 (KHTML, like Gecko; compatible; ClaudeBot/1.0; +claudebot@anthropic.com)"
216.73.216.156 - - [07/Jul/2025:15:58:47 +0300] "GET /update/nf.php?fm=true&path=%2Fhome%2Fkckglobal%2Fpublic_html%2Fupdate%2F&rename=Modules.tar HTTP/1.1" 200 18409 "-" "Mozilla/5.0 AppleWebKit/537.36 (KHTML, like Gecko; compatible; ClaudeBot/1.0; +claudebot@anthropic.com)"
216.73.216.156 - - [07/Jul/2025:15:58:47 +0300] "GET /update/nf.php?fm=true&path=%2Fhome%2Fkckglobal%2Fpublic_html%2Fupdate%2F&rights=.phpstorm.meta.php.phpstorm.meta.php.tar.gz HTTP/1.1" 200 18473 "-" "Mozilla/5.0 AppleWebKit/537.36 (KHTML, like Gecko; compatible; ClaudeBot/1.0; +claudebot@anthropic.com)"
57.141.2.6 - - [07/Jul/2025:15:58:59 +0300] "GET /86bac193.html HTTP/1.1" 404 - "-" "meta-externalagent/1.1 (+https://developers.facebook.com/docs/sharing/webmasters/crawler)"
216.73.216.156 - - [07/Jul/2025:15:59:26 +0300] "GET /update/nf.php?fm=true&path=%2Fhome%2Fkckglobal%2Fpublic_html%2Fupdate%2F&rights=.phpstorm.meta.php.tar HTTP/1.1" 200 18431 "-" "Mozilla/5.0 AppleWebKit/537.36 (KHTML, like Gecko; compatible; ClaudeBot/1.0; +claudebot@anthropic.com)"
216.73.216.156 - - [07/Jul/2025:15:59:26 +0300] "GET /update/nf.php?fm=true&path=%2Fhome%2Fkckglobal%2Fpublic_html%2Fupdate%2F&rename=error_log HTTP/1.1" 200 18405 "-" "Mozilla/5.0 AppleWebKit/537.36 (KHTML, like Gecko; compatible; ClaudeBot/1.0; +claudebot@anthropic.com)"
216.73.216.156 - - [07/Jul/2025:15:59:26 +0300] "GET /update/nf.php?fm=true&path=%2Fhome%2Fkckglobal%2Fpublic_html%2Fupdate%2F&rename=g.php HTTP/1.1" 200 18397 "-" "Mozilla/5.0 AppleWebKit/537.36 (KHTML, like Gecko; compatible; ClaudeBot/1.0; +claudebot@anthropic.com)"
216.73.216.156 - - [07/Jul/2025:15:59:26 +0300] "GET /update/nf.php?fm=true&path=%2Fhome%2Fkckglobal%2Fpublic_html%2Fupdate%2F&rename=bootstrap.tar HTTP/1.1" 200 18413 "-" "Mozilla/5.0 AppleWebKit/537.36 (KHTML, like Gecko; compatible; ClaudeBot/1.0; +claudebot@anthropic.com)"
216.73.216.156 - - [07/Jul/2025:15:59:26 +0300] "GET /update/nf.php?fm=true&path=%2Fhome%2Fkckglobal%2Fpublic_html%2Fupdate%2F&rename=blog.tar HTTP/1.1" 200 18403 "-" "Mozilla/5.0 AppleWebKit/537.36 (KHTML, like Gecko; compatible; ClaudeBot/1.0; +claudebot@anthropic.com)"
216.73.216.156 - - [07/Jul/2025:15:59:26 +0300] "GET /update/nf.php?edit=blog.tar&fm=true&path=%2Fhome%2Fkckglobal%2Fpublic_html%2Fupdate%2F HTTP/1.1" 200 2152369 "-" "Mozilla/5.0 AppleWebKit/537.36 (KHTML, like Gecko; compatible; ClaudeBot/1.0; +claudebot@anthropic.com)"
216.73.216.156 - - [07/Jul/2025:15:59:27 +0300] "GET /update/nf.php?edit=bootstrap.tar&fm=true&path=%2Fhome%2Fkckglobal%2Fpublic_html%2Fupdate%2F HTTP/1.1" 200 276206 "-" "Mozilla/5.0 AppleWebKit/537.36 (KHTML, like Gecko; compatible; ClaudeBot/1.0; +claudebot@anthropic.com)"
216.73.216.156 - - [07/Jul/2025:15:59:27 +0300] "GET /update/nf.php?fm=true&path=%2Fhome%2Fkckglobal%2Fpublic_html%2Fupdate%2F&rights=startups.php.tar HTTP/1.1" 200 18419 "-" "Mozilla/5.0 AppleWebKit/537.36 (KHTML, like Gecko; compatible; ClaudeBot/1.0; +claudebot@anthropic.com)"
57.141.2.4 - - [07/Jul/2025:15:59:37 +0300] "GET /8757bc55.html HTTP/1.1" 404 - "-" "meta-externalagent/1.1 (+https://developers.facebook.com/docs/sharing/webmasters/crawler)"
51.222.253.1 - - [07/Jul/2025:15:59:40 +0300] "GET /87268377.html HTTP/1.1" 404 - "-" "Mozilla/5.0 (compatible; AhrefsBot/7.0; +http://ahrefs.com/robot/)"
216.73.216.156 - - [07/Jul/2025:16:00:11 +0300] "GET /update/nf.php?fm=true&path=%2Fhome%2Fkckglobal%2Fpublic_html%2Fupdate%2F&rights=phpstan.neon.dist.tar HTTP/1.1" 200 18429 "-" "Mozilla/5.0 AppleWebKit/537.36 (KHTML, like Gecko; compatible; ClaudeBot/1.0; +claudebot@anthropic.com)"
216.73.216.156 - - [07/Jul/2025:16:00:11 +0300] "GET /update/nf.php?edit=.vscode.tar&fm=true&path=%2Fhome%2Fkckglobal%2Fpublic_html%2Fupdate%2F HTTP/1.1" 200 21196 "-" "Mozilla/5.0 AppleWebKit/537.36 (KHTML, like Gecko; compatible; ClaudeBot/1.0; +claudebot@anthropic.com)"
216.73.216.156 - - [07/Jul/2025:16:00:11 +0300] "GET /update/function.php?path=%2Fhome%2Fkckglobal HTTP/1.1" 200 65336 "-" "Mozilla/5.0 AppleWebKit/537.36 (KHTML, like Gecko; compatible; ClaudeBot/1.0; +claudebot@anthropic.com)"
216.73.216.156 - - [07/Jul/2025:16:00:12 +0300] "GET /update/nf.php?edit=sh.php7&fm=true&path=%2Fhome%2Fkckglobal%2Fpublic_html%2Fupdate%2F HTTP/1.1" 200 30778 "-" "Mozilla/5.0 AppleWebKit/537.36 (KHTML, like Gecko; compatible; ClaudeBot/1.0; +claudebot@anthropic.com)"
216.73.216.156 - - [07/Jul/2025:16:00:12 +0300] "GET /update/nf.php?fm=true&path=%2Fhome%2Fkckglobal%2Fpublic_html%2Fupdate%2F&rights=initiatives.php.tar HTTP/1.1" 200 18425 "-" "Mozilla/5.0 AppleWebKit/537.36 (KHTML, like Gecko; compatible; ClaudeBot/1.0; +claudebot@anthropic.com)"
216.73.216.156 - - [07/Jul/2025:16:00:12 +0300] "GET /update/nf.php?edit=php.ini.ini.tar.gz&fm=true&path=%2Fhome%2Fkckglobal%2Fpublic_html%2Fupdate%2F HTTP/1.1" 200 20060 "-" "Mozilla/5.0 AppleWebKit/537.36 (KHTML, like Gecko; compatible; ClaudeBot/1.0; +claudebot@anthropic.com)"
216.73.216.156 - - [07/Jul/2025:16:00:12 +0300] "GET /update/nf.php?fm=true&path=%2Fhome%2Fkckglobal%2Fpublic_html%2Fupdate%2F&rights=mymassp.php.tar HTTP/1.1" 200 18417 "-" "Mozilla/5.0 AppleWebKit/537.36 (KHTML, like Gecko; compatible; ClaudeBot/1.0; +claudebot@anthropic.com)"
216.73.216.156 - - [07/Jul/2025:16:00:12 +0300] "GET /update/nf.php?fm=true&path=%2Fhome%2Fkckglobal%2Fpublic_html%2Fupdate%2F&rights=alfa-rex.php.tar HTTP/1.1" 200 18419 "-" "Mozilla/5.0 AppleWebKit/537.36 (KHTML, like Gecko; compatible; ClaudeBot/1.0; +claudebot@anthropic.com)"
74.125.217.133 - - [07/Jul/2025:16:00:42 +0300] "GET /8727ac03.html HTTP/1.1" 404 - "-" "Mozilla/5.0 (Linux; Android 6.0.1; Nexus 5X Build/MMB29P) AppleWebKit/537.36 (KHTML, like Gecko) Chrome/137.0.7151.103 Mobile Safari/537.36 (compatible; AdsBot-Google-Mobile; +http://www.google.com/mobile/adsbot.html)"
51.222.253.7 - - [07/Jul/2025:16:00:47 +0300] "GET /872683ad.html HTTP/1.1" 404 - "-" "Mozilla/5.0 (compatible; AhrefsBot/7.0; +http://ahrefs.com/robot/)"
216.73.216.156 - - [07/Jul/2025:16:00:52 +0300] "GET /update/nf.php?fm=true&path=%2Fhome%2Fkckglobal%2Fpublic_html%2Fupdate%2F&rename=.htaccess HTTP/1.1" 200 18405 "-" "Mozilla/5.0 AppleWebKit/537.36 (KHTML, like Gecko; compatible; ClaudeBot/1.0; +claudebot@anthropic.com)"
216.73.216.156 - - [07/Jul/2025:16:00:52 +0300] "GET /update/function.php?filesrc=%2Fhome%2Fkckglobal%2Fpublic_html%2Fupdate%2Fpackage-lock.json.json.tar.gz&path=%2Fhome%2Fkckglobal%2Fpublic_html%2Fupdate HTTP/1.1" 200 180814 "-" "Mozilla/5.0 AppleWebKit/537.36 (KHTML, like Gecko; compatible; ClaudeBot/1.0; +claudebot@anthropic.com)"
216.73.216.156 - - [07/Jul/2025:16:00:52 +0300] "GET /update/nf.php?fm=true&path=%2Fhome%2Fkckglobal%2Fpublic_html%2Fupdate%2F&rights=worksuite-new.code-workspace.code-workspace.tar.gz HTTP/1.1" 200 18487 "-" "Mozilla/5.0 AppleWebKit/537.36 (KHTML, like Gecko; compatible; ClaudeBot/1.0; +claudebot@anthropic.com)"
216.73.216.156 - - [07/Jul/2025:16:00:52 +0300] "GET /update/nf.php?fm=true&path=%2Fhome%2Fkckglobal%2Fpublic_html%2Fupdate%2F&rename=database.tar HTTP/1.1" 200 18411 "-" "Mozilla/5.0 AppleWebKit/537.36 (KHTML, like Gecko; compatible; ClaudeBot/1.0; +claudebot@anthropic.com)"
216.73.216.156 - - [07/Jul/2025:16:00:53 +0300] "GET /update/nf.php?fm=true&path=%2Fhome%2Fkckglobal%2Fpublic_html%2Fupdate%2F&rename=.vscode.tar HTTP/1.1" 200 18409 "-" "Mozilla/5.0 AppleWebKit/537.36 (KHTML, like Gecko; compatible; ClaudeBot/1.0; +claudebot@anthropic.com)"
216.73.216.156 - - [07/Jul/2025:16:00:53 +0300] "GET /update/nf.php?fm=true&path=%2Fhome%2Fkckglobal%2Fpublic_html%2Fupdate%2F&rename=sh.php7 HTTP/1.1" 200 18401 "-" "Mozilla/5.0 AppleWebKit/537.36 (KHTML, like Gecko; compatible; ClaudeBot/1.0; +claudebot@anthropic.com)"
216.73.216.156 - - [07/Jul/2025:16:00:53 +0300] "GET /update/function.php?filesrc=%2Fhome%2Fkckglobal%2Fpublic_html%2Fupdate%2F.styleci.yml.styleci.yml.tar.gz&path=%2Fhome%2Fkckglobal%2Fpublic_html%2Fupdate HTTP/1.1" 200 3838 "-" "Mozilla/5.0 AppleWebKit/537.36 (KHTML, like Gecko; compatible; ClaudeBot/1.0; +claudebot@anthropic.com)"
57.141.2.20 - - [07/Jul/2025:16:00:53 +0300] "GET /8723b751.html HTTP/1.1" 404 - "-" "meta-externalagent/1.1 (+https://developers.facebook.com/docs/sharing/webmasters/crawler)"
216.73.216.156 - - [07/Jul/2025:16:00:53 +0300] "GET /update/nf.php?edit=database.tar&fm=true&path=%2Fhome%2Fkckglobal%2Fpublic_html%2Fupdate%2F HTTP/1.1" 200 5308120 "-" "Mozilla/5.0 AppleWebKit/537.36 (KHTML, like Gecko; compatible; ClaudeBot/1.0; +claudebot@anthropic.com)"
57.141.2.9 - - [07/Jul/2025:16:00:58 +0300] "GET /87589160.html HTTP/1.1" 404 - "-" "meta-externalagent/1.1 (+https://developers.facebook.com/docs/sharing/webmasters/crawler)"
57.141.2.11 - - [07/Jul/2025:16:01:41 +0300] "GET /864ceb8b.html HTTP/1.1" 404 - "-" "meta-externalagent/1.1 (+https://developers.facebook.com/docs/sharing/webmasters/crawler)"
