51.222.253.19 - - [07/Jul/2025:18:05:40 +0300] "GET /8727d610.html HTTP/1.1" 404 - "-" "Mozilla/5.0 (compatible; AhrefsBot/7.0; +http://ahrefs.com/robot/)"
216.73.216.156 - - [07/Jul/2025:18:05:52 +0300] "GET /kckglobal.net/sitemap-15.xml HTTP/1.1" 404 - "-" "Mozilla/5.0 AppleWebKit/537.36 (KHTML, like Gecko; compatible; ClaudeBot/1.0; +claudebot@anthropic.com)"
57.141.2.22 - - [07/Jul/2025:18:05:57 +0300] "GET /86bb4aa3.html HTTP/1.1" 404 - "-" "meta-externalagent/1.1 (+https://developers.facebook.com/docs/sharing/webmasters/crawler)"
216.73.216.156 - - [07/Jul/2025:18:06:39 +0300] "GET /kckglobal.net/sitemap-2.xml HTTP/1.1" 404 - "-" "Mozilla/5.0 AppleWebKit/537.36 (KHTML, like Gecko; compatible; ClaudeBot/1.0; +claudebot@anthropic.com)"
57.141.2.28 - - [07/Jul/2025:18:07:03 +0300] "GET /86ee977c.html HTTP/1.1" 404 - "-" "meta-externalagent/1.1 (+https://developers.facebook.com/docs/sharing/webmasters/crawler)"
51.222.253.9 - - [07/Jul/2025:18:07:26 +0300] "GET /86ba6b8f.html HTTP/1.1" 404 - "-" "Mozilla/5.0 (compatible; AhrefsBot/7.0; +http://ahrefs.com/robot/)"
216.73.216.156 - - [07/Jul/2025:18:07:27 +0300] "GET /kckglobal.net/sitemap-16.xml HTTP/1.1" 404 - "-" "Mozilla/5.0 AppleWebKit/537.36 (KHTML, like Gecko; compatible; ClaudeBot/1.0; +claudebot@anthropic.com)"
216.73.216.251 - - [07/Jul/2025:18:07:36 +0300] "GET /robots.txt HTTP/1.1" 200 657 "-" "Mozilla/5.0 AppleWebKit/537.36 (KHTML, like Gecko; compatible; ClaudeBot/1.0; +claudebot@anthropic.com)"
216.73.216.251 - - [07/Jul/2025:18:07:36 +0300] "GET /kckglobal.net/sitemap-2.xml HTTP/1.1" 404 - "-" "Mozilla/5.0 AppleWebKit/537.36 (KHTML, like Gecko; compatible; ClaudeBot/1.0; +claudebot@anthropic.com)"
216.73.216.251 - - [07/Jul/2025:18:09:08 +0300] "GET /kckglobal.net/sitemap-13.xml HTTP/1.1" 404 - "-" "Mozilla/5.0 AppleWebKit/537.36 (KHTML, like Gecko; compatible; ClaudeBot/1.0; +claudebot@anthropic.com)"
51.222.253.2 - - [07/Jul/2025:18:09:15 +0300] "GET /86ef6696.html HTTP/1.1" 404 - "-" "Mozilla/5.0 (compatible; AhrefsBot/7.0; +http://ahrefs.com/robot/)"
57.141.2.28 - - [07/Jul/2025:18:09:17 +0300] "GET /86513f8a.html HTTP/1.1" 404 - "-" "meta-externalagent/1.1 (+https://developers.facebook.com/docs/sharing/webmasters/crawler)"
57.141.2.6 - - [07/Jul/2025:18:10:24 +0300] "GET /86eed901.html HTTP/1.1" 404 - "-" "meta-externalagent/1.1 (+https://developers.facebook.com/docs/sharing/webmasters/crawler)"
195.2.81.242 - - [07/Jul/2025:18:11:21 +0300] "GET / HTTP/1.1" 200 4358 "-" "Mozilla/5.0 (Macintosh; Intel Mac OS X 10_15_7) AppleWebKit/537.36 (KHTML, like Gecko) Chrome/133.0.0.0 Safari/537.36"
57.141.2.3 - - [07/Jul/2025:18:11:30 +0300] "GET /875cea3e.html HTTP/1.1" 404 - "-" "meta-externalagent/1.1 (+https://developers.facebook.com/docs/sharing/webmasters/crawler)"
51.222.253.8 - - [07/Jul/2025:18:12:02 +0300] "GET /86efaa37.html HTTP/1.1" 404 - "-" "Mozilla/5.0 (compatible; AhrefsBot/7.0; +http://ahrefs.com/robot/)"
57.141.2.14 - - [07/Jul/2025:18:12:37 +0300] "GET /875b28f3.html HTTP/1.1" 404 - "-" "meta-externalagent/1.1 (+https://developers.facebook.com/docs/sharing/webmasters/crawler)"
57.141.2.19 - - [07/Jul/2025:18:13:44 +0300] "GET /8686c347.html HTTP/1.1" 404 - "-" "meta-externalagent/1.1 (+https://developers.facebook.com/docs/sharing/webmasters/crawler)"
51.222.253.8 - - [07/Jul/2025:18:13:45 +0300] "GET /86f010fd.html HTTP/1.1" 404 - "-" "Mozilla/5.0 (compatible; AhrefsBot/7.0; +http://ahrefs.com/robot/)"
51.222.253.18 - - [07/Jul/2025:18:15:24 +0300] "GET /86f024b5.html HTTP/1.1" 404 - "-" "Mozilla/5.0 (compatible; AhrefsBot/7.0; +http://ahrefs.com/robot/)"
51.222.253.12 - - [07/Jul/2025:18:17:23 +0300] "GET /86f072be.html HTTP/1.1" 404 - "-" "Mozilla/5.0 (compatible; AhrefsBot/7.0; +http://ahrefs.com/robot/)"
216.73.216.156 - - [07/Jul/2025:18:18:24 +0300] "GET /kckglobal.net/sitemap-1.xml HTTP/1.1" 404 - "-" "Mozilla/5.0 AppleWebKit/537.36 (KHTML, like Gecko; compatible; ClaudeBot/1.0; +claudebot@anthropic.com)"
51.222.253.12 - - [07/Jul/2025:18:18:47 +0300] "GET /86f07c66.html HTTP/1.1" 404 - "-" "Mozilla/5.0 (compatible; AhrefsBot/7.0; +http://ahrefs.com/robot/)"
57.141.2.23 - - [07/Jul/2025:18:19:17 +0300] "GET /86f08020.html HTTP/1.1" 404 - "-" "meta-externalagent/1.1 (+https://developers.facebook.com/docs/sharing/webmasters/crawler)"
51.222.253.14 - - [07/Jul/2025:18:20:18 +0300] "GET /86f0a4ed.html HTTP/1.1" 404 - "-" "Mozilla/5.0 (compatible; AhrefsBot/7.0; +http://ahrefs.com/robot/)"
57.141.2.14 - - [07/Jul/2025:18:20:24 +0300] "GET /875d41ab.html HTTP/1.1" 404 - "-" "meta-externalagent/1.1 (+https://developers.facebook.com/docs/sharing/webmasters/crawler)"
51.222.253.6 - - [07/Jul/2025:18:21:48 +0300] "GET /86f11e2c.html HTTP/1.1" 404 - "-" "Mozilla/5.0 (compatible; AhrefsBot/7.0; +http://ahrefs.com/robot/)"
51.222.253.16 - - [07/Jul/2025:18:23:23 +0300] "GET /86f11e58.html HTTP/1.1" 404 - "-" "Mozilla/5.0 (compatible; AhrefsBot/7.0; +http://ahrefs.com/robot/)"
216.73.216.251 - - [07/Jul/2025:18:24:15 +0300] "GET /kckglobal.net/sitemap-3.xml HTTP/1.1" 404 - "-" "Mozilla/5.0 AppleWebKit/537.36 (KHTML, like Gecko; compatible; ClaudeBot/1.0; +claudebot@anthropic.com)"
216.73.216.156 - - [07/Jul/2025:18:24:32 +0300] "GET /kckglobal.net/sitemap-6.xml HTTP/1.1" 404 - "-" "Mozilla/5.0 AppleWebKit/537.36 (KHTML, like Gecko; compatible; ClaudeBot/1.0; +claudebot@anthropic.com)"
51.222.253.14 - - [07/Jul/2025:18:24:43 +0300] "GET /86f13440.html HTTP/1.1" 404 - "-" "Mozilla/5.0 (compatible; AhrefsBot/7.0; +http://ahrefs.com/robot/)"
57.141.2.4 - - [07/Jul/2025:18:24:51 +0300] "GET /8724f931.html HTTP/1.1" 404 - "-" "meta-externalagent/1.1 (+https://developers.facebook.com/docs/sharing/webmasters/crawler)"
57.141.2.28 - - [07/Jul/2025:18:25:57 +0300] "GET /8686d033.html HTTP/1.1" 404 - "-" "meta-externalagent/1.1 (+https://developers.facebook.com/docs/sharing/webmasters/crawler)"
51.222.253.2 - - [07/Jul/2025:18:26:17 +0300] "GET /86f19629.html HTTP/1.1" 404 - "-" "Mozilla/5.0 (compatible; AhrefsBot/7.0; +http://ahrefs.com/robot/)"
57.141.2.22 - - [07/Jul/2025:18:27:04 +0300] "GET /8720e463.html HTTP/1.1" 404 - "-" "meta-externalagent/1.1 (+https://developers.facebook.com/docs/sharing/webmasters/crawler)"
51.222.253.14 - - [07/Jul/2025:18:28:00 +0300] "GET /86f1cdde.html HTTP/1.1" 404 - "-" "Mozilla/5.0 (compatible; AhrefsBot/7.0; +http://ahrefs.com/robot/)"
51.222.253.7 - - [07/Jul/2025:18:29:07 +0300] "GET /86f1d1ab.html HTTP/1.1" 404 - "-" "Mozilla/5.0 (compatible; AhrefsBot/7.0; +http://ahrefs.com/robot/)"
57.141.2.16 - - [07/Jul/2025:18:29:17 +0300] "GET /86f111dc.html HTTP/1.1" 404 - "-" "meta-externalagent/1.1 (+https://developers.facebook.com/docs/sharing/webmasters/crawler)"
216.73.216.156 - - [07/Jul/2025:18:30:04 +0300] "GET /robots.txt HTTP/1.1" 200 657 "-" "Mozilla/5.0 AppleWebKit/537.36 (KHTML, like Gecko; compatible; ClaudeBot/1.0; +claudebot@anthropic.com)"
216.73.216.156 - - [07/Jul/2025:18:30:04 +0300] "GET /kckglobal.net/sitemap-4.xml HTTP/1.1" 404 - "-" "Mozilla/5.0 AppleWebKit/537.36 (KHTML, like Gecko; compatible; ClaudeBot/1.0; +claudebot@anthropic.com)"
51.222.253.8 - - [07/Jul/2025:18:30:31 +0300] "GET /86f1fd76.html HTTP/1.1" 404 - "-" "Mozilla/5.0 (compatible; AhrefsBot/7.0; +http://ahrefs.com/robot/)"
51.222.253.9 - - [07/Jul/2025:18:32:02 +0300] "GET /86f24600.html HTTP/1.1" 404 - "-" "Mozilla/5.0 (compatible; AhrefsBot/7.0; +http://ahrefs.com/robot/)"
51.222.253.15 - - [07/Jul/2025:18:33:33 +0300] "GET /86f26c75.html HTTP/1.1" 404 - "-" "Mozilla/5.0 (compatible; AhrefsBot/7.0; +http://ahrefs.com/robot/)"
57.141.2.15 - - [07/Jul/2025:18:33:44 +0300] "GET /87255164.html HTTP/1.1" 404 - "-" "meta-externalagent/1.1 (+https://developers.facebook.com/docs/sharing/webmasters/crawler)"
216.73.216.251 - - [07/Jul/2025:18:34:26 +0300] "GET /kckglobal.net/sitemap-14.xml HTTP/1.1" 404 - "-" "Mozilla/5.0 AppleWebKit/537.36 (KHTML, like Gecko; compatible; ClaudeBot/1.0; +claudebot@anthropic.com)"
51.222.253.8 - - [07/Jul/2025:18:34:44 +0300] "GET /86f283c9.html HTTP/1.1" 404 - "-" "Mozilla/5.0 (compatible; AhrefsBot/7.0; +http://ahrefs.com/robot/)"
57.141.2.4 - - [07/Jul/2025:18:34:50 +0300] "GET /86b65d71.html HTTP/1.1" 404 - "-" "meta-externalagent/1.1 (+https://developers.facebook.com/docs/sharing/webmasters/crawler)"
51.222.253.7 - - [07/Jul/2025:18:36:18 +0300] "GET /86f30563.html HTTP/1.1" 404 - "-" "Mozilla/5.0 (compatible; AhrefsBot/7.0; +http://ahrefs.com/robot/)"
132.232.165.4 - - [07/Jul/2025:18:36:57 +0300] "GET / HTTP/1.1" 200 4358 "http://www.kckglobal.net" "Mozilla/5.0 (iPhone; CPU iPhone OS 13_2_3 like Mac OS X) AppleWebKit/605.1.15 (KHTML, like Gecko) Version/13.0.3 Mobile/15E148 Safari/604.1"
57.141.2.21 - - [07/Jul/2025:18:37:04 +0300] "GET /8725126d.html HTTP/1.1" 404 - "-" "meta-externalagent/1.1 (+https://developers.facebook.com/docs/sharing/webmasters/crawler)"
216.73.216.251 - - [07/Jul/2025:18:37:22 +0300] "GET /kckglobal.net/sitemap-7.xml HTTP/1.1" 404 - "-" "Mozilla/5.0 AppleWebKit/537.36 (KHTML, like Gecko; compatible; ClaudeBot/1.0; +claudebot@anthropic.com)"
51.222.253.4 - - [07/Jul/2025:18:37:52 +0300] "GET /87211d8b.html HTTP/1.1" 404 - "-" "Mozilla/5.0 (compatible; AhrefsBot/7.0; +http://ahrefs.com/robot/)"
57.141.2.14 - - [07/Jul/2025:18:38:11 +0300] "GET /86f0a792.html HTTP/1.1" 404 - "-" "meta-externalagent/1.1 (+https://developers.facebook.com/docs/sharing/webmasters/crawler)"
51.222.253.15 - - [07/Jul/2025:18:38:52 +0300] "GET /87212b71.html HTTP/1.1" 404 - "-" "Mozilla/5.0 (compatible; AhrefsBot/7.0; +http://ahrefs.com/robot/)"
216.73.216.251 - - [07/Jul/2025:18:39:24 +0300] "GET /kckglobal.net/sitemap-4.xml HTTP/1.1" 404 - "-" "Mozilla/5.0 AppleWebKit/537.36 (KHTML, like Gecko; compatible; ClaudeBot/1.0; +claudebot@anthropic.com)"
51.222.253.2 - - [07/Jul/2025:18:40:14 +0300] "GET /872136cf.html HTTP/1.1" 404 - "-" "Mozilla/5.0 (compatible; AhrefsBot/7.0; +http://ahrefs.com/robot/)"
57.141.2.10 - - [07/Jul/2025:18:40:24 +0300] "GET /86bd0dc0.html HTTP/1.1" 404 - "-" "meta-externalagent/1.1 (+https://developers.facebook.com/docs/sharing/webmasters/crawler)"
51.222.253.1 - - [07/Jul/2025:18:41:29 +0300] "GET /87213f28.html HTTP/1.1" 404 - "-" "Mozilla/5.0 (compatible; AhrefsBot/7.0; +http://ahrefs.com/robot/)"
57.141.2.18 - - [07/Jul/2025:18:41:31 +0300] "GET /864eb0a0.html HTTP/1.1" 404 - "-" "meta-externalagent/1.1 (+https://developers.facebook.com/docs/sharing/webmasters/crawler)"
34.83.136.6 - - [07/Jul/2025:18:41:44 +0300] "HEAD /wordpress HTTP/1.1" 404 - "http://mail.kckglobal.net/wordpress" "Mozilla/5.0 (Windows NT 10.0; Win64; x64) AppleWebKit/537.36 (KHTML, like Gecko) Chrome/74.0.3729.169 Safari/537.36"
34.83.136.6 - - [07/Jul/2025:18:41:44 +0300] "HEAD / HTTP/1.1" 200 - "http://mail.kckglobal.net/" "Mozilla/5.0 (Windows NT 10.0; Win64; x64) AppleWebKit/537.36 (KHTML, like Gecko) Chrome/74.0.3729.169 Safari/537.36"
34.83.136.6 - - [07/Jul/2025:18:41:44 +0300] "HEAD /wp HTTP/1.1" 404 - "http://mail.kckglobal.net/wp" "Mozilla/5.0 (Windows NT 10.0; Win64; x64) AppleWebKit/537.36 (KHTML, like Gecko) Chrome/74.0.3729.169 Safari/537.36"
34.83.136.6 - - [07/Jul/2025:18:41:44 +0300] "HEAD /bc HTTP/1.1" 404 - "http://mail.kckglobal.net/bc" "Mozilla/5.0 (Windows NT 10.0; Win64; x64) AppleWebKit/537.36 (KHTML, like Gecko) Chrome/74.0.3729.169 Safari/537.36"
34.83.136.6 - - [07/Jul/2025:18:41:44 +0300] "HEAD /bk HTTP/1.1" 404 - "http://mail.kckglobal.net/bk" "Mozilla/5.0 (Windows NT 10.0; Win64; x64) AppleWebKit/537.36 (KHTML, like Gecko) Chrome/74.0.3729.169 Safari/537.36"
34.83.136.6 - - [07/Jul/2025:18:41:44 +0300] "HEAD /backup HTTP/1.1" 404 - "http://mail.kckglobal.net/backup" "Mozilla/5.0 (Windows NT 10.0; Win64; x64) AppleWebKit/537.36 (KHTML, like Gecko) Chrome/74.0.3729.169 Safari/537.36"
34.83.136.6 - - [07/Jul/2025:18:41:44 +0300] "HEAD /old HTTP/1.1" 404 - "http://mail.kckglobal.net/old" "Mozilla/5.0 (Windows NT 10.0; Win64; x64) AppleWebKit/537.36 (KHTML, like Gecko) Chrome/74.0.3729.169 Safari/537.36"
34.83.136.6 - - [07/Jul/2025:18:41:44 +0300] "HEAD /new HTTP/1.1" 404 - "http://mail.kckglobal.net/new" "Mozilla/5.0 (Windows NT 10.0; Win64; x64) AppleWebKit/537.36 (KHTML, like Gecko) Chrome/74.0.3729.169 Safari/537.36"
34.83.136.6 - - [07/Jul/2025:18:41:44 +0300] "HEAD /main HTTP/1.1" 404 - "http://mail.kckglobal.net/main" "Mozilla/5.0 (Windows NT 10.0; Win64; x64) AppleWebKit/537.36 (KHTML, like Gecko) Chrome/74.0.3729.169 Safari/537.36"
34.83.136.6 - - [07/Jul/2025:18:41:44 +0300] "HEAD /home HTTP/1.1" 404 - "http://mail.kckglobal.net/home" "Mozilla/5.0 (Windows NT 10.0; Win64; x64) AppleWebKit/537.36 (KHTML, like Gecko) Chrome/74.0.3729.169 Safari/537.36"
37.19.200.150 - - [07/Jul/2025:18:42:28 +0300] "POST /xmlrpc.php HTTP/1.1" 404 - "-" "-"
216.73.216.156 - - [07/Jul/2025:18:42:30 +0300] "GET /kckglobal.net/sitemap-12.xml HTTP/1.1" 404 - "-" "Mozilla/5.0 AppleWebKit/537.36 (KHTML, like Gecko; compatible; ClaudeBot/1.0; +claudebot@anthropic.com)"
51.222.253.2 - - [07/Jul/2025:18:42:50 +0300] "GET /87214b37.html HTTP/1.1" 404 - "-" "Mozilla/5.0 (compatible; AhrefsBot/7.0; +http://ahrefs.com/robot/)"
57.141.2.8 - - [07/Jul/2025:18:43:44 +0300] "GET /8687500b.html HTTP/1.1" 404 - "-" "meta-externalagent/1.1 (+https://developers.facebook.com/docs/sharing/webmasters/crawler)"
216.73.216.156 - - [07/Jul/2025:18:44:05 +0300] "GET /kckglobal.net/sitemap-13.xml HTTP/1.1" 404 - "-" "Mozilla/5.0 AppleWebKit/537.36 (KHTML, like Gecko; compatible; ClaudeBot/1.0; +claudebot@anthropic.com)"
51.222.253.20 - - [07/Jul/2025:18:44:12 +0300] "GET /8721b0e7.html HTTP/1.1" 404 - "-" "Mozilla/5.0 (compatible; AhrefsBot/7.0; +http://ahrefs.com/robot/)"
205.210.31.8 - - [07/Jul/2025:18:45:36 +0300] "GET / HTTP/1.1" 200 4358 "-" "-"
51.222.253.1 - - [07/Jul/2025:18:45:40 +0300] "GET /8721dbe7.html HTTP/1.1" 404 - "-" "Mozilla/5.0 (compatible; AhrefsBot/7.0; +http://ahrefs.com/robot/)"
57.141.2.28 - - [07/Jul/2025:18:45:57 +0300] "GET /8651d84e.html HTTP/1.1" 404 - "-" "meta-externalagent/1.1 (+https://developers.facebook.com/docs/sharing/webmasters/crawler)"
51.222.253.20 - - [07/Jul/2025:18:46:54 +0300] "GET /87224cdc.html HTTP/1.1" 404 - "-" "Mozilla/5.0 (compatible; AhrefsBot/7.0; +http://ahrefs.com/robot/)"
216.73.216.156 - - [07/Jul/2025:18:46:55 +0300] "GET /kckglobal.net/sitemap-5.xml HTTP/1.1" 404 - "-" "Mozilla/5.0 AppleWebKit/537.36 (KHTML, like Gecko; compatible; ClaudeBot/1.0; +claudebot@anthropic.com)"
216.24.210.123 - - [07/Jul/2025:18:47:25 +0300] "GET /.env HTTP/1.1" 404 - "-" "Mozilla/5.0 (Macintosh; Intel Mac OS X 10.15; rv:77.0) Gecko/20100101 Firefox/77.0"
98.159.37.65 - - [07/Jul/2025:18:47:26 +0300] "GET /wp-content/ HTTP/1.1" 404 - "-" "Mozilla/5.0 (Macintosh; Intel Mac OS X 10.15; rv:77.0) Gecko/20100101 Firefox/77.0"
51.222.253.10 - - [07/Jul/2025:18:48:05 +0300] "GET /8722a151.html HTTP/1.1" 404 - "-" "Mozilla/5.0 (compatible; AhrefsBot/7.0; +http://ahrefs.com/robot/)"
57.141.2.30 - - [07/Jul/2025:18:48:11 +0300] "GET /86f114df.html HTTP/1.1" 404 - "-" "meta-externalagent/1.1 (+https://developers.facebook.com/docs/sharing/webmasters/crawler)"
34.245.16.141 - - [07/Jul/2025:18:48:43 +0300] "GET / HTTP/1.0" 200 4358 "-" "Mozilla/5.0 (compatible; NetcraftSurveyAgent/1.0; +info@netcraft.com)"
51.222.253.7 - - [07/Jul/2025:18:49:14 +0300] "GET /8722b677.html HTTP/1.1" 404 - "-" "Mozilla/5.0 (compatible; AhrefsBot/7.0; +http://ahrefs.com/robot/)"
51.222.253.10 - - [07/Jul/2025:18:50:17 +0300] "GET /8722cdc3.html HTTP/1.1" 404 - "-" "Mozilla/5.0 (compatible; AhrefsBot/7.0; +http://ahrefs.com/robot/)"
57.141.2.1 - - [07/Jul/2025:18:50:24 +0300] "GET /86f0e3af.html HTTP/1.1" 404 - "-" "meta-externalagent/1.1 (+https://developers.facebook.com/docs/sharing/webmasters/crawler)"
57.141.2.11 - - [07/Jul/2025:18:51:30 +0300] "GET /8726e7fd.html HTTP/1.1" 404 - "-" "meta-externalagent/1.1 (+https://developers.facebook.com/docs/sharing/webmasters/crawler)"
51.222.253.7 - - [07/Jul/2025:18:51:39 +0300] "GET /8722faf3.html HTTP/1.1" 404 - "-" "Mozilla/5.0 (compatible; AhrefsBot/7.0; +http://ahrefs.com/robot/)"
57.141.2.24 - - [07/Jul/2025:18:52:37 +0300] "GET /864b39f0.html HTTP/1.1" 404 - "-" "meta-externalagent/1.1 (+https://developers.facebook.com/docs/sharing/webmasters/crawler)"
51.222.253.17 - - [07/Jul/2025:18:53:06 +0300] "GET /8724928e.html HTTP/1.1" 404 - "-" "Mozilla/5.0 (compatible; AhrefsBot/7.0; +http://ahrefs.com/robot/)"
216.73.216.156 - - [07/Jul/2025:18:53:21 +0300] "GET /kckglobal.net/sitemap-8.xml HTTP/1.1" 404 - "-" "Mozilla/5.0 AppleWebKit/537.36 (KHTML, like Gecko; compatible; ClaudeBot/1.0; +claudebot@anthropic.com)"
195.78.66.143 - - [07/Jul/2025:18:53:39 +0300] "GET /title-of-blog-here/ HTTP/1.0" 404 - "https://kckglobal.net/title-of-blog-here/" "Mozilla/5.0 (Windows NT 10.0; Win64; x64) AppleWebKit/537.36 (KHTML, like Gecko) Chrome/129.0.0.0 Safari/537.36"
195.78.66.143 - - [07/Jul/2025:18:53:40 +0300] "GET / HTTP/1.0" 200 4358 "https://kckglobal.net/" "Mozilla/5.0 (Windows NT 10.0; Win64; x64) AppleWebKit/537.36 (KHTML, like Gecko) Chrome/129.0.0.0 Safari/537.36"
51.222.253.14 - - [07/Jul/2025:18:53:57 +0300] "GET /8724c867.html HTTP/1.1" 404 - "-" "Mozilla/5.0 (compatible; AhrefsBot/7.0; +http://ahrefs.com/robot/)"
51.222.253.2 - - [07/Jul/2025:18:54:55 +0300] "GET /87253a2a.html HTTP/1.1" 404 - "-" "Mozilla/5.0 (compatible; AhrefsBot/7.0; +http://ahrefs.com/robot/)"
51.222.253.8 - - [07/Jul/2025:18:55:52 +0300] "GET /8725e753.html HTTP/1.1" 404 - "-" "Mozilla/5.0 (compatible; AhrefsBot/7.0; +http://ahrefs.com/robot/)"
57.141.2.13 - - [07/Jul/2025:18:55:57 +0300] "GET /864e471b.html HTTP/1.1" 404 - "-" "meta-externalagent/1.1 (+https://developers.facebook.com/docs/sharing/webmasters/crawler)"
157.55.39.49 - - [07/Jul/2025:18:56:20 +0300] "GET /detail/263806434.shtm HTTP/1.1" 404 - "-" "Mozilla/5.0 AppleWebKit/537.36 (KHTML, like Gecko; compatible; bingbot/2.0; +http://www.bing.com/bingbot.htm) Chrome/116.0.1938.76 Safari/537.36"
66.249.77.166 - - [07/Jul/2025:18:56:45 +0300] "GET /robots.txt HTTP/1.1" 200 657 "-" "Mozilla/5.0 (compatible; Googlebot/2.1; +http://www.google.com/bot.html)"
66.249.77.165 - - [07/Jul/2025:18:56:46 +0300] "GET /875ba5ae.html HTTP/1.1" 404 - "-" "Mozilla/5.0 (Linux; Android 6.0.1; Nexus 5X Build/MMB29P) AppleWebKit/537.36 (KHTML, like Gecko) Chrome/137.0.7151.103 Mobile Safari/537.36 (compatible; Googlebot/2.1; +http://www.google.com/bot.html)"
51.222.253.9 - - [07/Jul/2025:18:56:53 +0300] "GET /8726028e.html HTTP/1.1" 404 - "-" "Mozilla/5.0 (compatible; AhrefsBot/7.0; +http://ahrefs.com/robot/)"
57.141.2.2 - - [07/Jul/2025:18:57:04 +0300] "GET /864c607d.html HTTP/1.1" 404 - "-" "meta-externalagent/1.1 (+https://developers.facebook.com/docs/sharing/webmasters/crawler)"
216.73.216.251 - - [07/Jul/2025:18:57:05 +0300] "GET /kckglobal.net/sitemap-11.xml HTTP/1.1" 404 - "-" "Mozilla/5.0 AppleWebKit/537.36 (KHTML, like Gecko; compatible; ClaudeBot/1.0; +claudebot@anthropic.com)"
216.73.216.251 - - [07/Jul/2025:18:57:05 +0300] "GET /kckglobal.net/sitemap-1.xml HTTP/1.1" 404 - "-" "Mozilla/5.0 AppleWebKit/537.36 (KHTML, like Gecko; compatible; ClaudeBot/1.0; +claudebot@anthropic.com)"
216.73.216.156 - - [07/Jul/2025:18:57:20 +0300] "GET /kckglobal.net/sitemap-10.xml HTTP/1.1" 404 - "-" "Mozilla/5.0 AppleWebKit/537.36 (KHTML, like Gecko; compatible; ClaudeBot/1.0; +claudebot@anthropic.com)"
51.222.253.8 - - [07/Jul/2025:18:57:55 +0300] "GET /8726221d.html HTTP/1.1" 404 - "-" "Mozilla/5.0 (compatible; AhrefsBot/7.0; +http://ahrefs.com/robot/)"
216.73.216.251 - - [07/Jul/2025:18:58:00 +0300] "GET /kckglobal.net/sitemap-10.xml HTTP/1.1" 404 - "-" "Mozilla/5.0 AppleWebKit/537.36 (KHTML, like Gecko; compatible; ClaudeBot/1.0; +claudebot@anthropic.com)"
57.141.2.17 - - [07/Jul/2025:18:58:10 +0300] "GET /864ff510.html HTTP/1.1" 404 - "-" "meta-externalagent/1.1 (+https://developers.facebook.com/docs/sharing/webmasters/crawler)"
66.249.77.166 - - [07/Jul/2025:18:58:27 +0300] "GET /product/edit/4659400 HTTP/1.1" 404 - "-" "Mozilla/5.0 (Linux; Android 6.0.1; Nexus 5X Build/MMB29P) AppleWebKit/537.36 (KHTML, like Gecko) Chrome/137.0.7151.103 Mobile Safari/537.36 (compatible; Googlebot/2.1; +http://www.google.com/bot.html)"
51.222.253.17 - - [07/Jul/2025:18:58:50 +0300] "GET /87266387.html HTTP/1.1" 404 - "-" "Mozilla/5.0 (compatible; AhrefsBot/7.0; +http://ahrefs.com/robot/)"
57.141.2.19 - - [07/Jul/2025:18:59:17 +0300] "GET /86f19752.html HTTP/1.1" 404 - "-" "meta-externalagent/1.1 (+https://developers.facebook.com/docs/sharing/webmasters/crawler)"
66.249.77.165 - - [07/Jul/2025:18:59:24 +0300] "GET /product/edit/8905381 HTTP/1.1" 404 - "-" "Mozilla/5.0 (Linux; Android 6.0.1; Nexus 5X Build/MMB29P) AppleWebKit/537.36 (KHTML, like Gecko) Chrome/137.0.7151.103 Mobile Safari/537.36 (compatible; Googlebot/2.1; +http://www.google.com/bot.html)"
51.222.253.8 - - [07/Jul/2025:18:59:58 +0300] "GET /87268748.html HTTP/1.1" 404 - "-" "Mozilla/5.0 (compatible; AhrefsBot/7.0; +http://ahrefs.com/robot/)"
57.141.2.1 - - [07/Jul/2025:19:00:24 +0300] "GET /8684d088.html HTTP/1.1" 404 - "-" "meta-externalagent/1.1 (+https://developers.facebook.com/docs/sharing/webmasters/crawler)"
51.222.253.6 - - [07/Jul/2025:19:01:10 +0300] "GET /872695e5.html HTTP/1.1" 404 - "-" "Mozilla/5.0 (compatible; AhrefsBot/7.0; +http://ahrefs.com/robot/)"
51.222.253.13 - - [07/Jul/2025:19:02:12 +0300] "GET /872697dd.html HTTP/1.1" 404 - "-" "Mozilla/5.0 (compatible; AhrefsBot/7.0; +http://ahrefs.com/robot/)"
57.141.2.1 - - [07/Jul/2025:19:02:37 +0300] "GET /8725e86a.html HTTP/1.1" 404 - "-" "meta-externalagent/1.1 (+https://developers.facebook.com/docs/sharing/webmasters/crawler)"
51.222.253.5 - - [07/Jul/2025:19:03:19 +0300] "GET /8726a9d4.html HTTP/1.1" 404 - "-" "Mozilla/5.0 (compatible; AhrefsBot/7.0; +http://ahrefs.com/robot/)"
216.73.216.156 - - [07/Jul/2025:19:04:12 +0300] "GET /kckglobal.net/sitemap-14.xml HTTP/1.1" 404 - "-" "Mozilla/5.0 AppleWebKit/537.36 (KHTML, like Gecko; compatible; ClaudeBot/1.0; +claudebot@anthropic.com)"
51.222.253.18 - - [07/Jul/2025:19:04:12 +0300] "GET /8726ba9a.html HTTP/1.1" 404 - "-" "Mozilla/5.0 (compatible; AhrefsBot/7.0; +http://ahrefs.com/robot/)"
57.141.2.22 - - [07/Jul/2025:19:04:51 +0300] "GET /8651a95c.html HTTP/1.1" 404 - "-" "meta-externalagent/1.1 (+https://developers.facebook.com/docs/sharing/webmasters/crawler)"
51.222.253.7 - - [07/Jul/2025:19:05:27 +0300] "GET /8727449b.html HTTP/1.1" 404 - "-" "Mozilla/5.0 (compatible; AhrefsBot/7.0; +http://ahrefs.com/robot/)"
57.141.2.11 - - [07/Jul/2025:19:05:57 +0300] "GET /868267f5.html HTTP/1.1" 404 - "-" "meta-externalagent/1.1 (+https://developers.facebook.com/docs/sharing/webmasters/crawler)"
51.222.253.3 - - [07/Jul/2025:19:06:28 +0300] "GET /87274a5e.html HTTP/1.1" 404 - "-" "Mozilla/5.0 (compatible; AhrefsBot/7.0; +http://ahrefs.com/robot/)"
57.141.2.12 - - [07/Jul/2025:19:07:04 +0300] "GET /86865487.html HTTP/1.1" 404 - "-" "meta-externalagent/1.1 (+https://developers.facebook.com/docs/sharing/webmasters/crawler)"
51.222.253.11 - - [07/Jul/2025:19:07:37 +0300] "GET /8727604d.html HTTP/1.1" 404 - "-" "Mozilla/5.0 (compatible; AhrefsBot/7.0; +http://ahrefs.com/robot/)"
57.141.2.20 - - [07/Jul/2025:19:08:11 +0300] "GET /87236f10.html HTTP/1.1" 404 - "-" "meta-externalagent/1.1 (+https://developers.facebook.com/docs/sharing/webmasters/crawler)"
51.222.253.16 - - [07/Jul/2025:19:08:35 +0300] "GET /87276ab3.html HTTP/1.1" 404 - "-" "Mozilla/5.0 (compatible; AhrefsBot/7.0; +http://ahrefs.com/robot/)"
57.141.2.23 - - [07/Jul/2025:19:09:17 +0300] "GET /86870b4d.html HTTP/1.1" 404 - "-" "meta-externalagent/1.1 (+https://developers.facebook.com/docs/sharing/webmasters/crawler)"
51.222.253.6 - - [07/Jul/2025:19:09:24 +0300] "GET /87277289.html HTTP/1.1" 404 - "-" "Mozilla/5.0 (compatible; AhrefsBot/7.0; +http://ahrefs.com/robot/)"
57.141.2.14 - - [07/Jul/2025:19:10:24 +0300] "GET /8757d9e6.html HTTP/1.1" 404 - "-" "meta-externalagent/1.1 (+https://developers.facebook.com/docs/sharing/webmasters/crawler)"
51.222.253.11 - - [07/Jul/2025:19:10:29 +0300] "GET /87278608.html HTTP/1.1" 404 - "-" "Mozilla/5.0 (compatible; AhrefsBot/7.0; +http://ahrefs.com/robot/)"
57.141.2.11 - - [07/Jul/2025:19:11:31 +0300] "GET /8686da9a.html HTTP/1.1" 404 - "-" "meta-externalagent/1.1 (+https://developers.facebook.com/docs/sharing/webmasters/crawler)"
51.222.253.5 - - [07/Jul/2025:19:11:39 +0300] "GET /87279317.html HTTP/1.1" 404 - "-" "Mozilla/5.0 (compatible; AhrefsBot/7.0; +http://ahrefs.com/robot/)"
57.141.2.18 - - [07/Jul/2025:19:12:37 +0300] "GET /87212d25.html HTTP/1.1" 404 - "-" "meta-externalagent/1.1 (+https://developers.facebook.com/docs/sharing/webmasters/crawler)"
51.222.253.10 - - [07/Jul/2025:19:12:45 +0300] "GET /8727935a.html HTTP/1.1" 404 - "-" "Mozilla/5.0 (compatible; AhrefsBot/7.0; +http://ahrefs.com/robot/)"
51.222.253.1 - - [07/Jul/2025:19:13:40 +0300] "GET /87279460.html HTTP/1.1" 404 - "-" "Mozilla/5.0 (compatible; AhrefsBot/7.0; +http://ahrefs.com/robot/)"
57.141.2.28 - - [07/Jul/2025:19:13:44 +0300] "GET /86ec0637.html HTTP/1.1" 404 - "-" "meta-externalagent/1.1 (+https://developers.facebook.com/docs/sharing/webmasters/crawler)"
66.249.77.166 - - [07/Jul/2025:19:14:19 +0300] "GET /detail/456736100.shtm HTTP/1.1" 404 - "-" "Mozilla/5.0 (Linux; Android 6.0.1; Nexus 5X Build/MMB29P) AppleWebKit/537.36 (KHTML, like Gecko) Chrome/137.0.7151.119 Mobile Safari/537.36 (compatible; Googlebot/2.1; +http://www.google.com/bot.html)"
51.222.253.12 - - [07/Jul/2025:19:14:35 +0300] "GET /8727ccb3.html HTTP/1.1" 404 - "-" "Mozilla/5.0 (compatible; AhrefsBot/7.0; +http://ahrefs.com/robot/)"
57.141.2.30 - - [07/Jul/2025:19:14:50 +0300] "GET /86edbf56.html HTTP/1.1" 404 - "-" "meta-externalagent/1.1 (+https://developers.facebook.com/docs/sharing/webmasters/crawler)"
216.73.216.156 - - [07/Jul/2025:19:15:09 +0300] "GET /kckglobal.net/sitemap-9.xml HTTP/1.1" 404 - "-" "Mozilla/5.0 AppleWebKit/537.36 (KHTML, like Gecko; compatible; ClaudeBot/1.0; +claudebot@anthropic.com)"
66.249.77.166 - - [07/Jul/2025:19:15:18 +0300] "GET /875d066d.html HTTP/1.1" 404 - "-" "Mozilla/5.0 (Linux; Android 6.0.1; Nexus 5X Build/MMB29P) AppleWebKit/537.36 (KHTML, like Gecko) Chrome/137.0.7151.119 Mobile Safari/537.36 (compatible; Googlebot/2.1; +http://www.google.com/bot.html)"
51.68.102.16 - - [07/Jul/2025:19:15:26 +0300] "GET /robots.txt HTTP/1.1" 200 657 "-" "Mozilla/5.0 (compatible; MJ12bot/v2.0.2; http://mj12bot.com/)"
51.68.102.16 - - [07/Jul/2025:19:15:26 +0300] "GET /update/function.php?filesrc=//home/kckglobal/.bashrc&path=//home/kckglobal HTTP/1.1" 200 3395 "-" "Mozilla/5.0 (compatible; MJ12bot/v2.0.2; http://mj12bot.com/)"
51.68.102.16 - - [07/Jul/2025:19:15:27 +0300] "GET /update/function.php?filesrc=//lib/firmware/dvb-usb-dib0700-1.20.fw&path=//lib/firmware HTTP/1.1" 200 59316 "-" "Mozilla/5.0 (compatible; MJ12bot/v2.0.2; http://mj12bot.com/)"
51.68.102.16 - - [07/Jul/2025:19:15:28 +0300] "GET /update/function.php?filesrc=//lib/firmware/dvb-usb-it9135-01.fw&path=//lib/firmware HTTP/1.1" 200 16661 "-" "Mozilla/5.0 (compatible; MJ12bot/v2.0.2; http://mj12bot.com/)"
51.68.102.16 - - [07/Jul/2025:19:15:29 +0300] "GET /update/function.php?filesrc=//lib/firmware/dvb-usb-it9135-02.fw&path=//lib/firmware HTTP/1.1" 200 13004 "-" "Mozilla/5.0 (compatible; MJ12bot/v2.0.2; http://mj12bot.com/)"
51.68.102.16 - - [07/Jul/2025:19:15:30 +0300] "GET /update/function.php?filesrc=//lib/firmware/dvb-usb-terratec-h5-drxk.fw&path=//lib/firmware HTTP/1.1" 200 84824 "-" "Mozilla/5.0 (compatible; MJ12bot/v2.0.2; http://mj12bot.com/)"
51.68.102.16 - - [07/Jul/2025:19:15:31 +0300] "GET /update/function.php?filesrc=//lib/firmware/dvb_nova_12mhz.inp&path=//lib/firmware HTTP/1.1" 200 166295 "-" "Mozilla/5.0 (compatible; MJ12bot/v2.0.2; http://mj12bot.com/)"
51.68.102.16 - - [07/Jul/2025:19:15:32 +0300] "GET /update/function.php?filesrc=//lib/firmware/dvb_nova_12mhz_b0.inp&path=//lib/firmware HTTP/1.1" 200 181652 "-" "Mozilla/5.0 (compatible; MJ12bot/v2.0.2; http://mj12bot.com/)"
51.68.102.16 - - [07/Jul/2025:19:15:33 +0300] "GET /update/function.php?filesrc=//lib/firmware/f2255usb.bin&path=//lib/firmware HTTP/1.1" 200 271315 "-" "Mozilla/5.0 (compatible; MJ12bot/v2.0.2; http://mj12bot.com/)"
51.68.102.16 - - [07/Jul/2025:19:15:34 +0300] "GET /update/function.php?filesrc=//lib/firmware/hfi1_dc8051.fw&path=//lib/firmware HTTP/1.1" 200 59254 "-" "Mozilla/5.0 (compatible; MJ12bot/v2.0.2; http://mj12bot.com/)"
51.68.102.16 - - [07/Jul/2025:19:15:35 +0300] "GET /update/function.php?filesrc=//lib/firmware/hfi1_fabric.fw&path=//lib/firmware HTTP/1.1" 200 33803 "-" "Mozilla/5.0 (compatible; MJ12bot/v2.0.2; http://mj12bot.com/)"
51.68.102.16 - - [07/Jul/2025:19:15:36 +0300] "GET /update/function.php?filesrc=//lib/firmware/mt7650.bin&path=//lib/firmware HTTP/1.1" 200 632526 "-" "Mozilla/5.0 (compatible; MJ12bot/v2.0.2; http://mj12bot.com/)"
51.68.102.16 - - [07/Jul/2025:19:15:37 +0300] "GET /update/function.php?filesrc=//lib/firmware/multiface_firmware.bin&path=//lib/firmware HTTP/1.1" 200 145121 "-" "Mozilla/5.0 (compatible; MJ12bot/v2.0.2; http://mj12bot.com/)"
51.68.102.16 - - [07/Jul/2025:19:15:38 +0300] "GET /update/function.php?filesrc=//lib/firmware/myri10ge_eth_big_z8e.dat&path=//lib/firmware HTTP/1.1" 200 688661 "-" "Mozilla/5.0 (compatible; MJ12bot/v2.0.2; http://mj12bot.com/)"
51.68.102.16 - - [07/Jul/2025:19:15:39 +0300] "GET /update/function.php?filesrc=//lib/firmware/myri10ge_eth_z8e.dat&path=//lib/firmware HTTP/1.1" 200 690390 "-" "Mozilla/5.0 (compatible; MJ12bot/v2.0.2; http://mj12bot.com/)"
51.222.253.15 - - [07/Jul/2025:19:15:40 +0300] "GET /8727d5df.html HTTP/1.1" 404 - "-" "Mozilla/5.0 (compatible; AhrefsBot/7.0; +http://ahrefs.com/robot/)"
51.68.102.16 - - [07/Jul/2025:19:15:41 +0300] "GET /update/function.php?filesrc=//lib/firmware/rt2860.bin&path=//lib/firmware HTTP/1.1" 200 20759 "-" "Mozilla/5.0 (compatible; MJ12bot/v2.0.2; http://mj12bot.com/)"
51.68.102.16 - - [07/Jul/2025:19:15:42 +0300] "GET /update/function.php?filesrc=//opt/ai-bolit/AIBOLIT-BINMALWARE.db&path=//opt/ai-bolit HTTP/1.1" 200 3278 "-" "Mozilla/5.0 (compatible; MJ12bot/v2.0.2; http://mj12bot.com/)"
51.68.102.16 - - [07/Jul/2025:19:15:42 +0300] "GET /update/function.php?filesrc=//opt/ai-bolit/AIBOLIT-WHITELIST.db&path=//opt/ai-bolit HTTP/1.1" 200 3277 "-" "Mozilla/5.0 (compatible; MJ12bot/v2.0.2; http://mj12bot.com/)"
51.68.102.16 - - [07/Jul/2025:19:15:44 +0300] "GET /update/function.php?filesrc=//opt/ai-bolit/ai-bolit-hoster-full.cache.db&path=//opt/ai-bolit HTTP/1.1" 200 1460730 "-" "Mozilla/5.0 (compatible; MJ12bot/v2.0.2; http://mj12bot.com/)"
51.68.102.16 - - [07/Jul/2025:19:15:45 +0300] "GET /update/function.php?filesrc=//opt/ai-bolit/ai-bolit-hoster-full.db&path=//opt/ai-bolit HTTP/1.1" 200 3280 "-" "Mozilla/5.0 (compatible; MJ12bot/v2.0.2; http://mj12bot.com/)"
51.68.102.16 - - [07/Jul/2025:19:15:46 +0300] "GET /update/function.php?filesrc=//opt/ai-bolit/ai-bolit-hoster-trimmed-db.php&path=//opt/ai-bolit HTTP/1.1" 200 3287 "-" "Mozilla/5.0 (compatible; MJ12bot/v2.0.2; http://mj12bot.com/)"
51.68.102.16 - - [07/Jul/2025:19:15:47 +0300] "GET /update/function.php?filesrc=//opt/ai-bolit/ai-bolit-hoster.php&path=//opt/ai-bolit HTTP/1.1" 200 3276 "-" "Mozilla/5.0 (compatible; MJ12bot/v2.0.2; http://mj12bot.com/)"
51.68.102.16 - - [07/Jul/2025:19:15:48 +0300] "GET /update/function.php?filesrc=//opt/ai-bolit/ai-bolit.php&path=//opt/ai-bolit HTTP/1.1" 200 3269 "-" "Mozilla/5.0 (compatible; MJ12bot/v2.0.2; http://mj12bot.com/)"
51.68.102.16 - - [07/Jul/2025:19:15:49 +0300] "GET /update/function.php?filesrc=//opt/ai-bolit/blacklistedUrls.db&path=//opt/ai-bolit HTTP/1.1" 200 3275 "-" "Mozilla/5.0 (compatible; MJ12bot/v2.0.2; http://mj12bot.com/)"
51.68.102.16 - - [07/Jul/2025:19:15:50 +0300] "GET /update/function.php?filesrc=//opt/ai-bolit/config.ini&path=//opt/ai-bolit HTTP/1.1" 200 3267 "-" "Mozilla/5.0 (compatible; MJ12bot/v2.0.2; http://mj12bot.com/)"
51.68.102.16 - - [07/Jul/2025:19:15:51 +0300] "GET /update/function.php?filesrc=//opt/ai-bolit/data_collect.php&path=//opt/ai-bolit HTTP/1.1" 200 3273 "-" "Mozilla/5.0 (compatible; MJ12bot/v2.0.2; http://mj12bot.com/)"
51.68.102.16 - - [07/Jul/2025:19:15:52 +0300] "GET /update/function.php?filesrc=//opt/ai-bolit/hs_support&path=//opt/ai-bolit HTTP/1.1" 200 3267 "-" "Mozilla/5.0 (compatible; MJ12bot/v2.0.2; http://mj12bot.com/)"
51.68.102.16 - - [07/Jul/2025:19:15:53 +0300] "GET /update/function.php?filesrc=//opt/ai-bolit/imunify_dbscan.php&path=//opt/ai-bolit HTTP/1.1" 200 3275 "-" "Mozilla/5.0 (compatible; MJ12bot/v2.0.2; http://mj12bot.com/)"
51.68.102.16 - - [07/Jul/2025:19:15:54 +0300] "GET /update/function.php?filesrc=//opt/ai-bolit/mds-ai-bolit-hoster.db&path=//opt/ai-bolit HTTP/1.1" 200 3279 "-" "Mozilla/5.0 (compatible; MJ12bot/v2.0.2; http://mj12bot.com/)"
51.68.102.16 - - [07/Jul/2025:19:15:55 +0300] "GET /update/function.php?filesrc=//opt/ai-bolit/mds-procu2.db&path=//opt/ai-bolit HTTP/1.1" 200 3270 "-" "Mozilla/5.0 (compatible; MJ12bot/v2.0.2; http://mj12bot.com/)"
51.68.102.16 - - [07/Jul/2025:19:15:56 +0300] "GET /update/function.php?filesrc=//opt/ai-bolit/mds_prescan.config.bin&path=//opt/ai-bolit HTTP/1.1" 200 3279 "-" "Mozilla/5.0 (compatible; MJ12bot/v2.0.2; http://mj12bot.com/)"
57.141.2.10 - - [07/Jul/2025:19:15:57 +0300] "GET /87586275.html HTTP/1.1" 404 - "-" "meta-externalagent/1.1 (+https://developers.facebook.com/docs/sharing/webmasters/crawler)"
51.68.102.16 - - [07/Jul/2025:19:15:57 +0300] "GET /update/function.php?filesrc=//opt/ai-bolit/mds_tables.config.json&path=//opt/ai-bolit HTTP/1.1" 200 3279 "-" "Mozilla/5.0 (compatible; MJ12bot/v2.0.2; http://mj12bot.com/)"
66.249.77.165 - - [07/Jul/2025:19:15:57 +0300] "GET /86503e6e.html HTTP/1.1" 404 - "-" "Mozilla/5.0 (Linux; Android 6.0.1; Nexus 5X Build/MMB29P) AppleWebKit/537.36 (KHTML, like Gecko) Chrome/137.0.7151.119 Mobile Safari/537.36 (compatible; Googlebot/2.1; +http://www.google.com/bot.html)"
51.68.102.16 - - [07/Jul/2025:19:15:58 +0300] "GET /update/function.php?filesrc=//opt/ai-bolit/procu2.db&path=//opt/ai-bolit HTTP/1.1" 200 3266 "-" "Mozilla/5.0 (compatible; MJ12bot/v2.0.2; http://mj12bot.com/)"
51.68.102.16 - - [07/Jul/2025:19:15:59 +0300] "GET /update/function.php?filesrc=//opt/ai-bolit/wrapper&path=//opt/ai-bolit HTTP/1.1" 200 3264 "-" "Mozilla/5.0 (compatible; MJ12bot/v2.0.2; http://mj12bot.com/)"
51.68.102.16 - - [07/Jul/2025:19:16:00 +0300] "GET /update/function.php?filesrc=//opt/app-version-detector/app-version-detector-wrapper.sh&path=//opt/app-version-detector HTTP/1.1" 200 3850 "-" "Mozilla/5.0 (compatible; MJ12bot/v2.0.2; http://mj12bot.com/)"
51.68.102.16 - - [07/Jul/2025:19:16:01 +0300] "GET /update/function.php?filesrc=//opt/app-version-detector/app-version-detector.phar&path=//opt/app-version-detector HTTP/1.1" 200 354806 "-" "Mozilla/5.0 (compatible; MJ12bot/v2.0.2; http://mj12bot.com/)"
51.68.102.16 - - [07/Jul/2025:19:16:02 +0300] "GET /update/function.php?filesrc=//proc/1/maps&path=//proc/1 HTTP/1.1" 200 3244 "-" "Mozilla/5.0 (compatible; MJ12bot/v2.0.2; http://mj12bot.com/)"
51.68.102.16 - - [07/Jul/2025:19:16:03 +0300] "GET /update/function.php?filesrc=//proc/1/mem&path=//proc/1 HTTP/1.1" 200 3243 "-" "Mozilla/5.0 (compatible; MJ12bot/v2.0.2; http://mj12bot.com/)"
51.68.102.16 - - [07/Jul/2025:19:16:04 +0300] "GET /update/function.php?filesrc=//proc/1/stat&path=//proc/1 HTTP/1.1" 200 3452 "-" "Mozilla/5.0 (compatible; MJ12bot/v2.0.2; http://mj12bot.com/)"
51.68.102.16 - - [07/Jul/2025:19:16:05 +0300] "GET /update/function.php?filesrc=//proc/1/statm&path=//proc/1 HTTP/1.1" 200 3274 "-" "Mozilla/5.0 (compatible; MJ12bot/v2.0.2; http://mj12bot.com/)"
51.68.102.16 - - [07/Jul/2025:19:16:06 +0300] "GET /update/function.php?filesrc=//proc/1/status&path=//proc/1 HTTP/1.1" 200 4542 "-" "Mozilla/5.0 (compatible; MJ12bot/v2.0.2; http://mj12bot.com/)"
51.68.102.16 - - [07/Jul/2025:19:16:07 +0300] "GET /update/function.php?filesrc=//proc/1/syscall&path=//proc/1 HTTP/1.1" 200 3247 "-" "Mozilla/5.0 (compatible; MJ12bot/v2.0.2; http://mj12bot.com/)"
51.68.102.16 - - [07/Jul/2025:19:16:08 +0300] "GET /update/function.php?filesrc=//proc/1/timens_offsets&path=//proc/1 HTTP/1.1" 200 3318 "-" "Mozilla/5.0 (compatible; MJ12bot/v2.0.2; http://mj12bot.com/)"
51.68.102.16 - - [07/Jul/2025:19:16:09 +0300] "GET /update/function.php?filesrc=//proc/1/timers&path=//proc/1 HTTP/1.1" 200 3246 "-" "Mozilla/5.0 (compatible; MJ12bot/v2.0.2; http://mj12bot.com/)"
51.68.102.16 - - [07/Jul/2025:19:16:10 +0300] "GET /update/function.php?filesrc=//proc/1/timerslack_ns&path=//proc/1 HTTP/1.1" 200 3253 "-" "Mozilla/5.0 (compatible; MJ12bot/v2.0.2; http://mj12bot.com/)"
51.68.102.16 - - [07/Jul/2025:19:16:11 +0300] "GET /update/function.php?filesrc=//proc/1/uid_map&path=//proc/1 HTTP/1.1" 200 3280 "-" "Mozilla/5.0 (compatible; MJ12bot/v2.0.2; http://mj12bot.com/)"
51.68.102.16 - - [07/Jul/2025:19:16:12 +0300] "GET /update/function.php?filesrc=//proc/1/wchan&path=//proc/1 HTTP/1.1" 200 3246 "-" "Mozilla/5.0 (compatible; MJ12bot/v2.0.2; http://mj12bot.com/)"
51.68.102.16 - - [07/Jul/2025:19:16:13 +0300] "GET /update/function.php?filesrc=//proc/10/autogroup&path=//proc/10 HTTP/1.1" 200 3252 "-" "Mozilla/5.0 (compatible; MJ12bot/v2.0.2; http://mj12bot.com/)"
51.68.102.16 - - [07/Jul/2025:19:16:14 +0300] "GET /update/function.php?filesrc=//proc/10/auxv&path=//proc/10 HTTP/1.1" 200 3247 "-" "Mozilla/5.0 (compatible; MJ12bot/v2.0.2; http://mj12bot.com/)"
51.68.102.16 - - [07/Jul/2025:19:16:15 +0300] "GET /update/function.php?filesrc=//proc/10/cgroup&path=//proc/10 HTTP/1.1" 200 3407 "-" "Mozilla/5.0 (compatible; MJ12bot/v2.0.2; http://mj12bot.com/)"
51.68.102.16 - - [07/Jul/2025:19:16:16 +0300] "GET /update/function.php?filesrc=//proc/10/clear_refs&path=//proc/10 HTTP/1.1" 200 3253 "-" "Mozilla/5.0 (compatible; MJ12bot/v2.0.2; http://mj12bot.com/)"
51.68.102.16 - - [07/Jul/2025:19:16:17 +0300] "GET /update/function.php?filesrc=//proc/10/cmdline&path=//proc/10 HTTP/1.1" 200 3250 "-" "Mozilla/5.0 (compatible; MJ12bot/v2.0.2; http://mj12bot.com/)"
51.68.102.16 - - [07/Jul/2025:19:16:18 +0300] "GET /update/function.php?filesrc=//proc/10/comm&path=//proc/10 HTTP/1.1" 200 3263 "-" "Mozilla/5.0 (compatible; MJ12bot/v2.0.2; http://mj12bot.com/)"
51.68.102.16 - - [07/Jul/2025:19:16:19 +0300] "GET /update/function.php?filesrc=//proc/10/coredump_filter&path=//proc/10 HTTP/1.1" 200 3258 "-" "Mozilla/5.0 (compatible; MJ12bot/v2.0.2; http://mj12bot.com/)"
51.68.102.16 - - [07/Jul/2025:19:16:20 +0300] "GET /update/function.php?filesrc=//proc/10/cpu_resctrl_groups&path=//proc/10 HTTP/1.1" 200 3271 "-" "Mozilla/5.0 (compatible; MJ12bot/v2.0.2; http://mj12bot.com/)"
51.68.102.16 - - [07/Jul/2025:19:16:21 +0300] "GET /update/function.php?filesrc=//proc/10/cpuset&path=//proc/10 HTTP/1.1" 200 3251 "-" "Mozilla/5.0 (compatible; MJ12bot/v2.0.2; http://mj12bot.com/)"
51.68.102.16 - - [07/Jul/2025:19:16:22 +0300] "GET /update/function.php?filesrc=//proc/10/environ&path=//proc/10 HTTP/1.1" 200 3250 "-" "Mozilla/5.0 (compatible; MJ12bot/v2.0.2; http://mj12bot.com/)"
51.68.102.16 - - [07/Jul/2025:19:16:23 +0300] "GET /update/function.php?filesrc=//proc/10/gid_map&path=//proc/10 HTTP/1.1" 200 3283 "-" "Mozilla/5.0 (compatible; MJ12bot/v2.0.2; http://mj12bot.com/)"
51.68.102.16 - - [07/Jul/2025:19:16:24 +0300] "GET /update/function.php?filesrc=//proc/10/io&path=//proc/10 HTTP/1.1" 200 3245 "-" "Mozilla/5.0 (compatible; MJ12bot/v2.0.2; http://mj12bot.com/)"
51.68.102.16 - - [07/Jul/2025:19:16:25 +0300] "GET /update/function.php?filesrc=//proc/10/limits&path=//proc/10 HTTP/1.1" 200 4572 "-" "Mozilla/5.0 (compatible; MJ12bot/v2.0.2; http://mj12bot.com/)"
51.68.102.16 - - [07/Jul/2025:19:16:26 +0300] "GET /update/function.php?filesrc=//proc/10/loginuid&path=//proc/10 HTTP/1.1" 200 3261 "-" "Mozilla/5.0 (compatible; MJ12bot/v2.0.2; http://mj12bot.com/)"
51.68.102.16 - - [07/Jul/2025:19:16:27 +0300] "GET /update/function.php?filesrc=//proc/10/maps&path=//proc/10 HTTP/1.1" 200 3247 "-" "Mozilla/5.0 (compatible; MJ12bot/v2.0.2; http://mj12bot.com/)"
51.68.102.16 - - [07/Jul/2025:19:16:28 +0300] "GET /update/function.php?filesrc=//proc/10/mem&path=//proc/10 HTTP/1.1" 200 3246 "-" "Mozilla/5.0 (compatible; MJ12bot/v2.0.2; http://mj12bot.com/)"
51.68.102.16 - - [07/Jul/2025:19:16:29 +0300] "GET /update/function.php?filesrc=//proc/10/mountinfo&path=//proc/10 HTTP/1.1" 200 36352 "-" "Mozilla/5.0 (compatible; MJ12bot/v2.0.2; http://mj12bot.com/)"
51.68.102.16 - - [07/Jul/2025:19:16:30 +0300] "GET /update/function.php?filesrc=//proc/10/mounts&path=//proc/10 HTTP/1.1" 200 27549 "-" "Mozilla/5.0 (compatible; MJ12bot/v2.0.2; http://mj12bot.com/)"
51.68.102.16 - - [07/Jul/2025:19:16:31 +0300] "GET /update/function.php?filesrc=//proc/10/mountstats&path=//proc/10 HTTP/1.1" 200 3253 "-" "Mozilla/5.0 (compatible; MJ12bot/v2.0.2; http://mj12bot.com/)"
51.68.102.16 - - [07/Jul/2025:19:16:32 +0300] "GET /update/function.php?filesrc=//proc/10/numa_maps&path=//proc/10 HTTP/1.1" 200 3252 "-" "Mozilla/5.0 (compatible; MJ12bot/v2.0.2; http://mj12bot.com/)"
51.222.253.16 - - [07/Jul/2025:19:16:32 +0300] "GET /8727d980.html HTTP/1.1" 404 - "-" "Mozilla/5.0 (compatible; AhrefsBot/7.0; +http://ahrefs.com/robot/)"
51.68.102.16 - - [07/Jul/2025:19:16:33 +0300] "GET /update/function.php?filesrc=//proc/10/oom_adj&path=//proc/10 HTTP/1.1" 200 3252 "-" "Mozilla/5.0 (compatible; MJ12bot/v2.0.2; http://mj12bot.com/)"
51.68.102.16 - - [07/Jul/2025:19:16:34 +0300] "GET /update/function.php?filesrc=//proc/10/oom_score&path=//proc/10 HTTP/1.1" 200 3254 "-" "Mozilla/5.0 (compatible; MJ12bot/v2.0.2; http://mj12bot.com/)"
51.68.102.16 - - [07/Jul/2025:19:16:35 +0300] "GET /update/function.php?filesrc=//proc/10/oom_score_adj&path=//proc/10 HTTP/1.1" 200 3258 "-" "Mozilla/5.0 (compatible; MJ12bot/v2.0.2; http://mj12bot.com/)"
51.68.102.16 - - [07/Jul/2025:19:16:36 +0300] "GET /update/function.php?filesrc=//proc/10/pagemap&path=//proc/10 HTTP/1.1" 200 3250 "-" "Mozilla/5.0 (compatible; MJ12bot/v2.0.2; http://mj12bot.com/)"
51.68.102.16 - - [07/Jul/2025:19:16:37 +0300] "GET /update/function.php?filesrc=//proc/10/patch_state&path=//proc/10 HTTP/1.1" 200 3254 "-" "Mozilla/5.0 (compatible; MJ12bot/v2.0.2; http://mj12bot.com/)"
51.68.102.16 - - [07/Jul/2025:19:16:38 +0300] "GET /update/function.php?filesrc=//proc/10/personality&path=//proc/10 HTTP/1.1" 200 3254 "-" "Mozilla/5.0 (compatible; MJ12bot/v2.0.2; http://mj12bot.com/)"
51.68.102.16 - - [07/Jul/2025:19:16:39 +0300] "GET /update/function.php?filesrc=//proc/10/projid_map&path=//proc/10 HTTP/1.1" 200 3286 "-" "Mozilla/5.0 (compatible; MJ12bot/v2.0.2; http://mj12bot.com/)"
51.68.102.16 - - [07/Jul/2025:19:16:40 +0300] "GET /update/function.php?filesrc=//proc/10/sched&path=//proc/10 HTTP/1.1" 200 5025 "-" "Mozilla/5.0 (compatible; MJ12bot/v2.0.2; http://mj12bot.com/)"
51.68.102.16 - - [07/Jul/2025:19:16:41 +0300] "GET /update/function.php?filesrc=//proc/10/schedstat&path=//proc/10 HTTP/1.1" 200 3258 "-" "Mozilla/5.0 (compatible; MJ12bot/v2.0.2; http://mj12bot.com/)"
51.68.102.16 - - [07/Jul/2025:19:16:42 +0300] "GET /update/function.php?filesrc=//proc/10/sessionid&path=//proc/10 HTTP/1.1" 200 3262 "-" "Mozilla/5.0 (compatible; MJ12bot/v2.0.2; http://mj12bot.com/)"
51.68.102.16 - - [07/Jul/2025:19:16:43 +0300] "GET /update/function.php?filesrc=//proc/10/setgroups&path=//proc/10 HTTP/1.1" 200 3258 "-" "Mozilla/5.0 (compatible; MJ12bot/v2.0.2; http://mj12bot.com/)"
51.68.102.16 - - [07/Jul/2025:19:16:44 +0300] "GET /update/function.php?filesrc=//proc/10/smaps&path=//proc/10 HTTP/1.1" 200 3248 "-" "Mozilla/5.0 (compatible; MJ12bot/v2.0.2; http://mj12bot.com/)"
51.68.102.16 - - [07/Jul/2025:19:16:45 +0300] "GET /update/function.php?filesrc=//proc/10/smaps_rollup&path=//proc/10 HTTP/1.1" 200 3255 "-" "Mozilla/5.0 (compatible; MJ12bot/v2.0.2; http://mj12bot.com/)"
51.68.102.16 - - [07/Jul/2025:19:16:46 +0300] "GET /update/function.php?filesrc=//proc/10/stack&path=//proc/10 HTTP/1.1" 200 3248 "-" "Mozilla/5.0 (compatible; MJ12bot/v2.0.2; http://mj12bot.com/)"
51.68.102.16 - - [07/Jul/2025:19:16:47 +0300] "GET /update/function.php?filesrc=//proc/10/stat&path=//proc/10 HTTP/1.1" 200 3406 "-" "Mozilla/5.0 (compatible; MJ12bot/v2.0.2; http://mj12bot.com/)"
51.68.102.16 - - [07/Jul/2025:19:16:48 +0300] "GET /update/function.php?filesrc=//proc/10/statm&path=//proc/10 HTTP/1.1" 200 3262 "-" "Mozilla/5.0 (compatible; MJ12bot/v2.0.2; http://mj12bot.com/)"
51.68.102.16 - - [07/Jul/2025:19:16:49 +0300] "GET /update/function.php?filesrc=//proc/10/status&path=//proc/10 HTTP/1.1" 200 4193 "-" "Mozilla/5.0 (compatible; MJ12bot/v2.0.2; http://mj12bot.com/)"
51.68.102.16 - - [07/Jul/2025:19:16:50 +0300] "GET /update/function.php?filesrc=//proc/10/syscall&path=//proc/10 HTTP/1.1" 200 3250 "-" "Mozilla/5.0 (compatible; MJ12bot/v2.0.2; http://mj12bot.com/)"
51.68.102.16 - - [07/Jul/2025:19:16:51 +0300] "GET /update/function.php?filesrc=//proc/10/timens_offsets&path=//proc/10 HTTP/1.1" 200 3321 "-" "Mozilla/5.0 (compatible; MJ12bot/v2.0.2; http://mj12bot.com/)"
51.68.102.16 - - [07/Jul/2025:19:16:52 +0300] "GET /update/function.php?filesrc=//proc/10/timers&path=//proc/10 HTTP/1.1" 200 3249 "-" "Mozilla/5.0 (compatible; MJ12bot/v2.0.2; http://mj12bot.com/)"
51.68.102.16 - - [07/Jul/2025:19:16:53 +0300] "GET /update/function.php?filesrc=//proc/10/timerslack_ns&path=//proc/10 HTTP/1.1" 200 3256 "-" "Mozilla/5.0 (compatible; MJ12bot/v2.0.2; http://mj12bot.com/)"
51.68.102.16 - - [07/Jul/2025:19:16:54 +0300] "GET /update/function.php?filesrc=//proc/10/uid_map&path=//proc/10 HTTP/1.1" 200 3283 "-" "Mozilla/5.0 (compatible; MJ12bot/v2.0.2; http://mj12bot.com/)"
51.68.102.16 - - [07/Jul/2025:19:16:55 +0300] "GET /update/function.php?filesrc=//proc/10/wchan&path=//proc/10 HTTP/1.1" 200 3249 "-" "Mozilla/5.0 (compatible; MJ12bot/v2.0.2; http://mj12bot.com/)"
51.68.102.16 - - [07/Jul/2025:19:16:56 +0300] "GET /update/function.php?filesrc=//proc/11/autogroup&path=//proc/11 HTTP/1.1" 200 3252 "-" "Mozilla/5.0 (compatible; MJ12bot/v2.0.2; http://mj12bot.com/)"
51.68.102.16 - - [07/Jul/2025:19:16:57 +0300] "GET /update/function.php?filesrc=//proc/11/auxv&path=//proc/11 HTTP/1.1" 200 3247 "-" "Mozilla/5.0 (compatible; MJ12bot/v2.0.2; http://mj12bot.com/)"
51.68.102.16 - - [07/Jul/2025:19:16:58 +0300] "GET /update/function.php?filesrc=//proc/11/cgroup&path=//proc/11 HTTP/1.1" 200 3407 "-" "Mozilla/5.0 (compatible; MJ12bot/v2.0.2; http://mj12bot.com/)"
51.68.102.16 - - [07/Jul/2025:19:16:59 +0300] "GET /update/function.php?filesrc=//proc/11/clear_refs&path=//proc/11 HTTP/1.1" 200 3253 "-" "Mozilla/5.0 (compatible; MJ12bot/v2.0.2; http://mj12bot.com/)"
51.68.102.16 - - [07/Jul/2025:19:17:00 +0300] "GET /update/function.php?filesrc=//proc/11/cmdline&path=//proc/11 HTTP/1.1" 200 3250 "-" "Mozilla/5.0 (compatible; MJ12bot/v2.0.2; http://mj12bot.com/)"
51.68.102.16 - - [07/Jul/2025:19:17:01 +0300] "GET /update/function.php?filesrc=//proc/11/comm&path=//proc/11 HTTP/1.1" 200 3263 "-" "Mozilla/5.0 (compatible; MJ12bot/v2.0.2; http://mj12bot.com/)"
51.68.102.16 - - [07/Jul/2025:19:17:02 +0300] "GET /update/function.php?filesrc=//proc/11/coredump_filter&path=//proc/11 HTTP/1.1" 200 3258 "-" "Mozilla/5.0 (compatible; MJ12bot/v2.0.2; http://mj12bot.com/)"
51.68.102.16 - - [07/Jul/2025:19:17:03 +0300] "GET /update/function.php?filesrc=//proc/11/cpu_resctrl_groups&path=//proc/11 HTTP/1.1" 200 3271 "-" "Mozilla/5.0 (compatible; MJ12bot/v2.0.2; http://mj12bot.com/)"
57.141.2.11 - - [07/Jul/2025:19:17:03 +0300] "GET /87596ea6.html HTTP/1.1" 404 - "-" "meta-externalagent/1.1 (+https://developers.facebook.com/docs/sharing/webmasters/crawler)"
51.68.102.16 - - [07/Jul/2025:19:17:04 +0300] "GET /update/function.php?filesrc=//proc/11/cpuset&path=//proc/11 HTTP/1.1" 200 3251 "-" "Mozilla/5.0 (compatible; MJ12bot/v2.0.2; http://mj12bot.com/)"
51.68.102.16 - - [07/Jul/2025:19:17:05 +0300] "GET /update/function.php?filesrc=//proc/11/environ&path=//proc/11 HTTP/1.1" 200 3250 "-" "Mozilla/5.0 (compatible; MJ12bot/v2.0.2; http://mj12bot.com/)"
51.68.102.16 - - [07/Jul/2025:19:17:06 +0300] "GET /update/function.php?filesrc=//proc/11/gid_map&path=//proc/11 HTTP/1.1" 200 3283 "-" "Mozilla/5.0 (compatible; MJ12bot/v2.0.2; http://mj12bot.com/)"
51.68.102.16 - - [07/Jul/2025:19:17:07 +0300] "GET /update/function.php?filesrc=//proc/11/io&path=//proc/11 HTTP/1.1" 200 3245 "-" "Mozilla/5.0 (compatible; MJ12bot/v2.0.2; http://mj12bot.com/)"
51.68.102.16 - - [07/Jul/2025:19:17:08 +0300] "GET /update/function.php?filesrc=//proc/11/limits&path=//proc/11 HTTP/1.1" 200 4572 "-" "Mozilla/5.0 (compatible; MJ12bot/v2.0.2; http://mj12bot.com/)"
51.68.102.16 - - [07/Jul/2025:19:17:09 +0300] "GET /update/function.php?filesrc=//proc/11/loginuid&path=//proc/11 HTTP/1.1" 200 3261 "-" "Mozilla/5.0 (compatible; MJ12bot/v2.0.2; http://mj12bot.com/)"
51.68.102.16 - - [07/Jul/2025:19:17:10 +0300] "GET /update/function.php?filesrc=//proc/11/maps&path=//proc/11 HTTP/1.1" 200 3247 "-" "Mozilla/5.0 (compatible; MJ12bot/v2.0.2; http://mj12bot.com/)"
51.68.102.16 - - [07/Jul/2025:19:17:11 +0300] "GET /update/function.php?filesrc=//proc/11/mem&path=//proc/11 HTTP/1.1" 200 3246 "-" "Mozilla/5.0 (compatible; MJ12bot/v2.0.2; http://mj12bot.com/)"
51.68.102.16 - - [07/Jul/2025:19:17:12 +0300] "GET /update/function.php?filesrc=//proc/11/mountinfo&path=//proc/11 HTTP/1.1" 200 37462 "-" "Mozilla/5.0 (compatible; MJ12bot/v2.0.2; http://mj12bot.com/)"
51.68.102.16 - - [07/Jul/2025:19:17:13 +0300] "GET /update/function.php?filesrc=//proc/11/mounts&path=//proc/11 HTTP/1.1" 200 28422 "-" "Mozilla/5.0 (compatible; MJ12bot/v2.0.2; http://mj12bot.com/)"
51.68.102.16 - - [07/Jul/2025:19:17:14 +0300] "GET /update/function.php?filesrc=//proc/11/mountstats&path=//proc/11 HTTP/1.1" 200 3253 "-" "Mozilla/5.0 (compatible; MJ12bot/v2.0.2; http://mj12bot.com/)"
