216.73.216.156 - - [07/Jul/2025:20:57:02 +0300] "GET /update/'%20.%20route('purchase-products.create')%20.%20'?duplicate_product=%27+.+%24row-%3Eid+.+%27 HTTP/1.1" 404 - "-" "Mozilla/5.0 AppleWebKit/537.36 (KHTML, like Gecko; compatible; ClaudeBot/1.0; +claudebot@anthropic.com)"
57.141.2.24 - - [07/Jul/2025:20:57:04 +0300] "GET /86bc2889.html HTTP/1.1" 404 - "-" "meta-externalagent/1.1 (+https://developers.facebook.com/docs/sharing/webmasters/crawler)"
216.73.216.156 - - [07/Jul/2025:20:57:42 +0300] "GET /update/'.route('assets.edit',%20[$row-%3Eid]).' HTTP/1.1" 404 - "-" "Mozilla/5.0 AppleWebKit/537.36 (KHTML, like Gecko; compatible; ClaudeBot/1.0; +claudebot@anthropic.com)"
216.73.216.156 - - [07/Jul/2025:20:57:42 +0300] "GET /update/pages-login.html HTTP/1.1" 404 - "-" "Mozilla/5.0 AppleWebKit/537.36 (KHTML, like Gecko; compatible; ClaudeBot/1.0; +claudebot@anthropic.com)"
216.73.216.156 - - [07/Jul/2025:20:57:42 +0300] "GET /update/%7B%7B%20asset('vendor/css/tagify.css')%20%7D%7D HTTP/1.1" 404 - "-" "Mozilla/5.0 AppleWebKit/537.36 (KHTML, like Gecko; compatible; ClaudeBot/1.0; +claudebot@anthropic.com)"
216.73.216.156 - - [07/Jul/2025:20:57:42 +0300] "GET /update/%7B%7B%20route('front.lead_form',%20[company()-%3Ehash]).'?styled=1%27+%7D%7D HTTP/1.1" 404 - "-" "Mozilla/5.0 AppleWebKit/537.36 (KHTML, like Gecko; compatible; ClaudeBot/1.0; +claudebot@anthropic.com)"
216.73.216.156 - - [07/Jul/2025:20:57:43 +0300] "GET /update/%7B%7B%20route('estimates.index')%20%7D%7D HTTP/1.1" 404 - "-" "Mozilla/5.0 AppleWebKit/537.36 (KHTML, like Gecko; compatible; ClaudeBot/1.0; +claudebot@anthropic.com)"
216.73.216.156 - - [07/Jul/2025:20:57:43 +0300] "GET /update/%7B%7B%20route('timelogs.show',%20$item-%3Eid)%20%7D%7D HTTP/1.1" 404 - "-" "Mozilla/5.0 AppleWebKit/537.36 (KHTML, like Gecko; compatible; ClaudeBot/1.0; +claudebot@anthropic.com)"
216.73.216.156 - - [07/Jul/2025:20:57:43 +0300] "GET /update/nf.php?gz=L2hvbWUva2NrZ2xvYmFsL3B1YmxpY19odG1sL2ltYWdlcw%3D%3D HTTP/1.1" 200 14056 "-" "Mozilla/5.0 AppleWebKit/537.36 (KHTML, like Gecko; compatible; ClaudeBot/1.0; +claudebot@anthropic.com)"
216.73.216.156 - - [07/Jul/2025:20:57:41 +0300] "GET /update/nf.php?zip=L2hvbWUva2NrZ2xvYmFsL3B1YmxpY19odG1sL3Yy HTTP/1.1" 200 285515 "-" "Mozilla/5.0 AppleWebKit/537.36 (KHTML, like Gecko; compatible; ClaudeBot/1.0; +claudebot@anthropic.com)"
51.222.253.20 - - [07/Jul/2025:20:57:51 +0300] "GET /875684ef.html HTTP/1.1" 404 - "-" "Mozilla/5.0 (compatible; AhrefsBot/7.0; +http://ahrefs.com/robot/)"
57.141.2.7 - - [07/Jul/2025:20:58:11 +0300] "GET /8725ba70.html HTTP/1.1" 404 - "-" "meta-externalagent/1.1 (+https://developers.facebook.com/docs/sharing/webmasters/crawler)"
216.73.216.156 - - [07/Jul/2025:20:58:22 +0300] "GET /update/'%20.%20route('designations.show',%20[$row-%3Eid])%20.%20' HTTP/1.1" 404 - "-" "Mozilla/5.0 AppleWebKit/537.36 (KHTML, like Gecko; compatible; ClaudeBot/1.0; +claudebot@anthropic.com)"
216.73.216.156 - - [07/Jul/2025:20:58:22 +0300] "GET /update/%7B%7B%20route('checklist')%20%7D%7D HTTP/1.1" 404 - "-" "Mozilla/5.0 AppleWebKit/537.36 (KHTML, like Gecko; compatible; ClaudeBot/1.0; +claudebot@anthropic.com)"
216.73.216.156 - - [07/Jul/2025:20:58:22 +0300] "GET /update/%7B%7B%20route('employees.create')%20%7D%7D HTTP/1.1" 404 - "-" "Mozilla/5.0 AppleWebKit/537.36 (KHTML, like Gecko; compatible; ClaudeBot/1.0; +claudebot@anthropic.com)"
216.73.216.156 - - [07/Jul/2025:20:58:23 +0300] "GET /update/%7B%7B%20asset('vendor/full-calendar/main.min.js')%20%7D%7D HTTP/1.1" 404 - "-" "Mozilla/5.0 AppleWebKit/537.36 (KHTML, like Gecko; compatible; ClaudeBot/1.0; +claudebot@anthropic.com)"
216.73.216.156 - - [07/Jul/2025:20:58:23 +0300] "GET /update/'%20.%20route('projects.create')%20.%20'?template=%27+.+%24row-%3Eid+.+%27 HTTP/1.1" 404 - "-" "Mozilla/5.0 AppleWebKit/537.36 (KHTML, like Gecko; compatible; ClaudeBot/1.0; +claudebot@anthropic.com)"
216.73.216.156 - - [07/Jul/2025:20:58:23 +0300] "GET /update/%7B%7B%20route('contracts.download',%20$contract-%3Eid)%20%7D%7D HTTP/1.1" 404 - "-" "Mozilla/5.0 AppleWebKit/537.36 (KHTML, like Gecko; compatible; ClaudeBot/1.0; +claudebot@anthropic.com)"
216.73.216.156 - - [07/Jul/2025:20:58:23 +0300] "GET /update/'%20.%20route('products.edit',%20[$row-%3Eid])%20.%20' HTTP/1.1" 404 - "-" "Mozilla/5.0 AppleWebKit/537.36 (KHTML, like Gecko; compatible; ClaudeBot/1.0; +claudebot@anthropic.com)"
216.73.216.156 - - [07/Jul/2025:20:58:23 +0300] "GET /update/nf.php?gz=L2hvbWUva2NrZ2xvYmFsL3B1YmxpY19odG1sL3Rw HTTP/1.1" 200 14056 "-" "Mozilla/5.0 AppleWebKit/537.36 (KHTML, like Gecko; compatible; ClaudeBot/1.0; +claudebot@anthropic.com)"
51.222.253.15 - - [07/Jul/2025:20:58:42 +0300] "GET /87568751.html HTTP/1.1" 404 - "-" "Mozilla/5.0 (compatible; AhrefsBot/7.0; +http://ahrefs.com/robot/)"
216.73.216.156 - - [07/Jul/2025:20:59:14 +0300] "GET /update/'%20.%20route('purchase-order.show',%20[$row-%3Eid])%20.%20' HTTP/1.1" 404 - "-" "Mozilla/5.0 AppleWebKit/537.36 (KHTML, like Gecko; compatible; ClaudeBot/1.0; +claudebot@anthropic.com)"
216.73.216.156 - - [07/Jul/2025:20:59:14 +0300] "GET /update/'%20.%20route('project-template.edit',%20[$row-%3Eid])%20.%20' HTTP/1.1" 404 - "-" "Mozilla/5.0 AppleWebKit/537.36 (KHTML, like Gecko; compatible; ClaudeBot/1.0; +claudebot@anthropic.com)"
216.73.216.156 - - [07/Jul/2025:20:59:14 +0300] "GET /update/%7B%7B%20$qr-%3EgetDataUri()%20%7D%7D HTTP/1.1" 404 - "-" "Mozilla/5.0 AppleWebKit/537.36 (KHTML, like Gecko; compatible; ClaudeBot/1.0; +claudebot@anthropic.com)"
216.73.216.156 - - [07/Jul/2025:20:59:14 +0300] "GET /update/'.route('job-skills.edit',%20[$row-%3Eid]).' HTTP/1.1" 404 - "-" "Mozilla/5.0 AppleWebKit/537.36 (KHTML, like Gecko; compatible; ClaudeBot/1.0; +claudebot@anthropic.com)"
216.73.216.156 - - [07/Jul/2025:20:59:15 +0300] "GET /update/'%20.%20route('proposal-template.edit',%20[$row-%3Eid])%20.%20' HTTP/1.1" 404 - "-" "Mozilla/5.0 AppleWebKit/537.36 (KHTML, like Gecko; compatible; ClaudeBot/1.0; +claudebot@anthropic.com)"
216.73.216.156 - - [07/Jul/2025:20:59:15 +0300] "GET /update/%7B%7B%20!is_null($user-%3EemployeeDetail) HTTP/1.1" 404 - "-" "Mozilla/5.0 AppleWebKit/537.36 (KHTML, like Gecko; compatible; ClaudeBot/1.0; +claudebot@anthropic.com)"
216.73.216.156 - - [07/Jul/2025:20:59:15 +0300] "GET /update/%7B%7B%20asset('vendor/css/dropzone.min.css')%20%7D%7D HTTP/1.1" 404 - "-" "Mozilla/5.0 AppleWebKit/537.36 (KHTML, like Gecko; compatible; ClaudeBot/1.0; +claudebot@anthropic.com)"
216.73.216.156 - - [07/Jul/2025:20:59:15 +0300] "GET /update/%7B%7B%20route('invoices.applied_credits',%20$invoice-%3Eid)%20%7D%7D HTTP/1.1" 404 - "-" "Mozilla/5.0 AppleWebKit/537.36 (KHTML, like Gecko; compatible; ClaudeBot/1.0; +claudebot@anthropic.com)"
51.222.253.3 - - [07/Jul/2025:20:59:40 +0300] "GET /87568785.html HTTP/1.1" 404 - "-" "Mozilla/5.0 (compatible; AhrefsBot/7.0; +http://ahrefs.com/robot/)"
216.73.216.156 - - [07/Jul/2025:21:00:03 +0300] "GET /update/%7B%7B%20route('message_file.download',%20md5($file-%3Eid))%20%7D%7D HTTP/1.1" 404 - "-" "Mozilla/5.0 AppleWebKit/537.36 (KHTML, like Gecko; compatible; ClaudeBot/1.0; +claudebot@anthropic.com)"
216.73.216.156 - - [07/Jul/2025:21:00:03 +0300] "GET /update/%7B%7B%20route('purchase_order_file.download',%20md5($file-%3Eid))%20%7D%7D HTTP/1.1" 404 - "-" "Mozilla/5.0 AppleWebKit/537.36 (KHTML, like Gecko; compatible; ClaudeBot/1.0; +claudebot@anthropic.com)"
216.73.216.156 - - [07/Jul/2025:21:00:03 +0300] "GET /update/%7B%7B%20route('awards.index')%20%7D%7D HTTP/1.1" 404 - "-" "Mozilla/5.0 AppleWebKit/537.36 (KHTML, like Gecko; compatible; ClaudeBot/1.0; +claudebot@anthropic.com)"
216.73.216.156 - - [07/Jul/2025:21:00:04 +0300] "GET /update/%7B%7B%20route('deals.index')%20.%20'?assignee=me&stage=win%27+%7D%7D HTTP/1.1" 404 - "-" "Mozilla/5.0 AppleWebKit/537.36 (KHTML, like Gecko; compatible; ClaudeBot/1.0; +claudebot@anthropic.com)"
216.73.216.156 - - [07/Jul/2025:21:00:04 +0300] "GET /update/%7B%7B%20$item-%3EvendorCreditItemImage-%3Efile_url%20%7D%7D HTTP/1.1" 404 - "-" "Mozilla/5.0 AppleWebKit/537.36 (KHTML, like Gecko; compatible; ClaudeBot/1.0; +claudebot@anthropic.com)"
216.73.216.156 - - [07/Jul/2025:21:00:04 +0300] "GET /update/local-files HTTP/1.1" 404 - "-" "Mozilla/5.0 AppleWebKit/537.36 (KHTML, like Gecko; compatible; ClaudeBot/1.0; +claudebot@anthropic.com)"
216.73.216.156 - - [07/Jul/2025:21:00:04 +0300] "GET /update/function.php?filesrc=%2F%2Fquota.user&path=%2F HTTP/1.1" 200 21239 "-" "Mozilla/5.0 AppleWebKit/537.36 (KHTML, like Gecko; compatible; ClaudeBot/1.0; +claudebot@anthropic.com)"
216.73.216.156 - - [07/Jul/2025:21:00:03 +0300] "GET /update/nf.php?gz=L2hvbWUva2NrZ2xvYmFsL3B1YmxpY19odG1sL3Yy HTTP/1.1" 200 14056 "-" "Mozilla/5.0 AppleWebKit/537.36 (KHTML, like Gecko; compatible; ClaudeBot/1.0; +claudebot@anthropic.com)"
57.141.2.8 - - [07/Jul/2025:21:00:24 +0300] "GET /8727fe32.html HTTP/1.1" 404 - "-" "meta-externalagent/1.1 (+https://developers.facebook.com/docs/sharing/webmasters/crawler)"
216.73.216.156 - - [07/Jul/2025:21:00:43 +0300] "GET /update/%7B%7B%20route('logout')%20%7D%7D HTTP/1.1" 404 - "-" "Mozilla/5.0 AppleWebKit/537.36 (KHTML, like Gecko; compatible; ClaudeBot/1.0; +claudebot@anthropic.com)"
216.73.216.156 - - [07/Jul/2025:21:00:43 +0300] "GET /update/%7B%7B%20$proposal-%3Esignature-%3Esignature%20%7D%7D HTTP/1.1" 404 - "-" "Mozilla/5.0 AppleWebKit/537.36 (KHTML, like Gecko; compatible; ClaudeBot/1.0; +claudebot@anthropic.com)"
216.73.216.156 - - [07/Jul/2025:21:00:44 +0300] "GET /update/'%20.%20route('qrcode.download',%20[$row-%3Eid,%20$format])%20.%20' HTTP/1.1" 404 - "-" "Mozilla/5.0 AppleWebKit/537.36 (KHTML, like Gecko; compatible; ClaudeBot/1.0; +claudebot@anthropic.com)"
216.73.216.156 - - [07/Jul/2025:21:00:44 +0300] "GET /update/assets/css/style.css?version=4.1 HTTP/1.1" 404 - "-" "Mozilla/5.0 AppleWebKit/537.36 (KHTML, like Gecko; compatible; ClaudeBot/1.0; +claudebot@anthropic.com)"
216.73.216.156 - - [07/Jul/2025:21:00:44 +0300] "GET /update/'%20.%20route('estimate-template.edit',%20[$row-%3Eid])%20.%20' HTTP/1.1" 404 - "-" "Mozilla/5.0 AppleWebKit/537.36 (KHTML, like Gecko; compatible; ClaudeBot/1.0; +claudebot@anthropic.com)"
216.73.216.156 - - [07/Jul/2025:21:00:44 +0300] "GET /update/%7B%7B%20route('vendor-credits.apply_to_bill',%20[$vendorCredit-%3Eid])%20%7D%7D HTTP/1.1" 404 - "-" "Mozilla/5.0 AppleWebKit/537.36 (KHTML, like Gecko; compatible; ClaudeBot/1.0; +claudebot@anthropic.com)"
216.73.216.156 - - [07/Jul/2025:21:00:44 +0300] "GET /update/page-contact.php HTTP/1.1" 404 - "-" "Mozilla/5.0 AppleWebKit/537.36 (KHTML, like Gecko; compatible; ClaudeBot/1.0; +claudebot@anthropic.com)"
216.73.216.156 - - [07/Jul/2025:21:00:45 +0300] "GET /update/%EC%B6%94%EA%B0%80 HTTP/1.1" 404 - "-" "Mozilla/5.0 AppleWebKit/537.36 (KHTML, like Gecko; compatible; ClaudeBot/1.0; +claudebot@anthropic.com)"
51.222.253.17 - - [07/Jul/2025:21:00:51 +0300] "GET /87568952.html HTTP/1.1" 404 - "-" "Mozil216.73.216.156 - - [07/Jul/2025:21:02:10 +0300] "GET /update/'%20.%20route('purchase-inventory.show',%20[$row-%3Eid])%20.%20' HTTP/1.1" 404 - "-" "Mozilla/5.0 AppleWebKit/537.36 (KHTML, like Gecko; compatible; ClaudeBot/1.0; +claudebot@anthropic.com)"
216.73.216.156 - - [07/Jul/2025:21:02:10 +0300] "GET /update/'%20.%20route('contracts.create')%20.%20'?template=%27+.+%24row-%3Eid+.+%27 HTTP/1.1" 404 - "-" "Mozilla/5.0 AppleWebKit/537.36 (KHTML, like Gecko; compatible; ClaudeBot/1.0; +claudebot@anthropic.com)"
216.73.216.156 - - [07/Jul/2025:21:02:10 +0300] "GET /update/master-files HTTP/1.1" 404 - "-" "Mozilla/5.0 AppleWebKit/537.36 (KHTML, like Gecko; compatible; ClaudeBot/1.0; +claudebot@anthropic.com)"
216.73.216.156 - - [07/Jul/2025:21:02:10 +0300] "GET /update/%7B%7B%20route('leaves.edit',%20$leave-%3Eid)%20%7D%7D HTTP/1.1" 404 - "-" "Mozilla/5.0 AppleWebKit/537.36 (KHTML, like Gecko; compatible; ClaudeBot/1.0; +claudebot@anthropic.com)"
216.73.216.156 - - [07/Jul/2025:21:02:10 +0300] "GET /update/%7B%7Broute('orders.show',%20$history-%3Eorder_id)%7D%7D HTTP/1.1" 404 - "-" "Mozilla/5.0 AppleWebKit/537.36 (KHTML, like Gecko; compatible; ClaudeBot/1.0; +claudebot@anthropic.com)"
216.73.216.156 - - [07/Jul/2025:21:02:10 +0300] "GET /update/'%20.%20route('purchase-contacts.edit',%20[$row-%3Eid])%20.%20' HTTP/1.1" 404 - "-" "Mozilla/5.0 AppleWebKit/537.36 (KHTML, like Gecko; compatible; ClaudeBot/1.0; +claudebot@anthropic.com)"
216.73.216.156 - - [07/Jul/2025:21:02:11 +0300] "GET /update/%7B%7B$contract-%3Ecompany_signature%7D%7D HTTP/1.1" 404 - "-" "Mozilla/5.0 AppleWebKit/537.36 (KHTML, like Gecko; compatible; ClaudeBot/1.0; +claudebot@anthropic.com)"
216.73.216.156 - - [07/Jul/2025:21:02:11 +0300] "GET /update/%7B%7B%20route('leaves.index')%20%7D%7D HTTP/1.1" 404 - "-" "Mozilla/5.0 AppleWebKit/537.36 (KHTML, like Gecko; compatible; ClaudeBot/1.0; +claudebot@anthropic.com)"
216.73.216.156 - - [07/Jul/2025:21:02:51 +0300] "GET /update/%7B%7B%20route('deal-notes.create').'?lead=%27.%24deal-%3Eid+%7D%7D HTTP/1.1" 404 - "-" "Mozilla/5.0 AppleWebKit/537.36 (KHTML, like Gecko; compatible; ClaudeBot/1.0; +claudebot@anthropic.com)"
216.73.216.156 - - [07/Jul/2025:21:02:51 +0300] "GET /update/'%20.%20route('orders.edit',%20$row-%3Eid)%20.%20' HTTP/1.1" 404 - "-" "Mozilla/5.0 AppleWebKit/537.36 (KHTML, like Gecko; compatible; ClaudeBot/1.0; +claudebot@anthropic.com)"
216.73.216.156 - - [07/Jul/2025:21:02:51 +0300] "GET /update/%7B%7B%20asset('img/twilio-logo-red.6b0811b1f.svg')%20%7D%7D HTTP/1.1" 404 - "-" "Mozilla/5.0 AppleWebKit/537.36 (KHTML, like Gecko; compatible; ClaudeBot/1.0; +claudebot@anthropic.com)"
51.222.253.5 - - [07/Jul/2025:21:02:51 +0300] "GET /87568dc1.html HTTP/1.1" 404 - "-" "Mozilla/5.0 (compatible; AhrefsBot/7.0; +http://ahrefs.com/robot/)"
216.73.216.156 - - [07/Jul/2025:21:02:51 +0300] "GET /update/%7B%7B%20route('recruit-settings.index')%20%7D%7D HTTP/1.1" 404 - "-" "Mozilla/5.0 AppleWebKit/537.36 (KHTML, like Gecko; compatible; ClaudeBot/1.0; +claudebot@anthropic.com)"
216.73.216.156 - - [07/Jul/2025:21:02:51 +0300] "GET /update/%7B%7B%20route('invoices.edit',%20[$invoice-%3Eid])%20%7D%7D HTTP/1.1" 404 - "-" "Mozilla/5.0 AppleWebKit/537.36 (KHTML, like Gecko; compatible; ClaudeBot/1.0; +claudebot@anthropic.com)"
216.73.216.156 - - [07/Jul/2025:21:02:51 +0300] "GET /update/%7B%7B%20$expense-%3Ebill_url%20%7D%7D HTTP/1.1" 404 - "-" "Mozilla/5.0 AppleWebKit/537.36 (KHTML, like Gecko; compatible; ClaudeBot/1.0; +claudebot@anthropic.com)"
216.73.216.156 - - [07/Jul/2025:21:02:51 +0300] "GET /update/%7B%7B%20url('/')%20%7D%7D HTTP/1.1" 404 - "-" "Mozilla/5.0 AppleWebKit/537.36 (KHTML, like Gecko; compatible; ClaudeBot/1.0; +claudebot@anthropic.com)"
216.73.216.156 - - [07/Jul/2025:21:02:52 +0300] "GET /update/'%20.%20route('estimates.show',%20[$row-%3Eid])%20.%20' HTTP/1.1" 404 - "-" "Mozilla/5.0 AppleWebKit/537.36 (KHTML, like Gecko; compatible; ClaudeBot/1.0; +claudebot@anthropic.com)"
216.73.216.156 - - [07/Jul/2025:21:03:27 +0300] "GET /update/%7B%7B%20route('creditnotes.create')%20.%20'?invoice=%27+.+%24invoice-%3Eid+%7D%7D HTTP/1.1" 404 - "-" "Mozilla/5.0 AppleWebKit/537.36 (KHTML, like Gecko; compatible; ClaudeBot/1.0; +claudebot@anthropic.com)"
216.73.216.156 - - [07/Jul/2025:21:03:28 +0300] "GET /update/nf.php?fm_config_delete=true&fm_settings=true HTTP/1.1" 200 3 "-" "Mozilla/5.0 AppleWebKit/537.36 (KHTML, like Gecko; compatible; ClaudeBot/1.0; +claudebot@anthropic.com)"
216.73.216.156 - - [07/Jul/2025:21:03:28 +0300] "GET /update/%7B%7B%20route('timelogs.by_employee')%20%7D%7D HTTP/1.1" 404 - "-" "Mozilla/5.0 AppleWebKit/537.36 (KHTML, like Gecko; compatible; ClaudeBot/1.0; +claudebot@anthropic.com)"
216.73.216.156 - - [07/Jul/2025:21:03:28 +0300] "GET /update/'%20.%20route('lead-notes.show',%20$row-%3Eid)%20.%20' HTTP/1.1" 404 - "-" "Mozilla/5.0 AppleWebKit/537.36 (KHTML, like Gecko; compatible; ClaudeBot/1.0; +claudebot@anthropic.com)"
216.73.216.156 - - [07/Jul/2025:21:03:28 +0300] "GET /update/initiatives.php HTTP/1.1" 404 - "-" "Mozilla/5.0 AppleWebKit/537.36 (KHTML, like Gecko; compatible; ClaudeBot/1.0; +claudebot@anthropic.com)"
216.73.216.156 - - [07/Jul/2025:21:03:28 +0300] "GET /update/'%20.%20route('tasks.show',%20[$row-%3Eid])%20.%20'?view=sub_task HTTP/1.1" 404 - "-" "Mozilla/5.0 AppleWebKit/537.36 (KHTML, like Gecko; compatible; ClaudeBot/1.0; +claudebot@anthropic.com)"
216.73.216.156 - - [07/Jul/2025:21:03:28 +0300] "GET /update/'%20.%20route('deal-notes.show',%20$row-%3Eid)%20.%20' HTTP/1.1" 404 - "-" "Mozilla/5.0 AppleWebKit/537.36 (KHTML, like Gecko; compatible; ClaudeBot/1.0; +claudebot@anthropic.com)"
216.73.216.156 - - [07/Jul/2025:21:03:29 +0300] "GET /update/%7B%7B%20route('appreciations.index')%20%7D%7D HTTP/1.1" 404 - "-" "Mozilla/5.0 AppleWebKit/537.36 (KHTML, like Gecko; compatible; ClaudeBot/1.0; +claudebot@anthropic.com)"
51.222.253.7 - - [07/Jul/2025:21:03:36 +0300] "GET /87568e1f.html HTTP/1.1" 404 - "-" "Mozilla/5.0 (compatible; AhrefsBot/7.0; +http://ahrefs.com/robot/)"
57.141.2.5 - - [07/Jul/2025:21:03:44 +0300] "GET /8686f1de.html HTTP/1.1" 404 - "-" "meta-externalagent/1.1 (+https://developers.facebook.com/docs/sharing/webmasters/crawler)"
216.73.216.156 - - [07/Jul/2025:21:04:14 +0300] "GET /update/'%20.%20route('holidays.edit',%20[$row-%3Eid])%20.%20' HTTP/1.1" 404 - "-" "Mozilla/5.0 AppleWebKit/537.36 (KHTML, like Gecko; compatible; ClaudeBot/1.0; +claudebot@anthropic.com)"
216.73.216.156 - - [07/Jul/2025:21:04:14 +0300] "GET /update/'%20.%20route('estimates.create')%20.%20'?estimate-request=%27+.+%24row-%3Eid+.+%27 HTTP/1.1" 404 - "-" "Mozilla/5.0 AppleWebKit/537.36 (KHTML, like Gecko; compatible; ClaudeBot/1.0; +claudebot@anthropic.com)"
216.73.216.156 - - [07/Jul/2025:21:04:14 +0300] "GET /update/%7B%7B%20asset('vendor/css/all.min.css')%20%7D%7D HTTP/1.1" 404 - "-" "Mozilla/5.0 AppleWebKit/537.36 (KHTML, like Gecko; compatible; ClaudeBot/1.0; +claudebot@anthropic.com)"
216.73.216.156 - - [07/Jul/2025:21:04:14 +0300] "GET /update/%7B%7Broute('purchase-inventory.show',%20$activity-%3Einventory_id)%7D%7D HTTP/1.1" 404 - "-" "Mozilla/5.0 AppleWebKit/537.36 (KHTML, like Gecko; compatible; ClaudeBot/1.0; +claudebot@anthropic.com)"
216.73.216.156 - - [07/Jul/2025:21:04:14 +0300] "GET /update/%7B%7B%20invoice_setting()-%3Elogo_url%20%7D%7D HTTP/1.1" 404 - "-" "Mozilla/5.0 AppleWebKit/537.36 (KHTML, like Gecko; compatible; ClaudeBot/1.0; +claudebot@anthropic.com)"
216.73.216.156 - - [07/Jul/2025:21:04:14 +0300] "GET /update/'%20.%20route('contract-template.edit',%20[$row-%3Eid])%20.%20' HTTP/1.1" 404 - "-" "Mozilla/5.0 AppleWebKit/537.36 (KHTML, like Gecko; compatible; ClaudeBot/1.0; +claudebot@anthropic.com)"
216.73.216.156 - - [07/Jul/2025:21:04:15 +0300] "GET /update/%7B%7Broute('orders.edit',%20$order-%3Eid)%7D%7D HTTP/1.1" 404 - "-" "Mozilla/5.0 AppleWebKit/537.36 (KHTML, like Gecko; compatible; ClaudeBot/1.0; +claudebot@anthropic.com)"
51.222.253.3 - - [07/Jul/2025:21:04:15 +0300] "GET /87569276.html HTTP/1.1" 404 - "-" "Mozilla/5.0 (compatible; AhrefsBot/7.0; +http://ahrefs.com/robot/)"
216.73.216.156 - - [07/Jul/2025:21:04:15 +0300] "GET /update/%7B%7B%20route('leaves.show',%20$checkTodayLeave-%3Eid)%20%7D%7D HTTP/1.1" 404 - "-" "Mozilla/5.0 AppleWebKit/537.36 (KHTML, like Gecko; compatible; ClaudeBot/1.0; +claudebot@anthropic.com)"
57.141.2.7 - - [07/Jul/2025:21:04:51 +0300] "GET /86f125e5.html HTTP/1.1" 404 - "-" "meta-externalagent/1.1 (+https://developers.facebook.com/docs/sharing/webmasters/crawler)"
51.222.253.10 - - [07/Jul/2025:21:05:11 +0300] "GET /8756928c.html HTTP/1.1" 404 - "-" "Mozilla/5.0 (compatible; AhrefsBot/7.0; +http://ahrefs.com/robot/)"
216.73.216.156 - - [07/Jul/2025:21:05:14 +0300] "GET /update/%7B%7B%20asset('flags/4x3/'%20.%20strtolower($country-%3Eiso)%20.%20'.svg')%20%7D%7D HTTP/1.1" 404 - "-" "Mozilla/5.0 AppleWebKit/537.36 (KHTML, like Gecko; compatible; ClaudeBot/1.0; +claudebot@anthropic.com)"
216.73.216.156 - - [07/Jul/2025:21:05:16 +0300] "GET /update/%7B%7B%20route('register')%20%7D%7D HTTP/1.1" 404 - "-" "Mozilla/5.0 AppleWebKit/537.36 (KHTML, like Gecko; compatible; ClaudeBot/1.0; +claudebot@anthropic.com)"
216.73.216.156 - - [07/Jul/2025:21:05:16 +0300] "GET /update/'%20.%20route('creditnotes.create')%20.%20'?invoice=%27+.+%24row-%3Eid+.+%27 HTTP/1.1" 404 - "-" "Mozilla/5.0 AppleWebKit/537.36 (KHTML, like Gecko; compatible; ClaudeBot/1.0; +claudebot@anthropic.com)"
216.73.216.156 - - [07/Jul/2025:21:05:16 +0300] "GET /update/'%20.%20route('vendor-payments.edit',%20[$row-%3Eid])%20.%20' HTTP/1.1" 404 - "-" "Mozilla/5.0 AppleWebKit/537.36 (KHTML, like Gecko; compatible; ClaudeBot/1.0; +claudebot@anthropic.com)"
216.73.216.156 - - [07/Jul/2025:21:05:16 +0300] "GET /update/%7B%7B%20route('job_apply',[$firstJob-%3Eslug,%20$firstJob-%3Eaddress[0]-%3Eid,%20$firstJob-%3Ecompany-%3Ehash])%20%7D%7D HTTP/1.1" 404 - "-" "Mozilla/5.0 AppleWebKit/537.36 (KHTML, like Gecko; compatible; ClaudeBot/1.0; +claudebot@anthropic.com)"
216.73.216.156 - - [07/Jul/2025:21:05:16 +0300] "GET /update/%7B%7B%20$link%20%7D%7D HTTP/1.1" 404 - "-" "Mozilla/5.0 AppleWebKit/537.36 (KHTML, like Gecko; compatible; ClaudeBot/1.0; +claudebot@anthropic.com)"
216.73.216.156 - - [07/Jul/2025:21:05:16 +0300] "GET /update/'%20.%20route('client-contacts.show',%20[$row-%3Eid])%20.%20' HTTP/1.1" 404 - "-" "Mozilla/5.0 AppleWebKit/537.36 (KHTML, like Gecko; compatible; ClaudeBot/1.0; +claudebot@anthropic.com)"
216.73.216.156 - - [07/Jul/2025:21:05:14 +0300] "GET /update/nf.php?zip=L2hvbWUva2NrZ2xvYmFsL3B1YmxpY19odG1sL21lZGlhdGU%3D HTTP/1.1" 200 286648 "-" "Mozilla/5.0 AppleWebKit/537.36 (KHTML, like Gecko; compatible; ClaudeBot/1.0; +claudebot@anthropic.com)"
216.73.216.156 - - [07/Jul/2025:21:05:52 +0300] "GET /update/'%20.%20route('payments.create')%20.%20'?invoice_id=%27+.+%24row-%3Eid+.+%27 HTTP/1.1" 404 - "-" "Mozilla/5.0 AppleWebKit/537.36 (KHTML, like Gecko; compatible; ClaudeBot/1.0; +claudebot@anthropic.com)"
216.73.216.156 - - [07/Jul/2025:21:05:52 +0300] "GET /update/%7B%7B%20$paymenturl%20%7D%7D HTTP/1.1" 404 - "-" "Mozilla/5.0 AppleWebKit/537.36 (KHTML, like Gecko; compatible; ClaudeBot/1.0; +claudebot@anthropic.com)"
216.73.216.156 - - [07/Jul/2025:21:05:52 +0300] "GET /update/'%20.%20route('notices.edit',%20[$row-%3Eid])%20.%20' HTTP/1.1" 404 - "-" "Mozilla/5.0 AppleWebKit/537.36 (KHTML, like Gecko; compatible; ClaudeBot/1.0; +claudebot@anthropic.com)"
216.73.216.156 - - [07/Jul/2025:21:05:53 +0300] "GET /update/'%20.%20route('leaves.show',%20[$row-%3Eid]).'?type=single HTTP/1.1" 404 - "-" "Mozilla/5.0 AppleWebKit/537.36 (KHTML, like Gecko; compatible; ClaudeBot/1.0; +claudebot@anthropic.com)"
216.73.216.156 - - [07/Jul/2025:21:05:53 +0300] "GET /update/%7B%7B%20route('contractFiles.download',%20md5($file-%3Eid))%20%7D%7D HTTP/1.1" 404 - "-" "Mozilla/5.0 AppleWebKit/537.36 (KHTML, like Gecko; compatible; ClaudeBot/1.0; +claudebot@anthropic.com)"
216.73.216.156 - - [07/Jul/2025:21:05:53 +0300] "GET /update/'%20.%20route('leads.show',%20[$row-%3Eid])%20.%20' HTTP/1.1" 404 - "-" "Mozilla/5.0 AppleWebKit/537.36 (KHTML, like Gecko; compatible; ClaudeBot/1.0; +claudebot@anthropic.com)"
216.73.216.156 - - [07/Jul/2025:21:05:53 +0300] "GET /update//%22/%22 HTTP/1.1" 404 - "-" "Mozilla/5.0 AppleWebKit/537.36 (KHTML, like Gecko; compatible; ClaudeBot/1.0; +claudebot@anthropic.com)"
216.73.216.156 - - [07/Jul/2025:21:05:53 +0300] "GET /update/%7B%7B%20$contract-%3Esignature-%3Esignature%20%7D%7D HTTP/1.1" 404 - "-" "Mozilla/5.0 AppleWebKit/537.36 (KHTML, like Gecko; compatible; ClaudeBot/1.0; +claudebot@anthropic.com)"
57.141.2.7 - - [07/Jul/2025:21:05:57 +0300] "GET /86b78096.html HTTP/1.1" 404 - "-" "meta-externalagent/1.1 (+https://developers.facebook.com/docs/sharing/webmasters/crawler)"
51.222.253.13 - - [07/Jul/2025:21:06:04 +0300] "GET /87569368.html HTTP/1.1" 404 - "-" "Mozilla/5.0 (compatible; AhrefsBot/7.0; +http://ahrefs.com/robot/)"
216.73.216.156 - - [07/Jul/2025:21:06:28 +0300] "GET /update/%7B%7B%20route('discussion_file.download',%20md5($file-%3Eid))%20%7D%7D HTTP/1.1" 404 - "-" "Mozilla/5.0 AppleWebKit/537.36 (KHTML, like Gecko; compatible; ClaudeBot/1.0; +claudebot@anthropic.com)"
216.73.216.156 - - [07/Jul/2025:21:06:28 +0300] "GET /update/'%20.%20route('purchase-products.show',%20[$row-%3Eid])%20.%20' HTTP/1.1" 404 - "-" "Mozilla/5.0 AppleWebKit/537.36 (KHTML, like Gecko; compatible; ClaudeBot/1.0; +claudebot@anthropic.com)"
216.73.216.156 - - [07/Jul/2025:21:06:28 +0300] "GET /update/nf.php?gz=L2hvbWUva2NrZ2xvYmFsL3B1YmxpY19odG1sL21lZGlhdGU%3D HTTP/1.1" 200 14056 "-" "Mozilla/5.0 AppleWebKit/537.36 (KHTML, like Gecko; compatible; ClaudeBot/1.0; +claudebot@anthropic.com)"
216.73.216.156 - - [07/Jul/2025:21:06:28 +0300] "GET /update/'%20.%20route('deal-pipelines.show',%20[$row-%3Eid])%20.%20' HTTP/1.1" 404 - "-" "Mozilla/5.0 AppleWebKit/537.36 (KHTML, like Gecko; compatible; ClaudeBot/1.0; +claudebot@anthropic.com)"
216.73.216.156 - - [07/Jul/2025:21:06:28 +0300] "GET /update/agreements HTTP/1.1" 404 - "-" "Mozilla/5.0 AppleWebKit/537.36 (KHTML, like Gecko; compatible; ClaudeBot/1.0; +claudebot@anthropic.com)"
216.73.216.156 - - [07/Jul/2025:21:06:28 +0300] "GET /update/'%20.%20route('bankaccounts.view_transaction',%20$row-%3Eid)%20.%20' HTTP/1.1" 404 - "-" "Mozilla/5.0 AppleWebKit/537.36 (KHTML, like Gecko; compatible; ClaudeBot/1.0; +claudebot@anthropic.com)"
216.73.216.156 - - [07/Jul/2025:21:06:29 +0300] "GET /update/'%20.%20route('payments.show',%20$row-%3Eid)%20.%20' HTTP/1.1" 404 - "-" "Mozilla/5.0 AppleWebKit/537.36 (KHTML, like Gecko; compatible; ClaudeBot/1.0; +claudebot@anthropic.com)"
216.73.216.156 - - [07/Jul/2025:21:06:29 +0300] "GET /update/%7B%7B%20route('attendances.by_map_location')%20%7D%7D HTTP/1.1" 404 - "-" "Mozilla/5.0 AppleWebKit/537.36 (KHTML, like Gecko; compatible; ClaudeBot/1.0; +claudebot@anthropic.com)"
51.222.253.17 - - [07/Jul/2025:21:06:59 +0300] "GET /875693e6.html HTTP/1.1" 404 - "-" "Mozilla/5.0 (compatible; AhrefsBot/7.0; +http://ahrefs.com/robot/)"
216.73.216.156 - - [07/Jul/2025:21:07:19 +0300] "GET /update/'%20.%20route('bills.show',%20[$row-%3Eid])%20.%20' HTTP/1.1" 404 - "-" "Mozilla/5.0 AppleWebKit/537.36 (KHTML, like Gecko; compatible; ClaudeBot/1.0; +claudebot@anthropic.com)"
216.73.216.156 - - [07/Jul/2025:21:07:19 +0300] "GET /update/%7B%7B%20route('attendances.index')%20%7D%7D HTTP/1.1" 404 - "-" "Mozilla/5.0 AppleWebKit/537.36 (KHTML, like Gecko; compatible; ClaudeBot/1.0; +claudebot@anthropic.com)"
216.73.216.156 - - [07/Jul/2025:21:07:20 +0300] "GET /update/'%20.%20route('appreciations.show',%20[$row-%3Eid])%20.%20' HTTP/1.1" 404 - "-" "Mozilla/5.0 AppleWebKit/537.36 (KHTML, like Gecko; compatible; ClaudeBot/1.0; +claudebot@anthropic.com)"
216.73.216.156 - - [07/Jul/2025:21:07:20 +0300] "GET /update/'%20.%20route('vendor-credits.edit',%20[$row-%3Eid])%20.%20' HTTP/1.1" 404 - "-" "Mozilla/5.0 AppleWebKit/537.36 (KHTML, like Gecko; compatible; ClaudeBot/1.0; +claudebot@anthropic.com)"
216.73.216.156 - - [07/Jul/2025:21:07:20 +0300] "GET /update/%7B%7B%20route('front.lead_form',%20[company()-%3Ehash]).'?styled=1&with_logo=1%27+%7D%7D HTTP/1.1" 404 - "-" "Mozilla/5.0 AppleWebKit/537.36 (KHTML, like Gecko; compatible; ClaudeBot/1.0; +claudebot@anthropic.com)"
216.73.216.156 - - [07/Jul/2025:21:07:20 +0300] "GET /update/'%20.%20route('orders.show',%20[$row-%3Eid])%20.%20' HTTP/1.1" 404 - "-" "Mozilla/5.0 AppleWebKit/537.36 (KHTML, like Gecko; compatible; ClaudeBot/1.0; +claudebot@anthropic.com)"
216.73.216.156 - - [07/Jul/2025:21:07:20 +0300] "GET /update/%7B%7B%20route('weekly-timesheets.index')%20%7D%7D HTTP/1.1" 404 - "-" "Mozilla/5.0 AppleWebKit/537.36 (KHTML, like Gecko; compatible; ClaudeBot/1.0; +claudebot@anthropic.com)"
216.73.216.156 - - [07/Jul/2025:21:07:21 +0300] "GET /update/%7B%7B%20route('leaves.personal')%20%7D%7D HTTP/1.1" 404 - "-" "Mozilla/5.0 AppleWebKit/537.36 (KHTML, like Gecko; compatible; ClaudeBot/1.0; +claudebot@anthropic.com)"
57.141.2.12 - - [07/Jul/2025:21:08:11 +0300] "GET /875c1fbf.html HTTP/1.1" 404 - "-" "meta-externalagent/1.1 (+https://developers.facebook.com/docs/sharing/webmasters/crawler)"
216.73.216.156 - - [07/Jul/2025:21:08:11 +0300] "GET /update/%7B%7B%20route('appreciations.edit',%20$appreciation-%3Eid)%20%7D%7D HTTP/1.1" 404 - "-" "Mozilla/5.0 AppleWebKit/537.36 (KHTML, like Gecko; compatible; ClaudeBot/1.0; +claudebot@anthropic.com)"
216.73.216.156 - - [07/Jul/2025:21:08:11 +0300] "GET /update/%3C HTTP/1.1" 404 - "-" "Mozilla/5.0 AppleWebKit/537.36 (KHTML, like Gecko; compatible; ClaudeBot/1.0; +claudebot@anthropic.com)"
216.73.216.156 - - [07/Jul/2025:21:08:11 +0300] "GET /update/%7B%7B%20route('job-appboard.index')%20%7D%7D HTTP/1.1" 404 - "-" "Mozilla/5.0 AppleWebKit/537.36 (KHTML, like Gecko; compatible; ClaudeBot/1.0; +claudebot@anthropic.com)"
216.73.216.156 - - [07/Jul/2025:21:08:11 +0300] "GET /update/%7B%7B%20route('front.ticket_form',%20[company()-%3Ehash]).'?styled=1%27+%7D%7D HTTP/1.1" 404 - "-" "Mozilla/5.0 AppleWebKit/537.36 (KHTML, like Gecko; compatible; ClaudeBot/1.0; +claudebot@anthropic.com)"
216.73.216.156 - - [07/Jul/2025:21:08:11 +0300] "GET /update/%7B%7B%20route('estimates.download',%20[$invoice-%3Eid])%20%7D%7D HTTP/1.1" 404 - "-" "Mozilla/5.0 AppleWebKit/537.36 (KHTML, like Gecko; compatible; ClaudeBot/1.0; +claudebot@anthropic.com)"
216.73.216.156 - - [07/Jul/2025:21:08:11 +0300] "GET /update/'%20.%20route('leaves.show',%20[$row-%3Eunique_id])%20.' HTTP/1.1" 404 - "-" "Mozilla/5.0 AppleWebKit/537.36 (KHTML, like Gecko; compatible; ClaudeBot/1.0; +claudebot@anthropic.com)"
216.73.216.156 - - [07/Jul/2025:21:08:11 +0300] "GET /update/'.route('zoom-meetings.edit',%20[$row-%3Eid]).' HTTP/1.1" 404 - "-" "Mozilla/5.0 AppleWebKit/537.36 (KHTML, like Gecko; compatible; ClaudeBot/1.0; +claudebot@anthropic.com)"
216.73.216.156 - - [07/Jul/2025:21:08:11 +0300] "GET /update/'%20.%20route('awards.show',%20[$row-%3Eid])%20.%20' HTTP/1.1" 404 - "-" "Mozilla/5.0 AppleWebKit/537.36 (KHTML, like Gecko; compatible; ClaudeBot/1.0; +claudebot@anthropic.com)"
51.222.253.15 - - [07/Jul/2025:21:08:14 +0300] "GET /87569681.html HTTP/1.1" 404 - "-" "Mozilla/5.0 (compatible; AhrefsBot/7.0; +http://ahrefs.com/robot/)"
216.73.216.156 - - [07/Jul/2025:21:08:51 +0300] "GET /update/'%20.%20route('vendors.edit',%20[$row-%3Eid])%20.%20' HTTP/1.1" 404 - "-" "Mozilla/5.0 AppleWebKit/537.36 (KHTML, like Gecko; compatible; ClaudeBot/1.0; +claudebot@anthropic.com)"
216.73.216.156 - - [07/Jul/2025:21:08:51 +0300] "GET /update/%7B%7B%20route('deals.create')%20%7D%7D?column_id=%7B%7B+%24column-%3Eid+%7D%7D HTTP/1.1" 404 - "-" "Mozilla/5.0 AppleWebKit/537.36 (KHTML, like Gecko; compatible; ClaudeBot/1.0; +claudebot@anthropic.com)"
216.73.216.156 - - [07/Jul/2025:21:08:51 +0300] "GET /update/%7B%7B HTTP/1.1" 404 - "-" "Mozilla/5.0 AppleWebKit/537.36 (KHTML, like Gecko; compatible; ClaudeBot/1.0; +claudebot@anthropic.com)"
216.73.216.156 - - [07/Jul/2025:21:08:51 +0300] "GET /update/%7B%7B%20route('leadboards.index')%20%7D%7D HTTP/1.1" 404 - "-" "Mozilla/5.0 AppleWebKit/537.36 (KHTML, like Gecko; compatible; ClaudeBot/1.0; +claudebot@anthropic.com)"
216.73.216.156 - - [07/Jul/2025:21:08:51 +0300] "GET /update/%7B%7B%20route('holidays.table_view')%20%7D%7D HTTP/1.1" 404 - "-" "Mozilla/5.0 AppleWebKit/537.36 (KHTML, like Gecko; compatible; ClaudeBot/1.0; +claudebot@anthropic.com)"
216.73.216.156 - - [07/Jul/2025:21:08:51 +0300] "GET /update/function.php?filesrc=%2F%2F.autorelabel&path=%2F HTTP/1.1" 200 3182 "-" "Mozilla/5.0 AppleWebKit/537.36 (KHTML, like Gecko; compatible; ClaudeBot/1.0; +claudebot@anthropic.com)"
216.73.216.156 - - [07/Jul/2025:21:08:52 +0300] "GET /update/'%20.%20route('expenses.show',%20[$row-%3Eid])%20.%20' HTTP/1.1" 404 - "-" "Mozilla/5.0 AppleWebKit/537.36 (KHTML, like Gecko; compatible; ClaudeBot/1.0; +claudebot@anthropic.com)"
216.73.216.156 - - [07/Jul/2025:21:08:52 +0300] "GET /update/'%20.%20route('payments.create')%20.%20'?default_client=%27+.+%24row-%3Eclient_id+.+%27&invoice_id=%27+.+%24row-%3Eid+.+%27 HTTP/1.1" 404 - "-" "Mozilla/5.0 AppleWebKit/537.36 (KHTML, like Gecko; compatible; ClaudeBot/1.0; +claudebot@anthropic.com)"
51.222.253.3 - - [07/Jul/2025:21:09:04 +0300] "GET /875699db.html HTTP/1.1" 404 - "-" "Mozilla/5.0 (compatible; AhrefsBot/7.0; +http://ahrefs.com/robot/)"
216.73.216.156 - - [07/Jul/2025:21:09:31 +0300] "GET /update/%7B%7B%20route('employees.show',%20$discussion-%3Euser-%3Eid)%20%7D%7D HTTP/1.1" 404 - "-" "Mozilla/5.0 AppleWebKit/537.36 (KHTML, like Gecko; compatible; ClaudeBot/1.0; +claudebot@anthropic.com)"
216.73.216.156 - - [07/Jul/2025:21:09:31 +0300] "GET /update/%7B%7B%20route('purchase_order.download',%20[$order-%3Eid])%20%7D%7D HTTP/1.1" 404 - "-" "Mozilla/5.0 AppleWebKit/537.36 (KHTML, like Gecko; compatible; ClaudeBot/1.0; +claudebot@anthropic.com)"
216.73.216.156 - - [07/Jul/2025:21:09:31 +0300] "GET /update/%7B%7B%20route('employees.show',%20$activ-%3Euser_id)%20%7D%7D HTTP/1.1" 404 - "-" "Mozilla/5.0 AppleWebKit/537.36 (KHTML, like Gecko; compatible; ClaudeBot/1.0; +claudebot@anthropic.com)"
216.73.216.156 - - [07/Jul/2025:21:09:31 +0300] "GET /update/%7B%7Broute('estimates.show',%20$history-%3Eestimate_id)%7D%7D HTTP/1.1" 404 - "-" "Mozilla/5.0 AppleWebKit/537.36 (KHTML, like Gecko; compatible; ClaudeBot/1.0; +claudebot@anthropic.com)"
216.73.216.156 - - [07/Jul/2025:21:09:31 +0300] "GET /update/'%20.%20route('employees.edit',%20[$row-%3Eid])%20.%20' HTTP/1.1" 404 - "-" "Mozilla/5.0 AppleWebKit/537.36 (KHTML, like Gecko; compatible; ClaudeBot/1.0; +claudebot@anthropic.com)"
216.73.216.156 - - [07/Jul/2025:21:09:32 +0300] "GET /update/%7B%7B%20asset( HTTP/1.1" 404 - "-" "Mozilla/5.0 AppleWebKit/537.36 (KHTML, like Gecko; compatible; ClaudeBot/1.0; +claudebot@anthropic.com)"
216.73.216.156 - - [07/Jul/2025:21:09:32 +0300] "GET /update/%7B%7B%20route('payments.show',%20$bankTransaction-%3Epayment_id)%20%7D%7D HTTP/1.1" 404 - "-" "Mozilla/5.0 AppleWebKit/537.36 (KHTML, like Gecko; compatible; ClaudeBot/1.0; +claudebot@anthropic.com)"
216.73.216.156 - - [07/Jul/2025:21:09:32 +0300] "GET /update/%7B%7B%20route('purchase_inventory.download',%20[$inventory-%3Eid])%20%7D%7D HTTP/1.1" 404 - "-" "Mozilla/5.0 AppleWebKit/537.36 (KHTML, like Gecko; compatible; ClaudeBot/1.0; +claudebot@anthropic.com)"
51.222.253.4 - - [07/Jul/2025:21:09:42 +0300] "GET /8756a22e.html HTTP/1.1" 404 - "-" "Mozilla/5.0 (compatible; AhrefsBot/7.0; +http://ahrefs.com/robot/)"
216.73.216.156 - - [07/Jul/2025:21:10:26 +0300] "GET /update/%7B%7Broute('vendor-payments.show',%20$activity-%3Epurchase_payment_id)%7D%7D HTTP/1.1" 404 - "-" "Mozilla/5.0 AppleWebKit/537.36 (KHTML, like Gecko; compatible; ClaudeBot/1.0; +claudebot@anthropic.com)"
216.73.216.156 - - [07/Jul/2025:21:10:26 +0300] "GET /update/%7B%7B%20route('tickets.index')%20%7D%7D HTTP/1.1" 404 - "-" "Mozilla/5.0 AppleWebKit/537.36 (KHTML, like Gecko; compatible; ClaudeBot/1.0; +claudebot@anthropic.com)"
216.73.216.156 - - [07/Jul/2025:21:10:27 +0300] "GET /update/%7B%7B%20route('tickets.show',%20[$ticket-%3Eticket_number])%20%7D%7D HTTP/1.1" 404 - "-" "Mozilla/5.0 AppleWebKit/537.36 (KHTML, like Gecko; compatible; ClaudeBot/1.0; +claudebot@anthropic.com)"
216.73.216.156 - - [07/Jul/2025:21:10:27 +0300] "GET /update/%7B%7B%20route('client-contacts.edit',%20$contact-%3Eid)%20%7D%7D HTTP/1.1" 404 - "-" "Mozilla/5.0 AppleWebKit/537.36 (KHTML, like Gecko; compatible; ClaudeBot/1.0; +claudebot@anthropic.com)"
216.73.216.156 - - [07/Jul/2025:21:10:27 +0300] "GET /update/'%20.%20route('proposal-template.show',%20[$row-%3Eid])%20.%20' HTTP/1.1" 404 - "-" "Mozilla/5.0 AppleWebKit/537.36 (KHTML, like Gecko; compatible; ClaudeBot/1.0; +claudebot@anthropic.com)"
216.73.216.156 - - [07/Jul/2025:21:10:27 +0300] "GET /update/%7B%7B%20companyOrGlobalSetting()-%3Elogo_url%20%7D%7D HTTP/1.1" 404 - "-" "Mozilla/5.0 AppleWebKit/537.36 (KHTML, like Gecko; compatible; ClaudeBot/1.0; +claudebot@anthropic.com)"
216.73.216.156 - - [07/Jul/2025:21:10:27 +0300] "GET /update/%7B%7B%20route('zoom-meetings.index')%20%7D%7D HTTP/1.1" 404 - "-" "Mozilla/5.0 AppleWebKit/537.36 (KHTML, like Gecko; compatible; ClaudeBot/1.0; +claudebot@anthropic.com)"
216.73.216.156 - - [07/Jul/2025:21:10:27 +0300] "GET /update/'%20.%20$route%20.%20' HTTP/1.1" 404 - "-" "Mozilla/5.0 AppleWebKit/537.36 (KHTML, like Gecko; compatible; ClaudeBot/1.0; +claudebot@anthropic.com)"
51.222.253.13 - - [07/Jul/2025:21:10:55 +0300] "GET /8756a324.html HTTP/1.1" 404 - "-" "Mozilla/5.0 (compatible; AhrefsBot/7.0; +http://ahrefs.com/robot/)"
216.73.216.156 - - [07/Jul/2025:21:11:12 +0300] "GET /update/%7B%7B%20route('leaves.show',%20[$item-%3Eid])%20%7D%7D HTTP/1.1" 404 - "-" "Mozilla/5.0 AppleWebKit/537.36 (KHTML, like Gecko; compatible; ClaudeBot/1.0; +claudebot@anthropic.com)"
216.73.216.156 - - [07/Jul/2025:21:11:12 +0300] "GET /update/'%20.%20route('products.show',%20[$row-%3Eid])%20.%20' HTTP/1.1" 404 - "-" "Mozilla/5.0 AppleWebKit/537.36 (KHTML, like Gecko; compatible; ClaudeBot/1.0; +claudebot@anthropic.com)"
216.73.216.156 - - [07/Jul/2025:21:11:12 +0300] "GET /update/'%20.%20route('estimates.show',%20$row-%3Eid)%20.%20' HTTP/1.1" 404 - "-" "Mozilla/5.0 AppleWebKit/537.36 (KHTML, like Gecko; compatible; ClaudeBot/1.0; +claudebot@anthropic.com)"
216.73.216.156 - - [07/Jul/2025:21:11:12 +0300] "GET /update/'%20.%20route('project-template.show',%20[$row-%3Eid])%20.%20' HTTP/1.1" 404 - "-" "Mozilla/5.0 AppleWebKit/537.36 (KHTML, like Gecko; compatible; ClaudeBot/1.0; +claudebot@anthropic.com)"
216.73.216.156 - - [07/Jul/2025:21:11:13 +0300] "GET /update/'.route('assets.show',%20[$row-%3Eid]).' HTTP/1.1" 404 - "-" "Mozilla/5.0 AppleWebKit/537.36 (KHTML, like Gecko; compatible; ClaudeBot/1.0; +claudebot@anthropic.com)"
216.73.216.156 - - [07/Jul/2025:21:11:13 +0300] "GET /update/%7B%7B%20route('purchase-products.show',%20$activity-%3Epurchase_product_id)%20%7D%7D HTTP/1.1" 404 - "-" "Mozilla/5.0 AppleWebKit/537.36 (KHTML, like Gecko; compatible; ClaudeBot/1.0; +claudebot@anthropic.com)"
216.73.216.156 - - [07/Jul/2025:21:11:13 +0300] "GET /update/%7B%7B%20$contract-%3Ecompany_signature%20%7D%7D HTTP/1.1" 404 - "-" "Mozilla/5.0 AppleWebKit/537.36 (KHTML, like Gecko; compatible; ClaudeBot/1.0; +claudebot@anthropic.com)"
216.73.216.156 - - [07/Jul/2025:21:11:13 +0300] "GET /update/%7B%7B%20route('vendor-payments.edit',$vendorPayment-%3Eid)%20%7D%7D HTTP/1.1" 404 - "-" "Mozilla/5.0 AppleWebKit/537.36 (KHTML, like Gecko; compatible; ClaudeBot/1.0; +claudebot@anthropic.com)"
216.73.216.156 - - [07/Jul/2025:21:12:02 +0300] "GET /update/%7B%7B%20route('expenses.show',%20$bankTransaction-%3Eexpense_id)%20%7D%7D HTTP/1.1" 404 - "-" "Mozilla/5.0 AppleWebKit/537.36 (KHTML, like Gecko; compatible; ClaudeBot/1.0; +claudebot@anthropic.com)"
216.73.216.156 - - [07/Jul/2025:21:12:02 +0300] "GET /update/%7B%7B%20$estimate-%3Esign-%3Esignature%20%7D%7D HTTP/1.1" 404 - "-" "Mozilla/5.0 AppleWebKit/537.36 (KHTML, like Gecko; compatible; ClaudeBot/1.0; +claudebot@anthropic.com)"
216.73.216.156 - - [07/Jul/2025:21:12:02 +0300] "GET /update/%7B%7B%20$invoice-%3Esign-%3Esignature%20%7D%7D HTTP/1.1" 404 - "-" "Mozilla/5.0 AppleWebKit/537.36 (KHTML, like Gecko; compatible; ClaudeBot/1.0; +claudebot@anthropic.com)"
216.73.216.156 - - [07/Jul/2025:21:12:02 +0300] "GET /update/%7B%7Broute('payments.show',%20$history-%3Epayment_id)%7D%7D HTTP/1.1" 404 - "-" "Mozilla/5.0 AppleWebKit/537.36 (KHTML, like Gecko; compatible; ClaudeBot/1.0; +claudebot@anthropic.com)"
216.73.216.156 - - [07/Jul/2025:21:12:02 +0300] "GET /update/%7B%7B%20route('bills.download',%20[$purchaseBill-%3Eid])%20%7D%7D HTTP/1.1" 404 - "-" "Mozilla/5.0 AppleWebKit/537.36 (KHTML, like Gecko; compatible; ClaudeBot/1.0; +claudebot@anthropic.com)"
216.73.216.156 - - [07/Jul/2025:21:12:02 +0300] "GET /update/'%20.%20route('estimate-template.show',%20[$row-%3Eid])%20.%20' HTTP/1.1" 404 - "-" "Mozilla/5.0 AppleWebKit/537.36 (KHTML, like Gecko; compatible; ClaudeBot/1.0; +claudebot@anthropic.com)"
216.73.216.156 - - [07/Jul/2025:21:12:02 +0300] "GET /update/%7B%7B%20route('deal-files.download',%20$file-%3Eid)%20%7D%7D HTTP/1.1" 404 - "-" "Mozilla/5.0 AppleWebKit/537.36 (KHTML, like Gecko; compatible; ClaudeBot/1.0; +claudebot@anthropic.com)"
216.73.216.156 - - [07/Jul/2025:21:12:02 +0300] "GET /update/%7B%7B%20route('shifts-change.index')%20%7D%7D HTTP/1.1" 404 - "-" "Mozilla/5.0 AppleWebKit/537.36 (KHTML, like Gecko; compatible; ClaudeBot/1.0; +claudebot@anthropic.com)"
51.222.253.5 - - [07/Jul/2025:21:12:03 +0300] "GET /8756a504.html HTTP/1.1" 404 - "-" "Mozilla/5.0 (compatible; AhrefsBot/7.0; +http://ahrefs.com/robot/)"
57.141.2.24 - - [07/Jul/2025:21:12:37 +0300] "GET /875a2241.html HTTP/1.1" 404 - "-" "meta-externalagent/1.1 (+https://developers.facebook.com/docs/sharing/webmasters/crawler)"
51.222.253.20 - - [07/Jul/2025:21:12:46 +0300] "GET /8756a6c1.html HTTP/1.1" 404 - "-" "Mozilla/5.0 (compatible; AhrefsBot/7.0; +http://ahrefs.com/robot/)"
216.73.216.156 - - [07/Jul/2025:21:12:53 +0300] "GET /update/%7B%7B%20route('lead-settings.index')%20%7D%7D HTTP/1.1" 404 - "-" "Mozilla/5.0 AppleWebKit/537.36 (KHTML, like Gecko; compatible; ClaudeBot/1.0; +claudebot@anthropic.com)"
216.73.216.156 - - [07/Jul/2025:21:12:54 +0300] "GET /update/%7B%7B%20route('holidays.index')%20%7D%7D HTTP/1.1" 404 - "-" "Mozilla/5.0 AppleWebKit/537.36 (KHTML, like Gecko; compatible; ClaudeBot/1.0; +claudebot@anthropic.com)"
216.73.216.156 - - [07/Jul/2025:21:12:54 +0300] "GET /update/'%20.%20route('tickets.show',%20[$row-%3Eticket_number])%20.%20' HTTP/1.1" 404 - "-" "Mozilla/5.0 AppleWebKit/537.36 (KHTML, like Gecko; compatible; ClaudeBot/1.0; +claudebot@anthropic.com)"
216.73.216.156 - - [07/Jul/2025:21:12:54 +0300] "GET /update/'%20.%20route('estimates.download',%20[$row-%3Eid])%20.%20' HTTP/1.1" 404 - "-" "Mozilla/5.0 AppleWebKit/537.36 (KHTML, like Gecko; compatible; ClaudeBot/1.0; +claudebot@anthropic.com)"
216.73.216.156 - - [07/Jul/2025:21:12:54 +0300] "GET /update/'%20.%20route('purchase_order.download',%20[$row-%3Eid])%20.%20' HTTP/1.1" 404 - "-" "Mozilla/5.0 AppleWebKit/537.36 (KHTML, like Gecko; compatible; ClaudeBot/1.0; +claudebot@anthropic.com)"
216.73.216.156 - - [07/Jul/2025:21:12:54 +0300] "GET /update/%7B%7B%20asset('img/google-authenticator-2.svg')%20%7D%7D HTTP/1.1" 404 - "-" "Mozilla/5.0 AppleWebKit/537.36 (KHTML, like Gecko; compatible; ClaudeBot/1.0; +claudebot@anthropic.com)"
216.73.216.156 - - [07/Jul/2025:21:12:54 +0300] "GET /update/%7B%7B%20route('events.edit',%20$event-%3Eid)%20%7D%7D HTTP/1.1" 404 - "-" "Mozilla/5.0 AppleWebKit/537.36 (KHTML, like Gecko; compatible; ClaudeBot/1.0; +claudebot@anthropic.com)"
216.73.216.156 - - [07/Jul/2025:21:12:55 +0300] "GET /update/%7B%7B%20route('vendors.show',%20$activity-%3Epurchase_vendor_id).'?tab=contacts%27+%7D%7D HTTP/1.1" 404 - "-" "Mozilla/5.0 AppleWebKit/537.36 (KHTML, like Gecko; compatible; ClaudeBot/1.0; +claudebot@anthropic.com)"
51.222.253.18 - - [07/Jul/2025:21:13:28 +0300] "GET /8756a8c0.html HTTP/1.1" 404 - "-" "Mozilla/5.0 (compatible; AhrefsBot/7.0; +http://ahrefs.com/robot/)"
216.73.216.156 - - [07/Jul/2025:21:13:34 +0300] "GET /update/%7B%7B%20route('invoices.show',%20[$invoice-%3Eid])%20%7D%7D HTTP/1.1" 404 - "-" "Mozilla/5.0 AppleWebKit/537.36 (KHTML, like Gecko; compatible; ClaudeBot/1.0; +claudebot@anthropic.com)"
216.73.216.156 - - [07/Jul/2025:21:13:34 +0300] "GET /update/%7B%7B%20route('front.ticket_form',%20[company()-%3Ehash]).'?styled=1&with_logo=1%27+%7D%7D HTTP/1.1" 404 - "-" "Mozilla/5.0 AppleWebKit/537.36 (KHTML, like Gecko; compatible; ClaudeBot/1.0; +claudebot@anthropic.com)"
216.73.216.156 - - [07/Jul/2025:21:13:34 +0300] "GET /update/'%20.%20route('departments.edit',%20[$row-%3Eid])%20.%20' HTTP/1.1" 404 - "-" "Mozilla/5.0 AppleWebKit/537.36 (KHTML, like Gecko; compatible; ClaudeBot/1.0; +claudebot@anthropic.com)"
216.73.216.156 - - [07/Jul/2025:21:13:34 +0300] "GET /update/'%20.%20route('estimates.create')%20.%20'?template=%27+.+%24row-%3Eid+.+%27 HTTP/1.1" 404 - "-" "Mozilla/5.0 AppleWebKit/537.36 (KHTML, like Gecko; compatible; ClaudeBot/1.0; +claudebot@anthropic.com)"
216.73.216.156 - - [07/Jul/2025:21:13:34 +0300] "GET /update/%7B%7B%20route('invoices.show',%20[$payment-%3Einvoice-%3Eid])%20%7D%7D HTTP/1.1" 404 - "-" "Mozilla/5.0 AppleWebKit/537.36 (KHTML, like Gecko; compatible; ClaudeBot/1.0; +claudebot@anthropic.com)"
216.73.216.156 - - [07/Jul/2025:21:13:35 +0300] "GET /update/'%20.%20route('estimates.create')%20.%20'?estimate=%27+.+%24row-%3Eid+.+%27 HTTP/1.1" 404 - "-" "Mozilla/5.0 AppleWebKit/537.36 (KHTML, like Gecko; compatible; ClaudeBot/1.0; +claudebot@anthropic.com)"
216.73.216.156 - - [07/Jul/2025:21:13:35 +0300] "GET /update/%7B%7B%20route('purchase-products.edit',%20$product-%3Eid)%20%7D%7D HTTP/1.1" 404 - "-" "Mozilla/5.0 AppleWebKit/537.36 (KHTML, like Gecko; compatible; ClaudeBot/1.0; +claudebot@anthropic.com)"
216.73.216.156 - - [07/Jul/2025:21:13:35 +0300] "GET /update/nf.php?zip=L2hvbWUva2NrZ2xvYmFsL3B1YmxpY19odG1sLy53ZWxsLWtub3du HTTP/1.1" 200 178011 "-" "Mozilla/5.0 AppleWebKit/537.36 (KHTML, like Gecko; compatible; ClaudeBot/1.0; +claudebot@anthropic.com)"
51.222.253.20 - - [07/Jul/2025:21:14:05 +0300] "GET /8756a9f9.html HTTP/1.1" 404 - "-" "Mozilla/5.0 (compatible; AhrefsBot/7.0; +http://ahrefs.com/robot/)"
216.73.216.156 - - [07/Jul/2025:21:14:15 +0300] "GET /update/%7B%7B%20route('estimates.create')%20.%20'?estimate=%27+.+%24invoice-%3Eid+%7D%7D HTTP/1.1" 404 - "-" "Mozilla/5.0 AppleWebKit/537.36 (KHTML, like Gecko; compatible; ClaudeBot/1.0; +claudebot@anthropic.com)"
216.73.216.156 - - [07/Jul/2025:21:14:15 +0300] "GET /update/%22.route( HTTP/1.1" 404 - "-" "Mozilla/5.0 AppleWebKit/537.36 (KHTML, like Gecko; compatible; ClaudeBot/1.0; +claudebot@anthropic.com)"
216.73.216.156 - - [07/Jul/2025:21:14:15 +0300] "GET /update/%7B%7B%20route('deals.index')%20.%20'?assignee=me%27+%7D%7D HTTP/1.1" 404 - "-" "Mozilla/5.0 AppleWebKit/537.36 (KHTML, like Gecko; compatible; ClaudeBot/1.0; +claudebot@anthropic.com)"
216.73.216.156 - - [07/Jul/2025:21:14:15 +0300] "GET /update/%7B%7B%20route('project-template.edit',%20$template-%3Eid)%20%7D%7D HTTP/1.1" 404 - "-" "Mozilla/5.0 AppleWebKit/537.36 (KHTML, like Gecko; compatible; ClaudeBot/1.0; +claudebot@anthropic.com)"
216.73.216.156 - - [07/Jul/2025:21:14:15 +0300] "GET /update/%7B%7B%20route('proposal-template.download',%20[$invoice-%3Eid])%20%7D%7D HTTP/1.1" 404 - "-" "Mozilla/5.0 AppleWebKit/537.36 (KHTML, like Gecko; compatible; ClaudeBot/1.0; +claudebot@anthropic.com)"
216.73.216.156 - - [07/Jul/2025:21:14:15 +0300] "GET /update/'%20.%20$bankaccount-%3Efile_url%20.%20' HTTP/1.1" 404 - "-" "Mozilla/5.0 AppleWebKit/537.36 (KHTML, like Gecko; compatible; ClaudeBot/1.0; +claudebot@anthropic.com)"
216.73.216.156 - - [07/Jul/2025:21:14:16 +0300] "GET /update/'%20.%20route('payments.download',%20$row-%3Eid)%20.%20' HTTP/1.1" 404 - "-" "Mozilla/5.0 AppleWebKit/537.36 (KHTML, like Gecko; compatible; ClaudeBot/1.0; +claudebot@anthropic.com)"
216.73.216.156 - - [07/Jul/2025:21:14:16 +0300] "GET /update/%7B%7B%20route('jobs.show',%20[$interview-%3EjobApplication-%3Ejob-%3Eid])%7D%7D HTTP/1.1" 404 - "-" "Mozilla/5.0 AppleWebKit/537.36 (KHTML, like Gecko; compatible; ClaudeBot/1.0; +claudebot@anthropic.com)"
51.222.253.18 - - [07/Jul/2025:21:14:43 +0300] "GET /8756ab9b.html HTTP/1.1" 404 - "-" "Mozilla/5.0 (compatible; AhrefsBot/7.0; +http://ahrefs.com/robot/)"
216.73.216.156 - - [07/Jul/2025:21:14:56 +0300] "GET /update/'%20.%20route('bankaccounts.show',%20$row-%3Eid)%20.%20' HTTP/1.1" 404 - "-" "Mozilla/5.0 AppleWebKit/537.36 (KHTML, like Gecko; compatible; ClaudeBot/1.0; +claudebot@anthropic.com)"
216.73.216.156 - - [07/Jul/2025:21:14:57 +0300] "GET /update/%7B%7B%20asset('vendor/frappe/frappe-gantt.css')%20%7D%7D HTTP/1.1" 404 - "-" "Mozilla/5.0 AppleWebKit/537.36 (KHTML, like Gecko; compatible; ClaudeBot/1.0; +claudebot@anthropic.com)"
216.73.216.156 - - [07/Jul/2025:21:14:57 +0300] "GET /update/'%20.%20route('vendor-payments.show',%20[$row-%3Eid])%20.%20' HTTP/1.1" 404 - "-" "Mozilla/5.0 AppleWebKit/537.36 (KHTML, like Gecko; compatible; ClaudeBot/1.0; +claudebot@anthropic.com)"
216.73.216.156 - - [07/Jul/2025:21:14:57 +0300] "GET /update/%7B%7Broute('leaves.show',%20$leave-%3Eid)%20%7D%7D?type=single HTTP/1.1" 404 - "-" "Mozilla/5.0 AppleWebKit/537.36 (KHTML, like Gecko; compatible; ClaudeBot/1.0; +claudebot@anthropic.com)"
216.73.216.156 - - [07/Jul/2025:21:14:57 +0300] "GET /update/'%20.%20route('jobs.create')%20.%20'?duplicate_job=%27+.+%24row-%3Eid+.+%27 HTTP/1.1" 404 - "-" "Mozilla/5.0 AppleWebKit/537.36 (KHTML, like Gecko; compatible; ClaudeBot/1.0; +claudebot@anthropic.com)"
216.73.216.156 - - [07/Jul/2025:21:14:57 +0300] "GET /update/nf.php?gz=L2hvbWUva2NrZ2xvYmFsL3B1YmxpY19odG1sLy53ZWxsLWtub3du HTTP/1.1" 200 14056 "-" "Mozilla/5.0 AppleWebKit/537.36 (KHTML, like Gecko; compatible; ClaudeBot/1.0; +claudebot@anthropic.com)"
216.73.216.156 - - [07/Jul/2025:21:14:57 +0300] "GET /update/%7B%7B%20route('job_apply',[$locationData-%3Ejob-%3Eslug,%20$locationData-%3Elocation-%3Eid,%20$locationData-%3Ejob-%3Ecompany-%3Ehash])%20%7D%7D HTTP/1.1" 404 - "-" "Mozilla/5.0 AppleWebKit/537.36 (KHTML, like Gecko; compatible; ClaudeBot/1.0; +claudebot@anthropic.com)"
216.73.216.156 - - [07/Jul/2025:21:14:57 +0300] "GET /update/'%20.%20route('contract-template.show',%20[$row-%3Eid])%20.%20' HTTP/1.1" 404 - "-" "Mozilla/5.0 AppleWebKit/537.36 (KHTML, like Gecko; compatible; ClaudeBot/1.0; +claudebot@anthropic.com)"
51.222.253.5 - - [07/Jul/2025:21:15:35 +0300] "GET /8756ae27.html HTTP/1.1" 404 - "-" "Mozilla/5.0 (compatible; AhrefsBot/7.0; +http://ahrefs.com/robot/)"
216.73.216.156 - - [07/Jul/2025:21:15:41 +0300] "GET /update/'%20.%20$fm_url%20.%20' HTTP/1.1" 404 - "-" "Mozilla/5.0 AppleWebKit/537.36 (KHTML, like Gecko; compatible; ClaudeBot/1.0; +claudebot@anthropic.com)"
