57.141.2.6 - - [10/Jul/2025:04:35:20 +0300] "GET /c/shopbrand420502318.shtm HTTP/1.1" 500 - "-" "meta-externalagent/1.1 (+https://developers.facebook.com/docs/sharing/webmasters/crawler)"
57.141.2.16 - - [10/Jul/2025:04:36:37 +0300] "GET /items/519418981.shtm HTTP/1.1" 500 - "-" "meta-externalagent/1.1 (+https://developers.facebook.com/docs/sharing/webmasters/crawler)"
57.141.2.7 - - [10/Jul/2025:04:37:42 +0300] "GET /items/31717232.shtm HTTP/1.1" 500 - "-" "meta-externalagent/1.1 (+https://developers.facebook.com/docs/sharing/webmasters/crawler)"
5.188.86.198 - - [10/Jul/2025:04:42:01 +0300] "GET /index.php/jk HTTP/1.1" 500 - "-" "Mozilla/5.0 (Linux; Android 10; Z832 Build/MMB29M) AppleWebKit/537.36 (KHTML, like Gecko) Chrome/85.0.4183.83 Mobile Safari/537.36"
57.141.2.17 - - [10/Jul/2025:04:42:02 +0300] "GET /items/258042338.shtm HTTP/1.1" 500 - "-" "meta-externalagent/1.1 (+https://developers.facebook.com/docs/sharing/webmasters/crawler)"
57.141.2.20 - - [10/Jul/2025:04:44:22 +0300] "GET /n/straitwaistcoat/shopdetail/638545645.shtm HTTP/1.1" 500 - "-" "meta-externalagent/1.1 (+https://developers.facebook.com/docs/sharing/webmasters/crawler)"
57.141.2.29 - - [10/Jul/2025:04:45:24 +0300] "GET /items/319408921.shtm HTTP/1.1" 500 - "-" "meta-externalagent/1.1 (+https://developers.facebook.com/docs/sharing/webmasters/crawler)"
173.252.87.2 - - [10/Jul/2025:04:46:10 +0300] "GET /robots.txt HTTP/1.1" 206 87 "-" "facebookexternalhit/1.1 (+http://www.facebook.com/externalhit_uatext.php)"
57.141.2.10 - - [10/Jul/2025:04:46:37 +0300] "GET /items/191929743.shtm HTTP/1.1" 500 - "-" "meta-externalagent/1.1 (+https://developers.facebook.com/docs/sharing/webmasters/crawler)"
57.141.2.17 - - [10/Jul/2025:04:47:27 +0300] "GET /y/pileus/info/472597396.shtm HTTP/1.1" 500 - "-" "meta-externalagent/1.1 (+https://developers.facebook.com/docs/sharing/webmasters/crawler)"
57.141.2.20 - - [10/Jul/2025:04:47:44 +0300] "GET /items/695086334.shtm HTTP/1.1" 500 - "-" "meta-externalagent/1.1 (+https://developers.facebook.com/docs/sharing/webmasters/crawler)"
57.141.2.19 - - [10/Jul/2025:04:47:49 +0300] "GET /k/777244418.shtm HTTP/1.1" 500 - "-" "meta-externalagent/1.1 (+https://developers.facebook.com/docs/sharing/webmasters/crawler)"
57.141.2.8 - - [10/Jul/2025:04:47:51 +0300] "GET /items/660449277.shtm HTTP/1.1" 500 - "-" "meta-externalagent/1.1 (+https://developers.facebook.com/docs/sharing/webmasters/crawler)"
57.141.2.17 - - [10/Jul/2025:04:47:54 +0300] "GET /aa/gundelet/market549734380.shtm HTTP/1.1" 500 - "-" "meta-externalagent/1.1 (+https://developers.facebook.com/docs/sharing/webmasters/crawler)"
57.141.2.11 - - [10/Jul/2025:04:47:54 +0300] "GET /j/infuriate/products/35147565.shtm HTTP/1.1" 500 - "-" "meta-externalagent/1.1 (+https://developers.facebook.com/docs/sharing/webmasters/crawler)"
57.141.2.10 - - [10/Jul/2025:04:47:58 +0300] "GET /items/772359301.shtm HTTP/1.1" 500 - "-" "meta-externalagent/1.1 (+https://developers.facebook.com/docs/sharing/webmasters/crawler)"
57.141.2.4 - - [10/Jul/2025:04:48:06 +0300] "GET /items/14145686.shtm HTTP/1.1" 500 - "-" "meta-externalagent/1.1 (+https://developers.facebook.com/docs/sharing/webmasters/crawler)"
57.141.2.6 - - [10/Jul/2025:04:48:07 +0300] "GET /items/431090839.shtm HTTP/1.1" 500 - "-" "meta-externalagent/1.1 (+https://developers.facebook.com/docs/sharing/webmasters/crawler)"
57.141.2.19 - - [10/Jul/2025:04:48:08 +0300] "GET /items/734972858.shtm HTTP/1.1" 500 - "-" "meta-externalagent/1.1 (+https://developers.facebook.com/docs/sharing/webmasters/crawler)"
57.141.2.1 - - [10/Jul/2025:04:48:08 +0300] "GET /items/412236980.shtm HTTP/1.1" 500 - "-" "meta-externalagent/1.1 (+https://developers.facebook.com/docs/sharing/webmasters/crawler)"
57.141.2.7 - - [10/Jul/2025:04:48:13 +0300] "GET /p/tubenosed/shopdetail/614205289.shtm HTTP/1.1" 500 - "-" "meta-externalagent/1.1 (+https://developers.facebook.com/docs/sharing/webmasters/crawler)"
57.141.2.6 - - [10/Jul/2025:04:48:17 +0300] "GET /items/221926732.shtm HTTP/1.1" 500 - "-" "meta-externalagent/1.1 (+https://developers.facebook.com/docs/sharing/webmasters/crawler)"
57.141.2.26 - - [10/Jul/2025:04:48:17 +0300] "GET /items/213791372.shtm HTTP/1.1" 500 - "-" "meta-externalagent/1.1 (+https://developers.facebook.com/docs/sharing/webmasters/crawler)"
57.141.2.11 - - [10/Jul/2025:04:48:22 +0300] "GET /d/shopdetail/659518553.shtm HTTP/1.1" 500 - "-" "meta-externalagent/1.1 (+https://developers.facebook.com/docs/sharing/webmasters/crawler)"
57.141.2.17 - - [10/Jul/2025:04:49:33 +0300] "GET /items/334143937.shtm HTTP/1.1" 500 - "-" "meta-externalagent/1.1 (+https://developers.facebook.com/docs/sharing/webmasters/crawler)"
57.141.2.16 - - [10/Jul/2025:04:50:02 +0300] "GET /n/shopbrand21468025.shtm HTTP/1.1" 500 - "-" "meta-externalagent/1.1 (+https://developers.facebook.com/docs/sharing/webmasters/crawler)"
57.141.2.17 - - [10/Jul/2025:04:50:18 +0300] "GET /items/464116986.shtm HTTP/1.1" 500 - "-" "meta-externalagent/1.1 (+https://developers.facebook.com/docs/sharing/webmasters/crawler)"
57.141.2.10 - - [10/Jul/2025:04:50:20 +0300] "GET /p/item/38867851.shtm HTTP/1.1" 500 - "-" "meta-externalagent/1.1 (+https://developers.facebook.com/docs/sharing/webmasters/crawler)"
57.141.2.3 - - [10/Jul/2025:04:50:48 +0300] "GET /sga/humbles/shopdetail/597125204.shtm HTTP/1.1" 500 - "-" "meta-externalagent/1.1 (+https://developers.facebook.com/docs/sharing/webmasters/crawler)"
57.141.2.20 - - [10/Jul/2025:04:51:04 +0300] "GET /r/shopdetail/575539191.shtm HTTP/1.1" 500 - "-" "meta-externalagent/1.1 (+https://developers.facebook.com/docs/sharing/webmasters/crawler)"
57.141.2.22 - - [10/Jul/2025:04:51:31 +0300] "GET /items/202528160.shtm HTTP/1.1" 500 - "-" "meta-externalagent/1.1 (+https://developers.facebook.com/docs/sharing/webmasters/crawler)"
57.141.2.8 - - [10/Jul/2025:04:51:33 +0300] "GET /s/noctiferous/shopdetail/321885556.shtm HTTP/1.1" 500 - "-" "meta-externalagent/1.1 (+https://developers.facebook.com/docs/sharing/webmasters/crawler)"
57.141.2.19 - - [10/Jul/2025:04:53:06 +0300] "GET /items/755241859.shtm HTTP/1.1" 500 - "-" "meta-externalagent/1.1 (+https://developers.facebook.com/docs/sharing/webmasters/crawler)"
57.141.2.10 - - [10/Jul/2025:04:54:02 +0300] "GET /items/473041873.shtm HTTP/1.1" 500 - "-" "meta-externalagent/1.1 (+https://developers.facebook.com/docs/sharing/webmasters/crawler)"
57.141.2.19 - - [10/Jul/2025:04:54:14 +0300] "GET /iga/shopdetail/416635856.shtm HTTP/1.1" 500 - "-" "meta-externalagent/1.1 (+https://developers.facebook.com/docs/sharing/webmasters/crawler)"
57.141.2.22 - - [10/Jul/2025:04:54:31 +0300] "GET /items/726160986.shtm HTTP/1.1" 500 - "-" "meta-externalagent/1.1 (+https://developers.facebook.com/docs/sharing/webmasters/crawler)"
57.141.2.21 - - [10/Jul/2025:04:54:36 +0300] "GET /items/560374561.shtm HTTP/1.1" 500 - "-" "meta-externalagent/1.1 (+https://developers.facebook.com/docs/sharing/webmasters/crawler)"
57.141.2.23 - - [10/Jul/2025:04:54:59 +0300] "GET /z/shopdetail/609213403.shtm HTTP/1.1" 500 - "-" "meta-externalagent/1.1 (+https://developers.facebook.com/docs/sharing/webmasters/crawler)"
57.141.2.8 - - [10/Jul/2025:04:55:03 +0300] "GET /sitemap-mobile-554.xml HTTP/1.1" 500 - "-" "meta-externalagent/1.1 (+https://developers.facebook.com/docs/sharing/webmasters/crawler)"
57.141.2.19 - - [10/Jul/2025:04:57:20 +0300] "GET /items/75427964.shtm HTTP/1.1" 500 - "-" "meta-externalagent/1.1 (+https://developers.facebook.com/docs/sharing/webmasters/crawler)"
57.141.2.3 - - [10/Jul/2025:04:58:33 +0300] "GET /items/199030246.shtm HTTP/1.1" 500 - "-" "meta-externalagent/1.1 (+https://developers.facebook.com/docs/sharing/webmasters/crawler)"
57.141.2.3 - - [10/Jul/2025:04:58:49 +0300] "GET /tyn/shopdetail/518075857.shtm HTTP/1.1" 500 - "-" "meta-externalagent/1.1 (+https://developers.facebook.com/docs/sharing/webmasters/crawler)"
57.141.2.12 - - [10/Jul/2025:04:58:53 +0300] "GET /td91392031.shtm HTTP/1.1" 500 - "-" "meta-externalagent/1.1 (+https://developers.facebook.com/docs/sharing/webmasters/crawler)"
57.141.2.1 - - [10/Jul/2025:05:00:48 +0300] "GET /items/37035127.shtm HTTP/1.1" 500 - "-" "meta-externalagent/1.1 (+https://developers.facebook.com/docs/sharing/webmasters/crawler)"
57.141.2.30 - - [10/Jul/2025:05:01:23 +0300] "GET /dn/shopbrand13939237.shtm HTTP/1.1" 500 - "-" "meta-externalagent/1.1 (+https://developers.facebook.com/docs/sharing/webmasters/crawler)"
57.141.2.17 - - [10/Jul/2025:05:02:31 +0300] "GET /v/shopdetail/190889397.shtm HTTP/1.1" 500 - "-" "meta-externalagent/1.1 (+https://developers.facebook.com/docs/sharing/webmasters/crawler)"
57.141.2.10 - - [10/Jul/2025:05:03:12 +0300] "GET /f/fortran/shopdetail/96267511.shtm HTTP/1.1" 500 - "-" "meta-externalagent/1.1 (+https://developers.facebook.com/docs/sharing/webmasters/crawler)"
57.141.2.25 - - [10/Jul/2025:05:06:43 +0300] "GET /items/302444712.shtm HTTP/1.1" 500 - "-" "meta-externalagent/1.1 (+https://developers.facebook.com/docs/sharing/webmasters/crawler)"
57.141.2.8 - - [10/Jul/2025:05:07:10 +0300] "GET /items/419232547.shtm HTTP/1.1" 500 - "-" "meta-externalagent/1.1 (+https://developers.facebook.com/docs/sharing/webmasters/crawler)"
57.141.2.25 - - [10/Jul/2025:05:07:16 +0300] "GET /items/608033683.shtm HTTP/1.1" 500 - "-" "meta-externalagent/1.1 (+https://developers.facebook.com/docs/sharing/webmasters/crawler)"
57.141.2.5 - - [10/Jul/2025:05:07:27 +0300] "GET /k/shopdetail/159751844.shtm HTTP/1.1" 500 - "-" "meta-externalagent/1.1 (+https://developers.facebook.com/docs/sharing/webmasters/crawler)"
57.141.2.13 - - [10/Jul/2025:05:09:08 +0300] "GET /items/317422721.shtm HTTP/1.1" 500 - "-" "meta-externalagent/1.1 (+https://developers.facebook.com/docs/sharing/webmasters/crawler)"
57.141.2.14 - - [10/Jul/2025:05:10:03 +0300] "GET /items/92132209.shtm HTTP/1.1" 500 - "-" "meta-externalagent/1.1 (+https://developers.facebook.com/docs/sharing/webmasters/crawler)"
57.141.2.14 - - [10/Jul/2025:05:11:04 +0300] "GET /i/officionalis/shopdetail/698919892.shtm HTTP/1.1" 500 - "-" "meta-externalagent/1.1 (+https://developers.facebook.com/docs/sharing/webmasters/crawler)"
57.141.2.23 - - [10/Jul/2025:05:11:55 +0300] "GET /l/notable/shopdetail/197848711.shtm HTTP/1.1" 500 - "-" "meta-externalagent/1.1 (+https://developers.facebook.com/docs/sharing/webmasters/crawler)"
57.141.2.27 - - [10/Jul/2025:05:14:01 +0300] "GET /g/shopdetail/574050176.shtm HTTP/1.1" 500 - "-" "meta-externalagent/1.1 (+https://developers.facebook.com/docs/sharing/webmasters/crawler)"
57.141.2.3 - - [10/Jul/2025:05:15:02 +0300] "GET /items/307464264.shtm HTTP/1.1" 500 - "-" "meta-externalagent/1.1 (+https://developers.facebook.com/docs/sharing/webmasters/crawler)"
57.141.2.2 - - [10/Jul/2025:05:17:11 +0300] "GET /sk152337338.shtm HTTP/1.1" 500 - "-" "meta-externalagent/1.1 (+https://developers.facebook.com/docs/sharing/webmasters/crawler)"
57.141.2.11 - - [10/Jul/2025:05:20:08 +0300] "GET /items/37934784.shtm HTTP/1.1" 500 - "-" "meta-externalagent/1.1 (+https://developers.facebook.com/docs/sharing/webmasters/crawler)"
57.141.2.21 - - [10/Jul/2025:05:21:35 +0300] "GET /zb/points/shopdetail/585733331.shtm HTTP/1.1" 500 - "-" "meta-externalagent/1.1 (+https://developers.facebook.com/docs/sharing/webmasters/crawler)"
57.141.2.6 - - [10/Jul/2025:05:22:15 +0300] "GET /items/450665829.shtm HTTP/1.1" 500 - "-" "meta-externalagent/1.1 (+https://developers.facebook.com/docs/sharing/webmasters/crawler)"
57.141.2.12 - - [10/Jul/2025:05:23:21 +0300] "GET /items/163351538.shtm HTTP/1.1" 500 - "-" "meta-externalagent/1.1 (+https://developers.facebook.com/docs/sharing/webmasters/crawler)"
57.141.2.18 - - [10/Jul/2025:05:23:57 +0300] "GET /items/38937809.shtm HTTP/1.1" 500 - "-" "meta-externalagent/1.1 (+https://developers.facebook.com/docs/sharing/webmasters/crawler)"
57.141.2.24 - - [10/Jul/2025:05:24:33 +0300] "GET /c/116421138.shtm HTTP/1.1" 500 - "-" "meta-externalagent/1.1 (+https://developers.facebook.com/docs/sharing/webmasters/crawler)"
57.141.2.8 - - [10/Jul/2025:05:24:47 +0300] "GET /items/472855527.shtm HTTP/1.1" 500 - "-" "meta-externalagent/1.1 (+https://developers.facebook.com/docs/sharing/webmasters/crawler)"
57.141.2.25 - - [10/Jul/2025:05:26:52 +0300] "GET /k/shopping/342736846.shtm HTTP/1.1" 500 - "-" "meta-externalagent/1.1 (+https://developers.facebook.com/docs/sharing/webmasters/crawler)"
57.141.2.18 - - [10/Jul/2025:05:27:42 +0300] "GET /sitemap-mobile-2018.xml HTTP/1.1" 500 - "-" "meta-externalagent/1.1 (+https://developers.facebook.com/docs/sharing/webmasters/crawler)"
57.141.2.23 - - [10/Jul/2025:05:28:23 +0300] "GET /j/retinasphalt/products/338664467.shtm HTTP/1.1" 500 - "-" "meta-externalagent/1.1 (+https://developers.facebook.com/docs/sharing/webmasters/crawler)"
57.141.2.4 - - [10/Jul/2025:05:29:03 +0300] "GET /items/401241554.shtm HTTP/1.1" 500 - "-" "meta-externalagent/1.1 (+https://developers.facebook.com/docs/sharing/webmasters/crawler)"
57.141.2.17 - - [10/Jul/2025:05:31:13 +0300] "GET /ii/goods/416683366.shtm HTTP/1.1" 500 - "-" "meta-externalagent/1.1 (+https://developers.facebook.com/docs/sharing/webmasters/crawler)"
57.141.2.12 - - [10/Jul/2025:05:32:12 +0300] "GET /h/undeserved/shopdetail/656330689.shtm HTTP/1.1" 500 - "-" "meta-externalagent/1.1 (+https://developers.facebook.com/docs/sharing/webmasters/crawler)"
57.141.2.22 - - [10/Jul/2025:05:33:25 +0300] "GET /ii/274672224.shtm HTTP/1.1" 500 - "-" "meta-externalagent/1.1 (+https://developers.facebook.com/docs/sharing/webmasters/crawler)"
57.141.2.24 - - [10/Jul/2025:05:34:28 +0300] "GET /items/577630060.shtm HTTP/1.1" 500 - "-" "meta-externalagent/1.1 (+https://developers.facebook.com/docs/sharing/webmasters/crawler)"
57.141.2.23 - - [10/Jul/2025:05:35:34 +0300] "GET /i308880450.shtm HTTP/1.1" 500 - "-" "meta-externalagent/1.1 (+https://developers.facebook.com/docs/sharing/webmasters/crawler)"
57.141.2.30 - - [10/Jul/2025:05:39:54 +0300] "GET /items/28716264.shtm HTTP/1.1" 500 - "-" "meta-externalagent/1.1 (+https://developers.facebook.com/docs/sharing/webmasters/crawler)"
57.141.2.5 - - [10/Jul/2025:05:42:50 +0300] "GET /items/475477021.shtm HTTP/1.1" 500 - "-" "meta-externalagent/1.1 (+https://developers.facebook.com/docs/sharing/webmasters/crawler)"
5.188.86.198 - - [10/Jul/2025:05:43:04 +0300] "GET /index.php/jk HTTP/1.1" 500 - "-" "Mozilla/5.0 (iPad; U; CPU OS 4_2_3 like Mac OS X; ja) AppleWebKit/533.17.9 (KHTML, like Gecko) Version/5.0.2 Mobile/8J2 Safari/6533.18.5"
57.141.2.2 - - [10/Jul/2025:05:53:09 +0300] "GET /items/127201221.shtm HTTP/1.1" 500 - "-" "meta-externalagent/1.1 (+https://developers.facebook.com/docs/sharing/webmasters/crawler)"
57.141.2.10 - - [10/Jul/2025:05:54:38 +0300] "GET /hj/shopdetail/420455603.shtm HTTP/1.1" 500 - "-" "meta-externalagent/1.1 (+https://developers.facebook.com/docs/sharing/webmasters/crawler)"
57.141.2.25 - - [10/Jul/2025:05:55:22 +0300] "GET /items/44456905.shtm HTTP/1.1" 500 - "-" "meta-externalagent/1.1 (+https://developers.facebook.com/docs/sharing/webmasters/crawler)"
57.141.2.3 - - [10/Jul/2025:05:56:05 +0300] "GET /s/simonian/shopdetail/390946678.shtm HTTP/1.1" 500 - "-" "meta-externalagent/1.1 (+https://developers.facebook.com/docs/sharing/webmasters/crawler)"
216.73.216.158 - - [10/Jul/2025:06:00:15 +0300] "GET /robots.txt HTTP/1.1" 200 87 "-" "Mozilla/5.0 AppleWebKit/537.36 (KHTML, like Gecko; compatible; ClaudeBot/1.0; +claudebot@anthropic.com)"
216.73.216.158 - - [10/Jul/2025:06:00:19 +0300] "GET /sitemap.xml HTTP/1.1" 500 - "-" "Mozilla/5.0 AppleWebKit/537.36 (KHTML, like Gecko; compatible; ClaudeBot/1.0; +claudebot@anthropic.com)"
57.141.2.30 - - [10/Jul/2025:06:02:59 +0300] "GET /items/478775788.shtm HTTP/1.1" 500 - "-" "meta-externalagent/1.1 (+https://developers.facebook.com/docs/sharing/webmasters/crawler)"
57.141.2.2 - - [10/Jul/2025:06:03:35 +0300] "GET /jit/shopdetail/308812861.shtm HTTP/1.1" 500 - "-" "meta-externalagent/1.1 (+https://developers.facebook.com/docs/sharing/webmasters/crawler)"
57.141.2.9 - - [10/Jul/2025:06:04:20 +0300] "GET /items/333406883.shtm HTTP/1.1" 500 - "-" "meta-externalagent/1.1 (+https://developers.facebook.com/docs/sharing/webmasters/crawler)"
57.141.2.6 - - [10/Jul/2025:06:04:44 +0300] "GET /items/452747565.shtm HTTP/1.1" 500 - "-" "meta-externalagent/1.1 (+https://developers.facebook.com/docs/sharing/webmasters/crawler)"
57.141.2.28 - - [10/Jul/2025:06:07:23 +0300] "GET /items/206785863.shtm HTTP/1.1" 500 - "-" "meta-externalagent/1.1 (+https://developers.facebook.com/docs/sharing/webmasters/crawler)"
57.141.2.19 - - [10/Jul/2025:06:08:44 +0300] "GET /bv/shopdetail/338717179.shtm HTTP/1.1" 500 - "-" "meta-externalagent/1.1 (+https://developers.facebook.com/docs/sharing/webmasters/crawler)"
57.141.2.1 - - [10/Jul/2025:06:09:42 +0300] "GET /items/654615927.shtm HTTP/1.1" 500 - "-" "meta-externalagent/1.1 (+https://developers.facebook.com/docs/sharing/webmasters/crawler)"
57.141.2.1 - - [10/Jul/2025:06:10:40 +0300] "GET /items/47814409.shtm HTTP/1.1" 500 - "-" "meta-externalagent/1.1 (+https://developers.facebook.com/docs/sharing/webmasters/crawler)"
57.141.2.20 - - [10/Jul/2025:06:10:53 +0300] "GET /me/shopdetail/191009186.shtm HTTP/1.1" 500 - "-" "meta-externalagent/1.1 (+https://developers.facebook.com/docs/sharing/webmasters/crawler)"
57.141.2.19 - - [10/Jul/2025:06:13:52 +0300] "GET /k/shopdetail/562867388.shtm HTTP/1.1" 500 - "-" "meta-externalagent/1.1 (+https://developers.facebook.com/docs/sharing/webmasters/crawler)"
57.141.2.22 - - [10/Jul/2025:06:19:15 +0300] "GET /items/115461955.shtm HTTP/1.1" 500 - "-" "meta-externalagent/1.1 (+https://developers.facebook.com/docs/sharing/webmasters/crawler)"
57.141.2.19 - - [10/Jul/2025:06:20:07 +0300] "GET /vyx/36412893.shtm HTTP/1.1" 500 - "-" "meta-externalagent/1.1 (+https://developers.facebook.com/docs/sharing/webmasters/crawler)"
57.141.2.16 - - [10/Jul/2025:06:21:22 +0300] "GET /items/489216824.shtm HTTP/1.1" 500 - "-" "meta-externalagent/1.1 (+https://developers.facebook.com/docs/sharing/webmasters/crawler)"
57.141.2.10 - - [10/Jul/2025:06:21:53 +0300] "GET /items/468994544.shtm HTTP/1.1" 500 - "-" "meta-externalagent/1.1 (+https://developers.facebook.com/docs/sharing/webmasters/crawler)"
57.141.2.11 - - [10/Jul/2025:06:22:39 +0300] "GET /df/loups/goodscode321853979.shtm HTTP/1.1" 500 - "-" "meta-externalagent/1.1 (+https://developers.facebook.com/docs/sharing/webmasters/crawler)"
57.141.2.27 - - [10/Jul/2025:06:26:28 +0300] "GET /items/772468126.shtm HTTP/1.1" 500 - "-" "meta-externalagent/1.1 (+https://developers.facebook.com/docs/sharing/webmasters/crawler)"
57.141.2.27 - - [10/Jul/2025:06:27:11 +0300] "GET /items/751144169.shtm HTTP/1.1" 500 - "-" "meta-externalagent/1.1 (+https://developers.facebook.com/docs/sharing/webmasters/crawler)"
57.141.2.28 - - [10/Jul/2025:06:28:46 +0300] "GET /daf/fractional/shopdetail/656315561.shtm HTTP/1.1" 500 - "-" "meta-externalagent/1.1 (+https://developers.facebook.com/docs/sharing/webmasters/crawler)"
57.141.2.5 - - [10/Jul/2025:06:30:17 +0300] "GET /sitemap-child-1271.xml HTTP/1.1" 500 - "-" "meta-externalagent/1.1 (+https://developers.facebook.com/docs/sharing/webmasters/crawler)"
57.141.2.13 - - [10/Jul/2025:06:31:02 +0300] "GET /items/608177773.shtm HTTP/1.1" 500 - "-" "meta-externalagent/1.1 (+https://developers.facebook.com/docs/sharing/webmasters/crawler)"
57.141.2.2 - - [10/Jul/2025:06:31:29 +0300] "GET /i/specificness/shopdetail/197773784.shtm HTTP/1.1" 500 - "-" "meta-externalagent/1.1 (+https://developers.facebook.com/docs/sharing/webmasters/crawler)"
57.141.2.3 - - [10/Jul/2025:06:31:49 +0300] "GET /items/372541743.shtm HTTP/1.1" 500 - "-" "meta-externalagent/1.1 (+https://developers.facebook.com/docs/sharing/webmasters/crawler)"
57.141.2.27 - - [10/Jul/2025:06:33:15 +0300] "GET /sitemap-child-970.xml HTTP/1.1" 500 - "-" "meta-externalagent/1.1 (+https://developers.facebook.com/docs/sharing/webmasters/crawler)"
57.141.2.26 - - [10/Jul/2025:06:35:06 +0300] "GET /items/191956887.shtm HTTP/1.1" 500 - "-" "meta-externalagent/1.1 (+https://developers.facebook.com/docs/sharing/webmasters/crawler)"
57.141.2.12 - - [10/Jul/2025:06:35:24 +0300] "GET /items/581335993.shtm HTTP/1.1" 500 - "-" "meta-externalagent/1.1 (+https://developers.facebook.com/docs/sharing/webmasters/crawler)"
57.141.2.29 - - [10/Jul/2025:06:37:40 +0300] "GET /a/shopdetail/91387070.shtm HTTP/1.1" 500 - "-" "meta-externalagent/1.1 (+https://developers.facebook.com/docs/sharing/webmasters/crawler)"
57.141.2.20 - - [10/Jul/2025:06:38:37 +0300] "GET /c/goods/21573216.shtm HTTP/1.1" 500 - "-" "meta-externalagent/1.1 (+https://developers.facebook.com/docs/sharing/webmasters/crawler)"
57.141.2.7 - - [10/Jul/2025:06:43:38 +0300] "GET /items/689226884.shtm HTTP/1.1" 500 - "-" "meta-externalagent/1.1 (+https://developers.facebook.com/docs/sharing/webmasters/crawler)"
5.188.86.198 - - [10/Jul/2025:06:44:07 +0300] "GET /index.php/jk HTTP/1.1" 500 - "-" "Mozilla/5.0 (iPhone; CPU iPhone OS 14_1 like Mac OS X) AppleWebKit/605.1.15 (KHTML, like Gecko) Version/14.0 Mobile/15E148 Safari/604.1"
57.141.2.25 - - [10/Jul/2025:06:44:57 +0300] "GET /r/shopdetail/167239143.shtm HTTP/1.1" 500 - "-" "meta-externalagent/1.1 (+https://developers.facebook.com/docs/sharing/webmasters/crawler)"
57.141.2.12 - - [10/Jul/2025:06:46:49 +0300] "GET /sitemap-child-3059.xml HTTP/1.1" 500 - "-" "meta-externalagent/1.1 (+https://developers.facebook.com/docs/sharing/webmasters/crawler)"
57.141.2.5 - - [10/Jul/2025:06:48:29 +0300] "GET /z/484554591.shtm HTTP/1.1" 500 - "-" "meta-externalagent/1.1 (+https://developers.facebook.com/docs/sharing/webmasters/crawler)"
57.141.2.23 - - [10/Jul/2025:06:49:55 +0300] "GET /kyk/shopdetail/118982068.shtm HTTP/1.1" 500 - "-" "meta-externalagent/1.1 (+https://developers.facebook.com/docs/sharing/webmasters/crawler)"
57.141.2.10 - - [10/Jul/2025:06:50:30 +0300] "GET /n/hysteria/products/420511457.shtm HTTP/1.1" 500 - "-" "meta-externalagent/1.1 (+https://developers.facebook.com/docs/sharing/webmasters/crawler)"
57.141.2.30 - - [10/Jul/2025:06:53:43 +0300] "GET /items/372443607.shtm HTTP/1.1" 500 - "-" "meta-externalagent/1.1 (+https://developers.facebook.com/docs/sharing/webmasters/crawler)"
57.141.2.9 - - [10/Jul/2025:07:00:05 +0300] "GET /items/258539282.shtm HTTP/1.1" 500 - "-" "meta-externalagent/1.1 (+https://developers.facebook.com/docs/sharing/webmasters/crawler)"
57.141.2.26 - - [10/Jul/2025:07:00:19 +0300] "GET /hj/totalizer/shopdetail/420509891.shtm HTTP/1.1" 500 - "-" "meta-externalagent/1.1 (+https://developers.facebook.com/docs/sharing/webmasters/crawler)"
57.141.2.10 - - [10/Jul/2025:07:02:59 +0300] "GET /c/goods/323618596.shtm HTTP/1.1" 500 - "-" "meta-externalagent/1.1 (+https://developers.facebook.com/docs/sharing/webmasters/crawler)"
57.141.2.29 - - [10/Jul/2025:07:03:35 +0300] "GET /items/38467224.shtm HTTP/1.1" 500 - "-" "meta-externalagent/1.1 (+https://developers.facebook.com/docs/sharing/webmasters/crawler)"
57.141.2.7 - - [10/Jul/2025:07:04:43 +0300] "GET /items/180453824.shtm HTTP/1.1" 500 - "-" "meta-externalagent/1.1 (+https://developers.facebook.com/docs/sharing/webmasters/crawler)"
57.141.2.30 - - [10/Jul/2025:07:05:29 +0300] "GET /x/442989299.shtm HTTP/1.1" 500 - "-" "meta-externalagent/1.1 (+https://developers.facebook.com/docs/sharing/webmasters/crawler)"
57.141.2.6 - - [10/Jul/2025:07:06:20 +0300] "GET /items/604913177.shtm HTTP/1.1" 500 - "-" "meta-externalagent/1.1 (+https://developers.facebook.com/docs/sharing/webmasters/crawler)"
57.141.2.26 - - [10/Jul/2025:07:06:25 +0300] "GET /items/583042411.shtm HTTP/1.1" 500 - "-" "meta-externalagent/1.1 (+https://developers.facebook.com/docs/sharing/webmasters/crawler)"
57.141.2.23 - - [10/Jul/2025:07:07:17 +0300] "GET /pfz/pranker/entity21427327.shtm HTTP/1.1" 500 - "-" "meta-externalagent/1.1 (+https://developers.facebook.com/docs/sharing/webmasters/crawler)"
57.141.2.12 - - [10/Jul/2025:07:07:41 +0300] "GET /pcr/shopdetail/98848793.shtm HTTP/1.1" 500 - "-" "meta-externalagent/1.1 (+https://developers.facebook.com/docs/sharing/webmasters/crawler)"
57.141.2.20 - - [10/Jul/2025:07:11:31 +0300] "GET /items/563896232.shtm HTTP/1.1" 500 - "-" "meta-externalagent/1.1 (+https://developers.facebook.com/docs/sharing/webmasters/crawler)"
57.141.2.23 - - [10/Jul/2025:07:12:38 +0300] "GET /items/472853178.shtm HTTP/1.1" 500 - "-" "meta-externalagent/1.1 (+https://developers.facebook.com/docs/sharing/webmasters/crawler)"
57.141.2.13 - - [10/Jul/2025:07:13:47 +0300] "GET /items/573781876.shtm HTTP/1.1" 500 - "-" "meta-externalagent/1.1 (+https://developers.facebook.com/docs/sharing/webmasters/crawler)"
57.141.2.21 - - [10/Jul/2025:07:14:01 +0300] "GET /items/450481824.shtm HTTP/1.1" 500 - "-" "meta-externalagent/1.1 (+https://developers.facebook.com/docs/sharing/webmasters/crawler)"
57.141.2.8 - - [10/Jul/2025:07:17:34 +0300] "GET /items/705082375.shtm HTTP/1.1" 500 - "-" "meta-externalagent/1.1 (+https://developers.facebook.com/docs/sharing/webmasters/crawler)"
57.141.2.21 - - [10/Jul/2025:07:20:11 +0300] "GET /tn/shopdetail/91406107.shtm HTTP/1.1" 500 - "-" "meta-externalagent/1.1 (+https://developers.facebook.com/docs/sharing/webmasters/crawler)"
57.141.2.15 - - [10/Jul/2025:07:20:57 +0300] "GET /bd/hemicrany/shopdetail/104478039.shtm HTTP/1.1" 500 - "-" "meta-externalagent/1.1 (+https://developers.facebook.com/docs/sharing/webmasters/crawler)"
57.141.2.11 - - [10/Jul/2025:07:21:56 +0300] "GET /items/704990232.shtm HTTP/1.1" 500 - "-" "meta-externalagent/1.1 (+https://developers.facebook.com/docs/sharing/webmasters/crawler)"
57.141.2.8 - - [10/Jul/2025:07:31:57 +0300] "GET /tev/shopdetail/307878995.shtm HTTP/1.1" 500 - "-" "meta-externalagent/1.1 (+https://developers.facebook.com/docs/sharing/webmasters/crawler)"
57.141.2.7 - - [10/Jul/2025:07:32:27 +0300] "GET /items/312572809.shtm HTTP/1.1" 500 - "-" "meta-externalagent/1.1 (+https://developers.facebook.com/docs/sharing/webmasters/crawler)"
57.141.2.18 - - [10/Jul/2025:07:35:16 +0300] "GET /zj/forkerve/shopdetail/151958647.shtm HTTP/1.1" 500 - "-" "meta-externalagent/1.1 (+https://developers.facebook.com/docs/sharing/webmasters/crawler)"
57.141.2.15 - - [10/Jul/2025:07:36:07 +0300] "GET /zat/marsipobranchii/shopdetail/688874257.shtm HTTP/1.1" 500 - "-" "meta-externalagent/1.1 (+https://developers.facebook.com/docs/sharing/webmasters/crawler)"
57.141.2.27 - - [10/Jul/2025:07:37:33 +0300] "GET /u/pennsylvanicus/shopdetail/391130422.shtm HTTP/1.1" 500 - "-" "meta-externalagent/1.1 (+https://developers.facebook.com/docs/sharing/webmasters/crawler)"
57.141.2.29 - - [10/Jul/2025:07:38:06 +0300] "GET /items/473061187.shtm HTTP/1.1" 500 - "-" "meta-externalagent/1.1 (+https://developers.facebook.com/docs/sharing/webmasters/crawler)"
57.141.2.21 - - [10/Jul/2025:07:38:44 +0300] "GET /items/199047223.shtm HTTP/1.1" 500 - "-" "meta-externalagent/1.1 (+https://developers.facebook.com/docs/sharing/webmasters/crawler)"
57.141.2.24 - - [10/Jul/2025:07:40:31 +0300] "GET /e/shopdetail/152415124.shtm HTTP/1.1" 500 - "-" "meta-externalagent/1.1 (+https://developers.facebook.com/docs/sharing/webmasters/crawler)"
57.141.2.27 - - [10/Jul/2025:07:42:45 +0300] "GET /items/485426068.shtm HTTP/1.1" 500 - "-" "meta-externalagent/1.1 (+https://developers.facebook.com/docs/sharing/webmasters/crawler)"
57.141.2.13 - - [10/Jul/2025:07:42:58 +0300] "GET /items/233414396.shtm HTTP/1.1" 500 - "-" "meta-externalagent/1.1 (+https://developers.facebook.com/docs/sharing/webmasters/crawler)"
5.188.86.198 - - [10/Jul/2025:07:45:08 +0300] "GET /index.php/jk HTTP/1.1" 500 - "-" "Mozilla/5.0 (Windows NT 10.0; Win64; x64) AppleWebKit/537.36 (KHTML, like Gecko) Chrome/82.0.3292.140 Safari/537.36 Edge/18.18761"
57.141.2.4 - - [10/Jul/2025:07:46:26 +0300] "GET /f/goods/517237533.shtm HTTP/1.1" 500 - "-" "meta-externalagent/1.1 (+https://developers.facebook.com/docs/sharing/webmasters/crawler)"
57.141.2.18 - - [10/Jul/2025:07:48:37 +0300] "GET /items/151979527.shtm HTTP/1.1" 500 - "-" "meta-externalagent/1.1 (+https://developers.facebook.com/docs/sharing/webmasters/crawler)"
57.141.2.3 - - [10/Jul/2025:07:52:51 +0300] "GET /x/goods/274622373.shtm HTTP/1.1" 500 - "-" "meta-externalagent/1.1 (+https://developers.facebook.com/docs/sharing/webmasters/crawler)"
57.141.2.14 - - [10/Jul/2025:07:54:01 +0300] "GET /items/47609010.shtm HTTP/1.1" 500 - "-" "meta-externalagent/1.1 (+https://developers.facebook.com/docs/sharing/webmasters/crawler)"
57.141.2.4 - - [10/Jul/2025:07:57:03 +0300] "GET /items/202694688.shtm HTTP/1.1" 500 - "-" "meta-externalagent/1.1 (+https://developers.facebook.com/docs/sharing/webmasters/crawler)"
57.141.2.19 - - [10/Jul/2025:07:57:36 +0300] "GET /j/shopdetail/104445685.shtm HTTP/1.1" 500 - "-" "meta-externalagent/1.1 (+https://developers.facebook.com/docs/sharing/webmasters/crawler)"
57.141.2.22 - - [10/Jul/2025:07:57:55 +0300] "GET /items/450626930.shtm HTTP/1.1" 500 - "-" "meta-externalagent/1.1 (+https://developers.facebook.com/docs/sharing/webmasters/crawler)"
57.141.2.10 - - [10/Jul/2025:07:58:34 +0300] "GET /awa/shopdetail/38897352.shtm HTTP/1.1" 500 - "-" "meta-externalagent/1.1 (+https://developers.facebook.com/docs/sharing/webmasters/crawler)"
57.141.2.12 - - [10/Jul/2025:07:59:18 +0300] "GET /items/778546296.shtm HTTP/1.1" 500 - "-" "meta-externalagent/1.1 (+https://developers.facebook.com/docs/sharing/webmasters/crawler)"
192.254.250.180 - - [10/Jul/2025:08:00:44 +0300] "POST /xmlrpc.php HTTP/1.1" 500 - "https://bulletin.kckglobal.net" "Mozilla/5.0 (Macintosh; Intel Mac OS X 10_15_7) AppleWebKit/537.36 (KHTML, like Gecko) Chrome/126.0.0.0 Safari/537.36"
57.141.2.28 - - [10/Jul/2025:08:04:51 +0300] "GET /items/680924978.shtm HTTP/1.1" 500 - "-" "meta-externalagent/1.1 (+https://developers.facebook.com/docs/sharing/webmasters/crawler)"
57.141.2.30 - - [10/Jul/2025:08:05:41 +0300] "GET /bl/chemistry/shopdetail/477408943.shtm HTTP/1.1" 500 - "-" "meta-externalagent/1.1 (+https://developers.facebook.com/docs/sharing/webmasters/crawler)"
57.141.2.14 - - [10/Jul/2025:08:09:45 +0300] "GET /iui/shopdetail/518018184.shtm HTTP/1.1" 500 - "-" "meta-externalagent/1.1 (+https://developers.facebook.com/docs/sharing/webmasters/crawler)"
57.141.2.4 - - [10/Jul/2025:08:11:27 +0300] "GET /p/entity723731329.shtm HTTP/1.1" 500 - "-" "meta-externalagent/1.1 (+https://developers.facebook.com/docs/sharing/webmasters/crawler)"
57.141.2.16 - - [10/Jul/2025:08:15:39 +0300] "GET /kk/products/743904288.shtm HTTP/1.1" 500 - "-" "meta-externalagent/1.1 (+https://developers.facebook.com/docs/sharing/webmasters/crawler)"
57.141.2.26 - - [10/Jul/2025:08:16:19 +0300] "GET /items/311632964.shtm HTTP/1.1" 500 - "-" "meta-externalagent/1.1 (+https://developers.facebook.com/docs/sharing/webmasters/crawler)"
57.141.2.21 - - [10/Jul/2025:08:16:40 +0300] "GET /items/660317743.shtm HTTP/1.1" 500 - "-" "meta-externalagent/1.1 (+https://developers.facebook.com/docs/sharing/webmasters/crawler)"
57.141.2.13 - - [10/Jul/2025:08:16:54 +0300] "GET /items/573036733.shtm HTTP/1.1" 500 - "-" "meta-externalagent/1.1 (+https://developers.facebook.com/docs/sharing/webmasters/crawler)"
57.141.2.13 - - [10/Jul/2025:08:17:29 +0300] "GET /items/191974372.shtm HTTP/1.1" 500 - "-" "meta-externalagent/1.1 (+https://developers.facebook.com/docs/sharing/webmasters/crawler)"
57.141.2.14 - - [10/Jul/2025:08:18:33 +0300] "GET /sitemap-child-654.xml HTTP/1.1" 500 - "-" "meta-externalagent/1.1 (+https://developers.facebook.com/docs/sharing/webmasters/crawler)"
57.141.2.12 - - [10/Jul/2025:08:19:42 +0300] "GET /items/199094976.shtm HTTP/1.1" 500 - "-" "meta-externalagent/1.1 (+https://developers.facebook.com/docs/sharing/webmasters/crawler)"
57.141.2.18 - - [10/Jul/2025:08:21:57 +0300] "GET /dx/aurochs/shopdetail/106297201.shtm HTTP/1.1" 500 - "-" "meta-externalagent/1.1 (+https://developers.facebook.com/docs/sharing/webmasters/crawler)"
4.227.36.12 - - [10/Jul/2025:08:22:18 +0300] "GET /robots.txt HTTP/1.1" 200 87 "-" "Mozilla/5.0 AppleWebKit/537.36 (KHTML, like Gecko; compatible; GPTBot/1.2; +https://openai.com/gptbot)"
20.171.207.98 - - [10/Jul/2025:08:22:18 +0300] "GET /sitemap-hot-2970169.xml HTTP/1.1" 500 - "-" "Mozilla/5.0 AppleWebKit/537.36 (KHTML, like Gecko; compatible; GPTBot/1.2; +https://openai.com/gptbot)"
20.171.207.98 - - [10/Jul/2025:08:22:32 +0300] "GET /sitemap.xml HTTP/1.1" 500 - "-" "Mozilla/5.0 AppleWebKit/537.36 (KHTML, like Gecko; compatible; GPTBot/1.2; +https://openai.com/gptbot)"
57.141.2.1 - - [10/Jul/2025:08:22:55 +0300] "GET /items/511573580.shtm HTTP/1.1" 500 - "-" "meta-externalagent/1.1 (+https://developers.facebook.com/docs/sharing/webmasters/crawler)"
57.141.2.16 - - [10/Jul/2025:08:23:54 +0300] "GET /mm/items37570948.shtm HTTP/1.1" 500 - "-" "meta-externalagent/1.1 (+https://developers.facebook.com/docs/sharing/webmasters/crawler)"
20.171.207.98 - - [10/Jul/2025:08:23:56 +0300] "GET /sitemap-hot-2986169.xml HTTP/1.1" 500 - "-" "Mozilla/5.0 AppleWebKit/537.36 (KHTML, like Gecko; compatible; GPTBot/1.2; +https://openai.com/gptbot)"
57.141.2.23 - - [10/Jul/2025:08:25:52 +0300] "GET /i/collaris/shopdetail/41207192.shtm HTTP/1.1" 500 - "-" "meta-externalagent/1.1 (+https://developers.facebook.com/docs/sharing/webmasters/crawler)"
20.171.207.98 - - [10/Jul/2025:08:28:23 +0300] "GET /sitemap-hot-2978169.xml HTTP/1.1" 500 - "-" "Mozilla/5.0 AppleWebKit/537.36 (KHTML, like Gecko; compatible; GPTBot/1.2; +https://openai.com/gptbot)"
20.171.207.98 - - [10/Jul/2025:08:29:13 +0300] "GET /sitemap-hot-2982169.xml HTTP/1.1" 500 - "-" "Mozilla/5.0 AppleWebKit/537.36 (KHTML, like Gecko; compatible; GPTBot/1.2; +https://openai.com/gptbot)"
20.171.207.98 - - [10/Jul/2025:08:30:13 +0300] "GET /sitemapindex.xml HTTP/1.1" 500 - "-" "Mozilla/5.0 AppleWebKit/537.36 (KHTML, like Gecko; compatible; GPTBot/1.2; +https://openai.com/gptbot)"
20.171.207.98 - - [10/Jul/2025:08:31:17 +0300] "GET /sitemap-hot-2984169.xml HTTP/1.1" 500 - "-" "Mozilla/5.0 AppleWebKit/537.36 (KHTML, like Gecko; compatible; GPTBot/1.2; +https://openai.com/gptbot)"
20.171.207.98 - - [10/Jul/2025:08:32:18 +0300] "GET /sitemap-hot-2972169.xml HTTP/1.1" 500 - "-" "Mozilla/5.0 AppleWebKit/537.36 (KHTML, like Gecko; compatible; GPTBot/1.2; +https://openai.com/gptbot)"
20.171.207.98 - - [10/Jul/2025:08:33:37 +0300] "GET /sitemap-hot-2994169.xml HTTP/1.1" 500 - "-" "Mozilla/5.0 AppleWebKit/537.36 (KHTML, like Gecko; compatible; GPTBot/1.2; +https://openai.com/gptbot)"
20.171.207.98 - - [10/Jul/2025:08:34:42 +0300] "GET /sitemapmobileindex.xml HTTP/1.1" 500 - "-" "Mozilla/5.0 AppleWebKit/537.36 (KHTML, like Gecko; compatible; GPTBot/1.2; +https://openai.com/gptbot)"
57.141.2.27 - - [10/Jul/2025:08:35:30 +0300] "GET /items/384431596.shtm HTTP/1.1" 500 - "-" "meta-externalagent/1.1 (+https://developers.facebook.com/docs/sharing/webmasters/crawler)"
20.171.207.98 - - [10/Jul/2025:08:35:44 +0300] "GET /sitemap-hot-2980169.xml HTTP/1.1" 500 - "-" "Mozilla/5.0 AppleWebKit/537.36 (KHTML, like Gecko; compatible; GPTBot/1.2; +https://openai.com/gptbot)"
57.141.2.11 - - [10/Jul/2025:08:35:45 +0300] "GET /items/47527317.shtm HTTP/1.1" 500 - "-" "meta-externalagent/1.1 (+https://developers.facebook.com/docs/sharing/webmasters/crawler)"
57.141.2.30 - - [10/Jul/2025:08:35:59 +0300] "GET /items/660367584.shtm HTTP/1.1" 500 - "-" "meta-externalagent/1.1 (+https://developers.facebook.com/docs/sharing/webmasters/crawler)"
57.141.2.23 - - [10/Jul/2025:08:36:45 +0300] "GET /items/776023741.shtm HTTP/1.1" 500 - "-" "meta-externalagent/1.1 (+https://developers.facebook.com/docs/sharing/webmasters/crawler)"
20.171.207.98 - - [10/Jul/2025:08:36:47 +0300] "GET /sitemap-hot-2996169.xml HTTP/1.1" 500 - "-" "Mozilla/5.0 AppleWebKit/537.36 (KHTML, like Gecko; compatible; GPTBot/1.2; +https://openai.com/gptbot)"
20.171.207.98 - - [10/Jul/2025:08:37:50 +0300] "GET /sitemap-hot-2966169.xml HTTP/1.1" 500 - "-" "Mozilla/5.0 AppleWebKit/537.36 (KHTML, like Gecko; compatible; GPTBot/1.2; +https://openai.com/gptbot)"
57.141.2.9 - - [10/Jul/2025:08:39:13 +0300] "GET /items/388007561.shtm HTTP/1.1" 500 - "-" "meta-externalagent/1.1 (+https://developers.facebook.com/docs/sharing/webmasters/crawler)"
20.171.207.98 - - [10/Jul/2025:08:39:52 +0300] "GET /sitemap-hot-2990169.xml HTTP/1.1" 500 - "-" "Mozilla/5.0 AppleWebKit/537.36 (KHTML, like Gecko; compatible; GPTBot/1.2; +https://openai.com/gptbot)"
57.141.2.18 - - [10/Jul/2025:08:40:10 +0300] "GET /items/312415695.shtm HTTP/1.1" 500 - "-" "meta-externalagent/1.1 (+https://developers.facebook.com/docs/sharing/webmasters/crawler)"
20.171.207.98 - - [10/Jul/2025:08:40:57 +0300] "GET /sitemap-hot-2990169.xml HTTP/1.1" 500 - "-" "Mozilla/5.0 AppleWebKit/537.36 (KHTML, like Gecko; compatible; GPTBot/1.2; +https://openai.com/gptbot)"
20.171.207.98 - - [10/Jul/2025:08:41:58 +0300] "GET /sitemap-hot-2968169.xml HTTP/1.1" 500 - "-" "Mozilla/5.0 AppleWebKit/537.36 (KHTML, like Gecko; compatible; GPTBot/1.2; +https://openai.com/gptbot)"
20.171.207.98 - - [10/Jul/2025:08:43:00 +0300] "GET /sitemap-hot-2968169.xml HTTP/1.1" 500 - "-" "Mozilla/5.0 AppleWebKit/537.36 (KHTML, like Gecko; compatible; GPTBot/1.2; +https://openai.com/gptbot)"
20.171.207.98 - - [10/Jul/2025:08:44:03 +0300] "GET /sitemap-hot-2992169.xml HTTP/1.1" 500 - "-" "Mozilla/5.0 AppleWebKit/537.36 (KHTML, like Gecko; compatible; GPTBot/1.2; +https://openai.com/gptbot)"
57.141.2.22 - - [10/Jul/2025:08:44:39 +0300] "GET /items/472927824.shtm HTTP/1.1" 500 - "-" "meta-externalagent/1.1 (+https://developers.facebook.com/docs/sharing/webmasters/crawler)"
57.141.2.9 - - [10/Jul/2025:08:45:05 +0300] "GET /items/526415084.shtm HTTP/1.1" 500 - "-" "meta-externalagent/1.1 (+https://developers.facebook.com/docs/sharing/webmasters/crawler)"
20.171.207.98 - - [10/Jul/2025:08:45:07 +0300] "GET /sitemap-hot-2992169.xml HTTP/1.1" 500 - "-" "Mozilla/5.0 AppleWebKit/537.36 (KHTML, like Gecko; compatible; GPTBot/1.2; +https://openai.com/gptbot)"
57.141.2.25 - - [10/Jul/2025:08:45:14 +0300] "GET /items/169286419.shtm HTTP/1.1" 500 - "-" "meta-externalagent/1.1 (+https://developers.facebook.com/docs/sharing/webmasters/crawler)"
57.141.2.8 - - [10/Jul/2025:08:46:05 +0300] "GET /i/shopdetail/368271522.shtm HTTP/1.1" 500 - "-" "meta-externalagent/1.1 (+https://developers.facebook.com/docs/sharing/webmasters/crawler)"
5.188.86.198 - - [10/Jul/2025:08:46:10 +0300] "GET /index.php/jk HTTP/1.1" 500 - "-" "Mozilla/5.0 (iPhone; CPU iPhone OS 12_3 like Mac OS X) AppleWebKit/605.1.15 (KHTML, like Gecko) Version/12.0.4 Mobile/15E148 Safari/604.1"
57.141.2.16 - - [10/Jul/2025:08:47:17 +0300] "GET /t/shopdetail/104428441.shtm HTTP/1.1" 500 - "-" "meta-externalagent/1.1 (+https://developers.facebook.com/docs/sharing/webmasters/crawler)"
57.141.2.19 - - [10/Jul/2025:08:47:55 +0300] "GET /dmn/314267239.shtm HTTP/1.1" 500 - "-" "meta-externalagent/1.1 (+https://developers.facebook.com/docs/sharing/webmasters/crawler)"
57.141.2.9 - - [10/Jul/2025:08:48:48 +0300] "GET /items/350572076.shtm HTTP/1.1" 500 - "-" "meta-externalagent/1.1 (+https://developers.facebook.com/docs/sharing/webmasters/crawler)"
57.141.2.26 - - [10/Jul/2025:08:51:14 +0300] "GET /items/10689257.shtm HTTP/1.1" 500 - "-" "meta-externalagent/1.1 (+https://developers.facebook.com/docs/sharing/webmasters/crawler)"
57.141.2.17 - - [10/Jul/2025:08:53:17 +0300] "GET /knc/floridum/shopbrand472709096.shtm HTTP/1.1" 500 - "-" "meta-externalagent/1.1 (+https://developers.facebook.com/docs/sharing/webmasters/crawler)"
57.141.2.28 - - [10/Jul/2025:08:55:19 +0300] "GET /vx/spheroidally/shopdetail/395568209.shtm HTTP/1.1" 500 - "-" "meta-externalagent/1.1 (+https://developers.facebook.com/docs/sharing/webmasters/crawler)"
57.141.2.16 - - [10/Jul/2025:08:56:23 +0300] "GET /bd422184467.shtm HTTP/1.1" 500 - "-" "meta-externalagent/1.1 (+https://developers.facebook.com/docs/sharing/webmasters/crawler)"
216.73.216.158 - - [10/Jul/2025:08:56:30 +0300] "GET /robots.txt HTTP/1.1" 200 87 "-" "Mozilla/5.0 AppleWebKit/537.36 (KHTML, like Gecko; compatible; ClaudeBot/1.0; +claudebot@anthropic.com)"
216.73.216.158 - - [10/Jul/2025:08:56:30 +0300] "GET /sitemap.xml HTTP/1.1" 500 - "-" "Mozilla/5.0 AppleWebKit/537.36 (KHTML, like Gecko; compatible; ClaudeBot/1.0; +claudebot@anthropic.com)"
57.141.2.17 - - [10/Jul/2025:08:57:26 +0300] "GET /items/370388744.shtm HTTP/1.1" 500 - "-" "meta-externalagent/1.1 (+https://developers.facebook.com/docs/sharing/webmasters/crawler)"
57.141.2.5 - - [10/Jul/2025:08:57:33 +0300] "GET /items/706402232.shtm HTTP/1.1" 500 - "-" "meta-externalagent/1.1 (+https://developers.facebook.com/docs/sharing/webmasters/crawler)"
57.141.2.24 - - [10/Jul/2025:08:58:27 +0300] "GET /sitemap-mobile-1295.xml HTTP/1.1" 500 - "-" "meta-externalagent/1.1 (+https://developers.facebook.com/docs/sharing/webmasters/crawler)"
57.141.2.23 - - [10/Jul/2025:08:59:42 +0300] "GET /items/613739153.shtm HTTP/1.1" 500 - "-" "meta-externalagent/1.1 (+https://developers.facebook.com/docs/sharing/webmasters/crawler)"
57.141.2.17 - - [10/Jul/2025:09:04:05 +0300] "GET /ww/shopdetail/8169820.shtm HTTP/1.1" 500 - "-" "meta-externalagent/1.1 (+https://developers.facebook.com/docs/sharing/webmasters/crawler)"
57.141.2.5 - - [10/Jul/2025:09:05:03 +0300] "GET /r/shopdetail/43727157.shtm HTTP/1.1" 500 - "-" "meta-externalagent/1.1 (+https://developers.facebook.com/docs/sharing/webmasters/crawler)"
57.141.2.22 - - [10/Jul/2025:09:05:09 +0300] "GET /sitemap-child-2863.xml HTTP/1.1" 500 - "-" "meta-externalagent/1.1 (+https://developers.facebook.com/docs/sharing/webmasters/crawler)"
57.141.2.5 - - [10/Jul/2025:09:06:40 +0300] "GET /yg/shopdetail/214403156.shtm HTTP/1.1" 500 - "-" "meta-externalagent/1.1 (+https://developers.facebook.com/docs/sharing/webmasters/crawler)"
57.141.2.25 - - [10/Jul/2025:09:08:44 +0300] "GET /items/660471193.shtm HTTP/1.1" 500 - "-" "meta-externalagent/1.1 (+https://developers.facebook.com/docs/sharing/webmasters/crawler)"
57.141.2.25 - - [10/Jul/2025:09:09:36 +0300] "GET /items/519371479.shtm HTTP/1.1" 500 - "-" "meta-externalagent/1.1 (+https://developers.facebook.com/docs/sharing/webmasters/crawler)"
57.141.2.17 - - [10/Jul/2025:09:17:40 +0300] "GET /d/countervailing/shopdetail/449200575.shtm HTTP/1.1" 500 - "-" "meta-externalagent/1.1 (+https://developers.facebook.com/docs/sharing/webmasters/crawler)"
57.141.2.25 - - [10/Jul/2025:09:19:24 +0300] "GET /items/780581827.shtm HTTP/1.1" 500 - "-" "meta-externalagent/1.1 (+https://developers.facebook.com/docs/sharing/webmasters/crawler)"
57.141.2.14 - - [10/Jul/2025:09:20:09 +0300] "GET /lkn/736942115.shtm HTTP/1.1" 500 - "-" "meta-externalagent/1.1 (+https://developers.facebook.com/docs/sharing/webmasters/crawler)"
57.141.2.29 - - [10/Jul/2025:09:20:56 +0300] "GET /items/426198896.shtm HTTP/1.1" 500 - "-" "meta-externalagent/1.1 (+https://developers.facebook.com/docs/sharing/webmasters/crawler)"
57.141.2.23 - - [10/Jul/2025:09:25:51 +0300] "GET /sitemap-mobile-1103.xml HTTP/1.1" 500 - "-" "meta-externalagent/1.1 (+https://developers.facebook.com/docs/sharing/webmasters/crawler)"
57.141.2.19 - - [10/Jul/2025:09:27:54 +0300] "GET /items/472910596.shtm HTTP/1.1" 500 - "-" "meta-externalagent/1.1 (+https://developers.facebook.com/docs/sharing/webmasters/crawler)"
57.141.2.4 - - [10/Jul/2025:09:28:45 +0300] "GET /items/582168593.shtm HTTP/1.1" 500 - "-" "meta-externalagent/1.1 (+https://developers.facebook.com/docs/sharing/webmasters/crawler)"
57.141.2.3 - - [10/Jul/2025:09:29:25 +0300] "GET /items/478747078.shtm HTTP/1.1" 500 - "-" "meta-externalagent/1.1 (+https://developers.facebook.com/docs/sharing/webmasters/crawler)"
57.141.2.2 - - [10/Jul/2025:09:29:49 +0300] "GET /e/hearsal/shopdetail/686119940.shtm HTTP/1.1" 500 - "-" "meta-externalagent/1.1 (+https://developers.facebook.com/docs/sharing/webmasters/crawler)"
57.141.2.6 - - [10/Jul/2025:09:34:47 +0300] "GET /mam/barbastel/goods/214414108.shtm HTTP/1.1" 500 - "-" "meta-externalagent/1.1 (+https://developers.facebook.com/docs/sharing/webmasters/crawler)"
57.141.2.16 - - [10/Jul/2025:09:35:35 +0300] "GET /items/103116663.shtm HTTP/1.1" 500 - "-" "meta-externalagent/1.1 (+https://developers.facebook.com/docs/sharing/webmasters/crawler)"
57.141.2.23 - - [10/Jul/2025:09:37:27 +0300] "GET /g/shopdetail/659505762.shtm HTTP/1.1" 500 - "-" "meta-externalagent/1.1 (+https://developers.facebook.com/docs/sharing/webmasters/crawler)"
57.141.2.1 - - [10/Jul/2025:09:38:03 +0300] "GET /ksk/119036356.shtm HTTP/1.1" 500 - "-" "meta-externalagent/1.1 (+https://developers.facebook.com/docs/sharing/webmasters/crawler)"
57.141.2.1 - - [10/Jul/2025:09:42:57 +0300] "GET /items/191919032.shtm HTTP/1.1" 500 - "-" "meta-externalagent/1.1 (+https://developers.facebook.com/docs/sharing/webmasters/crawler)"
57.141.2.13 - - [10/Jul/2025:09:44:39 +0300] "GET /items/750121049.shtm HTTP/1.1" 500 - "-" "meta-externalagent/1.1 (+https://developers.facebook.com/docs/sharing/webmasters/crawler)"
5.188.86.198 - - [10/Jul/2025:09:47:13 +0300] "GET /index.php/jk HTTP/1.1" 500 - "-" "Mozilla/5.0 (iPhone; CPU iPhone OS 12_4 like Mac OS X) AppleWebKit/605.1.15 (KHTML, like Gecko) Version/12.4.2 Mobile/15E148 Safari/604.1"
57.141.2.3 - - [10/Jul/2025:09:48:25 +0300] "GET /ciu/hemolysis/shopdetail/98825552.shtm HTTP/1.1" 500 - "-" "meta-externalagent/1.1 (+https://developers.facebook.com/docs/sharing/webmasters/crawler)"
57.141.2.2 - - [10/Jul/2025:09:49:05 +0300] "GET /items/526999455.shtm HTTP/1.1" 500 - "-" "meta-externalagent/1.1 (+https://developers.facebook.com/docs/sharing/webmasters/crawler)"
57.141.2.24 - - [10/Jul/2025:09:49:59 +0300] "GET /items/195676651.shtm HTTP/1.1" 500 - "-" "meta-externalagent/1.1 (+https://developers.facebook.com/docs/sharing/webmasters/crawler)"
57.141.2.6 - - [10/Jul/2025:09:50:03 +0300] "GET /items/297104642.shtm HTTP/1.1" 500 - "-" "meta-externalagent/1.1 (+https://developers.facebook.com/docs/sharing/webmasters/crawler)"
57.141.2.19 - - [10/Jul/2025:09:52:22 +0300] "GET /items/313866343.shtm HTTP/1.1" 500 - "-" "meta-externalagent/1.1 (+https://developers.facebook.com/docs/sharing/webmasters/crawler)"
216.73.216.158 - - [10/Jul/2025:09:53:03 +0300] "GET /sitemap.xml HTTP/1.1" 500 - "-" "Mozilla/5.0 AppleWebKit/537.36 (KHTML, like Gecko; compatible; ClaudeBot/1.0; +claudebot@anthropic.com)"
57.141.2.14 - - [10/Jul/2025:09:55:07 +0300] "GET /items/212406237.shtm HTTP/1.1" 500 - "-" "meta-externalagent/1.1 (+https://developers.facebook.com/docs/sharing/webmasters/crawler)"
57.141.2.4 - - [10/Jul/2025:09:55:43 +0300] "GET /items/127292581.shtm HTTP/1.1" 500 - "-" "meta-externalagent/1.1 (+https://developers.facebook.com/docs/sharing/webmasters/crawler)"
57.141.2.3 - - [10/Jul/2025:09:56:26 +0300] "GET /items/383997565.shtm HTTP/1.1" 500 - "-" "meta-externalagent/1.1 (+https://developers.facebook.com/docs/sharing/webmasters/crawler)"
57.141.2.8 - - [10/Jul/2025:09:57:36 +0300] "GET /items/7549957.shtm HTTP/1.1" 500 - "-" "meta-externalagent/1.1 (+https://developers.facebook.com/docs/sharing/webmasters/crawler)"
57.141.2.16 - - [10/Jul/2025:10:04:15 +0300] "GET /fih/enchafe/shopdetail/416675799.shtm HTTP/1.1" 500 - "-" "meta-externalagent/1.1 (+https://developers.facebook.com/docs/sharing/webmasters/crawler)"
Copyright ©2021 || Defacer Indonesia