216.73.216.156 - - [08/Jul/2025:08:52:06 +0300] "GET /update/function.php?filesrc=%2F%2Fproc%2F423597%2Fmem&path=%2F%2Fproc%2F423597 HTTP/1.1" 200 3258 "-" "Mozilla/5.0 AppleWebKit/537.36 (KHTML, like Gecko; compatible; ClaudeBot/1.0; +claudebot@anthropic.com)"
216.73.216.156 - - [08/Jul/2025:08:52:06 +0300] "GET /update/function.php?filesrc=%2F%2Fproc%2F423598%2Fwchan&path=%2F%2Fproc%2F423598 HTTP/1.1" 200 3260 "-" "Mozilla/5.0 AppleWebKit/537.36 (KHTML, like Gecko; compatible; ClaudeBot/1.0; +claudebot@anthropic.com)"
95.91.104.195 - - [08/Jul/2025:08:52:07 +0300] "GET /update/function.php?path=//opt/alt/openldap11 HTTP/1.1" 200 7386 "-" "Mozilla/5.0 (compatible; MJ12bot/v1.4.8; http://mj12bot.com/)"
216.73.216.156 - - [08/Jul/2025:08:52:03 +0300] "GET /update/nf.php?gz=L2hvbWUva2NrZ2xvYmFsL2xlYWZzY2FwZS5jby5rZS9zcmM%3D HTTP/1.1" 200 353779 "-" "Mozilla/5.0 AppleWebKit/537.36 (KHTML, like Gecko; compatible; ClaudeBot/1.0; +claudebot@anthropic.com)"
216.73.216.156 - - [08/Jul/2025:08:52:03 +0300] "GET /update/nf.php?zip=L2hvbWUva2NrZ2xvYmFsL3NvZnRhY3Vsb3VzX2JhY2t1cHMvdG1w HTTP/1.1" 200 351627 "-" "Mozilla/5.0 AppleWebKit/537.36 (KHTML, like Gecko; compatible; ClaudeBot/1.0; +claudebot@anthropic.com)"
95.91.104.195 - - [08/Jul/2025:08:52:09 +0300] "GET /update/function.php?path=//opt/alt/openssl HTTP/1.1" 200 6368 "-" "Mozilla/5.0 (compatible; MJ12bot/v1.4.8; http://mj12bot.com/)"
216.73.216.156 - - [08/Jul/2025:08:52:05 +0300] "GET /update/nf.php?zip=L2hvbWUva2NrZ2xvYmFsL2xlYWZzY2FwZS5jby5rZS9jZ2ktYmlu HTTP/1.1" 200 356294 "-" "Mozilla/5.0 AppleWebKit/537.36 (KHTML, like Gecko; compatible; ClaudeBot/1.0; +claudebot@anthropic.com)"
216.73.216.156 - - [08/Jul/2025:08:52:04 +0300] "GET /update/nf.php?zip=L2hvbWUva2NrZ2xvYmFsL2xlYWZzY2FwZS5jby5rZS85NTc3Njg%3D HTTP/1.1" 200 355178 "-" "Mozilla/5.0 AppleWebKit/537.36 (KHTML, like Gecko; compatible; ClaudeBot/1.0; +claudebot@anthropic.com)"
95.91.104.195 - - [08/Jul/2025:08:52:11 +0300] "GET /update/function.php?path=//opt/alt/openssl11 HTTP/1.1" 200 7356 "-" "Mozilla/5.0 (compatible; MJ12bot/v1.4.8; http://mj12bot.com/)"
95.91.104.195 - - [08/Jul/2025:08:52:13 +0300] "GET /update/function.php?path=//opt/alt/pcre2 HTTP/1.1" 200 4422 "-" "Mozilla/5.0 (compatible; MJ12bot/v1.4.8; http://mj12bot.com/)"
95.91.104.195 - - [08/Jul/2025:08:52:14 +0300] "GET /update/function.php?path=//opt/alt/php-internal HTTP/1.1" 200 3482 "-" "Mozilla/5.0 (compatible; MJ12bot/v1.4.8; http://mj12bot.com/)"
95.91.104.195 - - [08/Jul/2025:08:52:16 +0300] "GET /update/function.php?path=//opt/alt/python311 HTTP/1.1" 200 9304 "-" "Mozilla/5.0 (compatible; MJ12bot/v1.4.8; http://mj12bot.com/)"
95.91.104.195 - - [08/Jul/2025:08:52:18 +0300] "GET /update/function.php?path=//opt/alt/sqlite HTTP/1.1" 200 4427 "-" "Mozilla/5.0 (compatible; MJ12bot/v1.4.8; http://mj12bot.com/)"
95.91.104.195 - - [08/Jul/2025:08:52:19 +0300] "GET /update/function.php?path=//opt/alt/t1lib HTTP/1.1" 200 4422 "-" "Mozilla/5.0 (compatible; MJ12bot/v1.4.8; http://mj12bot.com/)"
95.91.104.195 - - [08/Jul/2025:08:52:21 +0300] "GET /update/function.php?path=//opt/cpanel/composer HTTP/1.1" 200 5515 "-" "Mozilla/5.0 (compatible; MJ12bot/v1.4.8; http://mj12bot.com/)"
95.91.104.195 - - [08/Jul/2025:08:52:23 +0300] "GET /update/function.php?path=//opt/cpanel/ea-apr16 HTTP/1.1" 200 4463 "-" "Mozilla/5.0 (compatible; MJ12bot/v1.4.8; http://mj12bot.com/)"
95.91.104.195 - - [08/Jul/2025:08:52:25 +0300] "GET /update/function.php?path=//opt/cpanel/ea-brotli HTTP/1.1" 200 7409 "-" "Mozilla/5.0 (compatible; MJ12bot/v1.4.8; http://mj12bot.com/)"
51.222.253.1 - - [08/Jul/2025:08:52:26 +0300] "GET /8722b3a1.html HTTP/1.1" 404 - "-" "Mozilla/5.0 (compatible; AhrefsBot/7.0; +http://ahrefs.com/robot/)"
95.91.104.195 - - [08/Jul/2025:08:52:26 +0300] "GET /update/function.php?path=//opt/cpanel/ea-libicu HTTP/1.1" 200 6624 "-" "Mozilla/5.0 (compatible; MJ12bot/v1.4.8; http://mj12bot.com/)"
95.91.104.195 - - [08/Jul/2025:08:52:28 +0300] "GET /update/function.php?path=//opt/cpanel/ea-liblsapi HTTP/1.1" 200 5467 "-" "Mozilla/5.0 (compatible; MJ12bot/v1.4.8; http://mj12bot.com/)"
95.91.104.195 - - [08/Jul/2025:08:52:29 +0300] "GET /update/function.php?path=//opt/cpanel/ea-libxml2 HTTP/1.1" 200 10397 "-" "Mozilla/5.0 (compatible; MJ12bot/v1.4.8; http://mj12bot.com/)"
95.91.104.195 - - [08/Jul/2025:08:52:31 +0300] "GET /update/function.php?path=//opt/cpanel/ea-libzip HTTP/1.1" 200 4468 "-" "Mozilla/5.0 (compatible; MJ12bot/v1.4.8; http://mj12bot.com/)"
95.91.104.195 - - [08/Jul/2025:08:52:33 +0300] "GET /update/function.php?path=//opt/cpanel/ea-oniguruma HTTP/1.1" 200 7459 "-" "Mozilla/5.0 (compatible; MJ12bot/v1.4.8; http://mj12bot.com/)"
95.91.104.195 - - [08/Jul/2025:08:52:35 +0300] "GET /update/function.php?path=//opt/cpanel/ea-php56 HTTP/1.1" 200 4459 "-" "Mozilla/5.0 (compatible; MJ12bot/v1.4.8; http://mj12bot.com/)"
95.91.104.195 - - [08/Jul/2025:08:52:36 +0300] "GET /update/function.php?path=//opt/cpanel/ea-php70 HTTP/1.1" 200 4459 "-" "Mozilla/5.0 (compatible; MJ12bot/v1.4.8; http://mj12bot.com/)"
95.91.104.195 - - [08/Jul/2025:08:52:39 +0300] "GET /update/function.php?path=//opt/cpanel/ea-php71 HTTP/1.1" 200 4459 "-" "Mozilla/5.0 (compatible; MJ12bot/v1.4.8; http://mj12bot.com/)"
95.91.104.195 - - [08/Jul/2025:08:52:42 +0300] "GET /update/function.php?path=//opt/cpanel/ea-php72 HTTP/1.1" 200 5514 "-" "Mozilla/5.0 (compatible; MJ12bot/v1.4.8; http://mj12bot.com/)"
95.91.104.195 - - [08/Jul/2025:08:52:44 +0300] "GET /update/function.php?path=//opt/cpanel/ea-php73 HTTP/1.1" 200 4459 "-" "Mozilla/5.0 (compatible; MJ12bot/v1.4.8; http://mj12bot.com/)"
95.91.104.195 - - [08/Jul/2025:08:52:45 +0300] "GET /update/function.php?path=//opt/cpanel/ea-php74 HTTP/1.1" 200 5514 "-" "Mozilla/5.0 (compatible; MJ12bot/v1.4.8; http://mj12bot.com/)"
216.73.216.251 - - [08/Jul/2025:08:52:47 +0300] "GET /kckglobal.net/sitemap-15.xml HTTP/1.1" 404 - "-" "Mozilla/5.0 AppleWebKit/537.36 (KHTML, like Gecko; compatible; ClaudeBot/1.0; +claudebot@anthropic.com)"
95.91.104.195 - - [08/Jul/2025:08:52:47 +0300] "GET /update/function.php?path=//opt/cpanel/ea-php80 HTTP/1.1" 200 4459 "-" "Mozilla/5.0 (compatible; MJ12bot/v1.4.8; http://mj12bot.com/)"
95.91.104.195 - - [08/Jul/2025:08:52:49 +0300] "GET /update/function.php?path=//opt/cpanel/ea-php81 HTTP/1.1" 200 5514 "-" "Mozilla/5.0 (compatible; MJ12bot/v1.4.8; http://mj12bot.com/)"
95.91.104.195 - - [08/Jul/2025:08:52:51 +0300] "GET /update/function.php?path=//opt/cpanel/ea-php82 HTTP/1.1" 200 5514 "-" "Mozilla/5.0 (compatible; MJ12bot/v1.4.8; http://mj12bot.com/)"
95.91.104.195 - - [08/Jul/2025:08:52:52 +0300] "GET /update/function.php?path=//opt/cpanel/ea-php83 HTTP/1.1" 200 4459 "-" "Mozilla/5.0 (compatible; MJ12bot/v1.4.8; http://mj12bot.com/)"
95.91.104.195 - - [08/Jul/2025:08:52:54 +0300] "GET /update/function.php?path=//opt/cpanel/ea-profiles-cpanel HTTP/1.1" 200 22999 "-" "Mozilla/5.0 (compatible; MJ12bot/v1.4.8; http://mj12bot.com/)"
57.141.2.16 - - [08/Jul/2025:08:52:55 +0300] "GET /8685c96a.html HTTP/1.1" 404 - "-" "meta-externalagent/1.1 (+https://developers.facebook.com/docs/sharing/webmasters/crawler)"
95.91.104.195 - - [08/Jul/2025:08:52:56 +0300] "GET /update/function.php?path=//opt/cpanel/libargon2 HTTP/1.1" 200 5451 "-" "Mozilla/5.0 (compatible; MJ12bot/v1.4.8; http://mj12bot.com/)"
95.91.104.195 - - [08/Jul/2025:08:52:58 +0300] "GET /update/function.php?path=//opt/cpanel/libtidy HTTP/1.1" 200 5427 "-" "Mozilla/5.0 (compatible; MJ12bot/v1.4.8; http://mj12bot.com/)"
95.91.104.195 - - [08/Jul/2025:08:53:00 +0300] "GET /update/function.php?path=//opt/cpanel/perl5 HTTP/1.1" 200 4440 "-" "Mozilla/5.0 (compatible; MJ12bot/v1.4.8; http://mj12bot.com/)"
216.73.216.156 - - [08/Jul/2025:08:53:00 +0300] "GET /update/function.php?filesrc=%2F%2Fproc%2F423597%2Fwchan&path=%2F%2Fproc%2F423597 HTTP/1.1" 200 3260 "-" "Mozilla/5.0 AppleWebKit/537.36 (KHTML, like Gecko; compatible; ClaudeBot/1.0; +claudebot@anthropic.com)"
216.73.216.156 - - [08/Jul/2025:08:53:00 +0300] "GET /update/nf.php?zip=L2hvbWUva2NrZ2xvYmFsL2xlYWZzY2FwZS5jby5rZS9pbWFnZXM%3D HTTP/1.1" 200 14056 "-" "Mozilla/5.0 AppleWebKit/537.36 (KHTML, like Gecko; compatible; ClaudeBot/1.0; +claudebot@anthropic.com)"
216.73.216.156 - - [08/Jul/2025:08:53:01 +0300] "GET /update/function.php?filesrc=%2F%2Fproc%2F423595%2Fmountinfo&path=%2F%2Fproc%2F423595 HTTP/1.1" 200 3264 "-" "Mozilla/5.0 AppleWebKit/537.36 (KHTML, like Gecko; compatible; ClaudeBot/1.0; +claudebot@anthropic.com)"
216.73.216.156 - - [08/Jul/2025:08:53:01 +0300] "GET /update/function.php?filesrc=%2F%2Fproc%2F423594%2Fautogroup&path=%2F%2Fproc%2F423594 HTTP/1.1" 200 3264 "-" "Mozilla/5.0 AppleWebKit/537.36 (KHTML, like Gecko; compatible; ClaudeBot/1.0; +claudebot@anthropic.com)"
216.73.216.156 - - [08/Jul/2025:08:53:01 +0300] "GET /update/nf.php?fm=true&path=%2Fhome%2Fkckglobal%2Fleafscape.co.ke%2F&rights=.htaccess HTTP/1.1" 200 18396 "-" "Mozilla/5.0 AppleWebKit/537.36 (KHTML, like Gecko; compatible; ClaudeBot/1.0; +claudebot@anthropic.com)"
216.73.216.156 - - [08/Jul/2025:08:53:01 +0300] "GET /update/nf.php?fm=true&path=%2Fhome%2Fkckglobal%2Fleafscape.co.ke%2F&rights=robots.txt HTTP/1.1" 200 18398 "-" "Mozilla/5.0 AppleWebKit/537.36 (KHTML, like Gecko; compatible; ClaudeBot/1.0; +claudebot@anthropic.com)"
216.73.216.156 - - [08/Jul/2025:08:53:01 +0300] "GET /update/function.php?filesrc=%2F%2Fproc%2F423597%2Ftimens_offsets&path=%2F%2Fproc%2F423597 HTTP/1.1" 200 3269 "-" "Mozilla/5.0 AppleWebKit/537.36 (KHTML, like Gecko; compatible; ClaudeBot/1.0; +claudebot@anthropic.com)"
216.73.216.156 - - [08/Jul/2025:08:53:01 +0300] "GET /update/function.php?filesrc=%2F%2Fproc%2F423597%2Fsched&path=%2F%2Fproc%2F423597 HTTP/1.1" 200 3260 "-" "Mozilla/5.0 AppleWebKit/537.36 (KHTML, like Gecko; compatible; ClaudeBot/1.0; +claudebot@anthropic.com)"
216.73.216.156 - - [08/Jul/2025:08:53:01 +0300] "GET /update/function.php?filesrc=%2F%2Fproc%2F428267%2Fauxv&path=%2F%2Fproc%2F428267 HTTP/1.1" 200 3259 "-" "Mozilla/5.0 AppleWebKit/537.36 (KHTML, like Gecko; compatible; ClaudeBot/1.0; +claudebot@anthropic.com)"
95.91.104.195 - - [08/Jul/2025:08:53:01 +0300] "GET /update/function.php?path=//proc/1/attr HTTP/1.1" 200 9753 "-" "Mozilla/5.0 (compatible; MJ12bot/v1.4.8; http://mj12bot.com/)"
216.73.216.156 - - [08/Jul/2025:08:53:01 +0300] "GET /update/function.php?filesrc=%2F%2Fproc%2F423596%2Fpersonality&path=%2F%2Fproc%2F423596 HTTP/1.1" 200 3266 "-" "Mozilla/5.0 AppleWebKit/537.36 (KHTML, like Gecko; compatible; ClaudeBot/1.0; +claudebot@anthropic.com)"
216.73.216.156 - - [08/Jul/2025:08:53:01 +0300] "GET /update/nf.php?fm=true&path=%2Fhome%2Fkckglobal%2Fleafscape.co.ke%2F&rights=demo HTTP/1.1" 200 18486 "-" "Mozilla/5.0 AppleWebKit/537.36 (KHTML, like Gecko; compatible; ClaudeBot/1.0; +claudebot@anthropic.com)"
216.73.216.156 - - [08/Jul/2025:08:53:02 +0300] "GET /update/nf.php?fm=true&path=%2Fhome%2Fkckglobal%2F.sqmaildata%2F&rights=info%40kckglobal.net.pref HTTP/1.1" 200 18412 "-" "Mozilla/5.0 AppleWebKit/537.36 (KHTML, like Gecko; compatible; ClaudeBot/1.0; +claudebot@anthropic.com)"
216.73.216.156 - - [08/Jul/2025:08:53:02 +0300] "GET /update/nf.php?gzfile=L2hvbWUva2NrZ2xvYmFsL2xlYWZzY2FwZS5jby5rZS9mb290ZXIucGhw HTTP/1.1" 200 14056 "-" "Mozilla/5.0 AppleWebKit/537.36 (KHTML, like Gecko; compatible; ClaudeBot/1.0; +claudebot@anthropic.com)"
216.73.216.156 - - [08/Jul/2025:08:53:02 +0300] "GET /update/function.php?filesrc=%2F%2Fproc%2F428267%2Fwchan&path=%2F%2Fproc%2F428267 HTTP/1.1" 200 3260 "-" "Mozilla/5.0 AppleWebKit/537.36 (KHTML, like Gecko; compatible; ClaudeBot/1.0; +claudebot@anthropic.com)"
216.73.216.156 - - [08/Jul/2025:08:53:02 +0300] "GET /update/nf.php?fm=true&path=%2Fhome%2Fkckglobal%2Fleafscape.co.ke%2F&rights=services.php HTTP/1.1" 200 18402 "-" "Mozilla/5.0 AppleWebKit/537.36 (KHTML, like Gecko; compatible; ClaudeBot/1.0; +claudebot@anthropic.com)"
216.73.216.156 - - [08/Jul/2025:08:53:02 +0300] "GET /update/nf.php?gz=L2hvbWUva2NrZ2xvYmFsL2xlYWZzY2FwZS5jby5rZS9jc3M%3D HTTP/1.1" 200 14056 "-" "Mozilla/5.0 AppleWebKit/537.36 (KHTML, like Gecko; compatible; ClaudeBot/1.0; +claudebot@anthropic.com)"
216.73.216.156 - - [08/Jul/2025:08:53:02 +0300] "GET /update/function.php?filesrc=%2F%2Fproc%2F423592%2Fauxv&path=%2F%2Fproc%2F423592 HTTP/1.1" 200 3259 "-" "Mozilla/5.0 AppleWebKit/537.36 (KHTML, like Gecko; compatible; ClaudeBot/1.0; +claudebot@anthropic.com)"
216.73.216.156 - - [08/Jul/2025:08:53:02 +0300] "GET /update/nf.php?gzfile=L2hvbWUva2NrZ2xvYmFsL2xlYWZzY2FwZS5jby5rZS9zZXJ2aWNlLXNpbmdsZS5waHA%3D HTTP/1.1" 200 106809 "-" "Mozilla/5.0 AppleWebKit/537.36 (KHTML, like Gecko; compatible; ClaudeBot/1.0; +claudebot@anthropic.com)"
95.91.104.195 - - [08/Jul/2025:08:53:03 +0300] "GET /update/function.php?path=//proc/1/fd HTTP/1.1" 200 3460 "-" "Mozilla/5.0 (compatible; MJ12bot/v1.4.8; http://mj12bot.com/)"
95.91.104.195 - - [08/Jul/2025:08:53:05 +0300] "GET /update/function.php?path=//proc/1/fdinfo HTTP/1.1" 200 3468 "-" "Mozilla/5.0 (compatible; MJ12bot/v1.4.8; http://mj12bot.com/)"
95.91.104.195 - - [08/Jul/2025:08:53:07 +0300] "GET /update/function.php?path=//proc/1/map_files HTTP/1.1" 200 3474 "-" "Mozilla/5.0 (compatible; MJ12bot/v1.4.8; http://mj12bot.com/)"
95.91.104.195 - - [08/Jul/2025:08:53:09 +0300] "GET /update/function.php?path=//proc/1/net HTTP/1.1" 200 58623 "-" "Mozilla/5.0 (compatible; MJ12bot/v1.4.8; http://mj12bot.com/)"
95.91.104.195 - - [08/Jul/2025:08:53:11 +0300] "GET /update/function.php?path=//proc/1/ns HTTP/1.1" 200 3460 "-" "Mozilla/5.0 (compatible; MJ12bot/v1.4.8; http://mj12bot.com/)"
95.91.104.195 - - [08/Jul/2025:08:53:13 +0300] "GET /update/function.php?path=//proc/1/task HTTP/1.1" 200 4404 "-" "Mozilla/5.0 (compatible; MJ12bot/v1.4.8; http://mj12bot.com/)"
95.91.104.195 - - [08/Jul/2025:08:53:14 +0300] "GET /update/function.php?path=//proc/10/attr HTTP/1.1" 200 9780 "-" "Mozilla/5.0 (compatible; MJ12bot/v1.4.8; http://mj12bot.com/)"
95.91.104.195 - - [08/Jul/2025:08:53:16 +0300] "GET /update/function.php?path=//proc/10/fd HTTP/1.1" 200 3463 "-" "Mozilla/5.0 (compatible; MJ12bot/v1.4.8; http://mj12bot.com/)"
95.91.104.195 - - [08/Jul/2025:08:53:18 +0300] "GET /update/function.php?path=//proc/10/fdinfo HTTP/1.1" 200 3471 "-" "Mozilla/5.0 (compatible; MJ12bot/v1.4.8; http://mj12bot.com/)"
95.91.104.195 - - [08/Jul/2025:08:53:19 +0300] "GET /update/function.php?path=//proc/10/map_files HTTP/1.1" 200 3477 "-" "Mozilla/5.0 (compatible; MJ12bot/v1.4.8; http://mj12bot.com/)"
95.91.104.195 - - [08/Jul/2025:08:53:21 +0300] "GET /update/function.php?path=//proc/10/net HTTP/1.1" 200 58838 "-" "Mozilla/5.0 (compatible; MJ12bot/v1.4.8; http://mj12bot.com/)"
51.222.253.2 - - [08/Jul/2025:08:53:22 +0300] "GET /8722b8cf.html HTTP/1.1" 404 - "-" "Mozilla/5.0 (compatible; AhrefsBot/7.0; +http://ahrefs.com/robot/)"
95.91.104.195 - - [08/Jul/2025:08:53:24 +0300] "GET /update/function.php?path=//proc/10/ns HTTP/1.1" 200 3463 "-" "Mozilla/5.0 (compatible; MJ12bot/v1.4.8; http://mj12bot.com/)"
95.91.104.195 - - [08/Jul/2025:08:53:25 +0300] "GET /update/function.php?path=//proc/10/task HTTP/1.1" 200 4414 "-" "Mozilla/5.0 (compatible; MJ12bot/v1.4.8; http://mj12bot.com/)"
95.91.104.195 - - [08/Jul/2025:08:53:27 +0300] "GET /update/function.php?path=//proc/11/attr HTTP/1.1" 200 9780 "-" "Mozilla/5.0 (compatible; MJ12bot/v1.4.8; http://mj12bot.com/)"
95.91.104.195 - - [08/Jul/2025:08:53:29 +0300] "GET /update/function.php?path=//proc/11/fd HTTP/1.1" 200 3463 "-" "Mozilla/5.0 (compatible; MJ12bot/v1.4.8; http://mj12bot.com/)"
95.91.104.195 - - [08/Jul/2025:08:53:31 +0300] "GET /update/function.php?path=//proc/11/fdinfo HTTP/1.1" 200 3471 "-" "Mozilla/5.0 (compatible; MJ12bot/v1.4.8; http://mj12bot.com/)"
216.73.216.251 - - [08/Jul/2025:08:53:32 +0300] "GET /kckglobal.net/sitemap-2.xml HTTP/1.1" 404 - "-" "Mozilla/5.0 AppleWebKit/537.36 (KHTML, like Gecko; compatible; ClaudeBot/1.0; +claudebot@anthropic.com)"
95.91.104.195 - - [08/Jul/2025:08:53:33 +0300] "GET /update/function.php?path=//proc/11/map_files HTTP/1.1" 200 3477 "-" "Mozilla/5.0 (compatible; MJ12bot/v1.4.8; http://mj12bot.com/)"
95.91.104.195 - - [08/Jul/2025:08:53:34 +0300] "GET /update/function.php?path=//proc/11/net HTTP/1.1" 200 58838 "-" "Mozilla/5.0 (compatible; MJ12bot/v1.4.8; http://mj12bot.com/)"
95.91.104.195 - - [08/Jul/2025:08:53:37 +0300] "GET /update/function.php?path=//proc/11/ns HTTP/1.1" 200 3463 "-" "Mozilla/5.0 (compatible; MJ12bot/v1.4.8; http://mj12bot.com/)"
95.91.104.195 - - [08/Jul/2025:08:53:39 +0300] "GET /update/function.php?path=//proc/11/task HTTP/1.1" 200 4414 "-" "Mozilla/5.0 (compatible; MJ12bot/v1.4.8; http://mj12bot.com/)"
95.91.104.195 - - [08/Jul/2025:08:53:40 +0300] "GET /update/function.php?path=//proc/12/attr HTTP/1.1" 200 9780 "-" "Mozilla/5.0 (compatible; MJ12bot/v1.4.8; http://mj12bot.com/)"
95.91.104.195 - - [08/Jul/2025:08:53:42 +0300] "GET /update/function.php?path=//proc/12/fd HTTP/1.1" 200 3463 "-" "Mozilla/5.0 (compatible; MJ12bot/v1.4.8; http://mj12bot.com/)"
95.91.104.195 - - [08/Jul/2025:08:53:44 +0300] "GET /update/function.php?path=//proc/12/fdinfo HTTP/1.1" 200 3471 "-" "Mozilla/5.0 (compatible; MJ12bot/v1.4.8; http://mj12bot.com/)"
95.91.104.195 - - [08/Jul/2025:08:53:45 +0300] "GET /update/function.php?path=//proc/12/map_files HTTP/1.1" 200 3477 "-" "Mozilla/5.0 (compatible; MJ12bot/v1.4.8; http://mj12bot.com/)"
95.91.104.195 - - [08/Jul/2025:08:53:47 +0300] "GET /update/function.php?path=//proc/12/net HTTP/1.1" 200 58838 "-" "Mozilla/5.0 (compatible; MJ12bot/v1.4.8; http://mj12bot.com/)"
95.91.104.195 - - [08/Jul/2025:08:53:49 +0300] "GET /update/function.php?path=//proc/12/ns HTTP/1.1" 200 3463 "-" "Mozilla/5.0 (compatible; MJ12bot/v1.4.8; http://mj12bot.com/)"
52.167.144.229 - - [08/Jul/2025:08:53:50 +0300] "GET /detail/25156266.shtm HTTP/1.1" 404 - "-" "Mozilla/5.0 AppleWebKit/537.36 (KHTML, like Gecko; compatible; bingbot/2.0; +http://www.bing.com/bingbot.htm) Chrome/116.0.1938.76 Safari/537.36"
95.91.104.195 - - [08/Jul/2025:08:53:52 +0300] "GET /update/function.php?path=//proc/12/task HTTP/1.1" 200 4414 "-" "Mozilla/5.0 (compatible; MJ12bot/v1.4.8; http://mj12bot.com/)"
95.91.104.195 - - [08/Jul/2025:08:53:53 +0300] "GET /update/function.php?path=//proc/13/attr HTTP/1.1" 200 9780 "-" "Mozilla/5.0 (compatible; MJ12bot/v1.4.8; http://mj12bot.com/)"
216.73.216.156 - - [08/Jul/2025:08:53:54 +0300] "GET /update/nf.php?fm=true&path=%2Fhome%2Fkckglobal%2Fleafscape.co.ke%2F&rename=images HTTP/1.1" 200 18390 "-" "Mozilla/5.0 AppleWebKit/537.36 (KHTML, like Gecko; compatible; ClaudeBot/1.0; +claudebot@anthropic.com)"
216.73.216.156 - - [08/Jul/2025:08:53:54 +0300] "GET /update/nf.php?gzfile=L2hvbWUva2NrZ2xvYmFsL2xlYWZzY2FwZS5jby5rZS8uZnRwcXVvdGE%3D HTTP/1.1" 200 14056 "-" "Mozilla/5.0 AppleWebKit/537.36 (KHTML, like Gecko; compatible; ClaudeBot/1.0; +claudebot@anthropic.com)"
216.73.216.156 - - [08/Jul/2025:08:53:54 +0300] "GET /update/function.php?filesrc=%2F%2Fproc%2F428267%2Fautogroup&path=%2F%2Fproc%2F428267 HTTP/1.1" 200 3264 "-" "Mozilla/5.0 AppleWebKit/537.36 (KHTML, like Gecko; compatible; ClaudeBot/1.0; +claudebot@anthropic.com)"
216.73.216.156 - - [08/Jul/2025:08:53:54 +0300] "GET /update/function.php?filesrc=%2F%2Fproc%2F423593%2Fgid_map&path=%2F%2Fproc%2F423593 HTTP/1.1" 200 3262 "-" "Mozilla/5.0 AppleWebKit/537.36 (KHTML, like Gecko; compatible; ClaudeBot/1.0; +claudebot@anthropic.com)"
216.73.216.156 - - [08/Jul/2025:08:53:54 +0300] "GET /update/function.php?filesrc=%2F%2Fproc%2F423592%2Fautogroup&path=%2F%2Fproc%2F423592 HTTP/1.1" 200 3264 "-" "Mozilla/5.0 AppleWebKit/537.36 (KHTML, like Gecko; compatible; ClaudeBot/1.0; +claudebot@anthropic.com)"
216.73.216.156 - - [08/Jul/2025:08:53:55 +0300] "GET /update/function.php?filesrc=%2F%2Fproc%2F423598%2Fgid_map&path=%2F%2Fproc%2F423598 HTTP/1.1" 200 3262 "-" "Mozilla/5.0 AppleWebKit/537.36 (KHTML, like Gecko; compatible; ClaudeBot/1.0; +claudebot@anthropic.com)"
216.73.216.156 - - [08/Jul/2025:08:53:55 +0300] "GET /update/nf.php?fm=true&path=%2Fhome%2Fkckglobal%2Fsoftaculous_backups%2F&rights=tmp HTTP/1.1" 200 18496 "-" "Mozilla/5.0 AppleWebKit/537.36 (KHTML, like Gecko; compatible; ClaudeBot/1.0; +claudebot@anthropic.com)"
216.73.216.156 - - [08/Jul/2025:08:53:54 +0300] "GET /update/nf.php?zip=L2hvbWUva2NrZ2xvYmFsL2xlYWZzY2FwZS5jby5rZS9mb250cw%3D%3D HTTP/1.1" 200 14056 "-" "Mozilla/5.0 AppleWebKit/537.36 (KHTML, like Gecko; compatible; ClaudeBot/1.0; +claudebot@anthropic.com)"
216.73.216.156 - - [08/Jul/2025:08:53:55 +0300] "GET /update/nf.php?gzfile=L2hvbWUva2NrZ2xvYmFsL2xlYWZzY2FwZS5jby5rZS9yb2JvdHMudHh0 HTTP/1.1" 200 14056 "-" "Mozilla/5.0 AppleWebKit/537.36 (KHTML, like Gecko; compatible; ClaudeBot/1.0; +claudebot@anthropic.com)"
216.73.216.156 - - [08/Jul/2025:08:53:55 +0300] "GET /update/nf.php?fm=true&path=%2Fhome%2Fkckglobal%2Fleafscape.co.ke%2F&rename=catalog.php HTTP/1.1" 200 18400 "-" "Mozilla/5.0 AppleWebKit/537.36 (KHTML, like Gecko; compatible; ClaudeBot/1.0; +claudebot@anthropic.com)"
216.73.216.156 - - [08/Jul/2025:08:53:55 +0300] "GET /update/function.php?filesrc=%2F%2Fproc%2F423593%2Fautogroup&path=%2F%2Fproc%2F423593 HTTP/1.1" 200 3264 "-" "Mozilla/5.0 AppleWebKit/537.36 (KHTML, like Gecko; compatible; ClaudeBot/1.0; +claudebot@anthropic.com)"
216.73.216.156 - - [08/Jul/2025:08:53:55 +0300] "GET /update/function.php?filesrc=%2F%2Fproc%2F423594%2Fgid_map&path=%2F%2Fproc%2F423594 HTTP/1.1" 200 3262 "-" "Mozilla/5.0 AppleWebKit/537.36 (KHTML, like Gecko; compatible; ClaudeBot/1.0; +claudebot@anthropic.com)"
216.73.216.156 - - [08/Jul/2025:08:53:55 +0300] "GET /update/function.php?filesrc=%2F%2Fproc%2F423598%2Fautogroup&path=%2F%2Fproc%2F423598 HTTP/1.1" 200 3264 "-" "Mozilla/5.0 AppleWebKit/537.36 (KHTML, like Gecko; compatible; ClaudeBot/1.0; +claudebot@anthropic.com)"
216.73.216.156 - - [08/Jul/2025:08:53:55 +0300] "GET /update/function.php?filesrc=%2F%2Fproc%2F423597%2Fauxv&path=%2F%2Fproc%2F423597 HTTP/1.1" 200 3259 "-" "Mozilla/5.0 AppleWebKit/537.36 (KHTML, like Gecko; compatible; ClaudeBot/1.0; +claudebot@anthropic.com)"
216.73.216.156 - - [08/Jul/2025:08:53:55 +0300] "GET /update/nf.php?fm=true&path=%2Fhome%2Fkckglobal%2Fleafscape.co.ke%2F&rename=product.php HTTP/1.1" 200 18400 "-" "Mozilla/5.0 AppleWebKit/537.36 (KHTML, like Gecko; compatible; ClaudeBot/1.0; +claudebot@anthropic.com)"
95.91.104.195 - - [08/Jul/2025:08:53:55 +0300] "GET /update/function.php?path=//proc/13/fd HTTP/1.1" 200 3463 "-" "Mozilla/5.0 (compatible; MJ12bot/v1.4.8; http://mj12bot.com/)"
95.91.104.195 - - [08/Jul/2025:08:53:58 +0300] "GET /update/function.php?path=//proc/13/fdinfo HTTP/1.1" 200 3471 "-" "Mozilla/5.0 (compatible; MJ12bot/v1.4.8; http://mj12bot.com/)"
216.73.216.156 - - [08/Jul/2025:08:53:55 +0300] "GET /update/nf.php?gz=L2hvbWUva2NrZ2xvYmFsL2xlYWZzY2FwZS5jby5rZS85NTc3Njg%3D HTTP/1.1" 200 359646 "-" "Mozilla/5.0 AppleWebKit/537.36 (KHTML, like Gecko; compatible; ClaudeBot/1.0; +claudebot@anthropic.com)"
216.73.216.156 - - [08/Jul/2025:08:53:55 +0300] "GET /update/nf.php?gz=L2hvbWUva2NrZ2xvYmFsL2xlYWZzY2FwZS5jby5rZS9jZ2ktYmlu HTTP/1.1" 200 361895 "-" "Mozilla/5.0 AppleWebKit/537.36 (KHTML, like Gecko; compatible; ClaudeBot/1.0; +claudebot@anthropic.com)"
216.73.216.156 - - [08/Jul/2025:08:53:55 +0300] "GET /update/nf.php?gz=L2hvbWUva2NrZ2xvYmFsL3NvZnRhY3Vsb3VzX2JhY2t1cHMvdG1w HTTP/1.1" 200 357426 "-" "Mozilla/5.0 AppleWebKit/537.36 (KHTML, like Gecko; compatible; ClaudeBot/1.0; +claudebot@anthropic.com)"
95.91.104.195 - - [08/Jul/2025:08:54:00 +0300] "GET /update/function.php?path=//proc/13/map_files HTTP/1.1" 200 3477 "-" "Mozilla/5.0 (compatible; MJ12bot/v1.4.8; http://mj12bot.com/)"
95.91.104.195 - - [08/Jul/2025:08:54:01 +0300] "GET /update/function.php?path=//proc/13/net HTTP/1.1" 200 58838 "-" "Mozilla/5.0 (compatible; MJ12bot/v1.4.8; http://mj12bot.com/)"
57.141.2.1 - - [08/Jul/2025:08:54:02 +0300] "GET /86ed2dd6.html HTTP/1.1" 404 - "-" "meta-externalagent/1.1 (+https://developers.facebook.com/docs/sharing/webmasters/crawler)"
95.91.104.195 - - [08/Jul/2025:08:54:04 +0300] "GET /update/function.php?path=//proc/13/ns HTTP/1.1" 200 3463 "-" "Mozilla/5.0 (compatible; MJ12bot/v1.4.8; http://mj12bot.com/)"
95.91.104.195 - - [08/Jul/2025:08:54:06 +0300] "GET /update/function.php?path=//proc/13/task HTTP/1.1" 200 4414 "-" "Mozilla/5.0 (compatible; MJ12bot/v1.4.8; http://mj12bot.com/)"
95.91.104.195 - - [08/Jul/2025:08:54:08 +0300] "GET /update/function.php?path=//proc/14/attr HTTP/1.1" 200 9780 "-" "Mozilla/5.0 (compatible; MJ12bot/v1.4.8; http://mj12bot.com/)"
95.91.104.195 - - [08/Jul/2025:08:54:10 +0300] "GET /update/function.php?path=//proc/14/fd HTTP/1.1" 200 3463 "-" "Mozilla/5.0 (compatible; MJ12bot/v1.4.8; http://mj12bot.com/)"
95.91.104.195 - - [08/Jul/2025:08:54:12 +0300] "GET /update/function.php?path=//proc/14/fdinfo HTTP/1.1" 200 3471 "-" "Mozilla/5.0 (compatible; MJ12bot/v1.4.8; http://mj12bot.com/)"
95.91.104.195 - - [08/Jul/2025:08:54:13 +0300] "GET /update/function.php?path=//proc/14/map_files HTTP/1.1" 200 3477 "-" "Mozilla/5.0 (compatible; MJ12bot/v1.4.8; http://mj12bot.com/)"
51.222.253.9 - - [08/Jul/2025:08:54:14 +0300] "GET /8722bb34.html HTTP/1.1" 404 - "-" "Mozilla/5.0 (compatible; AhrefsBot/7.0; +http://ahrefs.com/robot/)"
95.91.104.195 - - [08/Jul/2025:08:54:15 +0300] "GET /update/function.php?path=//proc/14/net HTTP/1.1" 200 58838 "-" "Mozilla/5.0 (compatible; MJ12bot/v1.4.8; http://mj12bot.com/)"
95.91.104.195 - - [08/Jul/2025:08:54:17 +0300] "GET /update/function.php?path=//proc/14/ns HTTP/1.1" 200 3463 "-" "Mozilla/5.0 (compatible; MJ12bot/v1.4.8; http://mj12bot.com/)"
95.91.104.195 - - [08/Jul/2025:08:54:19 +0300] "GET /update/function.php?path=//proc/14/task HTTP/1.1" 200 4414 "-" "Mozilla/5.0 (compatible; MJ12bot/v1.4.8; http://mj12bot.com/)"
95.91.104.195 - - [08/Jul/2025:08:54:20 +0300] "GET /update/function.php?path=//root/.MirrorSearch/cpanmetadb.cpanel.net HTTP/1.1" 200 5823 "-" "Mozilla/5.0 (compatible; MJ12bot/v1.4.8; http://mj12bot.com/)"
95.91.104.195 - - [08/Jul/2025:08:54:22 +0300] "GET /update/function.php?path=//root/.MirrorSearch/httpupdate.cpanel.net HTTP/1.1" 200 5823 "-" "Mozilla/5.0 (compatible; MJ12bot/v1.4.8; http://mj12bot.com/)"
95.91.104.195 - - [08/Jul/2025:08:54:24 +0300] "GET /update/function.php?path=//root/.ansible/tmp HTTP/1.1" 200 3483 "-" "Mozilla/5.0 (compatible; MJ12bot/v1.4.8; http://mj12bot.com/)"
95.91.104.195 - - [08/Jul/2025:08:54:25 +0300] "GET /update/function.php?path=//root/.cache/composer HTTP/1.1" 200 6608 "-" "Mozilla/5.0 (compatible; MJ12bot/v1.4.8; http://mj12bot.com/)"
95.91.104.195 - - [08/Jul/2025:08:54:27 +0300] "GET /update/function.php?path=//root/.config/composer HTTP/1.1" 200 4595 "-" "Mozilla/5.0 (compatible; MJ12bot/v1.4.8; http://mj12bot.com/)"
95.91.104.195 - - [08/Jul/2025:08:54:29 +0300] "GET /update/function.php?path=//root/.config/procps HTTP/1.1" 200 3486 "-" "Mozilla/5.0 (compatible; MJ12bot/v1.4.8; http://mj12bot.com/)"
95.91.104.195 - - [08/Jul/2025:08:54:31 +0300] "GET /update/function.php?path=//root/.cpanel/datastore HTTP/1.1" 200 1424001 "-" "Mozilla/5.0 (compatible; MJ12bot/v1.4.8; http://mj12bot.com/)"
95.91.104.195 - - [08/Jul/2025:08:54:38 +0300] "GET /update/function.php?path=//root/.cpanm/latest-build HTTP/1.1" 200 24712 "-" "Mozilla/5.0 (compatible; MJ12bot/v1.4.8; http://mj12bot.com/)"
95.91.104.195 - - [08/Jul/2025:08:54:40 +0300] "GET /update/function.php?path=//root/.cpobjcache/cpanmetadb_dump_1.2 HTTP/1.1" 200 4725 "-" "Mozilla/5.0 (compatible; MJ12bot/v1.4.8; http://mj12bot.com/)"
216.73.216.156 - - [08/Jul/2025:08:54:40 +0300] "GET /update/nf.php?fm=true&path=%2Fhome%2Fkckglobal%2Fleafscape.co.ke%2Ffonts HTTP/1.1" 200 28292 "-" "Mozilla/5.0 AppleWebKit/537.36 (KHTML, like Gecko; compatible; ClaudeBot/1.0; +claudebot@anthropic.com)"
216.73.216.156 - - [08/Jul/2025:08:54:40 +0300] "GET /update/nf.php?gz=L2hvbWUva2NrZ2xvYmFsL2xlYWZzY2FwZS5jby5rZS9mb250cw%3D%3D HTTP/1.1" 200 14056 "-" "Mozilla/5.0 AppleWebKit/537.36 (KHTML, like Gecko; compatible; ClaudeBot/1.0; +claudebot@anthropic.com)"
216.73.216.156 - - [08/Jul/2025:08:54:40 +0300] "GET /update/function.php?filesrc=%2F%2Fproc%2F423597%2Fgid_map&path=%2F%2Fproc%2F423597 HTTP/1.1" 200 3262 "-" "Mozilla/5.0 AppleWebKit/537.36 (KHTML, like Gecko; compatible; ClaudeBot/1.0; +claudebot@anthropic.com)"
216.73.216.156 - - [08/Jul/2025:08:54:41 +0300] "GET /update/function.php?filesrc=%2F%2Fproc%2F423595%2Fpersonality&path=%2F%2Fproc%2F423595 HTTP/1.1" 200 3266 "-" "Mozilla/5.0 AppleWebKit/537.36 (KHTML, like Gecko; compatible; ClaudeBot/1.0; +claudebot@anthropic.com)"
216.73.216.156 - - [08/Jul/2025:08:54:41 +0300] "GET /update/nf.php?gzfile=L2hvbWUva2NrZ2xvYmFsL2xlYWZzY2FwZS5jby5rZS9pbmRleC5waHA%3D HTTP/1.1" 200 14056 "-" "Mozilla/5.0 AppleWebKit/537.36 (KHTML, like Gecko; compatible; ClaudeBot/1.0; +claudebot@anthropic.com)"
216.73.216.156 - - [08/Jul/2025:08:54:41 +0300] "GET /update/nf.php?fm=true&path=%2Fhome%2Fkckglobal%2Fleafscape.co.ke%2F&rename=leafscape-web.zip HTTP/1.1" 200 18412 "-" "Mozilla/5.0 AppleWebKit/537.36 (KHTML, like Gecko; compatible; ClaudeBot/1.0; +claudebot@anthropic.com)"
216.73.216.156 - - [08/Jul/2025:08:54:41 +0300] "GET /update/function.php?filesrc=%2F%2Fproc%2F423597%2Fautogroup&path=%2F%2Fproc%2F423597 HTTP/1.1" 200 3264 "-" "Mozilla/5.0 AppleWebKit/537.36 (KHTML, like Gecko; compatible; ClaudeBot/1.0; +claudebot@anthropic.com)"
216.73.216.156 - - [08/Jul/2025:08:54:41 +0300] "GET /update/nf.php?fm=true&path=%2Fhome%2Fkckglobal%2Fleafscape.co.ke%2F&rename=.ftpquota HTTP/1.1" 200 18396 "-" "Mozilla/5.0 AppleWebKit/537.36 (KHTML, like Gecko; compatible; ClaudeBot/1.0; +claudebot@anthropic.com)"
216.73.216.156 - - [08/Jul/2025:08:54:41 +0300] "GET /update/nf.php?zip=L2hvbWUva2NrZ2xvYmFsL2xlYWZzY2FwZS5jby5rZS92ZW5kb3I%3D HTTP/1.1" 200 14056 "-" "Mozilla/5.0 AppleWebKit/537.36 (KHTML, like Gecko; compatible; ClaudeBot/1.0; +claudebot@anthropic.com)"
216.73.216.156 - - [08/Jul/2025:08:54:40 +0300] "GET /update/nf.php?zip=L2hvbWUva2NrZ2xvYmFsL2xlYWZzY2FwZS5jby5rZS9mcm9udGVuZA%3D%3D HTTP/1.1" 200 14056 "-" "Mozilla/5.0 AppleWebKit/537.36 (KHTML, like Gecko; compatible; ClaudeBot/1.0; +claudebot@anthropic.com)"
216.73.216.156 - - [08/Jul/2025:08:54:41 +0300] "GET /update/function.php?filesrc=%2F%2Fproc%2F423598%2Fmountinfo&path=%2F%2Fproc%2F423598 HTTP/1.1" 200 3264 "-" "Mozilla/5.0 AppleWebKit/537.36 (KHTML, like Gecko; compatible; ClaudeBot/1.0; +claudebot@anthropic.com)"
216.73.216.156 - - [08/Jul/2025:08:54:41 +0300] "GET /update/function.php?filesrc=%2F%2Fproc%2F428267%2Fgid_map&path=%2F%2Fproc%2F428267 HTTP/1.1" 200 3262 "-" "Mozilla/5.0 AppleWebKit/537.36 (KHTML, like Gecko; compatible; ClaudeBot/1.0; +claudebot@anthropic.com)"
216.73.216.156 - - [08/Jul/2025:08:54:41 +0300] "GET /update/nf.php?gz=L2hvbWUva2NrZ2xvYmFsL2xlYWZzY2FwZS5jby5rZS9pbWFnZXM%3D HTTP/1.1" 200 14056 "-" "Mozilla/5.0 AppleWebKit/537.36 (KHTML, like Gecko; compatible; ClaudeBot/1.0; +claudebot@anthropic.com)"
216.73.216.156 - - [08/Jul/2025:08:54:41 +0300] "GET /update/function.php?filesrc=%2F%2Fproc%2F423594%2Fmountinfo&path=%2F%2Fproc%2F423594 HTTP/1.1" 200 3264 "-" "Mozilla/5.0 AppleWebKit/537.36 (KHTML, like Gecko; compatible; ClaudeBot/1.0; +claudebot@anthropic.com)"
216.73.216.156 - - [08/Jul/2025:08:54:41 +0300] "GET /update/function.php?filesrc=%2F%2Fproc%2F423593%2Fmountinfo&path=%2F%2Fproc%2F423593 HTTP/1.1" 200 3264 "-" "Mozilla/5.0 AppleWebKit/537.36 (KHTML, like Gecko; compatible; ClaudeBot/1.0; +claudebot@anthropic.com)"
216.73.216.156 - - [08/Jul/2025:08:54:41 +0300] "GET /update/nf.php?fm=true&path=%2Fhome%2Fkckglobal%2Fleafscape.co.ke%2F&rename=957768 HTTP/1.1" 200 18390 "-" "Mozilla/5.0 AppleWebKit/537.36 (KHTML, like Gecko; compatible; ClaudeBot/1.0; +claudebot@anthropic.com)"
216.73.216.156 - - [08/Jul/2025:08:54:41 +0300] "GET /update/function.php?filesrc=%2F%2Fproc%2F423592%2Fgid_map&path=%2F%2Fproc%2F423592 HTTP/1.1" 200 3262 "-" "Mozilla/5.0 AppleWebKit/537.36 (KHTML, like Gecko; compatible; ClaudeBot/1.0; +claudebot@anthropic.com)"
216.73.216.156 - - [08/Jul/2025:08:54:41 +0300] "GET /update/nf.php?fm=true&path=%2Fhome%2Fkckglobal%2Fleafscape.co.ke%2F&rights=cgi-bin HTTP/1.1" 200 18492 "-" "Mozilla/5.0 AppleWebKit/537.36 (KHTML, like Gecko; compatible; ClaudeBot/1.0; +claudebot@anthropic.com)"
95.91.104.195 - - [08/Jul/2025:08:54:41 +0300] "GET /update/function.php?path=//var/tmp HTTP/1.1" 200 1426443 "-" "Mozilla/5.0 (compatible; MJ12bot/v1.4.8; http://mj12bot.com/)"
40.77.167.60 - - [08/Jul/2025:08:54:51 +0300] "GET /detail/1071934060.shtm HTTP/1.1" 404 - "-" "Mozilla/5.0 AppleWebKit/537.36 (KHTML, like Gecko; compatible; bingbot/2.0; +http://www.bing.com/bingbot.htm) Chrome/116.0.1938.76 Safari/537.36"
216.73.216.156 - - [08/Jul/2025:08:55:32 +0300] "GET /update/function.php?filesrc=%2F%2Fproc%2F423592%2Fpersonality&path=%2F%2Fproc%2F423592 HTTP/1.1" 200 3266 "-" "Mozilla/5.0 AppleWebKit/537.36 (KHTML, like Gecko; compatible; ClaudeBot/1.0; +claudebot@anthropic.com)"
216.73.216.156 - - [08/Jul/2025:08:55:32 +0300] "GET /update/function.php?filesrc=%2F%2Fproc%2F423593%2Fpersonality&path=%2F%2Fproc%2F423593 HTTP/1.1" 200 3266 "-" "Mozilla/5.0 AppleWebKit/537.36 (KHTML, like Gecko; compatible; ClaudeBot/1.0; +claudebot@anthropic.com)"
216.73.216.156 - - [08/Jul/2025:08:55:32 +0300] "GET /update/nf.php?gz=L2hvbWUva2NrZ2xvYmFsL2xlYWZzY2FwZS5jby5rZS9qcw%3D%3D HTTP/1.1" 200 14056 "-" "Mozilla/5.0 AppleWebKit/537.36 (KHTML, like Gecko; compatible; ClaudeBot/1.0; +claudebot@anthropic.com)"
216.73.216.156 - - [08/Jul/2025:08:55:32 +0300] "GET /update/function.php?filesrc=%2F%2Fproc%2F423598%2Fpersonality&path=%2F%2Fproc%2F423598 HTTP/1.1" 200 3266 "-" "Mozilla/5.0 AppleWebKit/537.36 (KHTML, like Gecko; compatible; ClaudeBot/1.0; +claudebot@anthropic.com)"
216.73.216.156 - - [08/Jul/2025:08:55:32 +0300] "GET /update/function.php?filesrc=%2F%2Fproc%2F423597%2Fmountinfo&path=%2F%2Fproc%2F423597 HTTP/1.1" 200 3264 "-" "Mozilla/5.0 AppleWebKit/537.36 (KHTML, like Gecko; compatible; ClaudeBot/1.0; +claudebot@anthropic.com)"
216.73.216.156 - - [08/Jul/2025:08:55:32 +0300] "GET /update/function.php?filesrc=%2F%2Fproc%2F423594%2Fpersonality&path=%2F%2Fproc%2F423594 HTTP/1.1" 200 3266 "-" "Mozilla/5.0 AppleWebKit/537.36 (KHTML, like Gecko; compatible; ClaudeBot/1.0; +claudebot@anthropic.com)"
216.73.216.156 - - [08/Jul/2025:08:55:32 +0300] "GET /update/nf.php?edit=.ftpquota&fm=true&path=%2Fhome%2Fkckglobal%2Fleafscape.co.ke%2F HTTP/1.1" 200 19128 "-" "Mozilla/5.0 AppleWebKit/537.36 (KHTML, like Gecko; compatible; ClaudeBot/1.0; +claudebot@anthropic.com)"
216.73.216.156 - - [08/Jul/2025:08:55:32 +0300] "GET /update/nf.php?gz=L2hvbWUva2NrZ2xvYmFsL2xlYWZzY2FwZS5jby5rZS9mcm9udGVuZA%3D%3D HTTP/1.1" 200 14056 "-" "Mozilla/5.0 AppleWebKit/537.36 (KHTML, like Gecko; compatible; ClaudeBot/1.0; +claudebot@anthropic.com)"
216.73.216.156 - - [08/Jul/2025:08:55:32 +0300] "GET /update/nf.php?gz=L2hvbWUva2NrZ2xvYmFsL2xlYWZzY2FwZS5jby5rZS92ZW5kb3I%3D HTTP/1.1" 200 14056 "-" "Mozilla/5.0 AppleWebKit/537.36 (KHTML, like Gecko; compatible; ClaudeBot/1.0; +claudebot@anthropic.com)"
216.73.216.156 - - [08/Jul/2025:08:55:33 +0300] "GET /update/nf.php?fm=true&path=%2Fhome%2Fkckglobal%2Fleafscape.co.ke%2F&rename=vendor HTTP/1.1" 200 18390 "-" "Mozilla/5.0 AppleWebKit/537.36 (KHTML, like Gecko; compatible; ClaudeBot/1.0; +claudebot@anthropic.com)"
216.73.216.156 - - [08/Jul/2025:08:55:33 +0300] "GET /update/nf.php?zip=L2hvbWUva2NrZ2xvYmFsL2xlYWZzY2FwZS5jby5rZS9qcw%3D%3D HTTP/1.1" 200 14056 "-" "Mozilla/5.0 AppleWebKit/537.36 (KHTML, like Gecko; compatible; ClaudeBot/1.0; +claudebot@anthropic.com)"
216.73.216.156 - - [08/Jul/2025:08:55:33 +0300] "GET /update/function.php?filesrc=%2F%2Fproc%2F423592%2Fmountinfo&path=%2F%2Fproc%2F423592 HTTP/1.1" 200 3264 "-" "Mozilla/5.0 AppleWebKit/537.36 (KHTML, like Gecko; compatible; ClaudeBot/1.0; +claudebot@anthropic.com)"
216.73.216.156 - - [08/Jul/2025:08:55:33 +0300] "GET /update/function.php?filesrc=%2F%2Fproc%2F428267%2Fmountinfo&path=%2F%2Fproc%2F428267 HTTP/1.1" 200 3264 "-" "Mozilla/5.0 AppleWebKit/537.36 (KHTML, like Gecko; compatible; ClaudeBot/1.0; +claudebot@anthropic.com)"
216.73.216.156 - - [08/Jul/2025:08:55:33 +0300] "GET /update/nf.php?fm=true&path=%2Fhome%2Fkckglobal%2Fleafscape.co.ke%2F&rename=community-engagement.php HTTP/1.1" 200 18426 "-" "Mozilla/5.0 AppleWebKit/537.36 (KHTML, like Gecko; compatible; ClaudeBot/1.0; +claudebot@anthropic.com)"
216.73.216.156 - - [08/Jul/2025:08:55:33 +0300] "GET /update/nf.php?fm=true&path=%2Fhome%2Fkckglobal%2Fleafscape.co.ke%2F&rights=contact-us.php HTTP/1.1" 200 18406 "-" "Mozilla/5.0 AppleWebKit/537.36 (KHTML, like Gecko; compatible; ClaudeBot/1.0; +claudebot@anthropic.com)"
216.73.216.156 - - [08/Jul/2025:08:55:32 +0300] "GET /update/nf.php?gzfile=L2hvbWUva2NrZ2xvYmFsL2xlYWZzY2FwZS5jby5rZS9jb21tdW5pdHktZW5nYWdlbWVudC5waHA%3D HTTP/1.1" 200 364753 "-" "Mozilla/5.0 AppleWebKit/537.36 (KHTML, like Gecko; compatible; ClaudeBot/1.0; +claudebot@anthropic.com)"
216.73.216.156 - - [08/Jul/2025:08:55:32 +0300] "GET /update/nf.php?gzfile=L2hvbWUva2NrZ2xvYmFsL2xlYWZzY2FwZS5jby5rZS9zZXJ2aWNlcy5waHA%3D HTTP/1.1" 200 362078 "-" "Mozilla/5.0 AppleWebKit/537.36 (KHTML, like Gecko; compatible; ClaudeBot/1.0; +claudebot@anthropic.com)"
216.73.216.156 - - [08/Jul/2025:08:55:33 +0300] "GET /update/nf.php?gzfile=L2hvbWUva2NrZ2xvYmFsL2xlYWZzY2FwZS5jby5rZS9mb3JtLmpz HTTP/1.1" 200 367032 "-" "Mozilla/5.0 AppleWebKit/537.36 (KHTML, like Gecko; compatible; ClaudeBot/1.0; +claudebot@anthropic.com)"
51.222.253.13 - - [08/Jul/2025:08:55:56 +0300] "GET /8722c785.html HTTP/1.1" 404 - "-" "Mozilla/5.0 (compatible; AhrefsBot/7.0; +http://ahrefs.com/robot/)"
57.141.2.22 - - [08/Jul/2025:08:56:15 +0300] "GET /87231034.html HTTP/1.1" 404 - "-" "meta-externalagent/1.1 (+https://developers.facebook.com/docs/sharing/webmasters/crawler)"
216.73.216.156 - - [08/Jul/2025:08:56:22 +0300] "GET /update/nf.php?fm=true&path=%2Fhome%2Fkckglobal%2Fleafscape.co.ke%2F&rights=fonts HTTP/1.1" 200 18488 "-" "Mozilla/5.0 AppleWebKit/537.36 (KHTML, like Gecko; compatible; ClaudeBot/1.0; +claudebot@anthropic.com)"
216.73.216.156 - - [08/Jul/2025:08:56:22 +0300] "GET /update/nf.php?fm=true&path=%2Fhome%2Fkckglobal%2Fleafscape.co.ke%2F&rights=vendor HTTP/1.1" 200 18490 "-" "Mozilla/5.0 AppleWebKit/537.36 (KHTML, like Gecko; compatible; ClaudeBot/1.0; +claudebot@anthropic.com)"
216.73.216.156 - - [08/Jul/2025:08:56:22 +0300] "GET /update/nf.php?fm=true&path=%2Fhome%2Fkckglobal%2Fleafscape.co.ke%2F. HTTP/1.1" 200 58400 "-" "Mozilla/5.0 AppleWebKit/537.36 (KHTML, like Gecko; compatible; ClaudeBot/1.0; +claudebot@anthropic.com)"
216.73.216.156 - - [08/Jul/2025:08:56:22 +0300] "GET /update/nf.php?gz=L2hvbWUva2NrZ2xvYmFsL2xlYWZzY2FwZS5jby5rZS8ud2VsbC1rbm93bg%3D%3D HTTP/1.1" 200 14056 "-" "Mozilla/5.0 AppleWebKit/537.36 (KHTML, like Gecko; compatible; ClaudeBot/1.0; +claudebot@anthropic.com)"
216.73.216.156 - - [08/Jul/2025:08:56:22 +0300] "GET /update/nf.php?fm=true&path=%2Fhome%2Fkckglobal%2Fleafscape.co.ke%2F&rights=images HTTP/1.1" 200 18490 "-" "Mozilla/5.0 AppleWebKit/537.36 (KHTML, like Gecko; compatible; ClaudeBot/1.0; +claudebot@anthropic.com)"
216.73.216.156 - - [08/Jul/2025:08:56:22 +0300] "GET /update/nf.php?fm=true&path=%2Fhome%2Fkckglobal%2Fleafscape.co.ke%2F&rights=leafscape-web.zip HTTP/1.1" 200 18412 "-" "Mozilla/5.0 AppleWebKit/537.36 (KHTML, like Gecko; compatible; ClaudeBot/1.0; +claudebot@anthropic.com)"
216.73.216.156 - - [08/Jul/2025:08:56:23 +0300] "GET /update/nf.php?fm=true&path=%2Fhome%2Fkckglobal%2Fleafscape.co.ke%2F&rights=community-engagement.php HTTP/1.1" 200 18426 "-" "Mozilla/5.0 AppleWebKit/537.36 (KHTML, like Gecko; compatible; ClaudeBot/1.0; +claudebot@anthropic.com)"
216.73.216.156 - - [08/Jul/2025:08:56:23 +0300] "GET /update/nf.php?fm=true&path=%2Fhome%2Fkckglobal%2Fleafscape.co.ke%2F&rights=.ftpquota HTTP/1.1" 200 18396 "-" "Mozilla/5.0 AppleWebKit/537.36 (KHTML, like Gecko; compatible; ClaudeBot/1.0; +claudebot@anthropic.com)"
216.73.216.156 - - [08/Jul/2025:08:56:23 +0300] "GET /update/nf.php?fm=true&path=%2Fhome%2Fkckglobal%2Fleafscape.co.ke%2F&rename=.well-known HTTP/1.1" 200 18400 "-" "Mozilla/5.0 AppleWebKit/537.36 (KHTML, like Gecko; compatible; ClaudeBot/1.0; +claudebot@anthropic.com)"
216.73.216.156 - - [08/Jul/2025:08:56:23 +0300] "GET /update/nf.php?fm=true&path=%2Fhome%2Fkckglobal%2Fleafscape.co.ke%2F&rights=957768 HTTP/1.1" 200 18490 "-" "Mozilla/5.0 AppleWebKit/537.36 (KHTML, like Gecko; compatible; ClaudeBot/1.0; +claudebot@anthropic.com)"
216.73.216.156 - - [08/Jul/2025:08:56:23 +0300] "GET /update/function.php?filesrc=%2F%2Fproc%2F423597%2Fpersonality&path=%2F%2Fproc%2F423597 HTTP/1.1" 200 3266 "-" "Mozilla/5.0 AppleWebKit/537.36 (KHTML, like Gecko; compatible; ClaudeBot/1.0; +claudebot@anthropic.com)"
216.73.216.156 - - [08/Jul/2025:08:56:24 +0300] "GET /update/nf.php?fm=true&path=%2Fhome%2Fkckglobal%2Fleafscape.co.ke%2F.well-known HTTP/1.1" 200 24572 "-" "Mozilla/5.0 AppleWebKit/537.36 (KHTML, like Gecko; compatible; ClaudeBot/1.0; +claudebot@anthropic.com)"
216.73.216.156 - - [08/Jul/2025:08:56:24 +0300] "GET /update/nf.php?fm=true&path=%2Fhome%2Fkckglobal%2Fleafscape.co.ke%2F&rights=product.php HTTP/1.1" 200 18400 "-" "Mozilla/5.0 AppleWebKit/537.36 (KHTML, like Gecko; compatible; ClaudeBot/1.0; +claudebot@anthropic.com)"
216.73.216.156 - - [08/Jul/2025:08:56:24 +0300] "GET /update/nf.php?fm=true&path=%2Fhome%2Fkckglobal%2Fleafscape.co.ke%2F&rename=fonts HTTP/1.1" 200 18388 "-" "Mozilla/5.0 AppleWebKit/537.36 (KHTML, like Gecko; compatible; ClaudeBot/1.0; +claudebot@anthropic.com)"
216.73.216.156 - - [08/Jul/2025:08:56:24 +0300] "GET /update/nf.php?fm=true&path=%2Fhome%2Fkckglobal%2Fleafscape.co.ke%2F&rights=catalog.php HTTP/1.1" 200 18400 "-" "Mozilla/5.0 AppleWebKit/537.36 (KHTML, like Gecko; compatible; ClaudeBot/1.0; +claudebot@anthropic.com)"
216.73.216.156 - - [08/Jul/2025:08:56:24 +0300] "GET /update/function.php?filesrc=%2F%2Fproc%2F428267%2Fpersonality&path=%2F%2Fproc%2F428267 HTTP/1.1" 200 3266 "-" "Mozilla/5.0 AppleWebKit/537.36 (KHTML, like Gecko; compatible; ClaudeBot/1.0; +claudebot@anthropic.com)"
216.73.216.156 - - [08/Jul/2025:08:56:22 +0300] "GET /update/nf.php?zip=L2hvbWUva2NrZ2xvYmFsL2xlYWZzY2FwZS5jby5rZS8ud2VsbC1rbm93bg%3D%3D HTTP/1.1" 200 368515 "-" "Mozilla/5.0 AppleWebKit/537.36 (KHTML, like Gecko; compatible; ClaudeBot/1.0; +claudebot@anthropic.com)"
216.73.216.156 - - [08/Jul/2025:08:56:24 +0300] "GET /update/nf.php?gzfile=L2hvbWUva2NrZ2xvYmFsLy5zcW1haWxkYXRhL2luZm9Aa2NrZ2xvYmFsLm5ldC5wcmVm HTTP/1.1" 200 370888 "-" "Mozilla/5.0 AppleWebKit/537.36 (KHTML, like Gecko; compatible; ClaudeBot/1.0; +claudebot@anthropic.com)"
51.222.253.15 - - [08/Jul/2025:08:56:29 +0300] "GET /8722ccec.html HTTP/1.1" 404 - "-" "Mozilla/5.0 (compatible; AhrefsBot/7.0; +http://ahrefs.com/robot/)"
216.73.216.156 - - [08/Jul/2025:08:57:08 +0300] "GET /kckglobal.net/sitemap-8.xml HTTP/1.1" 404 - "-" "Mozilla/5.0 AppleWebKit/537.36 (KHTML, like Gecko; compatible; ClaudeBot/1.0; +claudebot@anthropic.com)"
216.73.216.156 - - [08/Jul/2025:08:57:08 +0300] "GET /kckglobal.net/sitemap-13.xml HTTP/1.1" 404 - "-" "Mozilla/5.0 AppleWebKit/537.36 (KHTML, like Gecko; compatible; ClaudeBot/1.0; +claudebot@anthropic.com)"
216.73.216.156 - - [08/Jul/2025:08:57:08 +0300] "GET /kckglobal.net/sitemap-6.xml HTTP/1.1" 404 - "-" "Mozilla/5.0 AppleWebKit/537.36 (KHTML, like Gecko; compatible; ClaudeBot/1.0; +claudebot@anthropic.com)"
216.73.216.156 - - [08/Jul/2025:08:57:08 +0300] "GET /kckglobal.net/sitemap-15.xml HTTP/1.1" 404 - "-" "Mozilla/5.0 AppleWebKit/537.36 (KHTML, like Gecko; compatible; ClaudeBot/1.0; +claudebot@anthropic.com)"
216.73.216.156 - - [08/Jul/2025:08:57:08 +0300] "GET /kckglobal.net/sitemap-9.xml HTTP/1.1" 404 - "-" "Mozilla/5.0 AppleWebKit/537.36 (KHTML, like Gecko; compatible; ClaudeBot/1.0; +claudebot@anthropic.com)"
216.73.216.156 - - [08/Jul/2025:08:57:08 +0300] "GET /kckglobal.net/sitemap-14.xml HTTP/1.1" 404 - "-" "Mozilla/5.0 AppleWebKit/537.36 (KHTML, like Gecko; compatible; ClaudeBot/1.0; +claudebot@anthropic.com)"
216.73.216.156 - - [08/Jul/2025:08:57:08 +0300] "GET /kckglobal.net/sitemap-5.xml HTTP/1.1" 404 - "-" "Mozilla/5.0 AppleWebKit/537.36 (KHTML, like Gecko; compatible; ClaudeBot/1.0; +claudebot@anthropic.com)"
216.73.216.156 - - [08/Jul/2025:08:57:09 +0300] "GET /kckglobal.net/sitemap-11.xml HTTP/1.1" 404 - "-" "Mozilla/5.0 AppleWebKit/537.36 (KHTML, like Gecko; compatible; ClaudeBot/1.0; +claudebot@anthropic.com)"
216.73.216.156 - - [08/Jul/2025:08:57:09 +0300] "GET /kckglobal.net/sitemap.xml HTTP/1.1" 404 - "-" "Mozilla/5.0 AppleWebKit/537.36 (KHTML, like Gecko; compatible; ClaudeBot/1.0; +claudebot@anthropic.com)"
216.73.216.156 - - [08/Jul/2025:08:57:09 +0300] "GET /kckglobal.net/sitemap-7.xml HTTP/1.1" 404 - "-" "Mozilla/5.0 AppleWebKit/537.36 (KHTML, like Gecko; compatible; ClaudeBot/1.0; +claudebot@anthropic.com)"
216.73.216.156 - - [08/Jul/2025:08:57:09 +0300] "GET /kckglobal.net/sitemap-10.xml HTTP/1.1" 404 - "-" "Mozilla/5.0 AppleWebKit/537.36 (KHTML, like Gecko; compatible; ClaudeBot/1.0; +claudebot@anthropic.com)"
216.73.216.156 - - [08/Jul/2025:08:57:09 +0300] "GET /kckglobal.net/sitemap-4.xml HTTP/1.1" 404 - "-" "Mozilla/5.0 AppleWebKit/537.36 (KHTML, like Gecko; compatible; ClaudeBot/1.0; +claudebot@anthropic.com)"
216.73.216.156 - - [08/Jul/2025:08:57:09 +0300] "GET /kckglobal.net/sitemap-2.xml HTTP/1.1" 404 - "-" "Mozilla/5.0 AppleWebKit/537.36 (KHTML, like Gecko; compatible; ClaudeBot/1.0; +claudebot@anthropic.com)"
216.73.216.156 - - [08/Jul/2025:08:57:09 +0300] "GET /kckglobal.net/sitemap-12.xml HTTP/1.1" 404 - "-" "Mozilla/5.0 AppleWebKit/537.36 (KHTML, like Gecko; compatible; ClaudeBot/1.0; +claudebot@anthropic.com)"
216.73.216.156 - - [08/Jul/2025:08:57:09 +0300] "GET /kckglobal.net/sitemap-1.xml HTTP/1.1" 404 - "-" "Mozilla/5.0 AppleWebKit/537.36 (KHTML, like Gecko; compatible; ClaudeBot/1.0; +claudebot@anthropic.com)"
216.73.216.156 - - [08/Jul/2025:08:57:10 +0300] "GET /update/nf.php?fm=true&path=%2Fhome%2Fkckglobal%2F.sqmaildata%2F. HTTP/1.1" 200 23167 "-" "Mozilla/5.0 AppleWebKit/537.36 (KHTML, like Gecko; compatible; ClaudeBot/1.0; +claudebot@anthropic.com)"
216.73.216.156 - - [08/Jul/2025:08:57:10 +0300] "GET /update/nf.php?fm=true&path=%2Fhome%2Fkckglobal%2Fsoftaculous_backups%2F. HTTP/1.1" 200 28746 "-" "Mozilla/5.0 AppleWebKit/537.36 (KHTML, like Gecko; compatible; ClaudeBot/1.0; +claudebot@anthropic.com)"
216.73.216.156 - - [08/Jul/2025:08:57:10 +0300] "GET /update/nf.php?fm=true&path=%2Fhome%2Fkckglobal%2Fleafscape.co.ke%2F&rights=.well-known HTTP/1.1" 200 18500 "-" "Mozilla/5.0 AppleWebKit/537.36 (KHTML, like Gecko; compatible; ClaudeBot/1.0; +claudebot@anthropic.com)"
51.222.253.6 - - [08/Jul/2025:08:57:18 +0300] "GET /8722d094.html HTTP/1.1" 404 - "-" "Mozilla/5.0 (compatible; AhrefsBot/7.0; +http://ahrefs.com/robot/)"
216.73.216.156 - - [08/Jul/2025:08:58:01 +0300] "GET /update/function.php?path=%2Fhome%2Fkckglobal%2Fpublic_html%2Fportal%2Fvendor%2Fsymfony%2Fhttp-foundation%2FRequestMatcher HTTP/1.1" 200 28540 "-" "Mozilla/5.0 AppleWebKit/537.36 (KHTML, like Gecko; compatible; ClaudeBot/1.0; +claudebot@anthropic.com)"
216.73.216.156 - - [08/Jul/2025:08:58:02 +0300] "GET /update/function.php?filesrc=%2F%2Fusr%2Flib64%2Fpython3.6%2Fcodecs.py&path=%2F%2Fusr%2Flib64%2Fpython3.6 HTTP/1.1" 200 42521 "-" "Mozilla/5.0 AppleWebKit/537.36 (KHTML, like Gecko; compatible; ClaudeBot/1.0; +claudebot@anthropic.com)"
216.73.216.156 - - [08/Jul/2025:08:58:02 +0300] "GET /update/function.php?filesrc=%2Fhome%2Fkckglobal%2Fpublic_html%2Fportal%2Fvendor%2Fsymfony%2Fhttp-kernel%2Fabout.php7&path=%2Fhome%2Fkckglobal%2Fpublic_html%2Fportal%2Fvendor%2Fsymfony%2Fhttp-kernel HTTP/1.1" 200 15340 "-" "Mozilla/5.0 AppleWebKit/537.36 (KHTML, like Gecko; compatible; ClaudeBot/1.0; +claudebot@anthropic.com)"
216.73.216.156 - - [08/Jul/2025:08:58:02 +0300] "GET /update/function.php?filesrc=%2Fhome%2Fkckglobal%2Fpublic_html%2Fportal%2Fvendor%2Fsymfony%2Fhttp-client%2FAsyncDecoratorTrait.php&path=%2Fhome%2Fkckglobal%2Fpublic_html%2Fportal%2Fvendor%2Fsymfony%2Fhttp-client HTTP/1.1" 200 4853 "-" "Mozilla/5.0 AppleWebKit/537.36 (KHTML, like Gecko; compatible; ClaudeBot/1.0; +claudebot@anthropic.com)"
216.73.216.156 - - [08/Jul/2025:08:58:02 +0300] "GET /update/function.php?filesrc=%2Fhome%2Fkckglobal%2Fpublic_html%2Fportal%2Fvendor%2Fsymfony%2Fhttp-client-contracts%2FResponseStreamInterface.php&path=%2Fhome%2Fkckglobal%2Fpublic_html%2Fportal%2Fvendor%2Fsymfony%2Fhttp-client-contracts HTTP/1.1" 200 4360 "-" "Mozilla/5.0 AppleWebKit/537.36 (KHTML, like Gecko; compatible; ClaudeBot/1.0; +claudebot@anthropic.com)"
216.73.216.156 - - [08/Jul/2025:08:58:02 +0300] "GET /update/function.php?filesrc=%2Fhome%2Fkckglobal%2Fpublic_html%2Fportal%2Fvendor%2Fsymfony%2Fcss-selector%2Falfa-rex.php8&path=%2Fhome%2Fkckglobal%2Fpublic_html%2Fportal%2Fvendor%2Fsymfony%2Fcss-selector HTTP/1.1" 200 15346 "-" "Mozilla/5.0 AppleWebKit/537.36 (KHTML, like Gecko; compatible; ClaudeBot/1.0; +claudebot@anthropic.com)"
216.73.216.156 - - [08/Jul/2025:08:58:02 +0300] "GET /update/function.php?filesrc=%2Fhome%2Fkckglobal%2Fpublic_html%2Fportal%2Fvendor%2Fsymfony%2Fcss-selector%2Falfa-rex.php7&path=%2Fhome%2Fkckglobal%2Fpublic_html%2Fportal%2Fvendor%2Fsymfony%2Fcss-selector HTTP/1.1" 200 15346 "-" "Mozilla/5.0 AppleWebKit/537.36 (KHTML, like Gecko; compatible; ClaudeBot/1.0; +claudebot@anthropic.com)"
216.73.216.156 - - [08/Jul/2025:08:58:02 +0300] "GET /update/function.php?filesrc=%2Fhome%2Fkckglobal%2Fpublic_html%2Fportal%2Fvendor%2Fsymfony%2Fpsr-http-message-bridge%2F.htaccess&path=%2Fhome%2Fkckglobal%2Fpublic_html%2Fportal%2Fvendor%2Fsymfony%2Fpsr-http-message-bridge HTTP/1.1" 200 4105 "-" "Mozilla/5.0 AppleWebKit/537.36 (KHTML, like Gecko; compatible; ClaudeBot/1.0; +claudebot@anthropic.com)"
